{"text_format":"1","workbook":"xlsx","n_sheets":40,"sheets":["Auto Team results","Final team results","Peg Assignment","Nth Nfk Bass Fest. (ALL)","Bass Festival ","Heaviest Bass ","Heaviest Catch","Ladies ","Juniors","Mystery Pairs","Shannock Quads","Day 1 Zone results (All))","Day 1 Zone results (BF-Pools)","Day 2 Zone results (All)","Day 2 Zone results (BF-Pools)","All Individuals Day 1 (ALL)","All Individuals Day 2 (ALL)","Day 1 Zone results (Ladies)","Bass Festival Day 1 (All)","Bass Festival Day 1 (Bass)","Bass Festival Day 2 (Bass)","Bass Festival Day 2 (All)","Bass Festival Day 1 (Flattie)","Bass Festival Day 2 (Flattie)","Ladies Day 1","Ladies Day 2","Juniors Day 1","Juniors Day 2","All Day 1 Heaviest Bass","All Day 2 Heaviest Bass","Bass Fest. Day 1 Heaviest Flat","Bass Fest. Day 2 Heaviest Flat","Bass Fest. Day 1 Heaviest Fish","Bass Fest. Day 2 Heaviest Fish","Mystery Pairs Day 1 ","Mystery Pairs Day 2","Shannock Quads Day 1","Shannock Quads Day 2","Final Individual results","Weight Point Table (qtr oz)"],"not_rendered":{"charts":0,"images":0,"macros":1,"external_links":7,"defined_names":168,"comments":0,"pivot_tables":0},"unopened":[],"bounds":{"document_bytes":16777216,"sheet_cells":100000,"rows_first":2000,"rows_last":500,"rows_between":2000,"halvings":0,"cell_chars":16384,"cell_head_chars":4096},"cells_cut":0,"cells_raw":0,"read":"whole","date_system":"1900"}

{"sheet":"Auto Team results","index":0,"n_rows":109,"n_cols":14,"rows_kept":109,"cut":false,"hidden":true,"merged":[[74,8,74,9],[74,10,74,11],[36,6,36,7],[36,8,36,9],[74,6,74,7],[71,6,71,7],[71,8,71,9],[71,10,71,11],[71,2,71,3],[38,13,39,13],[1,0,2,0],[1,1,2,1],[1,12,2,12],[1,13,2,13],[36,2,36,3],[38,0,39,0],[38,1,39,1],[38,12,39,12],[36,4,36,5],[76,5,77,5],[76,4,77,4],[72,4,72,5],[74,4,74,5],[76,0,77,0],[76,1,77,1],[76,2,77,2],[76,3,77,3]]}
["SAMF 2006 National Sea League Final  -  Day 1"]
["Team Name","Team No. ","Zone A",null,"Zone B",null,"Zone C",null,"Zone D",null,"Zone E",null,"Day 1 Points","Day 1 Position"]
[null,null,"Peg","Points & Position","Peg","Points & Position","Peg","Points & Position","Peg","Points & Position","Peg","Points & Position"]
[{"$f":"IF(ISNA(VLOOKUP(B4,#REF!,3,FALSE))=TRUE,\"\",VLOOKUP(B4,#REF!,3,FALSE))","v":{"$error":"#REF!"}},12,{"$f":"B4","v":12},{"$f":"IF(C4=\"\",\"\",VLOOKUP(C4,#REF!,7,FALSE))","v":{"$error":"#REF!"}},{"$f":"IF(C4=\"\",\"\",IF((C4+NpZ+ZP)>2*NpZ,(((C4+NpZ+ZP)-2*NpZ)+NpZ),(C4+NpZ+ZP)))","v":{"$error":"#REF!"}},{"$f":"IF(E4=\"\",\"\",VLOOKUP(E4,#REF!,7,FALSE))","v":{"$error":"#REF!"}},{"$f":"IF(E4=\"\",\"\",IF((E4+NpZ+ZP)>3*NpZ,(((E4+NpZ+ZP)-2*NpZ)+NpZ),(E4+NpZ+ZP)))","v":{"$error":"#REF!"}},{"$f":"IF(G4=\"\",\"\",VLOOKUP(G4,#REF!,7,FALSE))","v":{"$error":"#REF!"}},{"$f":"IF(G4=\"\",\"\",IF((G4+NpZ+ZP)>4*NpZ,(((G4+NpZ+ZP)-2*NpZ)+NpZ),(G4+NpZ+ZP)))","v":{"$error":"#REF!"}},{"$f":"IF(I4=\"\",\"\",VLOOKUP(I4,#REF!,7,FALSE))","v":{"$error":"#REF!"}},{"$f":"IF(I4=\"\",\"\",IF((I4+NpZ+ZP)>5*NpZ,(((I4+NpZ+ZP)-2*NpZ)+NpZ),(I4+NpZ+ZP)))","v":{"$error":"#REF!"}},{"$f":"IF(K4=\"\",\"\",VLOOKUP(K4,#REF!,7,FALSE))","v":{"$error":"#REF!"}},{"$f":"IF(B4=\"\",\"\",(D4+F4+H4+J4+L4))","v":{"$error":"#REF!"}},{"$f":"IF(M4=\"\",\"\",IF(M4=M3,N3,ROW()-3))","v":{"$error":"#REF!"}}]
[{"$f":"IF(ISNA(VLOOKUP(B5,#REF!,3,FALSE))=TRUE,\"\",VLOOKUP(B5,#REF!,3,FALSE))","v":{"$error":"#REF!"}},10,10,{"$f":"IF(C5=\"\",\"\",VLOOKUP(C5,#REF!,7,FALSE))","v":{"$error":"#REF!"}},{"$error":"#REF!"},{"$f":"IF(E5=\"\",\"\",VLOOKUP(E5,#REF!,7,FALSE))","v":{"$error":"#REF!"}},{"$error":"#REF!"},{"$f":"IF(G5=\"\",\"\",VLOOKUP(G5,#REF!,7,FALSE))","v":{"$error":"#REF!"}},{"$error":"#REF!"},{"$f":"IF(I5=\"\",\"\",VLOOKUP(I5,#REF!,7,FALSE))","v":{"$error":"#REF!"}},{"$error":"#REF!"},{"$f":"IF(K5=\"\",\"\",VLOOKUP(K5,#REF!,7,FALSE))","v":{"$error":"#REF!"}},{"$error":"#REF!"},{"$error":"#REF!"}]
[{"$f":"IF(ISNA(VLOOKUP(B6,#REF!,3,FALSE))=TRUE,\"\",VLOOKUP(B6,#REF!,3,FALSE))","v":{"$error":"#REF!"}},9,9,{"$f":"IF(C6=\"\",\"\",VLOOKUP(C6,#REF!,7,FALSE))","v":{"$error":"#REF!"}},{"$error":"#REF!"},{"$f":"IF(E6=\"\",\"\",VLOOKUP(E6,#REF!,7,FALSE))","v":{"$error":"#REF!"}},{"$error":"#REF!"},{"$f":"IF(G6=\"\",\"\",VLOOKUP(G6,#REF!,7,FALSE))","v":{"$error":"#REF!"}},{"$error":"#REF!"},{"$f":"IF(I6=\"\",\"\",VLOOKUP(I6,#REF!,7,FALSE))","v":{"$error":"#REF!"}},{"$error":"#REF!"},{"$f":"IF(K6=\"\",\"\",VLOOKUP(K6,#REF!,7,FALSE))","v":{"$error":"#REF!"}},{"$error":"#REF!"},{"$error":"#REF!"}]
[{"$f":"IF(ISNA(VLOOKUP(B7,#REF!,3,FALSE))=TRUE,\"\",VLOOKUP(B7,#REF!,3,FALSE))","v":{"$error":"#REF!"}},26,26,{"$f":"IF(C7=\"\",\"\",VLOOKUP(C7,#REF!,7,FALSE))","v":{"$error":"#REF!"}},{"$error":"#REF!"},{"$f":"IF(E7=\"\",\"\",VLOOKUP(E7,#REF!,7,FALSE))","v":{"$error":"#REF!"}},{"$error":"#REF!"},{"$f":"IF(G7=\"\",\"\",VLOOKUP(G7,#REF!,7,FALSE))","v":{"$error":"#REF!"}},{"$error":"#REF!"},{"$f":"IF(I7=\"\",\"\",VLOOKUP(I7,#REF!,7,FALSE))","v":{"$error":"#REF!"}},{"$error":"#REF!"},{"$f":"IF(K7=\"\",\"\",VLOOKUP(K7,#REF!,7,FALSE))","v":{"$error":"#REF!"}},{"$error":"#REF!"},{"$error":"#REF!"}]
[{"$f":"IF(ISNA(VLOOKUP(B8,#REF!,3,FALSE))=TRUE,\"\",VLOOKUP(B8,#REF!,3,FALSE))","v":{"$error":"#REF!"}},4,4,{"$f":"IF(C8=\"\",\"\",VLOOKUP(C8,#REF!,7,FALSE))","v":{"$error":"#REF!"}},{"$error":"#REF!"},{"$f":"IF(E8=\"\",\"\",VLOOKUP(E8,#REF!,7,FALSE))","v":{"$error":"#REF!"}},{"$error":"#REF!"},{"$f":"IF(G8=\"\",\"\",VLOOKUP(G8,#REF!,7,FALSE))","v":{"$error":"#REF!"}},{"$error":"#REF!"},{"$f":"IF(I8=\"\",\"\",VLOOKUP(I8,#REF!,7,FALSE))","v":{"$error":"#REF!"}},{"$error":"#REF!"},{"$f":"IF(K8=\"\",\"\",VLOOKUP(K8,#REF!,7,FALSE))","v":{"$error":"#REF!"}},{"$error":"#REF!"},{"$error":"#REF!"}]
[{"$f":"IF(ISNA(VLOOKUP(B9,#REF!,3,FALSE))=TRUE,\"\",VLOOKUP(B9,#REF!,3,FALSE))","v":{"$error":"#REF!"}},11,11,{"$f":"IF(C9=\"\",\"\",VLOOKUP(C9,#REF!,7,FALSE))","v":{"$error":"#REF!"}},{"$error":"#REF!"},{"$f":"IF(E9=\"\",\"\",VLOOKUP(E9,#REF!,7,FALSE))","v":{"$error":"#REF!"}},{"$error":"#REF!"},{"$f":"IF(G9=\"\",\"\",VLOOKUP(G9,#REF!,7,FALSE))","v":{"$error":"#REF!"}},{"$error":"#REF!"},{"$f":"IF(I9=\"\",\"\",VLOOKUP(I9,#REF!,7,FALSE))","v":{"$error":"#REF!"}},{"$error":"#REF!"},{"$f":"IF(K9=\"\",\"\",VLOOKUP(K9,#REF!,7,FALSE))","v":{"$error":"#REF!"}},{"$error":"#REF!"},{"$error":"#REF!"}]
[{"$f":"IF(ISNA(VLOOKUP(B10,#REF!,3,FALSE))=TRUE,\"\",VLOOKUP(B10,#REF!,3,FALSE))","v":{"$error":"#REF!"}},22,22,{"$f":"IF(C10=\"\",\"\",VLOOKUP(C10,#REF!,7,FALSE))","v":{"$error":"#REF!"}},{"$error":"#REF!"},{"$f":"IF(E10=\"\",\"\",VLOOKUP(E10,#REF!,7,FALSE))","v":{"$error":"#REF!"}},{"$error":"#REF!"},{"$f":"IF(G10=\"\",\"\",VLOOKUP(G10,#REF!,7,FALSE))","v":{"$error":"#REF!"}},{"$error":"#REF!"},{"$f":"IF(I10=\"\",\"\",VLOOKUP(I10,#REF!,7,FALSE))","v":{"$error":"#REF!"}},{"$error":"#REF!"},{"$f":"IF(K10=\"\",\"\",VLOOKUP(K10,#REF!,7,FALSE))","v":{"$error":"#REF!"}},{"$error":"#REF!"},{"$error":"#REF!"}]
[{"$f":"IF(ISNA(VLOOKUP(B11,#REF!,3,FALSE))=TRUE,\"\",VLOOKUP(B11,#REF!,3,FALSE))","v":{"$error":"#REF!"}},20,20,{"$f":"IF(C11=\"\",\"\",VLOOKUP(C11,#REF!,7,FALSE))","v":{"$error":"#REF!"}},{"$error":"#REF!"},{"$f":"IF(E11=\"\",\"\",VLOOKUP(E11,#REF!,7,FALSE))","v":{"$error":"#REF!"}},{"$error":"#REF!"},{"$f":"IF(G11=\"\",\"\",VLOOKUP(G11,#REF!,7,FALSE))","v":{"$error":"#REF!"}},{"$error":"#REF!"},{"$f":"IF(I11=\"\",\"\",VLOOKUP(I11,#REF!,7,FALSE))","v":{"$error":"#REF!"}},{"$error":"#REF!"},{"$f":"IF(K11=\"\",\"\",VLOOKUP(K11,#REF!,7,FALSE))","v":{"$error":"#REF!"}},{"$error":"#REF!"},{"$error":"#REF!"}]
[{"$f":"IF(ISNA(VLOOKUP(B12,#REF!,3,FALSE))=TRUE,\"\",VLOOKUP(B12,#REF!,3,FALSE))","v":{"$error":"#REF!"}},21,21,{"$f":"IF(C12=\"\",\"\",VLOOKUP(C12,#REF!,7,FALSE))","v":{"$error":"#REF!"}},{"$error":"#REF!"},{"$f":"IF(E12=\"\",\"\",VLOOKUP(E12,#REF!,7,FALSE))","v":{"$error":"#REF!"}},{"$error":"#REF!"},{"$f":"IF(G12=\"\",\"\",VLOOKUP(G12,#REF!,7,FALSE))","v":{"$error":"#REF!"}},{"$error":"#REF!"},{"$f":"IF(I12=\"\",\"\",VLOOKUP(I12,#REF!,7,FALSE))","v":{"$error":"#REF!"}},{"$error":"#REF!"},{"$f":"IF(K12=\"\",\"\",VLOOKUP(K12,#REF!,7,FALSE))","v":{"$error":"#REF!"}},{"$error":"#REF!"},{"$error":"#REF!"}]
[{"$f":"IF(ISNA(VLOOKUP(B13,#REF!,3,FALSE))=TRUE,\"\",VLOOKUP(B13,#REF!,3,FALSE))","v":{"$error":"#REF!"}},27,27,{"$f":"IF(C13=\"\",\"\",VLOOKUP(C13,#REF!,7,FALSE))","v":{"$error":"#REF!"}},{"$error":"#REF!"},{"$f":"IF(E13=\"\",\"\",VLOOKUP(E13,#REF!,7,FALSE))","v":{"$error":"#REF!"}},{"$error":"#REF!"},{"$f":"IF(G13=\"\",\"\",VLOOKUP(G13,#REF!,7,FALSE))","v":{"$error":"#REF!"}},{"$error":"#REF!"},{"$f":"IF(I13=\"\",\"\",VLOOKUP(I13,#REF!,7,FALSE))","v":{"$error":"#REF!"}},{"$error":"#REF!"},{"$f":"IF(K13=\"\",\"\",VLOOKUP(K13,#REF!,7,FALSE))","v":{"$error":"#REF!"}},{"$error":"#REF!"},{"$error":"#REF!"}]
[{"$f":"IF(ISNA(VLOOKUP(B14,#REF!,3,FALSE))=TRUE,\"\",VLOOKUP(B14,#REF!,3,FALSE))","v":{"$error":"#REF!"}},28,28,{"$f":"IF(C14=\"\",\"\",VLOOKUP(C14,#REF!,7,FALSE))","v":{"$error":"#REF!"}},{"$error":"#REF!"},{"$f":"IF(E14=\"\",\"\",VLOOKUP(E14,#REF!,7,FALSE))","v":{"$error":"#REF!"}},{"$error":"#REF!"},{"$f":"IF(G14=\"\",\"\",VLOOKUP(G14,#REF!,7,FALSE))","v":{"$error":"#REF!"}},{"$error":"#REF!"},{"$f":"IF(I14=\"\",\"\",VLOOKUP(I14,#REF!,7,FALSE))","v":{"$error":"#REF!"}},{"$error":"#REF!"},{"$f":"IF(K14=\"\",\"\",VLOOKUP(K14,#REF!,7,FALSE))","v":{"$error":"#REF!"}},{"$error":"#REF!"},{"$error":"#REF!"}]
[{"$f":"IF(ISNA(VLOOKUP(B15,#REF!,3,FALSE))=TRUE,\"\",VLOOKUP(B15,#REF!,3,FALSE))","v":{"$error":"#REF!"}},30,{"$f":"B15","v":30},{"$f":"IF(C15=\"\",\"\",VLOOKUP(C15,#REF!,7,FALSE))","v":{"$error":"#REF!"}},{"$error":"#REF!"},{"$f":"IF(E15=\"\",\"\",VLOOKUP(E15,#REF!,7,FALSE))","v":{"$error":"#REF!"}},{"$error":"#REF!"},{"$f":"IF(G15=\"\",\"\",VLOOKUP(G15,#REF!,7,FALSE))","v":{"$error":"#REF!"}},{"$error":"#REF!"},{"$f":"IF(I15=\"\",\"\",VLOOKUP(I15,#REF!,7,FALSE))","v":{"$error":"#REF!"}},{"$error":"#REF!"},{"$f":"IF(K15=\"\",\"\",VLOOKUP(K15,#REF!,7,FALSE))","v":{"$error":"#REF!"}},{"$error":"#REF!"},{"$f":"IF(M15=\"\",\"\",IF(M15=M14,N14,ROW()-3))","v":{"$error":"#REF!"}}]
[{"$f":"IF(ISNA(VLOOKUP(B16,#REF!,3,FALSE))=TRUE,\"\",VLOOKUP(B16,#REF!,3,FALSE))","v":{"$error":"#REF!"}},25,25,{"$f":"IF(C16=\"\",\"\",VLOOKUP(C16,#REF!,7,FALSE))","v":{"$error":"#REF!"}},{"$error":"#REF!"},{"$f":"IF(E16=\"\",\"\",VLOOKUP(E16,#REF!,7,FALSE))","v":{"$error":"#REF!"}},{"$error":"#REF!"},{"$f":"IF(G16=\"\",\"\",VLOOKUP(G16,#REF!,7,FALSE))","v":{"$error":"#REF!"}},{"$error":"#REF!"},{"$f":"IF(I16=\"\",\"\",VLOOKUP(I16,#REF!,7,FALSE))","v":{"$error":"#REF!"}},{"$error":"#REF!"},{"$f":"IF(K16=\"\",\"\",VLOOKUP(K16,#REF!,7,FALSE))","v":{"$error":"#REF!"}},{"$error":"#REF!"},{"$error":"#REF!"}]
[{"$f":"IF(ISNA(VLOOKUP(B17,#REF!,3,FALSE))=TRUE,\"\",VLOOKUP(B17,#REF!,3,FALSE))","v":{"$error":"#REF!"}},17,17,{"$f":"IF(C17=\"\",\"\",VLOOKUP(C17,#REF!,7,FALSE))","v":{"$error":"#REF!"}},{"$error":"#REF!"},{"$f":"IF(E17=\"\",\"\",VLOOKUP(E17,#REF!,7,FALSE))","v":{"$error":"#REF!"}},{"$error":"#REF!"},{"$f":"IF(G17=\"\",\"\",VLOOKUP(G17,#REF!,7,FALSE))","v":{"$error":"#REF!"}},{"$error":"#REF!"},{"$f":"IF(I17=\"\",\"\",VLOOKUP(I17,#REF!,7,FALSE))","v":{"$error":"#REF!"}},{"$error":"#REF!"},{"$f":"IF(K17=\"\",\"\",VLOOKUP(K17,#REF!,7,FALSE))","v":{"$error":"#REF!"}},{"$error":"#REF!"},{"$error":"#REF!"}]
[{"$f":"IF(ISNA(VLOOKUP(B18,#REF!,3,FALSE))=TRUE,\"\",VLOOKUP(B18,#REF!,3,FALSE))","v":{"$error":"#REF!"}},2,2,{"$f":"IF(C18=\"\",\"\",VLOOKUP(C18,#REF!,7,FALSE))","v":{"$error":"#REF!"}},{"$error":"#REF!"},{"$f":"IF(E18=\"\",\"\",VLOOKUP(E18,#REF!,7,FALSE))","v":{"$error":"#REF!"}},{"$error":"#REF!"},{"$f":"IF(G18=\"\",\"\",VLOOKUP(G18,#REF!,7,FALSE))","v":{"$error":"#REF!"}},{"$error":"#REF!"},{"$f":"IF(I18=\"\",\"\",VLOOKUP(I18,#REF!,7,FALSE))","v":{"$error":"#REF!"}},{"$error":"#REF!"},{"$f":"IF(K18=\"\",\"\",VLOOKUP(K18,#REF!,7,FALSE))","v":{"$error":"#REF!"}},{"$error":"#REF!"},{"$error":"#REF!"}]
[{"$f":"IF(ISNA(VLOOKUP(B19,#REF!,3,FALSE))=TRUE,\"\",VLOOKUP(B19,#REF!,3,FALSE))","v":{"$error":"#REF!"}},6,6,{"$f":"IF(C19=\"\",\"\",VLOOKUP(C19,#REF!,7,FALSE))","v":{"$error":"#REF!"}},{"$error":"#REF!"},{"$f":"IF(E19=\"\",\"\",VLOOKUP(E19,#REF!,7,FALSE))","v":{"$error":"#REF!"}},{"$error":"#REF!"},{"$f":"IF(G19=\"\",\"\",VLOOKUP(G19,#REF!,7,FALSE))","v":{"$error":"#REF!"}},{"$error":"#REF!"},{"$f":"IF(I19=\"\",\"\",VLOOKUP(I19,#REF!,7,FALSE))","v":{"$error":"#REF!"}},{"$error":"#REF!"},{"$f":"IF(K19=\"\",\"\",VLOOKUP(K19,#REF!,7,FALSE))","v":{"$error":"#REF!"}},{"$error":"#REF!"},{"$error":"#REF!"}]
[{"$f":"IF(ISNA(VLOOKUP(B20,#REF!,3,FALSE))=TRUE,\"\",VLOOKUP(B20,#REF!,3,FALSE))","v":{"$error":"#REF!"}},1,{"$f":"B20","v":1},{"$f":"IF(C20=\"\",\"\",VLOOKUP(C20,#REF!,7,FALSE))","v":{"$error":"#REF!"}},{"$f":"IF(C20=\"\",\"\",IF((C20+NpZ+ZP)>2*NpZ,(((C20+NpZ+ZP)-2*NpZ)+NpZ),(C20+NpZ+ZP)))","v":{"$error":"#REF!"}},{"$f":"IF(E20=\"\",\"\",VLOOKUP(E20,#REF!,7,FALSE))","v":{"$error":"#REF!"}},{"$f":"IF(E20=\"\",\"\",IF((E20+NpZ+ZP)>3*NpZ,(((E20+NpZ+ZP)-2*NpZ)+NpZ),(E20+NpZ+ZP)))","v":{"$error":"#REF!"}},{"$f":"IF(G20=\"\",\"\",VLOOKUP(G20,#REF!,7,FALSE))","v":{"$error":"#REF!"}},{"$f":"IF(G20=\"\",\"\",IF((G20+NpZ+ZP)>4*NpZ,(((G20+NpZ+ZP)-2*NpZ)+NpZ),(G20+NpZ+ZP)))","v":{"$error":"#REF!"}},{"$f":"IF(I20=\"\",\"\",VLOOKUP(I20,#REF!,7,FALSE))","v":{"$error":"#REF!"}},{"$f":"IF(I20=\"\",\"\",IF((I20+NpZ+ZP)>5*NpZ,(((I20+NpZ+ZP)-2*NpZ)+NpZ),(I20+NpZ+ZP)))","v":{"$error":"#REF!"}},{"$f":"IF(K20=\"\",\"\",VLOOKUP(K20,#REF!,7,FALSE))","v":{"$error":"#REF!"}},{"$f":"IF(B20=\"\",\"\",(D20+F20+H20+J20+L20))","v":{"$error":"#REF!"}},{"$f":"IF(M20=\"\",\"\",IF(M20=M19,N19,ROW()-3))","v":{"$error":"#REF!"}}]
[{"$f":"IF(ISNA(VLOOKUP(B21,#REF!,3,FALSE))=TRUE,\"\",VLOOKUP(B21,#REF!,3,FALSE))","v":{"$error":"#REF!"}},29,{"$f":"B21","v":29},{"$f":"IF(C21=\"\",\"\",VLOOKUP(C21,#REF!,7,FALSE))","v":{"$error":"#REF!"}},{"$error":"#REF!"},{"$f":"IF(E21=\"\",\"\",VLOOKUP(E21,#REF!,7,FALSE))","v":{"$error":"#REF!"}},{"$error":"#REF!"},{"$f":"IF(G21=\"\",\"\",VLOOKUP(G21,#REF!,7,FALSE))","v":{"$error":"#REF!"}},{"$error":"#REF!"},{"$f":"IF(I21=\"\",\"\",VLOOKUP(I21,#REF!,7,FALSE))","v":{"$error":"#REF!"}},{"$error":"#REF!"},{"$f":"IF(K21=\"\",\"\",VLOOKUP(K21,#REF!,7,FALSE))","v":{"$error":"#REF!"}},{"$error":"#REF!"},{"$f":"IF(M21=\"\",\"\",IF(M21=M20,N20,ROW()-3))","v":{"$error":"#REF!"}}]
[{"$f":"IF(ISNA(VLOOKUP(B22,#REF!,3,FALSE))=TRUE,\"\",VLOOKUP(B22,#REF!,3,FALSE))","v":{"$error":"#REF!"}},23,23,{"$f":"IF(C22=\"\",\"\",VLOOKUP(C22,#REF!,7,FALSE))","v":{"$error":"#REF!"}},{"$error":"#REF!"},{"$f":"IF(E22=\"\",\"\",VLOOKUP(E22,#REF!,7,FALSE))","v":{"$error":"#REF!"}},{"$error":"#REF!"},{"$f":"IF(G22=\"\",\"\",VLOOKUP(G22,#REF!,7,FALSE))","v":{"$error":"#REF!"}},{"$error":"#REF!"},{"$f":"IF(I22=\"\",\"\",VLOOKUP(I22,#REF!,7,FALSE))","v":{"$error":"#REF!"}},{"$error":"#REF!"},{"$f":"IF(K22=\"\",\"\",VLOOKUP(K22,#REF!,7,FALSE))","v":{"$error":"#REF!"}},{"$error":"#REF!"},{"$error":"#REF!"}]
[{"$f":"IF(ISNA(VLOOKUP(B23,#REF!,3,FALSE))=TRUE,\"\",VLOOKUP(B23,#REF!,3,FALSE))","v":{"$error":"#REF!"}},16,16,{"$f":"IF(C23=\"\",\"\",VLOOKUP(C23,#REF!,7,FALSE))","v":{"$error":"#REF!"}},{"$error":"#REF!"},{"$f":"IF(E23=\"\",\"\",VLOOKUP(E23,#REF!,7,FALSE))","v":{"$error":"#REF!"}},{"$error":"#REF!"},{"$f":"IF(G23=\"\",\"\",VLOOKUP(G23,#REF!,7,FALSE))","v":{"$error":"#REF!"}},{"$error":"#REF!"},{"$f":"IF(I23=\"\",\"\",VLOOKUP(I23,#REF!,7,FALSE))","v":{"$error":"#REF!"}},{"$error":"#REF!"},{"$f":"IF(K23=\"\",\"\",VLOOKUP(K23,#REF!,7,FALSE))","v":{"$error":"#REF!"}},{"$error":"#REF!"},{"$error":"#REF!"}]
[{"$f":"IF(ISNA(VLOOKUP(B24,#REF!,3,FALSE))=TRUE,\"\",VLOOKUP(B24,#REF!,3,FALSE))","v":{"$error":"#REF!"}},14,14,{"$f":"IF(C24=\"\",\"\",VLOOKUP(C24,#REF!,7,FALSE))","v":{"$error":"#REF!"}},{"$error":"#REF!"},{"$f":"IF(E24=\"\",\"\",VLOOKUP(E24,#REF!,7,FALSE))","v":{"$error":"#REF!"}},{"$error":"#REF!"},{"$f":"IF(G24=\"\",\"\",VLOOKUP(G24,#REF!,7,FALSE))","v":{"$error":"#REF!"}},{"$error":"#REF!"},{"$f":"IF(I24=\"\",\"\",VLOOKUP(I24,#REF!,7,FALSE))","v":{"$error":"#REF!"}},{"$error":"#REF!"},{"$f":"IF(K24=\"\",\"\",VLOOKUP(K24,#REF!,7,FALSE))","v":{"$error":"#REF!"}},{"$error":"#REF!"},{"$error":"#REF!"}]
[{"$f":"IF(ISNA(VLOOKUP(B25,#REF!,3,FALSE))=TRUE,\"\",VLOOKUP(B25,#REF!,3,FALSE))","v":{"$error":"#REF!"}},24,24,{"$f":"IF(C25=\"\",\"\",VLOOKUP(C25,#REF!,7,FALSE))","v":{"$error":"#REF!"}},{"$error":"#REF!"},{"$f":"IF(E25=\"\",\"\",VLOOKUP(E25,#REF!,7,FALSE))","v":{"$error":"#REF!"}},{"$error":"#REF!"},{"$f":"IF(G25=\"\",\"\",VLOOKUP(G25,#REF!,7,FALSE))","v":{"$error":"#REF!"}},{"$error":"#REF!"},{"$f":"IF(I25=\"\",\"\",VLOOKUP(I25,#REF!,7,FALSE))","v":{"$error":"#REF!"}},{"$error":"#REF!"},{"$f":"IF(K25=\"\",\"\",VLOOKUP(K25,#REF!,7,FALSE))","v":{"$error":"#REF!"}},{"$error":"#REF!"},{"$error":"#REF!"}]
[{"$f":"IF(ISNA(VLOOKUP(B26,#REF!,3,FALSE))=TRUE,\"\",VLOOKUP(B26,#REF!,3,FALSE))","v":{"$error":"#REF!"}},15,15,{"$f":"IF(C26=\"\",\"\",VLOOKUP(C26,#REF!,7,FALSE))","v":{"$error":"#REF!"}},{"$error":"#REF!"},{"$f":"IF(E26=\"\",\"\",VLOOKUP(E26,#REF!,7,FALSE))","v":{"$error":"#REF!"}},{"$error":"#REF!"},{"$f":"IF(G26=\"\",\"\",VLOOKUP(G26,#REF!,7,FALSE))","v":{"$error":"#REF!"}},{"$error":"#REF!"},{"$f":"IF(I26=\"\",\"\",VLOOKUP(I26,#REF!,7,FALSE))","v":{"$error":"#REF!"}},{"$error":"#REF!"},{"$f":"IF(K26=\"\",\"\",VLOOKUP(K26,#REF!,7,FALSE))","v":{"$error":"#REF!"}},{"$error":"#REF!"},{"$error":"#REF!"}]
[{"$f":"IF(ISNA(VLOOKUP(B27,#REF!,3,FALSE))=TRUE,\"\",VLOOKUP(B27,#REF!,3,FALSE))","v":{"$error":"#REF!"}},19,19,{"$f":"IF(C27=\"\",\"\",VLOOKUP(C27,#REF!,7,FALSE))","v":{"$error":"#REF!"}},{"$error":"#REF!"},{"$f":"IF(E27=\"\",\"\",VLOOKUP(E27,#REF!,7,FALSE))","v":{"$error":"#REF!"}},{"$error":"#REF!"},{"$f":"IF(G27=\"\",\"\",VLOOKUP(G27,#REF!,7,FALSE))","v":{"$error":"#REF!"}},{"$error":"#REF!"},{"$f":"IF(I27=\"\",\"\",VLOOKUP(I27,#REF!,7,FALSE))","v":{"$error":"#REF!"}},{"$error":"#REF!"},{"$f":"IF(K27=\"\",\"\",VLOOKUP(K27,#REF!,7,FALSE))","v":{"$error":"#REF!"}},{"$error":"#REF!"},{"$error":"#REF!"}]
[{"$f":"IF(ISNA(VLOOKUP(B28,#REF!,3,FALSE))=TRUE,\"\",VLOOKUP(B28,#REF!,3,FALSE))","v":{"$error":"#REF!"}},18,18,{"$f":"IF(C28=\"\",\"\",VLOOKUP(C28,#REF!,7,FALSE))","v":{"$error":"#REF!"}},{"$error":"#REF!"},{"$f":"IF(E28=\"\",\"\",VLOOKUP(E28,#REF!,7,FALSE))","v":{"$error":"#REF!"}},{"$error":"#REF!"},{"$f":"IF(G28=\"\",\"\",VLOOKUP(G28,#REF!,7,FALSE))","v":{"$error":"#REF!"}},{"$error":"#REF!"},{"$f":"IF(I28=\"\",\"\",VLOOKUP(I28,#REF!,7,FALSE))","v":{"$error":"#REF!"}},{"$error":"#REF!"},{"$f":"IF(K28=\"\",\"\",VLOOKUP(K28,#REF!,7,FALSE))","v":{"$error":"#REF!"}},{"$error":"#REF!"},{"$error":"#REF!"}]
[{"$f":"IF(ISNA(VLOOKUP(B29,#REF!,3,FALSE))=TRUE,\"\",VLOOKUP(B29,#REF!,3,FALSE))","v":{"$error":"#REF!"}},7,7,{"$f":"IF(C29=\"\",\"\",VLOOKUP(C29,#REF!,7,FALSE))","v":{"$error":"#REF!"}},{"$error":"#REF!"},{"$f":"IF(E29=\"\",\"\",VLOOKUP(E29,#REF!,7,FALSE))","v":{"$error":"#REF!"}},{"$error":"#REF!"},{"$f":"IF(G29=\"\",\"\",VLOOKUP(G29,#REF!,7,FALSE))","v":{"$error":"#REF!"}},{"$error":"#REF!"},{"$f":"IF(I29=\"\",\"\",VLOOKUP(I29,#REF!,7,FALSE))","v":{"$error":"#REF!"}},{"$error":"#REF!"},{"$f":"IF(K29=\"\",\"\",VLOOKUP(K29,#REF!,7,FALSE))","v":{"$error":"#REF!"}},{"$error":"#REF!"},{"$error":"#REF!"}]
[{"$f":"IF(ISNA(VLOOKUP(B30,#REF!,3,FALSE))=TRUE,\"\",VLOOKUP(B30,#REF!,3,FALSE))","v":{"$error":"#REF!"}},3,3,{"$f":"IF(C30=\"\",\"\",VLOOKUP(C30,#REF!,7,FALSE))","v":{"$error":"#REF!"}},{"$error":"#REF!"},{"$f":"IF(E30=\"\",\"\",VLOOKUP(E30,#REF!,7,FALSE))","v":{"$error":"#REF!"}},{"$error":"#REF!"},{"$f":"IF(G30=\"\",\"\",VLOOKUP(G30,#REF!,7,FALSE))","v":{"$error":"#REF!"}},{"$error":"#REF!"},{"$f":"IF(I30=\"\",\"\",VLOOKUP(I30,#REF!,7,FALSE))","v":{"$error":"#REF!"}},{"$error":"#REF!"},{"$f":"IF(K30=\"\",\"\",VLOOKUP(K30,#REF!,7,FALSE))","v":{"$error":"#REF!"}},{"$error":"#REF!"},{"$error":"#REF!"}]
[{"$f":"IF(ISNA(VLOOKUP(B31,#REF!,3,FALSE))=TRUE,\"\",VLOOKUP(B31,#REF!,3,FALSE))","v":{"$error":"#REF!"}},5,5,{"$f":"IF(C31=\"\",\"\",VLOOKUP(C31,#REF!,7,FALSE))","v":{"$error":"#REF!"}},{"$error":"#REF!"},{"$f":"IF(E31=\"\",\"\",VLOOKUP(E31,#REF!,7,FALSE))","v":{"$error":"#REF!"}},{"$error":"#REF!"},{"$f":"IF(G31=\"\",\"\",VLOOKUP(G31,#REF!,7,FALSE))","v":{"$error":"#REF!"}},{"$error":"#REF!"},{"$f":"IF(I31=\"\",\"\",VLOOKUP(I31,#REF!,7,FALSE))","v":{"$error":"#REF!"}},{"$error":"#REF!"},{"$f":"IF(K31=\"\",\"\",VLOOKUP(K31,#REF!,7,FALSE))","v":{"$error":"#REF!"}},{"$error":"#REF!"},{"$error":"#REF!"}]
[{"$f":"IF(ISNA(VLOOKUP(B32,#REF!,2,FALSE))=TRUE,\"\",VLOOKUP(B32,#REF!,2,FALSE))","v":{"$error":"#REF!"}},8,8,{"$f":"IF(C32=\"\",\"\",VLOOKUP(C32,#REF!,7,FALSE))","v":{"$error":"#REF!"}},{"$error":"#REF!"},{"$f":"IF(E32=\"\",\"\",VLOOKUP(E32,#REF!,7,FALSE))","v":{"$error":"#REF!"}},{"$error":"#REF!"},{"$f":"IF(G32=\"\",\"\",VLOOKUP(G32,#REF!,7,FALSE))","v":{"$error":"#REF!"}},{"$error":"#REF!"},{"$f":"IF(I32=\"\",\"\",VLOOKUP(I32,#REF!,7,FALSE))","v":{"$error":"#REF!"}},{"$error":"#REF!"},{"$f":"IF(K32=\"\",\"\",VLOOKUP(K32,#REF!,7,FALSE))","v":{"$error":"#REF!"}},{"$error":"#REF!"},{"$error":"#REF!"}]
[{"$f":"IF(ISNA(VLOOKUP(B33,#REF!,2,FALSE))=TRUE,\"\",VLOOKUP(B33,#REF!,2,FALSE))","v":{"$error":"#REF!"}},13,13,{"$f":"IF(C33=\"\",\"\",VLOOKUP(C33,#REF!,7,FALSE))","v":{"$error":"#REF!"}},{"$error":"#REF!"},{"$f":"IF(E33=\"\",\"\",VLOOKUP(E33,#REF!,7,FALSE))","v":{"$error":"#REF!"}},{"$error":"#REF!"},{"$f":"IF(G33=\"\",\"\",VLOOKUP(G33,#REF!,7,FALSE))","v":{"$error":"#REF!"}},{"$error":"#REF!"},{"$f":"IF(I33=\"\",\"\",VLOOKUP(I33,#REF!,7,FALSE))","v":{"$error":"#REF!"}},{"$error":"#REF!"},{"$f":"IF(K33=\"\",\"\",VLOOKUP(K33,#REF!,7,FALSE))","v":{"$error":"#REF!"}},{"$error":"#REF!"},{"$error":"#REF!"}]
["Day 1 Zone Winner",null,"IAN LAMBERT",null,"IVOR SMITH",null,"WAYNE PERRING",null,"JOE ARCH",null,"KEN SHOVE"]
["Day 1 Zone Second",null,"ALAN PRICE",null,"SIMON DRAYTON",null,"ROB TUCK",null,"JOHN VAN CRUGTEN",null,"LEE CULLEN"]
["Day 1 Zone Third",null,"NEIL CUTLER",null,"MIKE KEMPSTER",null,"TONY THOMAS",null,"JIM GROSS",null,"TONY ANDERSON"]
["Day 1 Zone Third",null,null,null,null,null,null,null,null,null,"C. READ"]
["SAMF 2006 National Sea League Final  -  Day 2"]
["Team Name","Team No. ","Zone A",null,"Zone B",null,"Zone C",null,"Zone D",null,"Zone E",null,"Day 2 Points","Day 2 Position"]
[null,null,"Peg","Points & Position","Peg","Points & Position","Peg","Points & Position","Peg","Points & Position","Peg","Points & Position"]
[{"$f":"IF(ISNA(VLOOKUP(B41,#REF!,3,FALSE))=TRUE,\"\",VLOOKUP(B41,#REF!,3,FALSE))","v":{"$error":"#REF!"}},11,{"$f":"VLOOKUP(B41,#REF!,6,FALSE)","v":{"$error":"#REF!"}},{"$f":"IF(C41=\"\",\"\",VLOOKUP(C41,#REF!,7,FALSE))","v":{"$error":"#REF!"}},{"$f":"IF(C41=\"\",\"\",IF((C41+NpZ+ZP)>2*NpZ,(((C41+NpZ+ZP)-2*NpZ)+NpZ),(C41+NpZ+ZP)))","v":{"$error":"#REF!"}},{"$f":"IF(E41=\"\",\"\",VLOOKUP(E41,#REF!,7,FALSE))","v":{"$error":"#REF!"}},{"$f":"IF(E41=\"\",\"\",IF((E41+NpZ+ZP)>3*NpZ,(((E41+NpZ+ZP)-2*NpZ)+NpZ),(E41+NpZ+ZP)))","v":{"$error":"#REF!"}},{"$f":"IF(G41=\"\",\"\",VLOOKUP(G41,#REF!,7,FALSE))","v":{"$error":"#REF!"}},{"$f":"IF(G41=\"\",\"\",IF((G41+NpZ+ZP)>4*NpZ,(((G41+NpZ+ZP)-2*NpZ)+NpZ),(G41+NpZ+ZP)))","v":{"$error":"#REF!"}},{"$f":"IF(I41=\"\",\"\",VLOOKUP(I41,#REF!,7,FALSE))","v":{"$error":"#REF!"}},{"$f":"IF(I41=\"\",\"\",IF((I41+NpZ+ZP)>5*NpZ,(((I41+NpZ+ZP)-2*NpZ)+NpZ),(I41+NpZ+ZP)))","v":{"$error":"#REF!"}},{"$f":"IF(K41=\"\",\"\",VLOOKUP(K41,#REF!,7,FALSE))","v":{"$error":"#REF!"}},{"$f":"IF(B41=\"\",\"\",(D41+F41+H41+J41+L41))","v":{"$error":"#REF!"}},{"$f":"IF(M41=\"\",\"\",IF(M41=M40,N40,ROW()-40))","v":{"$error":"#REF!"}}]
[{"$f":"IF(ISNA(VLOOKUP(B42,#REF!,3,FALSE))=TRUE,\"\",VLOOKUP(B42,#REF!,3,FALSE))","v":{"$error":"#REF!"}},30,{"$f":"VLOOKUP(B42,#REF!,6,FALSE)","v":{"$error":"#REF!"}},{"$f":"IF(C42=\"\",\"\",VLOOKUP(C42,#REF!,7,FALSE))","v":{"$error":"#REF!"}},{"$f":"IF(C42=\"\",\"\",IF((C42+NpZ+ZP)>2*NpZ,(((C42+NpZ+ZP)-2*NpZ)+NpZ),(C42+NpZ+ZP)))","v":{"$error":"#REF!"}},{"$f":"IF(E42=\"\",\"\",VLOOKUP(E42,#REF!,7,FALSE))","v":{"$error":"#REF!"}},{"$f":"IF(E42=\"\",\"\",IF((E42+NpZ+ZP)>3*NpZ,(((E42+NpZ+ZP)-2*NpZ)+NpZ),(E42+NpZ+ZP)))","v":{"$error":"#REF!"}},{"$f":"IF(G42=\"\",\"\",VLOOKUP(G42,#REF!,7,FALSE))","v":{"$error":"#REF!"}},{"$f":"IF(G42=\"\",\"\",IF((G42+NpZ+ZP)>4*NpZ,(((G42+NpZ+ZP)-2*NpZ)+NpZ),(G42+NpZ+ZP)))","v":{"$error":"#REF!"}},{"$f":"IF(I42=\"\",\"\",VLOOKUP(I42,#REF!,7,FALSE))","v":{"$error":"#REF!"}},{"$f":"IF(I42=\"\",\"\",IF((I42+NpZ+ZP)>5*NpZ,(((I42+NpZ+ZP)-2*NpZ)+NpZ),(I42+NpZ+ZP)))","v":{"$error":"#REF!"}},{"$f":"IF(K42=\"\",\"\",VLOOKUP(K42,#REF!,7,FALSE))","v":{"$error":"#REF!"}},{"$error":"#REF!"},{"$f":"IF(M42=\"\",\"\",IF(M42=M41,N41,ROW()-40))","v":{"$error":"#REF!"}}]
[{"$f":"IF(ISNA(VLOOKUP(B43,#REF!,3,FALSE))=TRUE,\"\",VLOOKUP(B43,#REF!,3,FALSE))","v":{"$error":"#REF!"}},12,{"$f":"VLOOKUP(B43,#REF!,6,FALSE)","v":{"$error":"#REF!"}},{"$f":"IF(C43=\"\",\"\",VLOOKUP(C43,#REF!,7,FALSE))","v":{"$error":"#REF!"}},{"$error":"#REF!"},{"$f":"IF(E43=\"\",\"\",VLOOKUP(E43,#REF!,7,FALSE))","v":{"$error":"#REF!"}},{"$error":"#REF!"},{"$f":"IF(G43=\"\",\"\",VLOOKUP(G43,#REF!,7,FALSE))","v":{"$error":"#REF!"}},{"$error":"#REF!"},{"$f":"IF(I43=\"\",\"\",VLOOKUP(I43,#REF!,7,FALSE))","v":{"$error":"#REF!"}},{"$error":"#REF!"},{"$f":"IF(K43=\"\",\"\",VLOOKUP(K43,#REF!,7,FALSE))","v":{"$error":"#REF!"}},{"$error":"#REF!"},{"$error":"#REF!"}]
[{"$f":"IF(ISNA(VLOOKUP(B44,#REF!,3,FALSE))=TRUE,\"\",VLOOKUP(B44,#REF!,3,FALSE))","v":{"$error":"#REF!"}},9,{"$f":"VLOOKUP(B44,#REF!,6,FALSE)","v":{"$error":"#REF!"}},{"$f":"IF(C44=\"\",\"\",VLOOKUP(C44,#REF!,7,FALSE))","v":{"$error":"#REF!"}},{"$error":"#REF!"},{"$f":"IF(E44=\"\",\"\",VLOOKUP(E44,#REF!,7,FALSE))","v":{"$error":"#REF!"}},{"$error":"#REF!"},{"$f":"IF(G44=\"\",\"\",VLOOKUP(G44,#REF!,7,FALSE))","v":{"$error":"#REF!"}},{"$error":"#REF!"},{"$f":"IF(I44=\"\",\"\",VLOOKUP(I44,#REF!,7,FALSE))","v":{"$error":"#REF!"}},{"$error":"#REF!"},{"$f":"IF(K44=\"\",\"\",VLOOKUP(K44,#REF!,7,FALSE))","v":{"$error":"#REF!"}},{"$error":"#REF!"},{"$f":"IF(M44=\"\",\"\",IF(M44=M43,N43,ROW()-40))","v":{"$error":"#REF!"}}]
[{"$f":"IF(ISNA(VLOOKUP(B45,#REF!,3,FALSE))=TRUE,\"\",VLOOKUP(B45,#REF!,3,FALSE))","v":{"$error":"#REF!"}},20,{"$f":"VLOOKUP(B45,#REF!,6,FALSE)","v":{"$error":"#REF!"}},{"$f":"IF(C45=\"\",\"\",VLOOKUP(C45,#REF!,7,FALSE))","v":{"$error":"#REF!"}},{"$error":"#REF!"},{"$f":"IF(E45=\"\",\"\",VLOOKUP(E45,#REF!,7,FALSE))","v":{"$error":"#REF!"}},{"$error":"#REF!"},{"$f":"IF(G45=\"\",\"\",VLOOKUP(G45,#REF!,7,FALSE))","v":{"$error":"#REF!"}},{"$error":"#REF!"},{"$f":"IF(I45=\"\",\"\",VLOOKUP(I45,#REF!,7,FALSE))","v":{"$error":"#REF!"}},{"$error":"#REF!"},{"$f":"IF(K45=\"\",\"\",VLOOKUP(K45,#REF!,7,FALSE))","v":{"$error":"#REF!"}},{"$error":"#REF!"},{"$error":"#REF!"}]
[{"$f":"IF(ISNA(VLOOKUP(B46,#REF!,3,FALSE))=TRUE,\"\",VLOOKUP(B46,#REF!,3,FALSE))","v":{"$error":"#REF!"}},10,{"$f":"VLOOKUP(B46,#REF!,6,FALSE)","v":{"$error":"#REF!"}},{"$f":"IF(C46=\"\",\"\",VLOOKUP(C46,#REF!,7,FALSE))","v":{"$error":"#REF!"}},{"$error":"#REF!"},{"$f":"IF(E46=\"\",\"\",VLOOKUP(E46,#REF!,7,FALSE))","v":{"$error":"#REF!"}},{"$error":"#REF!"},{"$f":"IF(G46=\"\",\"\",VLOOKUP(G46,#REF!,7,FALSE))","v":{"$error":"#REF!"}},{"$error":"#REF!"},{"$f":"IF(I46=\"\",\"\",VLOOKUP(I46,#REF!,7,FALSE))","v":{"$error":"#REF!"}},{"$error":"#REF!"},{"$f":"IF(K46=\"\",\"\",VLOOKUP(K46,#REF!,7,FALSE))","v":{"$error":"#REF!"}},{"$error":"#REF!"},{"$error":"#REF!"}]
[{"$f":"IF(ISNA(VLOOKUP(B47,#REF!,3,FALSE))=TRUE,\"\",VLOOKUP(B47,#REF!,3,FALSE))","v":{"$error":"#REF!"}},2,{"$f":"VLOOKUP(B47,#REF!,6,FALSE)","v":{"$error":"#REF!"}},{"$f":"IF(C47=\"\",\"\",VLOOKUP(C47,#REF!,7,FALSE))","v":{"$error":"#REF!"}},{"$error":"#REF!"},{"$f":"IF(E47=\"\",\"\",VLOOKUP(E47,#REF!,7,FALSE))","v":{"$error":"#REF!"}},{"$error":"#REF!"},{"$f":"IF(G47=\"\",\"\",VLOOKUP(G47,#REF!,7,FALSE))","v":{"$error":"#REF!"}},{"$error":"#REF!"},{"$f":"IF(I47=\"\",\"\",VLOOKUP(I47,#REF!,7,FALSE))","v":{"$error":"#REF!"}},{"$error":"#REF!"},{"$f":"IF(K47=\"\",\"\",VLOOKUP(K47,#REF!,7,FALSE))","v":{"$error":"#REF!"}},{"$error":"#REF!"},{"$error":"#REF!"}]
[{"$f":"IF(ISNA(VLOOKUP(B48,#REF!,3,FALSE))=TRUE,\"\",VLOOKUP(B48,#REF!,3,FALSE))","v":{"$error":"#REF!"}},27,{"$f":"VLOOKUP(B48,#REF!,6,FALSE)","v":{"$error":"#REF!"}},{"$f":"IF(C48=\"\",\"\",VLOOKUP(C48,#REF!,7,FALSE))","v":{"$error":"#REF!"}},{"$error":"#REF!"},{"$f":"IF(E48=\"\",\"\",VLOOKUP(E48,#REF!,7,FALSE))","v":{"$error":"#REF!"}},{"$error":"#REF!"},{"$f":"IF(G48=\"\",\"\",VLOOKUP(G48,#REF!,7,FALSE))","v":{"$error":"#REF!"}},{"$error":"#REF!"},{"$f":"IF(I48=\"\",\"\",VLOOKUP(I48,#REF!,7,FALSE))","v":{"$error":"#REF!"}},{"$error":"#REF!"},{"$f":"IF(K48=\"\",\"\",VLOOKUP(K48,#REF!,7,FALSE))","v":{"$error":"#REF!"}},{"$error":"#REF!"},{"$error":"#REF!"}]
[{"$f":"IF(ISNA(VLOOKUP(B49,#REF!,3,FALSE))=TRUE,\"\",VLOOKUP(B49,#REF!,3,FALSE))","v":{"$error":"#REF!"}},22,{"$f":"VLOOKUP(B49,#REF!,6,FALSE)","v":{"$error":"#REF!"}},{"$f":"IF(C49=\"\",\"\",VLOOKUP(C49,#REF!,7,FALSE))","v":{"$error":"#REF!"}},{"$error":"#REF!"},{"$f":"IF(E49=\"\",\"\",VLOOKUP(E49,#REF!,7,FALSE))","v":{"$error":"#REF!"}},{"$error":"#REF!"},{"$f":"IF(G49=\"\",\"\",VLOOKUP(G49,#REF!,7,FALSE))","v":{"$error":"#REF!"}},{"$error":"#REF!"},{"$f":"IF(I49=\"\",\"\",VLOOKUP(I49,#REF!,7,FALSE))","v":{"$error":"#REF!"}},{"$error":"#REF!"},{"$f":"IF(K49=\"\",\"\",VLOOKUP(K49,#REF!,7,FALSE))","v":{"$error":"#REF!"}},{"$error":"#REF!"},{"$error":"#REF!"}]
[{"$f":"IF(ISNA(VLOOKUP(B50,#REF!,3,FALSE))=TRUE,\"\",VLOOKUP(B50,#REF!,3,FALSE))","v":{"$error":"#REF!"}},15,{"$f":"VLOOKUP(B50,#REF!,6,FALSE)","v":{"$error":"#REF!"}},{"$f":"IF(C50=\"\",\"\",VLOOKUP(C50,#REF!,7,FALSE))","v":{"$error":"#REF!"}},{"$error":"#REF!"},{"$f":"IF(E50=\"\",\"\",VLOOKUP(E50,#REF!,7,FALSE))","v":{"$error":"#REF!"}},{"$error":"#REF!"},{"$f":"IF(G50=\"\",\"\",VLOOKUP(G50,#REF!,7,FALSE))","v":{"$error":"#REF!"}},{"$error":"#REF!"},{"$f":"IF(I50=\"\",\"\",VLOOKUP(I50,#REF!,7,FALSE))","v":{"$error":"#REF!"}},{"$error":"#REF!"},{"$f":"IF(K50=\"\",\"\",VLOOKUP(K50,#REF!,7,FALSE))","v":{"$error":"#REF!"}},{"$error":"#REF!"},{"$error":"#REF!"}]
[{"$f":"IF(ISNA(VLOOKUP(B51,#REF!,3,FALSE))=TRUE,\"\",VLOOKUP(B51,#REF!,3,FALSE))","v":{"$error":"#REF!"}},24,{"$f":"VLOOKUP(B51,#REF!,6,FALSE)","v":{"$error":"#REF!"}},{"$f":"IF(C51=\"\",\"\",VLOOKUP(C51,#REF!,7,FALSE))","v":{"$error":"#REF!"}},{"$error":"#REF!"},{"$f":"IF(E51=\"\",\"\",VLOOKUP(E51,#REF!,7,FALSE))","v":{"$error":"#REF!"}},{"$error":"#REF!"},{"$f":"IF(G51=\"\",\"\",VLOOKUP(G51,#REF!,7,FALSE))","v":{"$error":"#REF!"}},{"$error":"#REF!"},{"$f":"IF(I51=\"\",\"\",VLOOKUP(I51,#REF!,7,FALSE))","v":{"$error":"#REF!"}},{"$error":"#REF!"},{"$f":"IF(K51=\"\",\"\",VLOOKUP(K51,#REF!,7,FALSE))","v":{"$error":"#REF!"}},{"$error":"#REF!"},{"$error":"#REF!"}]
[{"$f":"IF(ISNA(VLOOKUP(B52,#REF!,3,FALSE))=TRUE,\"\",VLOOKUP(B52,#REF!,3,FALSE))","v":{"$error":"#REF!"}},1,{"$f":"VLOOKUP(B52,#REF!,6,FALSE)","v":{"$error":"#REF!"}},{"$f":"IF(C52=\"\",\"\",VLOOKUP(C52,#REF!,7,FALSE))","v":{"$error":"#REF!"}},{"$error":"#REF!"},{"$f":"IF(E52=\"\",\"\",VLOOKUP(E52,#REF!,7,FALSE))","v":{"$error":"#REF!"}},{"$error":"#REF!"},{"$f":"IF(G52=\"\",\"\",VLOOKUP(G52,#REF!,7,FALSE))","v":{"$error":"#REF!"}},{"$error":"#REF!"},{"$f":"IF(I52=\"\",\"\",VLOOKUP(I52,#REF!,7,FALSE))","v":{"$error":"#REF!"}},{"$error":"#REF!"},{"$f":"IF(K52=\"\",\"\",VLOOKUP(K52,#REF!,7,FALSE))","v":{"$error":"#REF!"}},{"$error":"#REF!"},{"$error":"#REF!"}]
[{"$f":"IF(ISNA(VLOOKUP(B53,#REF!,3,FALSE))=TRUE,\"\",VLOOKUP(B53,#REF!,3,FALSE))","v":{"$error":"#REF!"}},29,{"$f":"VLOOKUP(B53,#REF!,6,FALSE)","v":{"$error":"#REF!"}},{"$f":"IF(C53=\"\",\"\",VLOOKUP(C53,#REF!,7,FALSE))","v":{"$error":"#REF!"}},{"$error":"#REF!"},{"$f":"IF(E53=\"\",\"\",VLOOKUP(E53,#REF!,7,FALSE))","v":{"$error":"#REF!"}},{"$error":"#REF!"},{"$f":"IF(G53=\"\",\"\",VLOOKUP(G53,#REF!,7,FALSE))","v":{"$error":"#REF!"}},{"$error":"#REF!"},{"$f":"IF(I53=\"\",\"\",VLOOKUP(I53,#REF!,7,FALSE))","v":{"$error":"#REF!"}},{"$error":"#REF!"},{"$f":"IF(K53=\"\",\"\",VLOOKUP(K53,#REF!,7,FALSE))","v":{"$error":"#REF!"}},{"$error":"#REF!"},{"$error":"#REF!"}]
[{"$f":"IF(ISNA(VLOOKUP(B54,#REF!,3,FALSE))=TRUE,\"\",VLOOKUP(B54,#REF!,3,FALSE))","v":{"$error":"#REF!"}},26,{"$f":"VLOOKUP(B54,#REF!,6,FALSE)","v":{"$error":"#REF!"}},{"$f":"IF(C54=\"\",\"\",VLOOKUP(C54,#REF!,7,FALSE))","v":{"$error":"#REF!"}},{"$error":"#REF!"},{"$f":"IF(E54=\"\",\"\",VLOOKUP(E54,#REF!,7,FALSE))","v":{"$error":"#REF!"}},{"$error":"#REF!"},{"$f":"IF(G54=\"\",\"\",VLOOKUP(G54,#REF!,7,FALSE))","v":{"$error":"#REF!"}},{"$error":"#REF!"},{"$f":"IF(I54=\"\",\"\",VLOOKUP(I54,#REF!,7,FALSE))","v":{"$error":"#REF!"}},{"$error":"#REF!"},{"$f":"IF(K54=\"\",\"\",VLOOKUP(K54,#REF!,7,FALSE))","v":{"$error":"#REF!"}},{"$error":"#REF!"},{"$error":"#REF!"}]
[{"$f":"IF(ISNA(VLOOKUP(B55,#REF!,3,FALSE))=TRUE,\"\",VLOOKUP(B55,#REF!,3,FALSE))","v":{"$error":"#REF!"}},14,{"$f":"VLOOKUP(B55,#REF!,6,FALSE)","v":{"$error":"#REF!"}},{"$f":"IF(C55=\"\",\"\",VLOOKUP(C55,#REF!,7,FALSE))","v":{"$error":"#REF!"}},{"$error":"#REF!"},{"$f":"IF(E55=\"\",\"\",VLOOKUP(E55,#REF!,7,FALSE))","v":{"$error":"#REF!"}},{"$error":"#REF!"},{"$f":"IF(G55=\"\",\"\",VLOOKUP(G55,#REF!,7,FALSE))","v":{"$error":"#REF!"}},{"$error":"#REF!"},{"$f":"IF(I55=\"\",\"\",VLOOKUP(I55,#REF!,7,FALSE))","v":{"$error":"#REF!"}},{"$error":"#REF!"},{"$f":"IF(K55=\"\",\"\",VLOOKUP(K55,#REF!,7,FALSE))","v":{"$error":"#REF!"}},{"$error":"#REF!"},{"$error":"#REF!"}]
[{"$f":"IF(ISNA(VLOOKUP(B56,#REF!,3,FALSE))=TRUE,\"\",VLOOKUP(B56,#REF!,3,FALSE))","v":{"$error":"#REF!"}},28,{"$f":"VLOOKUP(B56,#REF!,6,FALSE)","v":{"$error":"#REF!"}},{"$f":"IF(C56=\"\",\"\",VLOOKUP(C56,#REF!,7,FALSE))","v":{"$error":"#REF!"}},{"$error":"#REF!"},{"$f":"IF(E56=\"\",\"\",VLOOKUP(E56,#REF!,7,FALSE))","v":{"$error":"#REF!"}},{"$error":"#REF!"},{"$f":"IF(G56=\"\",\"\",VLOOKUP(G56,#REF!,7,FALSE))","v":{"$error":"#REF!"}},{"$error":"#REF!"},{"$f":"IF(I56=\"\",\"\",VLOOKUP(I56,#REF!,7,FALSE))","v":{"$error":"#REF!"}},{"$error":"#REF!"},{"$f":"IF(K56=\"\",\"\",VLOOKUP(K56,#REF!,7,FALSE))","v":{"$error":"#REF!"}},{"$error":"#REF!"},{"$error":"#REF!"}]
[{"$f":"IF(ISNA(VLOOKUP(B57,#REF!,3,FALSE))=TRUE,\"\",VLOOKUP(B57,#REF!,3,FALSE))","v":{"$error":"#REF!"}},4,{"$f":"VLOOKUP(B57,#REF!,6,FALSE)","v":{"$error":"#REF!"}},{"$f":"IF(C57=\"\",\"\",VLOOKUP(C57,#REF!,7,FALSE))","v":{"$error":"#REF!"}},{"$error":"#REF!"},{"$f":"IF(E57=\"\",\"\",VLOOKUP(E57,#REF!,7,FALSE))","v":{"$error":"#REF!"}},{"$error":"#REF!"},{"$f":"IF(G57=\"\",\"\",VLOOKUP(G57,#REF!,7,FALSE))","v":{"$error":"#REF!"}},{"$error":"#REF!"},{"$f":"IF(I57=\"\",\"\",VLOOKUP(I57,#REF!,7,FALSE))","v":{"$error":"#REF!"}},{"$error":"#REF!"},{"$f":"IF(K57=\"\",\"\",VLOOKUP(K57,#REF!,7,FALSE))","v":{"$error":"#REF!"}},{"$error":"#REF!"},{"$error":"#REF!"}]
[{"$f":"IF(ISNA(VLOOKUP(B58,#REF!,3,FALSE))=TRUE,\"\",VLOOKUP(B58,#REF!,3,FALSE))","v":{"$error":"#REF!"}},21,{"$f":"VLOOKUP(B58,#REF!,6,FALSE)","v":{"$error":"#REF!"}},{"$f":"IF(C58=\"\",\"\",VLOOKUP(C58,#REF!,7,FALSE))","v":{"$error":"#REF!"}},{"$error":"#REF!"},{"$f":"IF(E58=\"\",\"\",VLOOKUP(E58,#REF!,7,FALSE))","v":{"$error":"#REF!"}},{"$error":"#REF!"},{"$f":"IF(G58=\"\",\"\",VLOOKUP(G58,#REF!,7,FALSE))","v":{"$error":"#REF!"}},{"$error":"#REF!"},{"$f":"IF(I58=\"\",\"\",VLOOKUP(I58,#REF!,7,FALSE))","v":{"$error":"#REF!"}},{"$error":"#REF!"},{"$f":"IF(K58=\"\",\"\",VLOOKUP(K58,#REF!,7,FALSE))","v":{"$error":"#REF!"}},{"$error":"#REF!"},{"$error":"#REF!"}]
[{"$f":"IF(ISNA(VLOOKUP(B59,#REF!,3,FALSE))=TRUE,\"\",VLOOKUP(B59,#REF!,3,FALSE))","v":{"$error":"#REF!"}},17,{"$f":"VLOOKUP(B59,#REF!,6,FALSE)","v":{"$error":"#REF!"}},{"$f":"IF(C59=\"\",\"\",VLOOKUP(C59,#REF!,7,FALSE))","v":{"$error":"#REF!"}},{"$error":"#REF!"},{"$f":"IF(E59=\"\",\"\",VLOOKUP(E59,#REF!,7,FALSE))","v":{"$error":"#REF!"}},{"$error":"#REF!"},{"$f":"IF(G59=\"\",\"\",VLOOKUP(G59,#REF!,7,FALSE))","v":{"$error":"#REF!"}},{"$error":"#REF!"},{"$f":"IF(I59=\"\",\"\",VLOOKUP(I59,#REF!,7,FALSE))","v":{"$error":"#REF!"}},{"$error":"#REF!"},{"$f":"IF(K59=\"\",\"\",VLOOKUP(K59,#REF!,7,FALSE))","v":{"$error":"#REF!"}},{"$error":"#REF!"},{"$error":"#REF!"}]
[{"$f":"IF(ISNA(VLOOKUP(B60,#REF!,3,FALSE))=TRUE,\"\",VLOOKUP(B60,#REF!,3,FALSE))","v":{"$error":"#REF!"}},16,{"$f":"VLOOKUP(B60,#REF!,6,FALSE)","v":{"$error":"#REF!"}},{"$f":"IF(C60=\"\",\"\",VLOOKUP(C60,#REF!,7,FALSE))","v":{"$error":"#REF!"}},{"$error":"#REF!"},{"$f":"IF(E60=\"\",\"\",VLOOKUP(E60,#REF!,7,FALSE))","v":{"$error":"#REF!"}},{"$error":"#REF!"},{"$f":"IF(G60=\"\",\"\",VLOOKUP(G60,#REF!,7,FALSE))","v":{"$error":"#REF!"}},{"$error":"#REF!"},{"$f":"IF(I60=\"\",\"\",VLOOKUP(I60,#REF!,7,FALSE))","v":{"$error":"#REF!"}},{"$error":"#REF!"},{"$f":"IF(K60=\"\",\"\",VLOOKUP(K60,#REF!,7,FALSE))","v":{"$error":"#REF!"}},{"$error":"#REF!"},{"$error":"#REF!"}]
[{"$f":"IF(ISNA(VLOOKUP(B61,#REF!,3,FALSE))=TRUE,\"\",VLOOKUP(B61,#REF!,3,FALSE))","v":{"$error":"#REF!"}},25,{"$f":"VLOOKUP(B61,#REF!,6,FALSE)","v":{"$error":"#REF!"}},{"$f":"IF(C61=\"\",\"\",VLOOKUP(C61,#REF!,7,FALSE))","v":{"$error":"#REF!"}},{"$error":"#REF!"},{"$f":"IF(E61=\"\",\"\",VLOOKUP(E61,#REF!,7,FALSE))","v":{"$error":"#REF!"}},{"$error":"#REF!"},{"$f":"IF(G61=\"\",\"\",VLOOKUP(G61,#REF!,7,FALSE))","v":{"$error":"#REF!"}},{"$error":"#REF!"},{"$f":"IF(I61=\"\",\"\",VLOOKUP(I61,#REF!,7,FALSE))","v":{"$error":"#REF!"}},{"$error":"#REF!"},{"$f":"IF(K61=\"\",\"\",VLOOKUP(K61,#REF!,7,FALSE))","v":{"$error":"#REF!"}},{"$error":"#REF!"},{"$error":"#REF!"}]
[{"$f":"IF(ISNA(VLOOKUP(B62,#REF!,3,FALSE))=TRUE,\"\",VLOOKUP(B62,#REF!,3,FALSE))","v":{"$error":"#REF!"}},19,{"$f":"VLOOKUP(B62,#REF!,6,FALSE)","v":{"$error":"#REF!"}},{"$f":"IF(C62=\"\",\"\",VLOOKUP(C62,#REF!,7,FALSE))","v":{"$error":"#REF!"}},{"$error":"#REF!"},{"$f":"IF(E62=\"\",\"\",VLOOKUP(E62,#REF!,7,FALSE))","v":{"$error":"#REF!"}},{"$error":"#REF!"},{"$f":"IF(G62=\"\",\"\",VLOOKUP(G62,#REF!,7,FALSE))","v":{"$error":"#REF!"}},{"$error":"#REF!"},{"$f":"IF(I62=\"\",\"\",VLOOKUP(I62,#REF!,7,FALSE))","v":{"$error":"#REF!"}},{"$error":"#REF!"},{"$f":"IF(K62=\"\",\"\",VLOOKUP(K62,#REF!,7,FALSE))","v":{"$error":"#REF!"}},{"$f":"IF(B62=\"\",\"\",(D62+F62+H62+J62+L62))","v":{"$error":"#REF!"}},{"$error":"#REF!"}]
[{"$f":"IF(ISNA(VLOOKUP(B63,#REF!,3,FALSE))=TRUE,\"\",VLOOKUP(B63,#REF!,3,FALSE))","v":{"$error":"#REF!"}},3,{"$f":"VLOOKUP(B63,#REF!,6,FALSE)","v":{"$error":"#REF!"}},{"$f":"IF(C63=\"\",\"\",VLOOKUP(C63,#REF!,7,FALSE))","v":{"$error":"#REF!"}},{"$error":"#REF!"},{"$f":"IF(E63=\"\",\"\",VLOOKUP(E63,#REF!,7,FALSE))","v":{"$error":"#REF!"}},{"$error":"#REF!"},{"$f":"IF(G63=\"\",\"\",VLOOKUP(G63,#REF!,7,FALSE))","v":{"$error":"#REF!"}},{"$error":"#REF!"},{"$f":"IF(I63=\"\",\"\",VLOOKUP(I63,#REF!,7,FALSE))","v":{"$error":"#REF!"}},{"$error":"#REF!"},{"$f":"IF(K63=\"\",\"\",VLOOKUP(K63,#REF!,7,FALSE))","v":{"$error":"#REF!"}},{"$error":"#REF!"},{"$error":"#REF!"}]
[{"$f":"IF(ISNA(VLOOKUP(B64,#REF!,3,FALSE))=TRUE,\"\",VLOOKUP(B64,#REF!,3,FALSE))","v":{"$error":"#REF!"}},5,{"$f":"VLOOKUP(B64,#REF!,6,FALSE)","v":{"$error":"#REF!"}},{"$f":"IF(C64=\"\",\"\",VLOOKUP(C64,#REF!,7,FALSE))","v":{"$error":"#REF!"}},{"$error":"#REF!"},{"$f":"IF(E64=\"\",\"\",VLOOKUP(E64,#REF!,7,FALSE))","v":{"$error":"#REF!"}},{"$error":"#REF!"},{"$f":"IF(G64=\"\",\"\",VLOOKUP(G64,#REF!,7,FALSE))","v":{"$error":"#REF!"}},{"$error":"#REF!"},{"$f":"IF(I64=\"\",\"\",VLOOKUP(I64,#REF!,7,FALSE))","v":{"$error":"#REF!"}},{"$error":"#REF!"},{"$f":"IF(K64=\"\",\"\",VLOOKUP(K64,#REF!,7,FALSE))","v":{"$error":"#REF!"}},{"$error":"#REF!"},{"$error":"#REF!"}]
[{"$f":"IF(ISNA(VLOOKUP(B65,#REF!,3,FALSE))=TRUE,\"\",VLOOKUP(B65,#REF!,3,FALSE))","v":{"$error":"#REF!"}},6,{"$f":"VLOOKUP(B65,#REF!,6,FALSE)","v":{"$error":"#REF!"}},{"$f":"IF(C65=\"\",\"\",VLOOKUP(C65,#REF!,7,FALSE))","v":{"$error":"#REF!"}},{"$error":"#REF!"},{"$f":"IF(E65=\"\",\"\",VLOOKUP(E65,#REF!,7,FALSE))","v":{"$error":"#REF!"}},{"$error":"#REF!"},{"$f":"IF(G65=\"\",\"\",VLOOKUP(G65,#REF!,7,FALSE))","v":{"$error":"#REF!"}},{"$error":"#REF!"},{"$f":"IF(I65=\"\",\"\",VLOOKUP(I65,#REF!,7,FALSE))","v":{"$error":"#REF!"}},{"$error":"#REF!"},{"$f":"IF(K65=\"\",\"\",VLOOKUP(K65,#REF!,7,FALSE))","v":{"$error":"#REF!"}},{"$error":"#REF!"},{"$error":"#REF!"}]
[{"$f":"IF(ISNA(VLOOKUP(B66,#REF!,3,FALSE))=TRUE,\"\",VLOOKUP(B66,#REF!,3,FALSE))","v":{"$error":"#REF!"}},7,{"$f":"VLOOKUP(B66,#REF!,6,FALSE)","v":{"$error":"#REF!"}},{"$f":"IF(C66=\"\",\"\",VLOOKUP(C66,#REF!,7,FALSE))","v":{"$error":"#REF!"}},{"$error":"#REF!"},{"$f":"IF(E66=\"\",\"\",VLOOKUP(E66,#REF!,7,FALSE))","v":{"$error":"#REF!"}},{"$error":"#REF!"},{"$f":"IF(G66=\"\",\"\",VLOOKUP(G66,#REF!,7,FALSE))","v":{"$error":"#REF!"}},{"$error":"#REF!"},{"$f":"IF(I66=\"\",\"\",VLOOKUP(I66,#REF!,7,FALSE))","v":{"$error":"#REF!"}},{"$error":"#REF!"},{"$f":"IF(K66=\"\",\"\",VLOOKUP(K66,#REF!,7,FALSE))","v":{"$error":"#REF!"}},{"$error":"#REF!"},{"$error":"#REF!"}]
[{"$f":"IF(ISNA(VLOOKUP(B67,#REF!,3,FALSE))=TRUE,\"\",VLOOKUP(B67,#REF!,3,FALSE))","v":{"$error":"#REF!"}},8,{"$f":"VLOOKUP(B67,#REF!,6,FALSE)","v":{"$error":"#REF!"}},{"$f":"IF(C67=\"\",\"\",VLOOKUP(C67,#REF!,7,FALSE))","v":{"$error":"#REF!"}},{"$error":"#REF!"},{"$f":"IF(E67=\"\",\"\",VLOOKUP(E67,#REF!,7,FALSE))","v":{"$error":"#REF!"}},{"$error":"#REF!"},{"$f":"IF(G67=\"\",\"\",VLOOKUP(G67,#REF!,7,FALSE))","v":{"$error":"#REF!"}},{"$error":"#REF!"},{"$f":"IF(I67=\"\",\"\",VLOOKUP(I67,#REF!,7,FALSE))","v":{"$error":"#REF!"}},{"$error":"#REF!"},{"$f":"IF(K67=\"\",\"\",VLOOKUP(K67,#REF!,7,FALSE))","v":{"$error":"#REF!"}},{"$error":"#REF!"},{"$error":"#REF!"}]
[{"$f":"IF(ISNA(VLOOKUP(B68,#REF!,3,FALSE))=TRUE,\"\",VLOOKUP(B68,#REF!,3,FALSE))","v":{"$error":"#REF!"}},13,{"$f":"VLOOKUP(B68,#REF!,6,FALSE)","v":{"$error":"#REF!"}},{"$f":"IF(C68=\"\",\"\",VLOOKUP(C68,#REF!,7,FALSE))","v":{"$error":"#REF!"}},{"$error":"#REF!"},{"$f":"IF(E68=\"\",\"\",VLOOKUP(E68,#REF!,7,FALSE))","v":{"$error":"#REF!"}},{"$error":"#REF!"},{"$f":"IF(G68=\"\",\"\",VLOOKUP(G68,#REF!,7,FALSE))","v":{"$error":"#REF!"}},{"$error":"#REF!"},{"$f":"IF(I68=\"\",\"\",VLOOKUP(I68,#REF!,7,FALSE))","v":{"$error":"#REF!"}},{"$error":"#REF!"},{"$f":"IF(K68=\"\",\"\",VLOOKUP(K68,#REF!,7,FALSE))","v":{"$error":"#REF!"}},{"$error":"#REF!"},{"$error":"#REF!"}]
[{"$f":"IF(ISNA(VLOOKUP(B69,#REF!,3,FALSE))=TRUE,\"\",VLOOKUP(B69,#REF!,3,FALSE))","v":{"$error":"#REF!"}},18,{"$f":"VLOOKUP(B69,#REF!,6,FALSE)","v":{"$error":"#REF!"}},{"$f":"IF(C69=\"\",\"\",VLOOKUP(C69,#REF!,7,FALSE))","v":{"$error":"#REF!"}},{"$error":"#REF!"},{"$f":"IF(E69=\"\",\"\",VLOOKUP(E69,#REF!,7,FALSE))","v":{"$error":"#REF!"}},{"$error":"#REF!"},{"$f":"IF(G69=\"\",\"\",VLOOKUP(G69,#REF!,7,FALSE))","v":{"$error":"#REF!"}},{"$error":"#REF!"},{"$f":"IF(I69=\"\",\"\",VLOOKUP(I69,#REF!,7,FALSE))","v":{"$error":"#REF!"}},{"$error":"#REF!"},{"$f":"IF(K69=\"\",\"\",VLOOKUP(K69,#REF!,7,FALSE))","v":{"$error":"#REF!"}},{"$error":"#REF!"},{"$error":"#REF!"}]
[{"$f":"IF(ISNA(VLOOKUP(B70,#REF!,3,FALSE))=TRUE,\"\",VLOOKUP(B70,#REF!,3,FALSE))","v":{"$error":"#REF!"}},23,{"$f":"VLOOKUP(B70,#REF!,6,FALSE)","v":{"$error":"#REF!"}},{"$f":"IF(C70=\"\",\"\",VLOOKUP(C70,#REF!,7,FALSE))","v":{"$error":"#REF!"}},{"$error":"#REF!"},{"$f":"IF(E70=\"\",\"\",VLOOKUP(E70,#REF!,7,FALSE))","v":{"$error":"#REF!"}},{"$error":"#REF!"},{"$f":"IF(G70=\"\",\"\",VLOOKUP(G70,#REF!,7,FALSE))","v":{"$error":"#REF!"}},{"$error":"#REF!"},{"$f":"IF(I70=\"\",\"\",VLOOKUP(I70,#REF!,7,FALSE))","v":{"$error":"#REF!"}},{"$error":"#REF!"},{"$f":"IF(K70=\"\",\"\",VLOOKUP(K70,#REF!,7,FALSE))","v":{"$error":"#REF!"}},{"$error":"#REF!"},{"$error":"#REF!"}]
["Day 2 Zone Winner",null,"A. PRICE",null,"DAVE READ",null,"FRANCIS JONES",null,"SIMON DRAYTON",null,"CRAIG BUY"]
["Day 2 Zone Winner",null,null,null,"A. HUTCHINGS"]
["Day 2 Zone Second",null,"IAN DAVIS",null,null,null,"BRADLEY BONE",null,"JOE ARCH",null,"ALLAN SMITH"]
["Day 2 Zone Third",null,"MARK SHARMAN",null,"RICHARD POTTS",null,"IAN BELLFIELD",null,"MARK VERINDER",null,"JAMES BROWN"]
["Day 2 Zone Third",null,"GERRY BELL"]
["SAMF 2006 National Sea League Final  -  Final Positions"]
["Team Name","Team No. ","Day 1 Points","Day 2 Points","Total Points","Overall Position"]
[]
[{"$f":"IF(ISNA(VLOOKUP(B79,#REF!,3,FALSE))=TRUE,\"\",VLOOKUP(B79,#REF!,3,FALSE))","v":{"$error":"#REF!"}},12,{"$f":"VLOOKUP(B79,$B$4:$M$32,12,FALSE)","v":{"$error":"#REF!"}},{"$f":"VLOOKUP(B79,$B$41:$M$70,12,FALSE)","v":{"$error":"#REF!"}},{"$f":"IF(B79=\"\",\"\",(C79+D79))","v":{"$error":"#REF!"}},{"$f":"IF(E79=\"\",\"\",IF(E79=E78,F78,ROW()-78))","v":{"$error":"#REF!"}}]
[{"$f":"IF(ISNA(VLOOKUP(B80,#REF!,3,FALSE))=TRUE,\"\",VLOOKUP(B80,#REF!,3,FALSE))","v":{"$error":"#REF!"}},11,{"$error":"#REF!"},{"$error":"#REF!"},{"$error":"#REF!"},{"$f":"IF(E80=\"\",\"\",IF(E80=E79,F79,ROW()-78))","v":{"$error":"#REF!"}}]
[{"$f":"IF(ISNA(VLOOKUP(B81,#REF!,3,FALSE))=TRUE,\"\",VLOOKUP(B81,#REF!,3,FALSE))","v":{"$error":"#REF!"}},9,{"$error":"#REF!"},{"$error":"#REF!"},{"$error":"#REF!"},{"$error":"#REF!"}]
[{"$f":"IF(ISNA(VLOOKUP(B82,#REF!,3,FALSE))=TRUE,\"\",VLOOKUP(B82,#REF!,3,FALSE))","v":{"$error":"#REF!"}},30,{"$error":"#REF!"},{"$error":"#REF!"},{"$error":"#REF!"},{"$error":"#REF!"}]
[{"$f":"IF(ISNA(VLOOKUP(B83,#REF!,3,FALSE))=TRUE,\"\",VLOOKUP(B83,#REF!,3,FALSE))","v":{"$error":"#REF!"}},10,{"$error":"#REF!"},{"$error":"#REF!"},{"$error":"#REF!"},{"$error":"#REF!"}]
[{"$f":"IF(ISNA(VLOOKUP(B84,#REF!,3,FALSE))=TRUE,\"\",VLOOKUP(B84,#REF!,3,FALSE))","v":{"$error":"#REF!"}},20,{"$error":"#REF!"},{"$error":"#REF!"},{"$error":"#REF!"},{"$error":"#REF!"}]
[{"$f":"IF(ISNA(VLOOKUP(B85,#REF!,3,FALSE))=TRUE,\"\",VLOOKUP(B85,#REF!,3,FALSE))","v":{"$error":"#REF!"}},27,{"$error":"#REF!"},{"$error":"#REF!"},{"$error":"#REF!"},{"$error":"#REF!"}]
[{"$f":"IF(ISNA(VLOOKUP(B86,#REF!,3,FALSE))=TRUE,\"\",VLOOKUP(B86,#REF!,3,FALSE))","v":{"$error":"#REF!"}},22,{"$error":"#REF!"},{"$error":"#REF!"},{"$error":"#REF!"},{"$error":"#REF!"}]
[{"$f":"IF(ISNA(VLOOKUP(B87,#REF!,3,FALSE))=TRUE,\"\",VLOOKUP(B87,#REF!,3,FALSE))","v":{"$error":"#REF!"}},26,{"$error":"#REF!"},{"$error":"#REF!"},{"$error":"#REF!"},{"$error":"#REF!"}]
[{"$f":"IF(ISNA(VLOOKUP(B88,#REF!,3,FALSE))=TRUE,\"\",VLOOKUP(B88,#REF!,3,FALSE))","v":{"$error":"#REF!"}},2,{"$error":"#REF!"},{"$error":"#REF!"},{"$error":"#REF!"},{"$error":"#REF!"}]
[{"$f":"IF(ISNA(VLOOKUP(B89,#REF!,3,FALSE))=TRUE,\"\",VLOOKUP(B89,#REF!,3,FALSE))","v":{"$error":"#REF!"}},4,{"$error":"#REF!"},{"$error":"#REF!"},{"$error":"#REF!"},{"$error":"#REF!"}]
[{"$f":"IF(ISNA(VLOOKUP(B90,#REF!,3,FALSE))=TRUE,\"\",VLOOKUP(B90,#REF!,3,FALSE))","v":{"$error":"#REF!"}},21,{"$error":"#REF!"},{"$error":"#REF!"},{"$error":"#REF!"},{"$error":"#REF!"}]
[{"$f":"IF(ISNA(VLOOKUP(B91,#REF!,3,FALSE))=TRUE,\"\",VLOOKUP(B91,#REF!,3,FALSE))","v":{"$error":"#REF!"}},1,{"$f":"VLOOKUP(B91,$B$4:$M$32,12,FALSE)","v":{"$error":"#REF!"}},{"$f":"VLOOKUP(B91,$B$41:$M$70,12,FALSE)","v":{"$error":"#REF!"}},{"$f":"IF(B91=\"\",\"\",(C91+D91))","v":{"$error":"#REF!"}},{"$error":"#REF!"}]
[{"$f":"IF(ISNA(VLOOKUP(B92,#REF!,3,FALSE))=TRUE,\"\",VLOOKUP(B92,#REF!,3,FALSE))","v":{"$error":"#REF!"}},28,{"$error":"#REF!"},{"$error":"#REF!"},{"$error":"#REF!"},{"$error":"#REF!"}]
[{"$f":"IF(ISNA(VLOOKUP(B93,#REF!,3,FALSE))=TRUE,\"\",VLOOKUP(B93,#REF!,3,FALSE))","v":{"$error":"#REF!"}},29,{"$error":"#REF!"},{"$f":"VLOOKUP(B93,$B$41:$M$70,12,FALSE)","v":{"$error":"#REF!"}},{"$f":"IF(B93=\"\",\"\",(C93+D93))","v":{"$error":"#REF!"}},{"$error":"#REF!"}]
[{"$f":"IF(ISNA(VLOOKUP(B94,#REF!,3,FALSE))=TRUE,\"\",VLOOKUP(B94,#REF!,3,FALSE))","v":{"$error":"#REF!"}},25,{"$error":"#REF!"},{"$error":"#REF!"},{"$error":"#REF!"},{"$error":"#REF!"}]
[{"$f":"IF(ISNA(VLOOKUP(B95,#REF!,3,FALSE))=TRUE,\"\",VLOOKUP(B95,#REF!,3,FALSE))","v":{"$error":"#REF!"}},17,{"$error":"#REF!"},{"$error":"#REF!"},{"$error":"#REF!"},{"$error":"#REF!"}]
[{"$f":"IF(ISNA(VLOOKUP(B96,#REF!,3,FALSE))=TRUE,\"\",VLOOKUP(B96,#REF!,3,FALSE))","v":{"$error":"#REF!"}},24,{"$error":"#REF!"},{"$error":"#REF!"},{"$error":"#REF!"},{"$error":"#REF!"}]
[{"$f":"IF(ISNA(VLOOKUP(B97,#REF!,3,FALSE))=TRUE,\"\",VLOOKUP(B97,#REF!,3,FALSE))","v":{"$error":"#REF!"}},15,{"$error":"#REF!"},{"$error":"#REF!"},{"$error":"#REF!"},{"$error":"#REF!"}]
[{"$f":"IF(ISNA(VLOOKUP(B98,#REF!,3,FALSE))=TRUE,\"\",VLOOKUP(B98,#REF!,3,FALSE))","v":{"$error":"#REF!"}},14,{"$error":"#REF!"},{"$error":"#REF!"},{"$error":"#REF!"},{"$error":"#REF!"}]
[{"$f":"IF(ISNA(VLOOKUP(B99,#REF!,3,FALSE))=TRUE,\"\",VLOOKUP(B99,#REF!,3,FALSE))","v":{"$error":"#REF!"}},16,{"$error":"#REF!"},{"$error":"#REF!"},{"$error":"#REF!"},{"$error":"#REF!"}]
[{"$f":"IF(ISNA(VLOOKUP(B100,#REF!,3,FALSE))=TRUE,\"\",VLOOKUP(B100,#REF!,3,FALSE))","v":{"$error":"#REF!"}},6,{"$error":"#REF!"},{"$error":"#REF!"},{"$error":"#REF!"},{"$error":"#REF!"}]
[{"$f":"IF(ISNA(VLOOKUP(B101,#REF!,3,FALSE))=TRUE,\"\",VLOOKUP(B101,#REF!,3,FALSE))","v":{"$error":"#REF!"}},19,{"$error":"#REF!"},{"$error":"#REF!"},{"$error":"#REF!"},{"$error":"#REF!"}]
[{"$f":"IF(ISNA(VLOOKUP(B102,#REF!,3,FALSE))=TRUE,\"\",VLOOKUP(B102,#REF!,3,FALSE))","v":{"$error":"#REF!"}},23,{"$error":"#REF!"},{"$error":"#REF!"},{"$error":"#REF!"},{"$error":"#REF!"}]
[{"$f":"IF(ISNA(VLOOKUP(B103,#REF!,3,FALSE))=TRUE,\"\",VLOOKUP(B103,#REF!,3,FALSE))","v":{"$error":"#REF!"}},18,{"$error":"#REF!"},{"$error":"#REF!"},{"$error":"#REF!"},{"$error":"#REF!"}]
[{"$f":"IF(ISNA(VLOOKUP(B104,#REF!,3,FALSE))=TRUE,\"\",VLOOKUP(B104,#REF!,3,FALSE))","v":{"$error":"#REF!"}},7,{"$error":"#REF!"},{"$error":"#REF!"},{"$error":"#REF!"},{"$error":"#REF!"}]
[{"$f":"IF(ISNA(VLOOKUP(B105,#REF!,3,FALSE))=TRUE,\"\",VLOOKUP(B105,#REF!,3,FALSE))","v":{"$error":"#REF!"}},3,{"$error":"#REF!"},{"$error":"#REF!"},{"$error":"#REF!"},{"$error":"#REF!"}]
[{"$f":"IF(ISNA(VLOOKUP(B106,#REF!,3,FALSE))=TRUE,\"\",VLOOKUP(B106,#REF!,3,FALSE))","v":{"$error":"#REF!"}},5,{"$error":"#REF!"},{"$error":"#REF!"},{"$error":"#REF!"},{"$error":"#REF!"}]
[{"$f":"IF(ISNA(VLOOKUP(B107,#REF!,3,FALSE))=TRUE,\"\",VLOOKUP(B107,#REF!,3,FALSE))","v":{"$error":"#REF!"}},8,{"$error":"#REF!"},{"$f":"VLOOKUP(B107,$B$41:$M$70,12,FALSE)","v":{"$error":"#REF!"}},{"$f":"IF(B107=\"\",\"\",(C107+D107))","v":{"$error":"#REF!"}},{"$error":"#REF!"}]
[{"$f":"IF(ISNA(VLOOKUP(B108,#REF!,3,FALSE))=TRUE,\"\",VLOOKUP(B108,#REF!,3,FALSE))","v":{"$error":"#REF!"}},13,{"$f":"VLOOKUP(B108,$B$4:$M$33,12,FALSE)","v":{"$error":"#REF!"}},{"$f":"VLOOKUP(B108,$B$41:$M$70,12,FALSE)","v":{"$error":"#REF!"}},{"$f":"IF(B108=\"\",\"\",(C108+D108))","v":{"$error":"#REF!"}},{"$error":"#REF!"}]
[{"$f":"IF(ISNA(VLOOKUP(B109,#REF!,2,FALSE))=TRUE,\"\",VLOOKUP(B109,#REF!,2,FALSE))","v":{"$error":"#REF!"}}]

{"sheet":"Final team results","index":1,"n_rows":31,"n_cols":6,"rows_kept":31,"cut":false,"hidden":true,"merged":[[1,5,2,5],[1,4,2,4],[1,0,2,0],[1,1,2,1],[1,2,2,2],[1,3,2,3]]}
["SAMF 2006 National Sea League Final  -  Final Positions"]
["Team Name","Team No. ","Day 1 Points","Day 2 Points","Total Points","Overall Position"]
[]
[{"$f":"'Auto Team results'!A79","v":{"$error":"#REF!"}},{"$f":"'Auto Team results'!B79","v":12},{"$f":"'Auto Team results'!C79","v":{"$error":"#REF!"}},{"$f":"'Auto Team results'!D79","v":{"$error":"#REF!"}},{"$f":"IF(B4=\"\",\"\",(C4+D4))","v":{"$error":"#REF!"}},{"$f":"IF(E4=\"\",\"\",IF(E4=E3,F3,ROW()-3))","v":{"$error":"#REF!"}}]
[{"$f":"'Auto Team results'!A80","v":{"$error":"#REF!"}},{"$f":"'Auto Team results'!B80","v":11},{"$f":"'Auto Team results'!C80","v":{"$error":"#REF!"}},{"$f":"'Auto Team results'!D80","v":{"$error":"#REF!"}},{"$f":"IF(B5=\"\",\"\",(C5+D5))","v":{"$error":"#REF!"}},{"$f":"IF(E5=\"\",\"\",IF(E5=E4,F4,ROW()-3))","v":{"$error":"#REF!"}}]
[{"$f":"'Auto Team results'!A81","v":{"$error":"#REF!"}},{"$f":"'Auto Team results'!B81","v":9},{"$f":"'Auto Team results'!C81","v":{"$error":"#REF!"}},{"$f":"'Auto Team results'!D81","v":{"$error":"#REF!"}},{"$error":"#REF!"},{"$error":"#REF!"}]
[{"$f":"'Auto Team results'!A82","v":{"$error":"#REF!"}},{"$f":"'Auto Team results'!B82","v":30},{"$f":"'Auto Team results'!C82","v":{"$error":"#REF!"}},{"$f":"'Auto Team results'!D82","v":{"$error":"#REF!"}},{"$error":"#REF!"},{"$error":"#REF!"}]
[{"$f":"'Auto Team results'!A83","v":{"$error":"#REF!"}},{"$f":"'Auto Team results'!B83","v":10},{"$f":"'Auto Team results'!C83","v":{"$error":"#REF!"}},{"$f":"'Auto Team results'!D83","v":{"$error":"#REF!"}},{"$error":"#REF!"},{"$error":"#REF!"}]
[{"$f":"'Auto Team results'!A84","v":{"$error":"#REF!"}},{"$f":"'Auto Team results'!B84","v":20},{"$f":"'Auto Team results'!C84","v":{"$error":"#REF!"}},{"$f":"'Auto Team results'!D84","v":{"$error":"#REF!"}},{"$error":"#REF!"},{"$error":"#REF!"}]
[{"$f":"'Auto Team results'!A85","v":{"$error":"#REF!"}},{"$f":"'Auto Team results'!B85","v":27},{"$f":"'Auto Team results'!C85","v":{"$error":"#REF!"}},{"$f":"'Auto Team results'!D85","v":{"$error":"#REF!"}},{"$error":"#REF!"},{"$error":"#REF!"}]
[{"$f":"'Auto Team results'!A86","v":{"$error":"#REF!"}},{"$f":"'Auto Team results'!B86","v":22},{"$f":"'Auto Team results'!C86","v":{"$error":"#REF!"}},{"$f":"'Auto Team results'!D86","v":{"$error":"#REF!"}},{"$error":"#REF!"},{"$error":"#REF!"}]
[{"$f":"'Auto Team results'!A87","v":{"$error":"#REF!"}},{"$f":"'Auto Team results'!B87","v":26},{"$f":"'Auto Team results'!C87","v":{"$error":"#REF!"}},{"$f":"'Auto Team results'!D87","v":{"$error":"#REF!"}},{"$error":"#REF!"},{"$error":"#REF!"}]
[{"$f":"'Auto Team results'!A88","v":{"$error":"#REF!"}},{"$f":"'Auto Team results'!B88","v":2},{"$f":"'Auto Team results'!C88","v":{"$error":"#REF!"}},{"$f":"'Auto Team results'!D88","v":{"$error":"#REF!"}},{"$error":"#REF!"},{"$error":"#REF!"}]
[{"$f":"'Auto Team results'!A89","v":{"$error":"#REF!"}},{"$f":"'Auto Team results'!B89","v":4},{"$f":"'Auto Team results'!C89","v":{"$error":"#REF!"}},{"$f":"'Auto Team results'!D89","v":{"$error":"#REF!"}},{"$error":"#REF!"},{"$error":"#REF!"}]
[{"$f":"'Auto Team results'!A90","v":{"$error":"#REF!"}},{"$f":"'Auto Team results'!B90","v":21},{"$f":"'Auto Team results'!C90","v":{"$error":"#REF!"}},{"$f":"'Auto Team results'!D90","v":{"$error":"#REF!"}},{"$error":"#REF!"},{"$error":"#REF!"}]
[{"$f":"'Auto Team results'!A91","v":{"$error":"#REF!"}},{"$f":"'Auto Team results'!B91","v":1},{"$f":"'Auto Team results'!C91","v":{"$error":"#REF!"}},{"$f":"'Auto Team results'!D91","v":{"$error":"#REF!"}},{"$error":"#REF!"},{"$error":"#REF!"}]
[{"$f":"'Auto Team results'!A92","v":{"$error":"#REF!"}},{"$f":"'Auto Team results'!B92","v":28},{"$f":"'Auto Team results'!C92","v":{"$error":"#REF!"}},{"$f":"'Auto Team results'!D92","v":{"$error":"#REF!"}},{"$error":"#REF!"},{"$error":"#REF!"}]
[{"$f":"'Auto Team results'!A93","v":{"$error":"#REF!"}},{"$f":"'Auto Team results'!B93","v":29},{"$f":"'Auto Team results'!C93","v":{"$error":"#REF!"}},{"$f":"'Auto Team results'!D93","v":{"$error":"#REF!"}},{"$error":"#REF!"},{"$error":"#REF!"}]
[{"$f":"'Auto Team results'!A94","v":{"$error":"#REF!"}},{"$f":"'Auto Team results'!B94","v":25},{"$f":"'Auto Team results'!C94","v":{"$error":"#REF!"}},{"$f":"'Auto Team results'!D94","v":{"$error":"#REF!"}},{"$error":"#REF!"},{"$error":"#REF!"}]
[{"$f":"'Auto Team results'!A95","v":{"$error":"#REF!"}},{"$f":"'Auto Team results'!B95","v":17},{"$f":"'Auto Team results'!C95","v":{"$error":"#REF!"}},{"$f":"'Auto Team results'!D95","v":{"$error":"#REF!"}},{"$error":"#REF!"},{"$error":"#REF!"}]
[{"$f":"'Auto Team results'!A96","v":{"$error":"#REF!"}},{"$f":"'Auto Team results'!B96","v":24},{"$f":"'Auto Team results'!C96","v":{"$error":"#REF!"}},{"$f":"'Auto Team results'!D96","v":{"$error":"#REF!"}},{"$error":"#REF!"},{"$error":"#REF!"}]
[{"$f":"'Auto Team results'!A97","v":{"$error":"#REF!"}},{"$f":"'Auto Team results'!B97","v":15},{"$f":"'Auto Team results'!C97","v":{"$error":"#REF!"}},{"$f":"'Auto Team results'!D97","v":{"$error":"#REF!"}},{"$error":"#REF!"},{"$error":"#REF!"}]
[{"$f":"'Auto Team results'!A98","v":{"$error":"#REF!"}},{"$f":"'Auto Team results'!B98","v":14},{"$f":"'Auto Team results'!C98","v":{"$error":"#REF!"}},{"$f":"'Auto Team results'!D98","v":{"$error":"#REF!"}},{"$error":"#REF!"},{"$error":"#REF!"}]
[{"$f":"'Auto Team results'!A99","v":{"$error":"#REF!"}},{"$f":"'Auto Team results'!B99","v":16},{"$f":"'Auto Team results'!C99","v":{"$error":"#REF!"}},{"$f":"'Auto Team results'!D99","v":{"$error":"#REF!"}},{"$error":"#REF!"},{"$error":"#REF!"}]
[{"$f":"'Auto Team results'!A100","v":{"$error":"#REF!"}},{"$f":"'Auto Team results'!B100","v":6},{"$f":"'Auto Team results'!C100","v":{"$error":"#REF!"}},{"$f":"'Auto Team results'!D100","v":{"$error":"#REF!"}},{"$error":"#REF!"},{"$error":"#REF!"}]
[{"$f":"'Auto Team results'!A101","v":{"$error":"#REF!"}},{"$f":"'Auto Team results'!B101","v":19},{"$f":"'Auto Team results'!C101","v":{"$error":"#REF!"}},{"$f":"'Auto Team results'!D101","v":{"$error":"#REF!"}},{"$error":"#REF!"},{"$error":"#REF!"}]
[{"$f":"'Auto Team results'!A102","v":{"$error":"#REF!"}},{"$f":"'Auto Team results'!B102","v":23},{"$f":"'Auto Team results'!C102","v":{"$error":"#REF!"}},{"$f":"'Auto Team results'!D102","v":{"$error":"#REF!"}},{"$error":"#REF!"},{"$error":"#REF!"}]
[{"$f":"'Auto Team results'!A103","v":{"$error":"#REF!"}},{"$f":"'Auto Team results'!B103","v":18},{"$f":"'Auto Team results'!C103","v":{"$error":"#REF!"}},{"$f":"'Auto Team results'!D103","v":{"$error":"#REF!"}},{"$error":"#REF!"},{"$error":"#REF!"}]
[{"$f":"'Auto Team results'!A104","v":{"$error":"#REF!"}},{"$f":"'Auto Team results'!B104","v":7},{"$f":"'Auto Team results'!C104","v":{"$error":"#REF!"}},{"$f":"'Auto Team results'!D104","v":{"$error":"#REF!"}},{"$f":"IF(B29=\"\",\"\",(C29+D29))","v":{"$error":"#REF!"}},{"$f":"IF(E29=\"\",\"\",IF(E29=E28,F28,ROW()-3))","v":{"$error":"#REF!"}}]
[{"$f":"'Auto Team results'!A105","v":{"$error":"#REF!"}},{"$f":"'Auto Team results'!B105","v":3},{"$f":"'Auto Team results'!C105","v":{"$error":"#REF!"}},{"$f":"'Auto Team results'!D105","v":{"$error":"#REF!"}},{"$f":"IF(B30=\"\",\"\",(C30+D30))","v":{"$error":"#REF!"}},{"$f":"IF(E30=\"\",\"\",IF(E30=E29,F29,ROW()-3))","v":{"$error":"#REF!"}}]
[{"$f":"'Auto Team results'!A106","v":{"$error":"#REF!"}},{"$f":"'Auto Team results'!B106","v":5},{"$f":"'Auto Team results'!C106","v":{"$error":"#REF!"}},{"$f":"'Auto Team results'!D106","v":{"$error":"#REF!"}},{"$f":"IF(B31=\"\",\"\",(C31+D31))","v":{"$error":"#REF!"}},{"$f":"IF(E31=\"\",\"\",IF(E31=E30,F30,ROW()-3))","v":{"$error":"#REF!"}}]

{"sheet":"Peg Assignment","index":2,"n_rows":67,"n_cols":8,"rows_kept":67,"cut":false,"hidden":false,"merged":[[0,0,0,2],[0,3,0,7],[34,0,34,2],[34,3,34,7]]}
["Holt Sea Angling Club                                        North Norfolk                                     Bass Festival 2018",null,null,"INDIVIDUAL PEG ASSIGNMENT  (DAY 1)"]
["A","Angler","B","Angler","C","Angler","D","Angler"]
[1,"BOWELL, Ian",16,"LOKE, Peter ",31,"BIRD, Stacey",46,"GIBBS, Tom"]
[2,"SHORTHOUSE, Dave",17,"BANHAM, Mark",32,"BROCK, Peter",47,"SMITH, Andy"]
[3,"DRIVER, Ed",18,"BANHAM, Jason",33,"CLEMENT, Alby",48,"PICKARD, Colin"]
[4,"TEMPLE, Billy",19,"PROVINS, Colin",34,"HARVEY, Paul ",49,"PINDER, Mark"]
[5,"HORE, Malcolm",20,"BURT, Richard",35,"CHAPMAN, Rob",50,"CANNELL, Chris"]
[6,"WILSON, Mark",21,"TOVELL, Paul",36,"JONES, Mark",51,"DIAPER, Greg"]
[7,"HARRISON, Paul",22,"THOMAS, Tony",37,"READ, David",52,"ELLIOTT, Nathan"]
[8,"TOPPING, Jack",23,"STONE, Barry",38,"AKESTER, Jack",53,"BORDIANU, Adrian"]
[9,"TOPPING, Mike",24,"SHARMAN, Mark",39,"RANDELL, Henry",54,"HUTSON, Garry"]
[10,"WARD, Mark",25,"STEBBINGS, Robert",40,"WATTS, Mike",55,"BRIGHTON, Tarrick"]
[11,"ALDOUS, Brayden",26,"MILLS, Rodney",41,"SMART, Neil",56,"SELF, Bevan"]
[12,"ALDOUS, David",27,"GROSSMAN, Martin",42,"ADAMS, Stephen",57,"WELLS, Tom"]
[13,"SPALL, Chris",28,"FULLER, David",43,"GREEN, Kevin",58,"LILL, Jarrod"]
[14,"MICKELSEN, Jon",29,"BRADSHAW, Craig",44,"STORER, Paul",59,"HURCOMBE, Mark"]
[15,"MICKELSEN, Rory",30,"BRADSHAW, Daine",45,"GOOCH, Mark",60,"DID NOT FISH 6"]
["E","Angler","F","Angler","G","Angler","H","Angler"]
[61,"TAYLOR, Robbie",76,"HADDOCK, Roy",91,"AUSTIN, John",106,"LAWN, Kimberley"]
[62,"NELSON, Ian",77,"REYNOLDS, Ian",92,"ELEY, Kevin",107,"NANGLE, Karl"]
[63,"DID NOT FISH 4",78,"DENHOLM, Paul",93,"CROSBY, Ralf",108,"CREASEY, Shaun"]
[64,"SMITH, Gavin",79,"LAY-FLURRIE, Matt",94,"BUY, Craig",109,"BROWN, Kay"]
[65,"HINXMAN, Mark",80,"MEDLER, Gary",95,"BROWN, Harry",110,"METCALFE, Wendy"]
[66,"MOORING, Luke",81,"HAWARD, Nick",96,"DRAYTON, Simon",111,"WOODS, Graham"]
[67,"HARVEY, Matthew",82,"THORPE, Doug",97,"WOODS, Becky",112,"FRARY, June"]
[68,"BATTLE, Ian",83,"DOY, Alan",98,"CARTER, John",113,"FRARY, Charlie"]
[69,"TUCK, Rob",84,"ADAMS, Graham",99,"SMITH, Adele",114,"HART, Paul"]
[70,"DID NOT FISH 1",85,"DID NOT FISH 5",100,"LAWRENCE, John",115,"GALLACHER, Andy"]
[71,"SMITH, John",86,"COLMAN, Mark",101,"ROPER, Liam",116,"WHITE, Alan"]
[72,"DIAPER, Barry",87,"HARVEY, Mark",102,"DID NOT FISH 3",117,"CROSBY, Colin"]
[73,"SMITH, Leon",88,"LEWIN, Scott",103,"BETTINSON, Charles",118,"KINGDON, Adam"]
[74,"SMITH, George",89,"BOND, Darren",104,"DID NOT FISH 2",119,"ADAMS, Lee"]
[75,"BURR, Dave",90,"TURNER, Cameron",105,"LING, Richard",120,"KENDRICK, Paul"]
[]
["Holt Sea Angling Club                                        North Norfolk                                     Bass Festival 2018",null,null,"INDIVIDUAL PEG ASSIGNMENT  (DAY 2)"]
["A","Angler","B","Angler","C","Angler","D","Angler"]
[1,"DOY, Alan",16,"NANGLE, Karl",31,"DID NOT FISH 4",46,"ELEY, Kevin"]
[2,"SMITH, George",17,"DENHOLM, Paul",32,"HAWARD, Nick",47,"ROPER, Liam"]
[3,"ADAMS, Graham",18,"FRARY, June",33,"HARVEY, Mark",48,"DID NOT FISH 5"]
[4,"COLMAN, Mark",19,"FRARY, Charlie",34,"THORPE, Doug",49,"NELSON, Ian"]
[5,"MEDLER, Gary",20,"SMITH, Adele",35,"TAYLOR, Robbie",50,"BATTLE, Ian"]
[6,"DIAPER, Barry",21,"DID NOT FISH 2",36,"WHITE, Alan",51,"WOODS, Graham"]
[7,"CARTER, John",22,"BETTINSON, Charles",37,"TUCK, Rob",52,"DID NOT FISH 1"]
[8,"SMITH, John",23,"METCALFE, Wendy",38,"LAWRENCE, John",53,"SMITH, Leon"]
[9,"MOORING, Luke",24,"BROWN, Kay",39,"AUSTIN, John",54,"HART, Paul"]
[10,"BROWN, Harry",25,"WOODS, Becky",40,"ADAMS, Lee",55,"LEWIN, Scott"]
[11,"DRAYTON, Simon",26,"BOND, Darren",41,"BURR, Dave",56,"TURNER, Cameron"]
[12,"KENDRICK, Paul",27,"LAWN, Kimberley",42,"CROSBY, Ralf",57,"CREASEY, Shaun"]
[13,"LAY-FLURRIE, Matt",28,"SMITH, Gavin",43,"REYNOLDS, Ian",58,"KINGDON, Adam"]
[14,"HARVEY, Matthew",29,"HINXMAN, Mark",44,"CROSBY, Colin",59,"GALLACHER, Andy"]
[15,"BUY, Craig",30,"LING, Richard",45,"DID NOT FISH 3",60,"HADDOCK, Roy"]
["E","Angler","F","Angler","G","Angler","H","Angler"]
[61,"HARVEY, Paul ",76,"ADAMS, Stephen",91,"BROCK, Peter",106,"TOPPING, Jack"]
[62,"PICKARD, Colin",77,"HARRISON, Paul",92,"JONES, Mark",107,"STONE, Barry"]
[63,"AKESTER, Jack",78,"GREEN, Kevin",93,"RANDELL, Henry",108,"HUTSON, Garry"]
[64,"SELF, Bevan",79,"DIAPER, Greg",94,"WATTS, Mike",109,"HURCOMBE, Mark"]
[65,"SPALL, Chris",80,"BANHAM, Mark",95,"TOVELL, Paul",110,"SHARMAN, Mark"]
[66,"STEBBINGS, Robert",81,"BANHAM, Jason",96,"STORER, Paul",111,"FULLER, David"]
[67,"DRIVER, Ed",82,"GIBBS, Tom",97,"TEMPLE, Billy",112,"GROSSMAN, Martin"]
[68,"SMART, Neil",83,"BURT, Richard",98,"CHAPMAN, Rob",113,"THOMAS, Tony"]
[69,"BRIGHTON, Tarrick",84,"SHORTHOUSE, Dave",99,"READ, David",114,"CLEMENT, Alby"]
[70,"ALDOUS, Brayden",85,"BORDIANU, Adrian",100,"SMITH, Andy",115,"GOOCH, Mark"]
[71,"ALDOUS, David",86,"HORE, Malcolm",101,"MILLS, Rodney",116,"PROVINS, Colin"]
[72,"BIRD, Stacey",87,"CANNELL, Chris",102,"PINDER, Mark",117,"LOKE, Peter "]
[73,"WELLS, Tom",88,"BOWELL, Ian",103,"MICKELSEN, Jon",118,"WILSON, Mark"]
[74,"DID NOT FISH 6",89,"BRADSHAW, Craig",104,"MICKELSEN, Rory",119,"LILL, Jarrod"]
[75,"ELLIOTT, Nathan",90,"BRADSHAW, Daine",105,"TOPPING, Mike",120,"WARD, Mark"]

{"sheet":"Nth Nfk Bass Fest. (ALL)","index":3,"n_rows":117,"n_cols":8,"rows_kept":117,"cut":false,"hidden":false,"merged":[[1,7,2,7],[0,1,0,2],[0,3,0,7],[1,0,2,0],[1,1,2,1],[1,2,2,2],[1,3,2,3],[1,4,2,4],[1,5,2,5],[1,6,2,6]]}
[null,"NORTH NORFOLK BASS FESTIVAL 2018",null,"Overall - Final Positions                (All Competitors)"]
["Overall Number","Angler Name","Total No. Fish","Total No. Fish Points","Day 1 Points","Day 2 Points","Total Points","Overall Position"]
[null,{"$error":"#N/A"}]
[1,"BOND, Darren",40,2732,1,1,1.9726399999999999,1]
[2,"TUCK, Rob",48,3260,1,2,2.967352,2]
[3,"NELSON, Ian",24,1562,2,3,4.984356,3]
[4,"ADAMS, Stephen",43,1325,3,2,4.986707,4]
[5,"MEDLER, Gary",36,1146,4,1,4.9885040000000007,5]
[6,"GOOCH, Mark",28,2033,5,1,5.9796419999999992,6]
[7,"RANDELL, Henry",42,1732,1,5,5.9826380000000006,7]
[8,"PROVINS, Colin",31,1659,1,5,5.9833790000000002,8]
[9,"SMITH, John",36,1409,3,3,5.9858739999999999,9]
[10,"HAWARD, Nick",14,1265,5,1,5.987336,10]
[11,"SHORTHOUSE, Dave",39,1184,1,5,5.9881209999999996,11]
[12,"CANNELL, Chris",14,1336,6,1,6.9866260000000002,12]
[13,"WARD, Mark",55,1803,5,3,7.9819149999999999,13]
[14,"NANGLE, Karl",48,1369,3,5,7.986262,14]
[15,"LAWRENCE, John",46,1103,3,5,7.9889239999999999,15]
[16,"GALLACHER, Andy",51,892,4,4,7.9910290000000002,16]
[17,"FRARY, Charlie",29,826,5,3,7.9917110000000005,17]
[18,"TURNER, Cameron",30,824,7,1,7.9917300000000004,18]
[19,"HARVEY, Matthew",26,1147,5,4,8.9885040000000007,19]
[20,"SMITH, George",39,1094,7,2,8.989021000000001,20]
[21,"DOY, Alan",29,971,2,7,8.9902610000000003,21]
[22,"WOODS, Graham",29,745,7,2,8.992521,22]
[23,"ADAMS, Lee",35,1686,2,8,9.9831050000000001,23]
[24,"HURCOMBE, Mark",25,1582,1,9,9.9841549999999994,24]
[25,"SPALL, Chris",46,1404,9,1,9.9859140000000011,25]
[26,"HUTSON, Garry",24,1326,3,7,9.9867159999999995,26]
[27,"GROSSMAN, Martin",19,1255,2,8,9.9874310000000008,27]
[28,"ALDOUS, David",40,1126,2,8,9.9886999999999997,28]
[29,"BORDIANU, Adrian",29,1116,4,6,9.9888110000000001,29]
[30,"JONES, Mark",35,1070,7,3,9.9892649999999996,30]
[31,"BURT, Richard",27,796,7,3,9.992013,31]
[32,"BURR, Dave",16,1152,4,7,10.988463999999999,32]
[33,"BANHAM, Jason",22,961,3,8,10.990368,33]
[34,"WILSON, Mark",30,1604,10,2,11.983929999999999,34]
[35,"PINDER, Mark",28,1402,11,1,11.985951999999999,35]
[36,"WELLS, Tom",28,1322,9,3,11.986751999999999,36]
[37,"STEBBINGS, Robert",25,1272,10,2,11.987254999999999,37]
[38,"DIAPER, Barry",31,1036,6,6,11.989609,38]
[39,"REYNOLDS, Ian",33,926,3,9,11.990707,39]
[40,"WHITE, Alan",43,787,6,6,11.992087,40]
[41,"BRADSHAW, Craig",20,754,8,4,11.99244,41]
[42,"SMITH, Gavin",33,673,10,2,11.993237000000001,42]
[43,"CROSBY, Colin",27,1720,1,12,12.982773,43]
[44,"DRAYTON, Simon",36,1064,2,11,12.989324,44]
[45,"DIAPER, Greg",21,1028,2,11,12.989699,45]
[46,"AKESTER, Jack",28,838,6,7,12.991591999999999,46]
[47,"MILLS, Rodney",14,755,6,7,12.992436,47]
[48,"KINGDON, Adam",26,600,8,5,12.993974,48]
[49,"BUY, Craig",35,1383,1,13,13.986134999999999,49]
[50,"CLEMENT, Alby",26,1193,10,4,13.988044,50]
[51,"ELLIOTT, Nathan",20,1017,8,6,13.98981,51]
[52,"DRIVER, Ed",29,987,4,10,13.990101000000001,52]
[53,"GIBBS, Tom",8,936,7,7,13.990632000000002,53]
[54,"ADAMS, Graham",42,728,9,5,13.992678,54]
[55,"READ, David",23,1244,13,2,14.987537,55]
[56,"PICKARD, Colin",30,1124,10,5,14.988729999999999,56]
[57,"HARVEY, Paul ",21,1077,11,4,14.989208999999999,57]
[58,"BROCK, Peter",19,1017,2,13,14.989811,58]
[59,"LOKE, Peter ",29,826,4,11,14.991711,59]
[60,"TOPPING, Mike",17,791,7,8,14.992073,60]
[61,"TOVELL, Paul",15,639,5,10,14.993595000000001,61]
[62,"TAYLOR, Robbie",21,566,11,4,14.994318999999999,62]
[63,"BETTINSON, Charles",26,446,8,7,14.995514,63]
[64,"BOWELL, Ian",46,974,3,13,15.990214,64]
[65,"HINXMAN, Mark",26,784,8,8,15.992134,65]
[66,"CROSBY, Ralf",33,684,6,10,15.993126999999999,66]
[67,"THORPE, Doug",31,556,13,3,15.994409000000001,67]
[68,"HART, Paul",30,449,9,7,15.995479999999999,68]
[69,"SMITH, Adele",32,424,10,6,15.995728000000002,69]
[70,"WOODS, Becky",30,361,12,4,15.996359999999999,70]
[71,"SHARMAN, Mark",35,996,11,6,16.990005,71]
[72,"TEMPLE, Billy",25,810,6,11,16.991875,72]
[73,"MOORING, Luke",31,703,9,8,16.992939,73]
[74,"GREEN, Kevin",22,930,4,14,17.990677999999999,74]
[75,"WATTS, Mike",39,818,14,4,17.991781,75]
[76,"STORER, Paul",30,814,12,6,17.99183,76]
[77,"BIRD, Stacey",24,684,9,9,17.993136,77]
[78,"ROPER, Liam",21,484,7,11,17.995138999999998,78]
[79,"BATTLE, Ian",26,351,12,6,17.996464000000003,79]
[80,"SELF, Bevan",17,834,5,14,18.991643,80]
[81,"ELEY, Kevin",22,821,4,15,18.991768,81]
[82,"HARVEY, Mark",17,727,6,13,18.992713000000002,82]
[83,"CREASEY, Shaun",18,354,10,9,18.996441999999998,83]
[84,"SMART, Neil",26,687,8,12,19.993104000000002,84]
[85,"COLMAN, Mark",28,656,8,12,19.993411999999999,85]
[86,"BROWN, Harry",7,609,5,15,19.993903,86]
[87,"MICKELSEN, Jon",16,488,11,9,19.995104000000001,87]
[88,"LAY-FLURRIE, Matt",30,466,11,9,19.99531,88]
[89,"HADDOCK, Roy",10,416,10,10,19.995830000000002,89]
[90,"AUSTIN, John",11,387,9,11,19.996119,90]
[91,"LEWIN, Scott",20,378,12,8,19.996200000000002,91]
[92,"FULLER, David",23,591,9,12,20.994067000000001,92]
[93,"HARRISON, Paul",34,491,12,9,20.995056000000002,93]
[94,"CARTER, John",29,359,11,10,20.996381,94]
[95,"METCALFE, Wendy",22,311,12,9,20.996867999999999,95]
[96,"HORE, Malcolm",18,516,8,15,22.994821999999999,96]
[97,"BRADSHAW, Daine",28,468,13,10,22.995291999999999,97]
[98,"STONE, Barry",21,499,14,10,23.994989,98]
[99,"BRIGHTON, Tarrick",12,471,13,11,23.995277999999999,99]
[100,"SMITH, Andy",15,342,12,12,23.996565,100]
[101,"DENHOLM, Paul",11,259,14,10,23.997398999999998,101]
[102,"THOMAS, Tony",15,493,12,13,24.995054999999997,102]
[103,"KENDRICK, Paul",27,333,11,14,24.996643000000002,103]
[104,"LAWN, Kimberley",9,158,14,11,24.998411000000001,104]
[105,"LING, Richard",12,110,13,12,24.998887999999997,105]
[106,"SMITH, Leon",10,102,13,12,24.99897,106]
[107,"BROWN, Kay",13,141,13,13,25.998577000000001,107]
[108,"ALDOUS, Brayden",7,230,14,13,26.997692999999998,108]
[109,"BANHAM, Mark",10,229,15,12,26.997700000000002,109]
[110,"TOPPING, Jack",8,213,13,15,27.997861999999998,110]
[111,"LILL, Jarrod",6,182,14,14,27.998174000000002,111]
[112,"MICKELSEN, Rory",5,146,15,14,28.998534999999997,112]
[113,"FRARY, June",11,101,15,14,28.998978999999999,113]
[119,"CHAPMAN, Rob",0,0,15,15,30,114]

{"sheet":"Bass Festival ","index":4,"n_rows":109,"n_cols":7,"rows_kept":109,"cut":false,"hidden":false,"merged":[[1,6,2,6],[0,0,0,1],[0,2,0,6],[1,0,2,0],[1,1,2,1],[1,2,2,2],[1,3,2,3],[1,4,2,4],[1,5,2,5]]}
["NORTH NORFOLK BASS FESTIVAL 2018",null,"Overall - Final Positions         (Bass Festival Competitors)"]
["Angler Name","Total No. Fish","Total No. Fish Points","Day 1 Points","Day 2 Points","Total Points","Overall Position"]
[{"$error":"#N/A"}]
["BOND, Darren",40,2732,1.0000004190587939,1.0000028893383415,1.9726433083971353,1]
["TUCK, Rob",48,3260,1.0000003585026063,2.0000021226915727,2.967354481194179,2]
["NELSON, Ian",24,1562,2.0000007214070323,3.0000056798818586,4.984362401288891,3]
["ADAMS, Stephen",43,1325,3.0000012030943588,2.0000020233085141,4.9867102264028729,4]
["MEDLER, Gary",36,1146,4.0000012932762568,1.0000026800310884,4.9885079733073461,5]
["GOOCH, Mark",28,2033,5.0000014063510818,1.000000756303792,5.9796441626548731,6]
["RANDELL, Henry",42,1732,1.0000008011921739,5.0000020649211203,5.9826408661132948,7]
["PROVINS, Colin",31,1659,1.000001145331058,5.0000012719409819,5.9833814172720396,8]
["SMITH, John",36,1409,3.0000008276569861,3.0000049719087158,5.9858797995657023,9]
["HAWARD, Nick",14,1265,5.0000013087292237,1.0000019958486348,5.9873393045778585,10]
["SHORTHOUSE, Dave",39,1184,1.0000011679514131,5.000003047015448,5.9881252149668605,11]
["CANNELL, Chris",14,1336,6.0000013887731578,1.0000016231658226,6.9866290119389811,12]
["WARD, Mark",55,1803,5.0000014361625738,3.0000009031384058,7.9819173393009804,13]
["NANGLE, Karl",48,1369,3.0000008365890589,5.0000057421762847,7.986268578765344,14]
["LAWRENCE, John",46,1103,3.0000011490026659,5.0000042892682508,7.9889294382709162,15]
["GALLACHER, Andy",51,892,4.000001382303747,4.0000059143600666,7.9910362966638138,16]
["FRARY, Charlie",29,826,5.0000016310818962,3.0000046904315196,7.9917173215134163,17]
["TURNER, Cameron",30,824,7.0000016885616834,1.000004308859014,7.9917359974206974,18]
["HARVEY, Matthew",26,1147,5.0000010524432472,4.0000050738241413,8.9885101262673892,19]
["SMITH, George",39,1094,7.0000012752662117,2.0000032233109852,8.9890254985771989,20]
["DOY, Alan",29,971,2.0000012016775419,7.0000071880391026,8.9902693897166444,21]
["WOODS, Graham",29,745,7.0000018717478385,2.0000047386627493,8.9925276104105869,22]
["ADAMS, Lee",35,1686,2.0000006463204976,8.0000071875224616,9.9831128338429593,23]
["HURCOMBE, Mark",25,1582,1.0000008169333954,9.0000027920482459,9.984158608981641,24]
["SPALL, Chris",46,1404,9.0000022819588334,1.0000010349395596,9.9859173168983943,25]
["HUTSON, Garry",24,1326,3.0000012452524749,7.0000019113515171,9.986719156603991,26]
["GROSSMAN, Martin",19,1255,2.0000012466962551,8.0000022071644565,9.9874344538607129,27]
["ALDOUS, David",40,1126,2.0000011748120299,8.0000036337209295,9.9887048085329599,28]
["BORDIANU, Adrian",29,1116,4.000001256139381,6.0000031230480948,9.9888153791874768,29]
["JONES, Mark",35,1070,7.0000020568090662,3.0000017118597646,9.9892687686688308,30]
["BURT, Richard",27,796,7.0000026519571446,3.0000023855530906,9.9920180375102348,31]
["BURR, Dave",16,1152,4.0000009959266603,7.0000067535625039,10.988471749489163,32]
["BANHAM, Jason",22,961,3.0000014834814341,8.0000034827430078,10.990372966224442,33]
["WILSON, Mark",30,1604,10.000002511363922,2.0000008291117726,11.983933340475694,34]
["PINDER, Mark",28,1402,11.000002363675042,1.0000010212314008,11.985955384906442,35]
["WELLS, Tom",28,1322,9.0000017418871607,3.0000013365588956,11.986755078446055,36]
["STEBBINGS, Robert",25,1272,10.000003020053153,2.0000010625524633,11.987259082605616,37]
["DIAPER, Barry",31,1036,6.0000011374364455,6.0000063637520684,11.989616501188513,38]
["DIAPER, Greg",21,1028,2.0000011479870046,10.000006364562118,11.989706512549123,39]
["REYNOLDS, Ian",33,926,3.0000012403100773,9.0000083277814795,11.990716568091557,40]
["WHITE, Alan",43,787,6.0000016770925919,6.0000052312199204,11.992093908312512,41]
["BRADSHAW, Craig",20,754,8.0000026873051695,4.0000026172529317,11.992445304558101,42]
["SMITH, Gavin",33,673,10.000002182453077,2.0000046483521592,11.993243830805238,43]
["CROSBY, Colin",27,1720,1.000000598354525,12.000020399836801,12.982793998191326,44]
["DRAYTON, Simon",36,1064,2.0000010392093697,11.000009795278675,12.989334834488044,45]
["AKESTER, Jack",28,838,6.0000018688095684,7.0000032983706051,12.991597167180172,46]
["MILLS, Rodney",14,755,6.0000022219753362,7.0000032777213281,12.992441499696664,47]
["KINGDON, Adam",26,600,8.0000020825957474,5.0000083270880173,12.993984409683764,48]
["BUY, Craig",35,1383,1.0000007720517274,13.000011350737799,13.986147122789525,49]
["CLEMENT, Alby",26,1193,10.000002505637685,4.0000012591921026,13.988047764829789,50]
["ELLIOTT, Nathan",20,1017,8.0000015997696323,6.0000025503047612,13.989814150074393,51]
["DRIVER, Ed",29,987,4.0000013437609176,10.000004113364321,13.99010645712524,52]
["BOWELL, Ian",46,974,3.0000011899803654,11.000007456565505,13.99022264654587,53]
["GIBBS, Tom",8,936,7.0000015973165084,7.0000032254943072,13.990636822810817,54]
["ADAMS, Graham",42,728,9.0000017977528088,5.0000058082128129,13.992685605965621,55]
["READ, David",23,1244,13.000002984361943,2.0000010999285047,14.987541084290449,56]
["PICKARD, Colin",30,1124,10.000002173629527,5.0000015054799469,14.988733679109473,57]
["HARVEY, Paul ",21,1077,11.000002610488945,4.0000014406315731,14.989213051120517,58]
["BROCK, Peter",19,1017,2.0000010903579644,13.000009994003598,14.989822084361561,59]
["LOKE, Peter ",29,826,4.0000017851086236,11.00000375798572,14.991716543094343,60]
["TOPPING, Mike",17,791,7.0000018311999854,8.000004080300311,14.992078911500295,61]
["TOVELL, Paul",15,639,5.0000019955698347,10.000007244277022,14.993604239846858,62]
["TAYLOR, Robbie",21,566,11.000003388911482,4.0000036882676211,14.994326077179101,63]
["BETTINSON, Charles",26,446,8.0000032241423789,7.0000073475385749,14.995524571680953,64]
["GREEN, Kevin",22,930,4.0000012528973254,12.000007571742257,15.990686824639583,65]
["HINXMAN, Mark",26,784,8.0000015147842944,8.0000080580177269,15.992143572802021,66]
["CROSBY, Ralf",33,684,6.0000017660667924,10.000008467400509,15.9931372334673,67]
["THORPE, Doug",31,556,13.000003661528321,3.0000035310734465,15.994416192601769,68]
["HART, Paul",30,449,9.0000026438240273,7.0000140726146922,15.995496716438717,69]
["SMITH, Adele",32,424,10.000003482015391,6.0000072923503245,15.995738774365718,70]
["WOODS, Becky",30,361,12.000005645571049,4.0000054297659773,15.996371075337027,71]
["SHARMAN, Mark",35,996,11.000003038128513,6.0000014988009589,16.990009536929474,72]
["TEMPLE, Billy",25,810,6.0000014680838571,11.000007746533427,16.991884214617286,73]
["MOORING, Luke",31,703,9.000001741553465,8.0000077453334359,16.992948486886903,74]
["SELF, Bevan",17,834,5.000001362193677,13.000009994003598,17.991654356197277,75]
["WATTS, Mike",39,818,14.000003814755473,4.0000017977528088,17.991786612508282,76]
["STORER, Paul",30,814,12.000002785127419,6.0000021965952772,17.991834981722697,77]
["BIRD, Stacey",24,684,9.000002330350485,9.0000039197240511,17.993142250074534,78]
["ROPER, Liam",21,484,7.0000021589878667,11.000047551117451,17.995188710105314,79]
["BATTLE, Ian",26,351,12.000003918802413,6.0000104079933392,17.996478326795756,80]
["ELEY, Kevin",22,821,4.0000012177004942,15,18.991769217700494,81]
["HARVEY, Mark",17,727,6.0000014161297175,13.000047573739296,18.992761989869017,82]
["CREASEY, Shaun",18,354,10.000003182990101,9.0000249937515626,18.996470176741663,83]
["SMART, Neil",26,687,8.0000021495668623,12.000004503490205,19.993110653057069,84]
["COLMAN, Mark",28,656,8.0000017755366564,12.000010744600837,19.993424520137495,85]
["BROWN, Harry",7,609,5.0000016418474065,15,19.993904641847404,86]
["MICKELSEN, Jon",16,488,11.000003163756011,9.0000058112505812,19.995112975006595,87]
["LAY-FLURRIE, Matt",30,466,11.000002930918257,9.0000079929661894,19.995320923884446,88]
["HADDOCK, Roy",10,416,10.000002644942869,10.000026301946344,19.995858946889214,89]
["AUSTIN, John",11,387,9.0000033214866981,11.000011622501162,19.996133943987861,90]
["LEWIN, Scott",20,378,12.000002983471568,8.0000232450023248,19.996226228473894,91]
["FULLER, David",23,591,9.0000029930262482,12.000003889234598,20.994073882260849,92]
["HORE, Malcolm",18,516,8.0000022567250415,13.000013687380235,20.994837944105278,93]
["HARRISON, Paul",34,491,12.000003843345247,9.0000043261951106,20.99506416954036,94]
["CARTER, John",29,359,11.000003997122072,10.00000916506278,20.996394162184849,95]
["STONE, Barry",21,499,13.000004692192192,10.000003495403543,22.994997187595736,96]
["DENHOLM, Paul",11,259,14.000005711674664,9.0000119005117227,22.997416612186385,97]
["LING, Richard",12,110,13.000017834849295,10.000018501387604,22.998924336236897,98]
["FRARY, June",11,101,12.000017223561832,11.000023228803716,22.999019452365545,99]
["BRIGHTON, Tarrick",12,471,13.000004290740582,11.000004200621692,23.995286491362272,100]
["SMITH, Andy",15,342,12.000004253871023,12.000009339684318,23.996578593555341,101]
["THOMAS, Tony",15,493,12.000003214297195,13.000005493298175,24.995063707595367,102]
["KENDRICK, Paul",27,333,11.000004029658285,14.000011749500647,24.996658779158935,103]
["SMITH, Leon",10,102,13.000010299721907,12.000199600798403,24.999179900520311,104]
["LILL, Jarrod",6,182,14.000142653352354,14.000005712653527,27.998322366005883,105]
["CHAPMAN, Rob",0,0,15,15,30,106]

{"sheet":"Heaviest Bass ","index":5,"n_rows":90,"n_cols":7,"rows_kept":90,"cut":false,"hidden":false,"merged":[[0,0,0,1],[0,2,0,6],[1,6,2,6],[1,0,2,0],[1,1,2,1],[1,2,2,2],[1,5,2,5]]}
["NORTH NORFOLK BASS FESTIVAL 2018",null,"Overall Heaviest Bass"]
["Angler Name","Peg","Fish Points","Weight",null,"Day","Position"]
[null,null,null,"lbs","oz"]
["BROCK, Peter",32,335,6,15.666666666666666,"Day 1",1]
["MEDLER, Gary",5,232,4,13.333333333333334,"Day 2",2]
["TOPPING, Mike",9,220,4,9.3333333333333339,"Day 1",3]
["BUY, Craig",94,210,4,6,"Day 1",4]
["GROSSMAN, Martin",112,190,3,15.333333333333334,"Day 2",5]
["CROSBY, Colin",117,182,3,12.666666666666666,"Day 1",6]
["HURCOMBE, Mark",109,182,3,12.666666666666666,"Day 2",6]
["STORER, Paul",44,174,3,10,"Day 1",8]
["GREEN, Kevin",43,150,3,2,"Day 1",9]
["SPALL, Chris",65,136,2,13.333333333333334,"Day 2",10]
["HARVEY, Matthew",14,110,2,4.666666666666667,"Day 2",11]
["SMITH, Gavin",64,92,1,14.666666666666666,"Day 1",12]
["DRAYTON, Simon",96,92,1,14.666666666666666,"Day 1",12]
["BURR, Dave",75,86,1,12.666666666666666,"Day 1",14]
["PICKARD, Colin",62,74,1,8.6666666666666661,"Day 2",15]
["ALDOUS, David",71,68,1,6.666666666666667,"Day 2",16]
["MICKELSEN, Jon",103,68,1,6.666666666666667,"Day 2",16]
["DRIVER, Ed",3,55,1,2.3333333333333335,"Day 1",18]
["BURT, Richard",20,55,1,2.3333333333333335,"Day 1",18]
["GREEN, Kevin",78,55,1,2.3333333333333335,"Day 2",18]
["BRADSHAW, Daine",30,51,1,1,"Day 1",21]
["WARD, Mark",10,47,0,15.666666666666666,"Day 1",22]
["HARVEY, Matthew",67,47,0,15.666666666666666,"Day 1",22]
["STEBBINGS, Robert",25,43,0,14.333333333333334,"Day 1",24]
["BOND, Darren",89,43,0,14.333333333333334,"Day 1",24]
["LEWIN, Scott",55,43,0,14.333333333333334,"Day 2",24]
["STORER, Paul",96,43,0,14.333333333333334,"Day 2",24]
["MICKELSEN, Jon",14,40,0,13.333333333333334,"Day 1",28]
["ADAMS, Stephen",42,40,0,13.333333333333334,"Day 1",28]
["HINXMAN, Mark",29,40,0,13.333333333333334,"Day 2",28]
["CREASEY, Shaun",57,40,0,13.333333333333334,"Day 2",28]
["GALLACHER, Andy",59,40,0,13.333333333333334,"Day 2",28]
["BURT, Richard",83,40,0,13.333333333333334,"Day 2",28]
["BANHAM, Jason",18,37,0,12.333333333333334,"Day 1",34]
["WATTS, Mike",40,37,0,12.333333333333334,"Day 1",34]
["SMART, Neil",41,37,0,12.333333333333334,"Day 1",34]
["TUCK, Rob",69,37,0,12.333333333333334,"Day 1",34]
["MEDLER, Gary",80,37,0,12.333333333333334,"Day 1",34]
["LEWIN, Scott",88,37,0,12.333333333333334,"Day 1",34]
["ELEY, Kevin",92,37,0,12.333333333333334,"Day 1",34]
["KENDRICK, Paul",120,37,0,12.333333333333334,"Day 1",34]
["WOODS, Becky",25,37,0,12.333333333333334,"Day 2",34]
["THORPE, Doug",34,37,0,12.333333333333334,"Day 2",34]
["CROSBY, Ralf",42,37,0,12.333333333333334,"Day 2",34]
["TURNER, Cameron",56,37,0,12.333333333333334,"Day 2",34]
["ELLIOTT, Nathan",75,37,0,12.333333333333334,"Day 2",34]
["RANDELL, Henry",93,37,0,12.333333333333334,"Day 2",34]
["HARRISON, Paul",7,34,0,11.333333333333334,"Day 1",48]
["SPALL, Chris",13,34,0,11.333333333333334,"Day 1",48]
["HARVEY, Paul ",34,34,0,11.333333333333334,"Day 1",48]
["MOORING, Luke",66,34,0,11.333333333333334,"Day 1",48]
["DIAPER, Barry",72,34,0,11.333333333333334,"Day 1",48]
["AUSTIN, John",39,34,0,11.333333333333334,"Day 2",48]
["KINGDON, Adam",58,34,0,11.333333333333334,"Day 2",48]
["ALDOUS, Brayden",70,34,0,11.333333333333334,"Day 2",48]
["WELLS, Tom",73,34,0,11.333333333333334,"Day 2",48]
["BRADSHAW, Daine",90,34,0,11.333333333333334,"Day 2",48]
["PINDER, Mark",102,34,0,11.333333333333334,"Day 2",48]
["HUTSON, Garry",108,33,0,11,"Day 2",59]
["GOOCH, Mark",115,33,0,11,"Day 2",59]
["BOWELL, Ian",1,32,0,10.666666666666666,"Day 1",61]
["GROSSMAN, Martin",27,32,0,10.666666666666666,"Day 1",61]
["SHORTHOUSE, Dave",2,31,0,10.333333333333334,"Day 1",63]
["ALDOUS, David",12,31,0,10.333333333333334,"Day 1",63]
["STONE, Barry",23,31,0,10.333333333333334,"Day 1",63]
["SELF, Bevan",56,31,0,10.333333333333334,"Day 1",63]
["SMITH, George",74,31,0,10.333333333333334,"Day 1",63]
["REYNOLDS, Ian",77,31,0,10.333333333333334,"Day 1",63]
["WOODS, Becky",97,31,0,10.333333333333334,"Day 1",63]
["CREASEY, Shaun",108,31,0,10.333333333333334,"Day 1",63]
["HAWARD, Nick",32,31,0,10.333333333333334,"Day 2",63]
["WHITE, Alan",36,31,0,10.333333333333334,"Day 2",63]
["BURR, Dave",41,31,0,10.333333333333334,"Day 2",63]
["AKESTER, Jack",63,31,0,10.333333333333334,"Day 2",63]
["LOKE, Peter ",16,30,0,10,"Day 1",75]
["BRADSHAW, Craig",89,30,0,10,"Day 2",75]
["TOPPING, Jack",8,28,0,9.3333333333333339,"Day 1",77]
["THOMAS, Tony",22,28,0,9.3333333333333339,"Day 1",77]
["FULLER, David",28,28,0,9.3333333333333339,"Day 1",77]
["READ, David",37,28,0,9.3333333333333339,"Day 1",77]
["ADAMS, Lee",40,28,0,9.3333333333333339,"Day 2",77]
["CLEMENT, Alby",33,25,0,8.3333333333333339,"Day 1",82]
["RANDELL, Henry",39,20,0,6.666666666666667,"Day 1",83]
["ADAMS, Stephen",76,18,0,6,"Day 2",84]
["CANNELL, Chris",87,18,0,6,"Day 2",84]
["BATTLE, Ian",50,16,0,5.333333333333333,"Day 2",86]
["DIAPER, Greg",51,11,0,3.6666666666666665,"Day 1",87]

{"sheet":"Heaviest Catch","index":6,"n_rows":303,"n_cols":7,"rows_kept":303,"cut":false,"hidden":false,"merged":[[0,0,0,1],[0,2,0,6],[1,0,2,0],[1,1,2,1],[1,2,2,2],[1,5,2,5],[1,6,2,6]]}
["NORTH NORFOLK BASS FESTIVAL 2018",null,"Overall Heaviest Catch"]
["Angler Name","Peg","Fish Points","Weight",null,"Day","Position"]
[null,null,null,"lbs","oz"]
["TUCK, Rob",69,2789,58,1.6666666666666667,"Day 1",1]
["BOND, Darren",89,2386,49,11.333333333333334,"Day 1",2]
["CROSBY, Colin",117,1671,34,13,"Day 1",3]
["ADAMS, Lee",119,1547,32,3.6666666666666665,"Day 1",4]
["NELSON, Ian",62,1386,28,14,"Day 1",5]
["GOOCH, Mark",115,1322,27,8.6666666666666661,"Day 2",6]
["BUY, Craig",94,1295,26,15.666666666666666,"Day 1",7]
["RANDELL, Henry",39,1248,26,0,"Day 1",8]
["HURCOMBE, Mark",59,1224,25,8,"Day 1",9]
["SMITH, John",71,1208,25,2.6666666666666665,"Day 1",10]
["WILSON, Mark",118,1206,25,2,"Day 2",11]
["NANGLE, Karl",107,1195,24,14.333333333333334,"Day 1",12]
["WARD, Mark",120,1107,23,1,"Day 2",13]
["BURR, Dave",75,1004,20,14.666666666666666,"Day 1",14]
["PINDER, Mark",102,979,20,6.333333333333333,"Day 2",15]
["SPALL, Chris",65,966,20,2,"Day 2",16]
["DRAYTON, Simon",96,962,20,0.66666666666666663,"Day 1",17]
["HARVEY, Matthew",67,950,19,12.666666666666666,"Day 1",18]
["STEBBINGS, Robert",66,941,19,9.6666666666666661,"Day 2",19]
["BROCK, Peter",32,917,19,1.6666666666666667,"Day 1",20]
["READ, David",99,909,18,15,"Day 2",21]
["DIAPER, Barry",72,879,18,5,"Day 1",22]
["PROVINS, Colin",19,873,18,3,"Day 1",23]
["DIAPER, Greg",51,871,18,2.3333333333333335,"Day 1",24]
["LAWRENCE, John",100,870,18,2,"Day 1",25]
["SHORTHOUSE, Dave",2,856,17,13.333333333333334,"Day 1",26]
["ALDOUS, David",12,851,17,11.666666666666666,"Day 1",27]
["BOWELL, Ian",1,840,17,8,"Day 1",28]
["DOY, Alan",83,832,17,5.333333333333333,"Day 1",29]
["ADAMS, Stephen",42,831,17,5,"Day 1",30]
["ELEY, Kevin",92,821,17,1.6666666666666667,"Day 1",31]
["REYNOLDS, Ian",77,806,16,12.666666666666666,"Day 1",32]
["HUTSON, Garry",54,803,16,11.666666666666666,"Day 1",33]
["GROSSMAN, Martin",27,802,16,11.333333333333334,"Day 1",34]
["GREEN, Kevin",43,798,16,10,"Day 1",35]
["BORDIANU, Adrian",53,796,16,9.3333333333333339,"Day 1",36]
["CLEMENT, Alby",114,794,16,8.6666666666666661,"Day 2",37]
["PROVINS, Colin",116,786,16,6,"Day 2",38]
["SMITH, George",74,784,16,5.333333333333333,"Day 1",39]
["MEDLER, Gary",80,773,16,1.6666666666666667,"Day 1",40]
["HAWARD, Nick",81,764,15,14.666666666666666,"Day 1",41]
["WELLS, Tom",73,748,15,9.3333333333333339,"Day 2",42]
["DRIVER, Ed",3,744,15,8,"Day 1",43]
["SELF, Bevan",56,734,15,4.666666666666667,"Day 1",44]
["GALLACHER, Andy",115,723,15,1,"Day 1",45]
["CANNELL, Chris",50,720,15,0,"Day 1",46]
["GOOCH, Mark",45,711,14,13,"Day 1",47]
["HARVEY, Mark",87,706,14,11.333333333333334,"Day 1",48]
["WARD, Mark",10,696,14,8,"Day 1",49]
["HARVEY, Paul ",61,694,14,7.333333333333333,"Day 2",50]
["TEMPLE, Billy",4,681,14,3,"Day 1",51]
["BANHAM, Jason",18,674,14,0.66666666666666663,"Day 1",52]
["SHARMAN, Mark",110,667,13,14.333333333333334,"Day 2",53]
["PICKARD, Colin",62,664,13,13.333333333333334,"Day 2",54]
["HINXMAN, Mark",65,660,13,12,"Day 1",55]
["GIBBS, Tom",46,626,13,0.66666666666666663,"Day 1",56]
["ELLIOTT, Nathan",52,625,13,0.33333333333333331,"Day 1",57]
["CANNELL, Chris",87,616,12,13.333333333333334,"Day 2",58]
["FRARY, Charlie",113,613,12,12.333333333333334,"Day 1",59]
["BROWN, Harry",95,609,12,11,"Day 1",60]
["WHITE, Alan",116,596,12,6.666666666666667,"Day 1",61]
["TURNER, Cameron",90,592,12,5.333333333333333,"Day 1",62]
["JONES, Mark",92,584,12,2.6666666666666665,"Day 2",63]
["WELLS, Tom",57,574,11,15.333333333333334,"Day 1",64]
["MOORING, Luke",66,574,11,15.333333333333334,"Day 1",64]
["CROSBY, Ralf",93,566,11,12.666666666666666,"Day 1",66]
["COLMAN, Mark",86,563,11,11.666666666666666,"Day 1",67]
["LOKE, Peter ",16,560,11,10.666666666666666,"Day 1",68]
["ADAMS, Graham",84,556,11,9.3333333333333339,"Day 1",69]
["WATTS, Mike",94,556,11,9.3333333333333339,"Day 2",69]
["TOPPING, Mike",9,546,11,6,"Day 1",71]
["AKESTER, Jack",38,535,11,2.3333333333333335,"Day 1",72]
["WOODS, Graham",111,534,11,2,"Day 1",73]
["HUTSON, Garry",108,523,10,14.333333333333334,"Day 2",74]
["TOVELL, Paul",21,501,10,7,"Day 1",75]
["HAWARD, Nick",32,501,10,7,"Day 2",75]
["ADAMS, Stephen",76,494,10,4.666666666666667,"Day 2",77]
["JONES, Mark",36,486,10,2,"Day 1",78]
["RANDELL, Henry",93,484,10,1.3333333333333333,"Day 2",79]
["KINGDON, Adam",118,480,10,0,"Day 1",80]
["TUCK, Rob",37,471,9,13,"Day 2",81]
["SMART, Neil",41,465,9,11,"Day 1",82]
["ROPER, Liam",101,463,9,10.333333333333334,"Day 1",83]
["PICKARD, Colin",48,460,9,9.3333333333333339,"Day 1",84]
["SMITH, Gavin",64,458,9,8.6666666666666661,"Day 1",85]
["STORER, Paul",96,455,9,7.666666666666667,"Day 2",86]
["GROSSMAN, Martin",112,453,9,7,"Day 2",87]
["MILLS, Rodney",26,450,9,6,"Day 1",88]
["HORE, Malcolm",5,443,9,3.6666666666666665,"Day 1",89]
["SPALL, Chris",13,438,9,2,"Day 1",90]
["BIRD, Stacey",31,429,8,15,"Day 1",91]
["PINDER, Mark",49,423,8,13,"Day 1",92]
["BURT, Richard",83,419,8,11.666666666666666,"Day 2",93]
["CLEMENT, Alby",33,399,8,5,"Day 1",94]
["WILSON, Mark",6,398,8,4.666666666666667,"Day 1",95]
["ELLIOTT, Nathan",75,392,8,2.6666666666666665,"Day 2",96]
["HARVEY, Paul ",34,383,7,15.666666666666666,"Day 1",97]
["BRADSHAW, Craig",89,382,7,15.333333333333334,"Day 2",98]
["HADDOCK, Roy",76,378,7,14,"Day 1",99]
["HART, Paul",114,378,7,14,"Day 1",99]
["BURT, Richard",20,377,7,13.666666666666666,"Day 1",101]
["MEDLER, Gary",5,373,7,12.333333333333334,"Day 2",102]
["BRADSHAW, Craig",29,372,7,12,"Day 1",103]
["STORER, Paul",44,359,7,7.666666666666667,"Day 1",104]
["HURCOMBE, Mark",109,358,7,7.333333333333333,"Day 2",105]
["BOND, Darren",26,346,7,3.3333333333333335,"Day 2",106]
["LAY-FLURRIE, Matt",79,341,7,1.6666666666666667,"Day 1",107]
["READ, David",37,335,6,15.666666666666666,"Day 1",108]
["LEWIN, Scott",88,335,6,15.666666666666666,"Day 1",108]
["FULLER, David",28,334,6,15.333333333333334,"Day 1",110]
["STEBBINGS, Robert",25,331,6,14.333333333333334,"Day 1",111]
["SHARMAN, Mark",24,329,6,13.666666666666666,"Day 1",112]
["SHORTHOUSE, Dave",84,328,6,13.333333333333334,"Day 2",113]
["BORDIANU, Adrian",85,320,6,10.666666666666666,"Day 2",114]
["MICKELSEN, Jon",14,316,6,9.3333333333333339,"Day 1",115]
["CREASEY, Shaun",108,314,6,8.6666666666666661,"Day 1",116]
["THOMAS, Tony",22,311,6,7.666666666666667,"Day 1",117]
["BETTINSON, Charles",103,310,6,7.333333333333333,"Day 1",118]
["SMITH, George",2,310,6,7.333333333333333,"Day 2",118]
["GIBBS, Tom",82,310,6,7.333333333333333,"Day 2",118]
["MILLS, Rodney",101,305,6,5.666666666666667,"Day 2",121]
["AKESTER, Jack",63,303,6,5,"Day 2",122]
["AUSTIN, John",91,301,6,4.333333333333333,"Day 1",123]
["TAYLOR, Robbie",61,295,6,2.3333333333333335,"Day 1",124]
["SMITH, Adele",99,287,5,15.666666666666666,"Day 1",125]
["BANHAM, Jason",81,287,5,15.666666666666666,"Day 2",125]
["STONE, Barry",107,286,5,15.333333333333334,"Day 2",127]
["THORPE, Doug",34,283,5,14.333333333333334,"Day 2",128]
["ALDOUS, David",71,275,5,11.666666666666666,"Day 2",129]
["THORPE, Doug",82,273,5,11,"Day 1",130]
["TAYLOR, Robbie",35,271,5,10.333333333333334,"Day 2",131]
["LOKE, Peter ",117,266,5,8.6666666666666661,"Day 2",132]
["WATTS, Mike",40,262,5,7.333333333333333,"Day 1",133]
["HARRISON, Paul",7,260,5,6.666666666666667,"Day 1",134]
["FULLER, David",111,257,5,5.666666666666667,"Day 2",135]
["BATTLE, Ian",68,255,5,5,"Day 1",136]
["BIRD, Stacey",72,255,5,5,"Day 2",136]
["BRADSHAW, Daine",30,254,5,4.666666666666667,"Day 1",138]
["CARTER, John",98,250,5,3.3333333333333335,"Day 1",139]
["KENDRICK, Paul",120,248,5,2.6666666666666665,"Day 1",140]
["TOPPING, Mike",105,245,5,1.6666666666666667,"Day 2",141]
["DRIVER, Ed",67,243,5,1,"Day 2",142]
["BRIGHTON, Tarrick",69,238,4,15.333333333333334,"Day 2",143]
["SMITH, Andy",47,235,4,14.333333333333334,"Day 1",144]
["BRIGHTON, Tarrick",55,233,4,13.666666666666666,"Day 1",145]
["LAWRENCE, John",38,233,4,13.666666666666666,"Day 2",145]
["TURNER, Cameron",56,232,4,13.333333333333334,"Day 2",147]
["HARRISON, Paul",77,231,4,13,"Day 2",148]
["SMART, Neil",68,222,4,10,"Day 2",149]
["METCALFE, Wendy",110,217,4,8.3333333333333339,"Day 1",150]
["SMITH, Gavin",28,215,4,7.666666666666667,"Day 2",151]
["BRADSHAW, Daine",90,214,4,7.333333333333333,"Day 2",152]
["STONE, Barry",23,213,4,7,"Day 1",153]
["FRARY, Charlie",19,213,4,7,"Day 2",153]
["WOODS, Graham",51,211,4,6.333333333333333,"Day 2",155]
["SMITH, John",8,201,4,3,"Day 2",156]
["HARVEY, Matthew",14,197,4,1.6666666666666667,"Day 2",157]
["WHITE, Alan",36,191,3,15.666666666666666,"Day 2",158]
["WOODS, Becky",25,184,3,13.333333333333334,"Day 2",159]
["THOMAS, Tony",113,182,3,12.666666666666666,"Day 2",160]
["WOODS, Becky",97,177,3,11,"Day 1",161]
["NELSON, Ian",49,176,3,10.666666666666666,"Day 2",162]
["DENHOLM, Paul",78,175,3,10.333333333333334,"Day 1",163]
["LILL, Jarrod",119,175,3,10.333333333333334,"Day 2",163]
["NANGLE, Karl",16,174,3,10,"Day 2",165]
["ADAMS, Graham",3,172,3,9.3333333333333339,"Day 2",166]
["MICKELSEN, Jon",103,172,3,9.3333333333333339,"Day 2",166]
["GALLACHER, Andy",59,169,3,8.3333333333333339,"Day 2",168]
["DIAPER, Barry",6,157,3,4.333333333333333,"Day 2",169]
["DIAPER, Greg",79,157,3,4.333333333333333,"Day 2",169]
["BANHAM, Mark",80,152,3,2.6666666666666665,"Day 2",171]
["TOPPING, Jack",8,151,3,2.3333333333333335,"Day 1",172]
["BURR, Dave",41,148,3,1.3333333333333333,"Day 2",173]
["DOY, Alan",1,139,2,14.333333333333334,"Day 2",174]
["ADAMS, Lee",40,139,2,14.333333333333334,"Day 2",174]
["TOVELL, Paul",95,138,2,14,"Day 2",176]
["SMITH, Adele",20,137,2,13.666666666666666,"Day 2",177]
["BETTINSON, Charles",22,136,2,13.333333333333334,"Day 2",178]
["BOWELL, Ian",88,134,2,12.666666666666666,"Day 2",179]
["GREEN, Kevin",78,132,2,12,"Day 2",180]
["MOORING, Luke",9,129,2,11,"Day 2",181]
["TEMPLE, Billy",97,129,2,11,"Day 2",181]
["LAY-FLURRIE, Matt",13,125,2,9.6666666666666661,"Day 2",183]
["HINXMAN, Mark",29,124,2,9.3333333333333339,"Day 2",184]
["REYNOLDS, Ian",43,120,2,8,"Day 2",185]
["KINGDON, Adam",58,120,2,8,"Day 2",185]
["ALDOUS, Brayden",11,118,2,7.333333333333333,"Day 1",187]
["CROSBY, Ralf",42,118,2,7.333333333333333,"Day 2",187]
["ALDOUS, Brayden",70,112,2,5.333333333333333,"Day 2",189]
["CARTER, John",7,109,2,4.333333333333333,"Day 2",190]
["SMITH, Andy",100,107,2,3.6666666666666665,"Day 2",191]
["DRAYTON, Simon",11,102,2,2,"Day 2",192]
["SELF, Bevan",64,100,2,1.3333333333333333,"Day 2",193]
["BROCK, Peter",91,100,2,1.3333333333333333,"Day 2",193]
["SMITH, Leon",73,97,2,0.33333333333333331,"Day 1",195]
["BROWN, Kay",109,97,2,0.33333333333333331,"Day 1",195]
["BATTLE, Ian",50,96,2,0,"Day 2",197]
["METCALFE, Wendy",23,94,1,15.333333333333334,"Day 2",198]
["COLMAN, Mark",4,93,1,15,"Day 2",199]
["BUY, Craig",15,88,1,13.333333333333334,"Day 2",200]
["AUSTIN, John",39,86,1,12.666666666666666,"Day 2",201]
["KENDRICK, Paul",12,85,1,12.333333333333334,"Day 2",202]
["DENHOLM, Paul",17,84,1,12,"Day 2",203]
["LAWN, Kimberley",27,80,1,10.666666666666666,"Day 2",204]
["MICKELSEN, Rory",15,78,1,10,"Day 1",205]
["LAWN, Kimberley",106,78,1,10,"Day 1",205]
["BANHAM, Mark",17,77,1,9.6666666666666661,"Day 1",207]
["HORE, Malcolm",86,73,1,8.3333333333333339,"Day 2",208]
["HART, Paul",54,71,1,7.666666666666667,"Day 2",209]
["MICKELSEN, Rory",104,68,1,6.666666666666667,"Day 2",210]
["TOPPING, Jack",106,62,1,4.666666666666667,"Day 2",211]
["FRARY, June",112,58,1,3.3333333333333335,"Day 1",212]
["LING, Richard",105,56,1,2.6666666666666665,"Day 1",213]
["LING, Richard",30,54,1,2,"Day 2",214]
["CROSBY, Colin",44,49,1,0.33333333333333331,"Day 2",215]
["BROWN, Kay",24,44,0,14.666666666666666,"Day 2",216]
["FRARY, June",18,43,0,14.333333333333334,"Day 2",217]
["LEWIN, Scott",55,43,0,14.333333333333334,"Day 2",217]
["CREASEY, Shaun",57,40,0,13.333333333333334,"Day 2",219]
["HADDOCK, Roy",60,38,0,12.666666666666666,"Day 2",220]
["HARVEY, Mark",33,21,0,7,"Day 2",221]
["ROPER, Liam",47,21,0,7,"Day 2",221]
["LILL, Jarrod",58,7,0,2.3333333333333335,"Day 1",223]
["SMITH, Leon",53,5,0,1.6666666666666667,"Day 2",224]
["","","","","","",""]
["","","","","","",""]
["","","","","","",""]
["","","","","","",""]
["","","","","","",""]
["","","","","","",""]
["","","","","","",""]
["","","","","","",""]
["","","","","","",""]
["","","","","","",""]
["","","","","","",""]
["","","","","","",""]
["","","","","","",""]
["","","","","","",""]
["","","","","","",""]
["","","","","","",""]
["","","","","","",""]
["","","","","","",""]
["","","","","","",""]
["","","","","","",""]
["","","","","","",""]
["","","","","","",""]
["","","","","","",""]
["","","","","","",""]
["","","","","","",""]
["","","","","","",""]
["","","","","","",""]
["","","","","","",""]
["","","","","","",""]
["","","","","","",""]
["","","","","","",""]
["","","","","","",""]
["","","","","","",""]
["","","","","","",""]
["","","","","","",""]
["","","","","","",""]
["","","","","","",""]
["","","","","","",""]
["","","","","","",""]
["","","","","","",""]
["","","","","","",""]
["","","","","","",""]
["","","","","","",""]
["","","","","","",""]
["","","","","","",""]
["","","","","","",""]
["","","","","","",""]
["","","","","","",""]
["","","","","","",""]
["","","","","","",""]
["","","","","","",""]
["","","","","","",""]
["","","","","","",""]
["","","","","","",""]
["","","","","","",""]
["","","","","","",""]
["","","","","","",""]
["","","","","","",""]
["","","","","","",""]
["","","","","","",""]
["","","","","","",""]
["","","","","","",""]
["","","","","","",""]
["","","","","","",""]
["","","","","","",""]
["","","","","","",""]
["","","","","","",""]
["","","","","","",""]
["","","","","","",""]
["","","","","","",""]
["","","","","","",""]
["","","","","","",""]
["","","","","","",""]
["","","","","","",""]
["","","","","","",""]
["","","","","","",""]

{"sheet":"Ladies ","index":7,"n_rows":9,"n_cols":7,"rows_kept":9,"cut":false,"hidden":false,"merged":[[1,6,2,6],[0,0,0,1],[0,2,0,6],[1,0,2,0],[1,1,2,1],[1,2,2,2],[1,3,2,3],[1,4,2,4],[1,5,2,5]]}
["UK LADIES CHAMPIONSHIPS 2018",null,"Overall - Final Positions"]
["Angler Name","Total No. Fish","Total No. Fish Points","Day 1 Points","Day 2 Points","Total Points","Overall Position"]
[{"$error":"#N/A"}]
["SMITH, Adele",32,424,1.0000034820153905,2.0000072923503245,2.9957387743657153,1]
["WOODS, Becky",30,361,3.0000056455710493,1.0000054297659771,3.9963710753370258,2]
["METCALFE, Wendy",22,311,2.0000046057479737,3.000010626992561,4.9968832327405339,3]
["LAWN, Kimberley",9,158,5.0000128155837498,4.0000124906320256,8.9984363062157744,4]
["BROWN, Kay",13,141,4.0000102997219074,5.000022706630336,8.9986100063522443,5]
["FRARY, June",11,101,6.0000172235618328,6.000023228803717,11.999019452365548,6]

{"sheet":"Juniors","index":8,"n_rows":8,"n_cols":8,"rows_kept":8,"cut":false,"hidden":false,"merged":[[1,0,2,0],[1,1,2,1],[1,2,2,2],[1,3,2,3],[0,0,0,2],[0,3,0,7],[1,4,2,4],[1,5,2,5],[1,6,2,6],[1,7,2,7]]}
["NORTH NORFOLK JUNIORS TOURNAMENT 2018",null,null,"Overall - Final Positions"]
["Angler Name","Angler No","Total No. Fish","Total No. Fish Points","Day 1 Points","Day 2 Points","Total Points","Overall Position"]
[{"$error":"#N/A"}]
["BRADSHAW, Daine",113,28,468,1,1,2,1]
["ALDOUS, Brayden",30,7,230,3,3,6,2]
["BANHAM, Mark",71,10,229,5,2,7,3]
["TOPPING, Jack",32,8,213,2,5,7,4]
["MICKELSEN, Rory",116,5,146,4,4,8,5]

{"sheet":"Mystery Pairs","index":9,"n_rows":57,"n_cols":11,"rows_kept":57,"cut":false,"hidden":false,"merged":[[1,10,2,10],[0,1,0,3],[1,7,2,7],[0,4,0,10],[1,0,2,0],[1,1,2,1],[1,2,2,2],[1,3,2,3],[1,6,2,6],[1,4,2,4],[1,5,2,5]]}
[null,"BASS FESTIVAL MYSTERY PAIRS          2018",null,null,"Overall (Pairs)"]
["Team Count","Overall Position","Team No.","Team Name","Day 1 Zone Points","Day 2 Zone Points","Total No. Fish","Total Fish Points","Total Weight",null,"Total Zone Points"]
[null,null,null,null,null,null,null,null,"lbs","oz"]
[1,1,8,"SHORTHOUSE, Dave & WELLS, Tom",10,8,72,2488,51,13.333333333333334,17.975048000000001]
[2,2,53,"WOODS, Graham & BURT, Richard",14,5,65,1587,33,1,18.984065000000001]
[3,3,21,"ADAMS, Stephen & READ, David",16,4,52,2193,45,11,19.978017999999999]
[4,4,19,"LAWRENCE, John & BRADSHAW, Craig",11,9,59,1731,36,1,19.982631000000001]
[5,5,29,"MEDLER, Gary & TAYLOR, Robbie",15,5,47,1491,31,1,19.985043000000001]
[6,6,49,"SMITH, George & WILSON, Mark",17,4,45,2388,49,12,20.976075000000002]
[7,7,48,"MILLS, Rodney & TURNER, Cameron",13,8,45,1620,33,12,20.983754999999999]
[8,8,6,"HURCOMBE, Mark & SMITH, Gavin",11,11,50,2066,43,0.66666666666666663,21.979289999999999]
[9,9,36,"GOOCH, Mark & HART, Paul",14,8,36,1160,24,2.6666666666666665,21.988363999999997]
[10,10,13,"DIAPER, Greg & SPALL, Chris",11,12,58,2486,51,12.666666666666666,22.975082]
[11,11,10,"NELSON, Ian & LEWIN, Scott",14,11,62,2428,50,9.3333333333333339,24.975657999999999]
[12,12,5,"RANDELL, Henry & CREASEY, Shaun",11,14,36,1688,35,2.6666666666666665,24.983083999999998]
[13,13,15,"DOY, Alan & SMITH, Adele",12,13,68,1675,34,14.333333333333334,24.983182000000003]
[14,14,50,"GIBBS, Tom & PINDER, Mark",18,8,33,2028,42,4,25.979687000000002]
[15,15,25,"BURR, Dave & BETTINSON, Charles",12,14,46,1842,38,6,25.981534]
[16,16,37,"WARD, Mark & ROPER, Liam",12,14,51,1180,24,9.3333333333333339,25.988149]
[17,17,54,"JONES, Mark & WOODS, Becky",19,7,65,1038,21,10,25.989554999999999]
[18,18,2,"BOND, Darren & THOMAS, Tony",13,14,53,3261,67,15,26.967337000000001]
[19,19,45,"WHITE, Alan & HARVEY, Paul ",17,10,68,2459,51,3.6666666666666665,26.975342000000001]
[20,20,41,"DIAPER, Barry & PICKARD, Colin",16,11,59,2258,47,0.66666666666666663,26.977360999999998]
[21,21,32,"LOKE, Peter  & STEBBINGS, Robert",14,13,59,2006,41,12.666666666666666,26.979880999999999]
[22,22,23,"HUTSON, Garry & MOORING, Luke",12,15,42,1577,32,13.666666666666666,26.984188]
[23,23,30,"DRIVER, Ed & KINGDON, Adam",12,15,61,1516,31,9.3333333333333339,26.984779]
[24,24,1,"TUCK, Rob & LAWN, Kimberley",15,13,53,3185,66,5.666666666666667,27.968097]
[25,25,34,"HAWARD, Nick & HORE, Malcolm",13,16,41,1567,32,10.333333333333334,28.984289]
[26,26,52,"TOPPING, Mike & ADAMS, Graham",16,13,62,1403,29,3.6666666666666665,28.985907999999998]
[27,27,9,"ADAMS, Lee & MICKELSEN, Jon",13,17,43,2210,46,0.66666666666666663,29.977857]
[28,28,22,"REYNOLDS, Ian & WATTS, Mike",17,13,79,1855,38,10.333333333333334,29.981370999999999]
[29,29,17,"SMITH, John & SMITH, Andy",15,15,58,1825,38,0.33333333333333331,29.981692000000002]
[30,30,33,"HARVEY, Matthew & METCALFE, Wendy",17,13,50,1504,31,5.333333333333333,29.984909999999999]
[31,31,28,"BORDIANU, Adrian & LAY-FLURRIE, Matt",15,15,40,1267,26,6.333333333333333,29.987290000000002]
[32,32,14,"ALDOUS, David & FULLER, David",11,20,54,1527,31,13,30.984676]
[33,33,47,"AKESTER, Jack & BIRD, Stacey",15,16,48,1452,30,4,30.985431999999999]
[34,34,42,"CANNELL, Chris & BRIGHTON, Tarrick",19,12,26,1287,26,13,30.987104000000002]
[35,35,7,"PROVINS, Colin & SMITH, Leon",14,17,41,1188,24,12,30.988078999999999]
[36,36,4,"BUY, Craig & STORER, Paul",13,19,80,2665,55,8.3333333333333339,31.973269999999999]
[37,37,12,"BROCK, Peter & SHARMAN, Mark",13,19,52,2414,50,4.666666666666667,31.975808000000001]
[38,38,38,"FRARY, Charlie & STONE, Barry",19,13,34,1294,26,15.333333333333334,31.987026]
[39,39,24,"BANHAM, Jason & CARTER, John",14,18,43,1076,22,6.666666666666667,31.989196999999997]
[40,40,43,"HARVEY, Mark & ELLIOTT, Nathan",14,19,43,2339,48,11.666666666666666,32.976567000000003]
[41,41,35,"SELF, Bevan & CLEMENT, Alby",15,18,45,2159,44,15.666666666666666,32.978364999999997]
[42,42,31,"GALLACHER, Andy & LING, Richard",17,16,77,2155,44,14.333333333333334,32.978373000000005]
[43,43,44,"TEMPLE, Billy & THORPE, Doug",19,14,54,1330,27,11.333333333333334,32.986646]
[44,44,40,"TOVELL, Paul & BATTLE, Ian",17,16,37,852,17,12,32.991443000000004]
[45,45,27,"GREEN, Kevin & HINXMAN, Mark",12,22,49,1702,35,7.333333333333333,33.982931000000001]
[46,46,3,"CROSBY, Colin & DENHOLM, Paul",15,22,46,2196,45,12,36.977994000000002]
[47,47,18,"NANGLE, Karl & FRARY, June",18,19,53,1582,32,15.333333333333334,36.984127000000001]
[48,48,20,"BOWELL, Ian & HARRISON, Paul",15,22,81,1470,30,10,36.985219000000001]
[49,49,11,"DRAYTON, Simon & KENDRICK, Paul",13,25,79,1750,36,7.333333333333333,37.982421000000002]
[50,50,16,"GROSSMAN, Martin & LILL, Jarrod",16,22,24,1064,22,2.6666666666666665,37.989335999999994]
[51,51,26,"ELEY, Kevin & SMART, Neil",12,27,64,2092,43,9.3333333333333339,38.979016000000001]
[52,52,39,"BROWN, Harry & HADDOCK, Roy",15,25,21,1163,24,3.6666666666666665,39.988349000000007]
[53,53,51,"COLMAN, Mark & AUSTIN, John",17,23,38,1023,21,5,39.989731999999997]
[54,54,46,"CROSBY, Ralf & BROWN, Kay",19,23,64,1191,24,13,41.988025999999998]

{"sheet":"Shannock Quads","index":10,"n_rows":18,"n_cols":7,"rows_kept":18,"cut":false,"hidden":false,"merged":[[1,0,2,0],[1,1,2,1],[1,2,2,2],[1,3,2,3],[0,0,0,2],[0,3,0,6],[1,4,2,4]]}
["SHANNOCK QUADS 2018",null,null,"Overall (Teams)"]
["Overall Position","Team No.","Team Name","No. Fish","Fish Points","Weight"]
[null,null,null,null,null,"lbs","oz"]
[1,10,"TEAM BREAKAWAY",153,6764,140,14.666666666666666]
[2,12,"THE MARKSMEN",122,5604,116,12]
[3,7,"THE SOUTH COAST BIG BOYS",120,5323,110,14.333333333333334]
[4,13,"ITALACANNA",149,4970,103,8.6666666666666661]
[5,8,"ASSO/ANYFISH ANYWHERE",147,4853,101,1.6666666666666667]
[6,11,"IAN BOWELL's TEAM",136,4591,95,10.333333333333334]
[7,5,"BIRDS TACKLE",119,4423,92,2.3333333333333335]
[8,4,"HASTINGS ANGLING CENTRE",116,4312,89,13.333333333333334]
[9,15,"BILLY NO MATES",138,4120,85,13.333333333333334]
[10,14,"COUNTRY CARS",86,3866,80,8.6666666666666661]
[11,6,"STUART GUNS & TACKLE",93,3497,72,13.666666666666666]
[12,3,"IPSWICH SEA ANGLERS 2",139,3432,71,8]
[13,9,"NORTH NORFOLK LADS",115,3425,71,5.666666666666667]
[14,2,"CHARLES (B) TEAM",98,3146,65,8.6666666666666661]
[15,1,"IPSWICH SEA ANGLERS",89,2614,54,7.333333333333333]

{"sheet":"Day 1 Zone results (All))","index":11,"n_rows":262,"n_cols":10,"rows_kept":262,"cut":false,"hidden":false,"merged":[[0,1,0,4],[0,5,0,9],[1,0,2,0],[1,1,2,1],[1,2,2,2],[1,3,2,3],[1,4,2,4],[1,7,2,7],[1,8,2,8],[1,9,2,9],[33,1,33,4],[33,5,33,9],[34,0,35,0],[34,1,35,1],[34,2,35,2],[34,3,35,3],[34,4,35,4],[34,7,35,7],[34,8,35,8],[34,9,35,9],[66,1,66,4],[66,5,66,9],[67,0,68,0],[67,1,68,1],[67,2,68,2],[67,3,68,3],[67,4,68,4],[67,7,68,7],[67,8,68,8],[67,9,68,9],[99,1,99,4],[99,5,99,9],[100,0,101,0],[100,1,101,1],[100,2,101,2],[100,3,101,3],[100,4,101,4],[100,7,101,7],[100,8,101,8],[100,9,101,9],[132,1,132,4],[132,5,132,9],[133,0,134,0],[133,1,134,1],[133,2,134,2],[133,3,134,3],[133,4,134,4],[133,7,134,7],[133,8,134,8],[133,9,134,9],[165,1,165,4],[165,5,165,9],[166,0,167,0],[166,1,167,1],[166,2,167,2],[166,3,167,3],[166,4,167,4],[166,7,167,7],[166,8,167,8],[166,9,167,9],[198,1,198,4],[198,5,198,9],[199,0,200,0],[199,1,200,1],[199,2,200,2],[199,3,200,3],[199,4,200,4],[199,7,200,7],[199,8,200,8],[199,9,200,9],[231,1,231,4],[231,5,231,9],[232,0,233,0],[232,1,233,1],[232,2,233,2],[232,3,233,3],[232,4,233,4],[232,7,233,7],[232,8,233,8],[232,9,233,9]]}
[null,"NORTH NORFOLK BASS FESTIVAL 2018",null,null,null,"Day 1  ZONE A"]
["Zone Number","Peg","Name","No. Fish","Total Weight Points","Weight",null,"Optional Pools","Day 1 Points ","Zone Position"]
[null,null,null,null,null,"(lbs)","(ozs)"]
[1,2,"SHORTHOUSE, Dave",20,856,17,13.333333333333334,"X",1,1]
[2,12,"ALDOUS, David",20,851,17,11.666666666666666,"X",2,2]
[3,1,"BOWELL, Ian",35,840,17,8,"X",3,3]
[4,3,"DRIVER, Ed",18,744,15,8,"X",4,4]
[5,10,"WARD, Mark",30,696,14,8,"X",5,5]
[6,4,"TEMPLE, Billy",16,681,14,3,"X",6,6]
[7,9,"TOPPING, Mike",9,546,11,6,"X",7,7]
[8,5,"HORE, Malcolm",12,443,9,3.6666666666666665,"X",8,8]
[9,13,"SPALL, Chris",22,438,9,2,"X",9,9]
[10,6,"WILSON, Mark",19,398,8,4.666666666666667,"X",10,10]
[11,14,"MICKELSEN, Jon",8,316,6,9.3333333333333339,"X",11,11]
[12,7,"HARRISON, Paul",19,260,5,6.666666666666667,"X",12,12]
[13,8,"TOPPING, Jack",7,151,3,2.3333333333333335,"",13,13]
[14,11,"ALDOUS, Brayden",4,118,2,7.333333333333333,"",14,14]
[15,15,"MICKELSEN, Rory",3,78,1,10,"",15,15]
[16,"","","","","","","","",""]
[17,"","","","","","","","",""]
[18,"","","","","","","","",""]
[19,"","","","","","","","",""]
[20,"","","","","","","","",""]
[21,"","","","","","","","",""]
[22,"","","","","","","","",""]
[23,"","","","","","","","",""]
[24,"","","","","","","","",""]
[25,"","","","","","","","",""]
[26,"","","","","","","","",""]
[27,"","","","","","","","",""]
[28,"","","","","","","","",""]
[29,"","","","","","","","",""]
[30,"","","","","","","","",""]
[null,"NORTH NORFOLK BASS FESTIVAL 2018",null,null,null,"Day 1  ZONE B"]
["Zone Number","Peg","Name","No. Fish","Total Weight Points","Weight",null,"Optional Pools","Day 1 Points ","Zone Position"]
[null,null,null,null,null,"(lbs)","(ozs)"]
[1,19,"PROVINS, Colin",11,873,18,3,"X",1,1]
[2,27,"GROSSMAN, Martin",12,802,16,11.333333333333334,"X",2,2]
[3,18,"BANHAM, Jason",9,674,14,0.66666666666666663,"X",3,3]
[4,16,"LOKE, Peter ",19,560,11,10.666666666666666,"X",4,4]
[5,21,"TOVELL, Paul",11,501,10,7,"X",5,5]
[6,26,"MILLS, Rodney",5,450,9,6,"X",6,6]
[7,20,"BURT, Richard",8,377,7,13.666666666666666,"X",7,7]
[8,29,"BRADSHAW, Craig",12,372,7,12,"X",8,8]
[9,28,"FULLER, David",11,334,6,15.333333333333334,"X",9,9]
[10,25,"STEBBINGS, Robert",12,331,6,14.333333333333334,"X",10,10]
[11,24,"SHARMAN, Mark",15,329,6,13.666666666666666,"X",11,11]
[12,22,"THOMAS, Tony",11,311,6,7.666666666666667,"X",12,12]
[13,30,"BRADSHAW, Daine",15,254,5,4.666666666666667,"",13,13]
[14,23,"STONE, Barry",12,213,4,7,"X",14,14]
[15,17,"BANHAM, Mark",7,77,1,9.6666666666666661,"",15,15]
[16,"","","","","","","","",""]
[17,"","","","","","","","",""]
[18,"","","","","","","","",""]
[19,"","","","","","","","",""]
[20,"","","","","","","","",""]
[21,"","","","","","","","",""]
[22,"","","","","","","","",""]
[23,"","","","","","","","",""]
[24,"","","","","","","","",""]
[25,"","","","","","","","",""]
[26,"","","","","","","","",""]
[27,"","","","","","","","",""]
[28,"","","","","","","","",""]
[29,"","","","","","","","",""]
[30,"","","","","","","","",""]
[null,"NORTH NORFOLK BASS FESTIVAL 2018",null,null,null,"Day 1  ZONE C"]
["Zone Number","Peg","Name","No. Fish","Total Weight Points","Weight",null,"Optional Pools","Day 1 Points ","Zone Position"]
[null,null,null,null,null,"(lbs)","(ozs)"]
[1,39,"RANDELL, Henry",14,1248,26,0,"X",1,1]
[2,32,"BROCK, Peter",13,917,19,1.6666666666666667,"X",2,2]
[3,42,"ADAMS, Stephen",19,831,17,5,"X",3,3]
[4,43,"GREEN, Kevin",15,798,16,10,"X",4,4]
[5,45,"GOOCH, Mark",6,711,14,13,"X",5,5]
[6,38,"AKESTER, Jack",10,535,11,2.3333333333333335,"X",6,6]
[7,36,"JONES, Mark",19,486,10,2,"X",7,7]
[8,41,"SMART, Neil",21,465,9,11,"X",8,8]
[9,31,"BIRD, Stacey",12,429,8,15,"X",9,9]
[10,33,"CLEMENT, Alby",10,399,8,5,"X",10,10]
[11,34,"HARVEY, Paul ",7,383,7,15.666666666666666,"X",11,11]
[12,44,"STORER, Paul",5,359,7,7.666666666666667,"X",12,12]
[13,37,"READ, David",8,335,6,15.666666666666666,"X",13,13]
[14,40,"WATTS, Mike",14,262,5,7.333333333333333,"X",14,14]
[15,35,"CHAPMAN, Rob",0,0,0,0,"X",15,15]
[16,"","","","","","","","",""]
[17,"","","","","","","","",""]
[18,"","","","","","","","",""]
[19,"","","","","","","","",""]
[20,"","","","","","","","",""]
[21,"","","","","","","","",""]
[22,"","","","","","","","",""]
[23,"","","","","","","","",""]
[24,"","","","","","","","",""]
[25,"","","","","","","","",""]
[26,"","","","","","","","",""]
[27,"","","","","","","","",""]
[28,"","","","","","","","",""]
[29,"","","","","","","","",""]
[30,"","","","","","","","",""]
[null,"NORTH NORFOLK BASS FESTIVAL 2018",null,null,null,"Day 1  ZONE D"]
["Zone Number","Peg","Name","No. Fish","Total Weight Points","Weight",null,"Optional Pools","Day 1 Points ","Zone Position"]
[null,null,null,null,null,"(lbs)","(ozs)"]
[1,59,"HURCOMBE, Mark",9,1224,25,8,"X",1,1]
[2,51,"DIAPER, Greg",9,871,18,2.3333333333333335,"X",2,2]
[3,54,"HUTSON, Garry",5,803,16,11.666666666666666,"X",3,3]
[4,53,"BORDIANU, Adrian",9,796,16,9.3333333333333339,"X",4,4]
[5,56,"SELF, Bevan",11,734,15,4.666666666666667,"X",5,5]
[6,50,"CANNELL, Chris",6,720,15,0,"X",6,6]
[7,46,"GIBBS, Tom",5,626,13,0.66666666666666663,"X",7,7]
[8,52,"ELLIOTT, Nathan",9,625,13,0.33333333333333331,"X",8,8]
[9,57,"WELLS, Tom",9,574,11,15.333333333333334,"X",9,9]
[10,48,"PICKARD, Colin",6,460,9,9.3333333333333339,"X",10,10]
[11,49,"PINDER, Mark",7,423,8,13,"X",11,11]
[12,47,"SMITH, Andy",8,235,4,14.333333333333334,"X",12,12]
[13,55,"BRIGHTON, Tarrick",6,233,4,13.666666666666666,"X",13,13]
[14,58,"LILL, Jarrod",1,7,0,2.3333333333333335,"X",14,14]
[15,60,"DID NOT FISH 6",0,0,0,0,"",15,15]
[16,"","","","","","","","",""]
[17,"","","","","","","","",""]
[18,"","","","","","","","",""]
[19,"","","","","","","","",""]
[20,"","","","","","","","",""]
[21,"","","","","","","","",""]
[22,"","","","","","","","",""]
[23,"","","","","","","","",""]
[24,"","","","","","","","",""]
[25,"","","","","","","","",""]
[26,"","","","","","","","",""]
[27,"","","","","","","","",""]
[28,"","","","","","","","",""]
[29,"","","","","","","","",""]
[30,"","","","","","","","",""]
[null,"NORTH NORFOLK BASS FESTIVAL 2018",null,null,null,"Day 1  ZONE E"]
["Zone Number","Peg","Name","No. Fish","Total Weight Points","Weight",null,"Optional Pools","Day 1 Points ","Zone Position"]
[null,null,null,null,null,"(lbs)","(ozs)"]
[1,69,"TUCK, Rob",38,2789,58,1.6666666666666667,"X",1,1]
[2,62,"NELSON, Ian",18,1386,28,14,"X",2,2]
[3,71,"SMITH, John",23,1208,25,2.6666666666666665,"X",3,3]
[4,75,"BURR, Dave",9,1004,20,14.666666666666666,"X",4,4]
[5,67,"HARVEY, Matthew",17,950,19,12.666666666666666,"X",5,5]
[6,72,"DIAPER, Barry",17,879,18,5,"X",6,6]
[7,74,"SMITH, George",15,784,16,5.333333333333333,"X",7,7]
[8,65,"HINXMAN, Mark",16,660,13,12,"X",8,8]
[9,66,"MOORING, Luke",20,574,11,15.333333333333334,"X",9,9]
[10,64,"SMITH, Gavin",20,458,9,8.6666666666666661,"X",10,10]
[11,61,"TAYLOR, Robbie",8,295,6,2.3333333333333335,"X",11,11]
[12,68,"BATTLE, Ian",18,255,5,5,"X",12,12]
[13,73,"SMITH, Leon",9,97,2,0.33333333333333331,"X",13,13]
[14,63,"DID NOT FISH 4",0,0,0,0,"",15,15]
[15,70,"DID NOT FISH 1",0,0,0,0,"",15,15]
[16,"","","","","","","","",""]
[17,"","","","","","","","",""]
[18,"","","","","","","","",""]
[19,"","","","","","","","",""]
[20,"","","","","","","","",""]
[21,"","","","","","","","",""]
[22,"","","","","","","","",""]
[23,"","","","","","","","",""]
[24,"","","","","","","","",""]
[25,"","","","","","","","",""]
[26,"","","","","","","","",""]
[27,"","","","","","","","",""]
[28,"","","","","","","","",""]
[29,"","","","","","","","",""]
[30,"","","","","","","","",""]
[null,"NORTH NORFOLK BASS FESTIVAL 2018",null,null,null,"Day 1  ZONE F"]
["Zone Number","Peg","Name","No. Fish","Total Weight Points","Weight",null,"Optional Pools","Day 1 Points ","Zone Position"]
[null,null,null,null,null,"(lbs)","(ozs)"]
[1,89,"BOND, Darren",30,2386,49,11.333333333333334,"X",1,1]
[2,83,"DOY, Alan",17,832,17,5.333333333333333,"X",2,2]
[3,77,"REYNOLDS, Ian",25,806,16,12.666666666666666,"X",3,3]
[4,80,"MEDLER, Gary",23,773,16,1.6666666666666667,"X",4,4]
[5,81,"HAWARD, Nick",10,764,15,14.666666666666666,"X",5,5]
[6,87,"HARVEY, Mark",15,706,14,11.333333333333334,"X",6,6]
[7,90,"TURNER, Cameron",22,592,12,5.333333333333333,"X",7,7]
[8,86,"COLMAN, Mark",21,563,11,11.666666666666666,"X",8,8]
[9,84,"ADAMS, Graham",25,556,11,9.3333333333333339,"X",9,9]
[10,76,"HADDOCK, Roy",8,378,7,14,"X",10,10]
[11,79,"LAY-FLURRIE, Matt",19,341,7,1.6666666666666667,"X",11,11]
[12,88,"LEWIN, Scott",18,335,6,15.666666666666666,"X",12,12]
[13,82,"THORPE, Doug",11,273,5,11,"X",13,13]
[14,78,"DENHOLM, Paul",8,175,3,10.333333333333334,"X",14,14]
[15,85,"DID NOT FISH 5",0,0,0,0,"",15,15]
[16,"","","","","","","","",""]
[17,"","","","","","","","",""]
[18,"","","","","","","","",""]
[19,"","","","","","","","",""]
[20,"","","","","","","","",""]
[21,"","","","","","","","",""]
[22,"","","","","","","","",""]
[23,"","","","","","","","",""]
[24,"","","","","","","","",""]
[25,"","","","","","","","",""]
[26,"","","","","","","","",""]
[27,"","","","","","","","",""]
[28,"","","","","","","","",""]
[29,"","","","","","","","",""]
[30,"","","","","","","","",""]
[null,"NORTH NORFOLK BASS FESTIVAL 2018",null,null,null,"Day 1  ZONE G"]
["Zone Number","Peg","Name","No. Fish","Total Weight Points","Weight",null,"Optional Pools","Day 1 Points ","Zone Position"]
[null,null,null,null,null,"(lbs)","(ozs)"]
[1,94,"BUY, Craig",25,1295,26,15.666666666666666,"X",1,1]
[2,96,"DRAYTON, Simon",27,962,20,0.66666666666666663,"X",2,2]
[3,100,"LAWRENCE, John",32,870,18,2,"X",3,3]
[4,92,"ELEY, Kevin",22,821,17,1.6666666666666667,"X",4,4]
[5,95,"BROWN, Harry",7,609,12,11,"X",5,5]
[6,93,"CROSBY, Ralf",23,566,11,12.666666666666666,"X",6,6]
[7,101,"ROPER, Liam",18,463,9,10.333333333333334,"X",7,7]
[8,103,"BETTINSON, Charles",16,310,6,7.333333333333333,"X",8,8]
[9,91,"AUSTIN, John",7,301,6,4.333333333333333,"X",9,9]
[10,99,"SMITH, Adele",19,287,5,15.666666666666666,"X",10,10]
[11,98,"CARTER, John",18,250,5,3.3333333333333335,"X",11,11]
[12,97,"WOODS, Becky",13,177,3,11,"X",12,12]
[13,105,"LING, Richard",7,56,1,2.6666666666666665,"X",13,13]
[14,102,"DID NOT FISH 3",0,0,0,0,"",15,15]
[15,104,"DID NOT FISH 2",0,0,0,0,"",15,15]
[16,"","","","","","","","",""]
[17,"","","","","","","","",""]
[18,"","","","","","","","",""]
[19,"","","","","","","","",""]
[20,"","","","","","","","",""]
[21,"","","","","","","","",""]
[22,"","","","","","","","",""]
[23,"","","","","","","","",""]
[24,"","","","","","","","",""]
[25,"","","","","","","","",""]
[26,"","","","","","","","",""]
[27,"","","","","","","","",""]
[28,"","","","","","","","",""]
[29,"","","","","","","","",""]
[30,"","","","","","","","",""]
[null,"NORTH NORFOLK BASS FESTIVAL 2018",null,null,null,"Day 1  ZONE H"]
["Zone Number","Peg","Name","No. Fish","Total Weight Points","Weight",null,"Optional Pools","Day 1 Points ","Zone Position"]
[null,null,null,null,null,"(lbs)","(ozs)"]
[1,117,"CROSBY, Colin",25,1671,34,13,"X",1,1]
[2,119,"ADAMS, Lee",22,1547,32,3.6666666666666665,"X",2,2]
[3,107,"NANGLE, Karl",33,1195,24,14.333333333333334,"X",3,3]
[4,115,"GALLACHER, Andy",43,723,15,1,"X",4,4]
[5,113,"FRARY, Charlie",9,613,12,12.333333333333334,"X",5,5]
[6,116,"WHITE, Alan",27,596,12,6.666666666666667,"X",6,6]
[7,111,"WOODS, Graham",26,534,11,2,"X",7,7]
[8,118,"KINGDON, Adam",17,480,10,0,"X",8,8]
[9,114,"HART, Paul",24,378,7,14,"X",9,9]
[10,108,"CREASEY, Shaun",17,314,6,8.6666666666666661,"X",10,10]
[11,120,"KENDRICK, Paul",16,248,5,2.6666666666666665,"X",11,11]
[12,110,"METCALFE, Wendy",12,217,4,8.3333333333333339,"",12,12]
[13,109,"BROWN, Kay",9,97,2,0.33333333333333331,"",13,13]
[14,106,"LAWN, Kimberley",3,78,1,10,"",14,14]
[15,112,"FRARY, June",6,58,1,3.3333333333333335,"X",15,15]
[16,"","","","","","","","",""]
[17,"","","","","","","","",""]
[18,"","","","","","","","",""]
[19,"","","","","","","","",""]
[20,"","","","","","","","",""]
[21,"","","","","","","","",""]
[22,"","","","","","","","",""]
[23,"","","","","","","","",""]
[24,"","","","","","","","",""]
[25,"","","","","","","","",""]
[26,"","","","","","","","",""]
[27,"","","","","","","","",""]
[28,"","","","","","","","",""]

{"sheet":"Day 1 Zone results (BF-Pools)","index":12,"n_rows":130,"n_cols":10,"rows_kept":130,"cut":false,"hidden":false,"merged":[[0,1,0,4],[0,5,0,9],[1,0,2,0],[1,1,2,1],[1,2,2,2],[1,3,2,3],[1,4,2,4],[1,7,2,7],[1,8,2,8],[1,9,2,9],[15,1,15,4],[15,5,15,9],[16,0,17,0],[16,1,17,1],[16,2,17,2],[16,3,17,3],[16,4,17,4],[16,7,17,7],[16,8,17,8],[16,9,17,9],[31,1,31,4],[31,5,31,9],[32,0,33,0],[32,1,33,1],[32,2,33,2],[32,3,33,3],[32,4,33,4],[32,7,33,7],[32,8,33,8],[32,9,33,9],[49,1,49,4],[49,5,49,9],[50,0,51,0],[50,1,51,1],[50,2,51,2],[50,3,51,3],[50,4,51,4],[50,7,51,7],[50,8,51,8],[50,9,51,9],[66,1,66,4],[66,5,66,9],[67,0,68,0],[67,1,68,1],[67,2,68,2],[67,3,68,3],[67,4,68,4],[67,7,68,7],[67,8,68,8],[67,9,68,9],[82,1,82,4],[82,5,82,9],[83,0,84,0],[83,1,84,1],[83,2,84,2],[83,3,84,3],[83,4,84,4],[83,7,84,7],[83,8,84,8],[83,9,84,9],[99,1,99,4],[99,5,99,9],[100,0,101,0],[100,1,101,1],[100,2,101,2],[100,3,101,3],[100,4,101,4],[100,7,101,7],[100,8,101,8],[100,9,101,9],[115,1,115,4],[115,5,115,9],[116,0,117,0],[116,1,117,1],[116,2,117,2],[116,3,117,3],[116,4,117,4],[116,7,117,7],[116,8,117,8],[116,9,117,9]]}
[null,"NORTH NORFOLK BASS FESTIVAL 2018",null,null,null,"Day 1  ZONE A"]
["Zone Number","Peg","Name","No. Fish","Total Weight Points","Weight",null,"Optional Pools","Day 1 Points ","Zone Position"]
[null,null,null,null,null,"(lbs)","(ozs)"]
[1,2,"SHORTHOUSE, Dave",20,856,17,13.333333333333334,"X",1,1]
[2,12,"ALDOUS, David",20,851,17,11.666666666666666,"X",2,2]
[3,1,"BOWELL, Ian",35,840,17,8,"X",3,3]
[4,3,"DRIVER, Ed",18,744,15,8,"X",4,4]
[5,10,"WARD, Mark",30,696,14,8,"X",5,5]
[6,4,"TEMPLE, Billy",16,681,14,3,"X",6,6]
[7,9,"TOPPING, Mike",9,546,11,6,"X",7,7]
[8,5,"HORE, Malcolm",12,443,9,3.6666666666666665,"X",8,8]
[9,13,"SPALL, Chris",22,438,9,2,"X",9,9]
[10,6,"WILSON, Mark",19,398,8,4.666666666666667,"X",10,10]
[11,14,"MICKELSEN, Jon",8,316,6,9.3333333333333339,"X",11,11]
[12,7,"HARRISON, Paul",19,260,5,6.666666666666667,"X",12,12]
[null,"NORTH NORFOLK BASS FESTIVAL 2018",null,null,null,"Day 1  ZONE B"]
["Zone Number","Peg","Name","No. Fish","Total Weight Points","Weight",null,"Optional Pools","Day 1 Points ","Zone Position"]
[null,null,null,null,null,"(lbs)","(ozs)"]
[1,19,"PROVINS, Colin",11,873,18,3,"X",1,1]
[2,27,"GROSSMAN, Martin",12,802,16,11.333333333333334,"X",2,2]
[3,18,"BANHAM, Jason",9,674,14,0.66666666666666663,"X",3,3]
[4,16,"LOKE, Peter ",19,560,11,10.666666666666666,"X",4,4]
[5,21,"TOVELL, Paul",11,501,10,7,"X",5,5]
[6,26,"MILLS, Rodney",5,450,9,6,"X",6,6]
[7,20,"BURT, Richard",8,377,7,13.666666666666666,"X",7,7]
[8,29,"BRADSHAW, Craig",12,372,7,12,"X",8,8]
[9,28,"FULLER, David",11,334,6,15.333333333333334,"X",9,9]
[10,25,"STEBBINGS, Robert",12,331,6,14.333333333333334,"X",10,10]
[11,24,"SHARMAN, Mark",15,329,6,13.666666666666666,"X",11,11]
[12,22,"THOMAS, Tony",11,311,6,7.666666666666667,"X",12,12]
[13,23,"STONE, Barry",12,213,4,7,"X",14,13]
[null,"NORTH NORFOLK BASS FESTIVAL 2018",null,null,null,"Day 1  ZONE C"]
["Zone Number","Peg","Name","No. Fish","Total Weight Points","Weight",null,"Optional Pools","Day 1 Points ","Zone Position"]
[null,null,null,null,null,"(lbs)","(ozs)"]
[1,39,"RANDELL, Henry",14,1248,26,0,"X",1,1]
[2,32,"BROCK, Peter",13,917,19,1.6666666666666667,"X",2,2]
[3,42,"ADAMS, Stephen",19,831,17,5,"X",3,3]
[4,43,"GREEN, Kevin",15,798,16,10,"X",4,4]
[5,45,"GOOCH, Mark",6,711,14,13,"X",5,5]
[6,38,"AKESTER, Jack",10,535,11,2.3333333333333335,"X",6,6]
[7,36,"JONES, Mark",19,486,10,2,"X",7,7]
[8,41,"SMART, Neil",21,465,9,11,"X",8,8]
[9,31,"BIRD, Stacey",12,429,8,15,"X",9,9]
[10,33,"CLEMENT, Alby",10,399,8,5,"X",10,10]
[11,34,"HARVEY, Paul ",7,383,7,15.666666666666666,"X",11,11]
[12,44,"STORER, Paul",5,359,7,7.666666666666667,"X",12,12]
[13,37,"READ, David",8,335,6,15.666666666666666,"X",13,13]
[14,40,"WATTS, Mike",14,262,5,7.333333333333333,"X",14,14]
[15,35,"CHAPMAN, Rob",0,0,0,0,"X",15,15]
[null,"NORTH NORFOLK BASS FESTIVAL 2018",null,null,null,"Day 1  ZONE D"]
["Zone Number","Peg","Name","No. Fish","Total Weight Points","Weight",null,"Optional Pools","Day 1 Points ","Zone Position"]
[null,null,null,null,null,"(lbs)","(ozs)"]
[1,59,"HURCOMBE, Mark",9,1224,25,8,"X",1,1]
[2,51,"DIAPER, Greg",9,871,18,2.3333333333333335,"X",2,2]
[3,54,"HUTSON, Garry",5,803,16,11.666666666666666,"X",3,3]
[4,53,"BORDIANU, Adrian",9,796,16,9.3333333333333339,"X",4,4]
[5,56,"SELF, Bevan",11,734,15,4.666666666666667,"X",5,5]
[6,50,"CANNELL, Chris",6,720,15,0,"X",6,6]
[7,46,"GIBBS, Tom",5,626,13,0.66666666666666663,"X",7,7]
[8,52,"ELLIOTT, Nathan",9,625,13,0.33333333333333331,"X",8,8]
[9,57,"WELLS, Tom",9,574,11,15.333333333333334,"X",9,9]
[10,48,"PICKARD, Colin",6,460,9,9.3333333333333339,"X",10,10]
[11,49,"PINDER, Mark",7,423,8,13,"X",11,11]
[12,47,"SMITH, Andy",8,235,4,14.333333333333334,"X",12,12]
[13,55,"BRIGHTON, Tarrick",6,233,4,13.666666666666666,"X",13,13]
[14,58,"LILL, Jarrod",1,7,0,2.3333333333333335,"X",14,14]
[null,"NORTH NORFOLK BASS FESTIVAL 2018",null,null,null,"Day 1  ZONE E"]
["Zone Number","Peg","Name","No. Fish","Total Weight Points","Weight",null,"Optional Pools","Day 1 Points ","Zone Position"]
[null,null,null,null,null,"(lbs)","(ozs)"]
[1,69,"TUCK, Rob",38,2789,58,1.6666666666666667,"X",1,1]
[2,62,"NELSON, Ian",18,1386,28,14,"X",2,2]
[3,71,"SMITH, John",23,1208,25,2.6666666666666665,"X",3,3]
[4,75,"BURR, Dave",9,1004,20,14.666666666666666,"X",4,4]
[5,67,"HARVEY, Matthew",17,950,19,12.666666666666666,"X",5,5]
[6,72,"DIAPER, Barry",17,879,18,5,"X",6,6]
[7,74,"SMITH, George",15,784,16,5.333333333333333,"X",7,7]
[8,65,"HINXMAN, Mark",16,660,13,12,"X",8,8]
[9,66,"MOORING, Luke",20,574,11,15.333333333333334,"X",9,9]
[10,64,"SMITH, Gavin",20,458,9,8.6666666666666661,"X",10,10]
[11,61,"TAYLOR, Robbie",8,295,6,2.3333333333333335,"X",11,11]
[12,68,"BATTLE, Ian",18,255,5,5,"X",12,12]
[13,73,"SMITH, Leon",9,97,2,0.33333333333333331,"X",13,13]
[null,"NORTH NORFOLK BASS FESTIVAL 2018",null,null,null,"Day 1  ZONE F"]
["Zone Number","Peg","Name","No. Fish","Total Weight Points","Weight",null,"Optional Pools","Day 1 Points ","Zone Position"]
[null,null,null,null,null,"(lbs)","(ozs)"]
[1,89,"BOND, Darren",30,2386,49,11.333333333333334,"X",1,1]
[2,83,"DOY, Alan",17,832,17,5.333333333333333,"X",2,2]
[3,77,"REYNOLDS, Ian",25,806,16,12.666666666666666,"X",3,3]
[4,80,"MEDLER, Gary",23,773,16,1.6666666666666667,"X",4,4]
[5,81,"HAWARD, Nick",10,764,15,14.666666666666666,"X",5,5]
[6,87,"HARVEY, Mark",15,706,14,11.333333333333334,"X",6,6]
[7,90,"TURNER, Cameron",22,592,12,5.333333333333333,"X",7,7]
[8,86,"COLMAN, Mark",21,563,11,11.666666666666666,"X",8,8]
[9,84,"ADAMS, Graham",25,556,11,9.3333333333333339,"X",9,9]
[10,76,"HADDOCK, Roy",8,378,7,14,"X",10,10]
[11,79,"LAY-FLURRIE, Matt",19,341,7,1.6666666666666667,"X",11,11]
[12,88,"LEWIN, Scott",18,335,6,15.666666666666666,"X",12,12]
[13,82,"THORPE, Doug",11,273,5,11,"X",13,13]
[14,78,"DENHOLM, Paul",8,175,3,10.333333333333334,"X",14,14]
[null,"NORTH NORFOLK BASS FESTIVAL 2018",null,null,null,"Day 1  ZONE G"]
["Zone Number","Peg","Name","No. Fish","Total Weight Points","Weight",null,"Optional Pools","Day 1 Points ","Zone Position"]
[null,null,null,null,null,"(lbs)","(ozs)"]
[1,94,"BUY, Craig",25,1295,26,15.666666666666666,"X",1,1]
[2,96,"DRAYTON, Simon",27,962,20,0.66666666666666663,"X",2,2]
[3,100,"LAWRENCE, John",32,870,18,2,"X",3,3]
[4,92,"ELEY, Kevin",22,821,17,1.6666666666666667,"X",4,4]
[5,95,"BROWN, Harry",7,609,12,11,"X",5,5]
[6,93,"CROSBY, Ralf",23,566,11,12.666666666666666,"X",6,6]
[7,101,"ROPER, Liam",18,463,9,10.333333333333334,"X",7,7]
[8,103,"BETTINSON, Charles",16,310,6,7.333333333333333,"X",8,8]
[9,91,"AUSTIN, John",7,301,6,4.333333333333333,"X",9,9]
[10,99,"SMITH, Adele",19,287,5,15.666666666666666,"X",10,10]
[11,98,"CARTER, John",18,250,5,3.3333333333333335,"X",11,11]
[12,97,"WOODS, Becky",13,177,3,11,"X",12,12]
[13,105,"LING, Richard",7,56,1,2.6666666666666665,"X",13,13]
[null,"NORTH NORFOLK BASS FESTIVAL 2018",null,null,null,"Day 1  ZONE H"]
["Zone Number","Peg","Name","No. Fish","Total Weight Points","Weight",null,"Optional Pools","Day 1 Points ","Zone Position"]
[null,null,null,null,null,"(lbs)","(ozs)"]
[1,117,"CROSBY, Colin",25,1671,34,13,"X",1,1]
[2,119,"ADAMS, Lee",22,1547,32,3.6666666666666665,"X",2,2]
[3,107,"NANGLE, Karl",33,1195,24,14.333333333333334,"X",3,3]
[4,115,"GALLACHER, Andy",43,723,15,1,"X",4,4]
[5,113,"FRARY, Charlie",9,613,12,12.333333333333334,"X",5,5]
[6,116,"WHITE, Alan",27,596,12,6.666666666666667,"X",6,6]
[7,111,"WOODS, Graham",26,534,11,2,"X",7,7]
[8,118,"KINGDON, Adam",17,480,10,0,"X",8,8]
[9,114,"HART, Paul",24,378,7,14,"X",9,9]
[10,108,"CREASEY, Shaun",17,314,6,8.6666666666666661,"X",10,10]
[11,120,"KENDRICK, Paul",16,248,5,2.6666666666666665,"X",11,11]
[12,112,"FRARY, June",6,58,1,3.3333333333333335,"X",15,12]

{"sheet":"Day 2 Zone results (All)","index":13,"n_rows":262,"n_cols":10,"rows_kept":262,"cut":false,"hidden":false,"merged":[[0,1,0,4],[0,5,0,9],[1,0,2,0],[1,1,2,1],[1,2,2,2],[1,3,2,3],[1,4,2,4],[1,7,2,7],[1,8,2,8],[1,9,2,9],[33,1,33,4],[33,5,33,9],[34,0,35,0],[34,1,35,1],[34,2,35,2],[34,3,35,3],[34,4,35,4],[34,7,35,7],[34,8,35,8],[34,9,35,9],[66,1,66,4],[66,5,66,9],[67,0,68,0],[67,1,68,1],[67,2,68,2],[67,3,68,3],[67,4,68,4],[67,7,68,7],[67,8,68,8],[67,9,68,9],[99,1,99,4],[99,5,99,9],[100,0,101,0],[100,1,101,1],[100,2,101,2],[100,3,101,3],[100,4,101,4],[100,7,101,7],[100,8,101,8],[100,9,101,9],[132,1,132,4],[132,5,132,9],[133,0,134,0],[133,1,134,1],[133,2,134,2],[133,3,134,3],[133,4,134,4],[133,7,134,7],[133,8,134,8],[133,9,134,9],[165,1,165,4],[165,5,165,9],[166,0,167,0],[166,1,167,1],[166,2,167,2],[166,3,167,3],[166,4,167,4],[166,7,167,7],[166,8,167,8],[166,9,167,9],[198,1,198,4],[198,5,198,9],[199,0,200,0],[199,1,200,1],[199,2,200,2],[199,3,200,3],[199,4,200,4],[199,7,200,7],[199,8,200,8],[199,9,200,9],[231,1,231,4],[231,5,231,9],[232,0,233,0],[232,1,233,1],[232,2,233,2],[232,3,233,3],[232,4,233,4],[232,7,233,7],[232,8,233,8],[232,9,233,9]]}
[null,"NORTH NORFOLK BASS FESTIVAL 2018",null,null,null,"Day 2  ZONE A"]
["Zone Number","Peg","Name","No. Fish","Total Weight Points","Weight",null,"Optional Pools","Day 2 Points ","Zone Position"]
[null,null,null,null,null,"(lbs)","(ozs)"]
[1,5,"MEDLER, Gary",13,373,7,12.333333333333334,"X",1,1]
[2,2,"SMITH, George",24,310,6,7.333333333333333,"X",2,2]
[3,8,"SMITH, John",13,201,4,3,"X",3,3]
[4,14,"HARVEY, Matthew",9,197,4,1.6666666666666667,"X",4,4]
[5,3,"ADAMS, Graham",17,172,3,9.3333333333333339,"X",5,5]
[6,6,"DIAPER, Barry",14,157,3,4.333333333333333,"X",6,6]
[7,1,"DOY, Alan",12,139,2,14.333333333333334,"X",7,7]
[8,9,"MOORING, Luke",11,129,2,11,"X",8,8]
[9,13,"LAY-FLURRIE, Matt",11,125,2,9.6666666666666661,"X",9,9]
[10,7,"CARTER, John",11,109,2,4.333333333333333,"X",10,10]
[11,11,"DRAYTON, Simon",9,102,2,2,"X",11,11]
[12,4,"COLMAN, Mark",7,93,1,15,"X",12,12]
[13,15,"BUY, Craig",10,88,1,13.333333333333334,"X",13,13]
[14,12,"KENDRICK, Paul",11,85,1,12.333333333333334,"X",14,14]
[15,10,"BROWN, Harry",0,0,0,0,"X",15,15]
[16,"","","","","","","","",""]
[17,"","","","","","","","",""]
[18,"","","","","","","","",""]
[19,"","","","","","","","",""]
[20,"","","","","","","","",""]
[21,"","","","","","","","",""]
[22,"","","","","","","","",""]
[23,"","","","","","","","",""]
[24,"","","","","","","","",""]
[25,"","","","","","","","",""]
[26,"","","","","","","","",""]
[27,"","","","","","","","",""]
[28,"","","","","","","","",""]
[29,"","","","","","","","",""]
[30,"","","","","","","","",""]
[null,"NORTH NORFOLK BASS FESTIVAL 2018",null,null,null,"Day 2  ZONE B"]
["Zone Number","Peg","Name","No. Fish","Total Weight Points","Weight",null,"Optional Pools","Day 2 Points ","Zone Position"]
[null,null,null,null,null,"(lbs)","(ozs)"]
[1,26,"BOND, Darren",10,346,7,3.3333333333333335,"X",1,1]
[2,28,"SMITH, Gavin",13,215,4,7.666666666666667,"X",2,2]
[3,19,"FRARY, Charlie",20,213,4,7,"X",3,3]
[4,25,"WOODS, Becky",17,184,3,13.333333333333334,"X",4,4]
[5,16,"NANGLE, Karl",15,174,3,10,"X",5,5]
[6,20,"SMITH, Adele",13,137,2,13.666666666666666,"X",6,6]
[7,22,"BETTINSON, Charles",10,136,2,13.333333333333334,"X",7,7]
[8,29,"HINXMAN, Mark",10,124,2,9.3333333333333339,"X",8,8]
[9,23,"METCALFE, Wendy",10,94,1,15.333333333333334,"",9,9]
[10,17,"DENHOLM, Paul",3,84,1,12,"X",10,10]
[11,27,"LAWN, Kimberley",6,80,1,10.666666666666666,"",11,11]
[12,30,"LING, Richard",5,54,1,2,"X",12,12]
[13,24,"BROWN, Kay",4,44,0,14.666666666666666,"",13,13]
[14,18,"FRARY, June",5,43,0,14.333333333333334,"X",14,14]
[15,21,"DID NOT FISH 2",0,0,0,0,"",15,15]
[16,"","","","","","","","",""]
[17,"","","","","","","","",""]
[18,"","","","","","","","",""]
[19,"","","","","","","","",""]
[20,"","","","","","","","",""]
[21,"","","","","","","","",""]
[22,"","","","","","","","",""]
[23,"","","","","","","","",""]
[24,"","","","","","","","",""]
[25,"","","","","","","","",""]
[26,"","","","","","","","",""]
[27,"","","","","","","","",""]
[28,"","","","","","","","",""]
[29,"","","","","","","","",""]
[30,"","","","","","","","",""]
[null,"NORTH NORFOLK BASS FESTIVAL 2018",null,null,null,"Day 2  ZONE C"]
["Zone Number","Peg","Name","No. Fish","Total Weight Points","Weight",null,"Optional Pools","Day 2 Points ","Zone Position"]
[null,null,null,null,null,"(lbs)","(ozs)"]
[1,32,"HAWARD, Nick",4,501,10,7,"X",1,1]
[2,37,"TUCK, Rob",10,471,9,13,"X",2,2]
[3,34,"THORPE, Doug",20,283,5,14.333333333333334,"X",3,3]
[4,35,"TAYLOR, Robbie",13,271,5,10.333333333333334,"X",4,4]
[5,38,"LAWRENCE, John",14,233,4,13.666666666666666,"X",5,5]
[6,36,"WHITE, Alan",16,191,3,15.666666666666666,"X",6,6]
[7,41,"BURR, Dave",7,148,3,1.3333333333333333,"X",7,7]
[8,40,"ADAMS, Lee",13,139,2,14.333333333333334,"X",8,8]
[9,43,"REYNOLDS, Ian",8,120,2,8,"X",9,9]
[10,42,"CROSBY, Ralf",10,118,2,7.333333333333333,"X",10,10]
[11,39,"AUSTIN, John",4,86,1,12.666666666666666,"X",11,11]
[12,44,"CROSBY, Colin",2,49,1,0.33333333333333331,"X",12,12]
[13,33,"HARVEY, Mark",2,21,0,7,"X",13,13]
[14,31,"DID NOT FISH 4",0,0,0,0,"",15,15]
[15,45,"DID NOT FISH 3",0,0,0,0,"",15,15]
[16,"","","","","","","","",""]
[17,"","","","","","","","",""]
[18,"","","","","","","","",""]
[19,"","","","","","","","",""]
[20,"","","","","","","","",""]
[21,"","","","","","","","",""]
[22,"","","","","","","","",""]
[23,"","","","","","","","",""]
[24,"","","","","","","","",""]
[25,"","","","","","","","",""]
[26,"","","","","","","","",""]
[27,"","","","","","","","",""]
[28,"","","","","","","","",""]
[29,"","","","","","","","",""]
[30,"","","","","","","","",""]
[null,"NORTH NORFOLK BASS FESTIVAL 2018",null,null,null,"Day 2  ZONE D"]
["Zone Number","Peg","Name","No. Fish","Total Weight Points","Weight",null,"Optional Pools","Day 2 Points ","Zone Position"]
[null,null,null,null,null,"(lbs)","(ozs)"]
[1,56,"TURNER, Cameron",8,232,4,13.333333333333334,"X",1,1]
[2,51,"WOODS, Graham",3,211,4,6.333333333333333,"X",2,2]
[3,49,"NELSON, Ian",6,176,3,10.666666666666666,"X",3,3]
[4,59,"GALLACHER, Andy",8,169,3,8.3333333333333339,"X",4,4]
[5,58,"KINGDON, Adam",9,120,2,8,"X",5,5]
[6,50,"BATTLE, Ian",8,96,2,0,"X",6,6]
[7,54,"HART, Paul",6,71,1,7.666666666666667,"X",7,7]
[8,55,"LEWIN, Scott",2,43,0,14.333333333333334,"X",8,8]
[9,57,"CREASEY, Shaun",1,40,0,13.333333333333334,"X",9,9]
[10,60,"HADDOCK, Roy",2,38,0,12.666666666666666,"X",10,10]
[11,47,"ROPER, Liam",3,21,0,7,"X",11,11]
[12,53,"SMITH, Leon",1,5,0,1.6666666666666667,"X",12,12]
[13,46,"ELEY, Kevin",0,0,0,0,"X",15,15]
[14,48,"DID NOT FISH 5",0,0,0,0,"",15,15]
[15,52,"DID NOT FISH 1",0,0,0,0,"",15,15]
[16,"","","","","","","","",""]
[17,"","","","","","","","",""]
[18,"","","","","","","","",""]
[19,"","","","","","","","",""]
[20,"","","","","","","","",""]
[21,"","","","","","","","",""]
[22,"","","","","","","","",""]
[23,"","","","","","","","",""]
[24,"","","","","","","","",""]
[25,"","","","","","","","",""]
[26,"","","","","","","","",""]
[27,"","","","","","","","",""]
[28,"","","","","","","","",""]
[29,"","","","","","","","",""]
[30,"","","","","","","","",""]
[null,"NORTH NORFOLK BASS FESTIVAL 2018",null,null,null,"Day 2  ZONE E"]
["Zone Number","Peg","Name","No. Fish","Total Weight Points","Weight",null,"Optional Pools","Day 2 Points ","Zone Position"]
[null,null,null,null,null,"(lbs)","(ozs)"]
[1,65,"SPALL, Chris",24,966,20,2,"X",1,1]
[2,66,"STEBBINGS, Robert",13,941,19,9.6666666666666661,"X",2,2]
[3,73,"WELLS, Tom",19,748,15,9.3333333333333339,"X",3,3]
[4,61,"HARVEY, Paul ",14,694,14,7.333333333333333,"X",4,4]
[5,62,"PICKARD, Colin",24,664,13,13.333333333333334,"X",5,5]
[6,75,"ELLIOTT, Nathan",11,392,8,2.6666666666666665,"X",6,6]
[7,63,"AKESTER, Jack",18,303,6,5,"X",7,7]
[8,71,"ALDOUS, David",20,275,5,11.666666666666666,"X",8,8]
[9,72,"BIRD, Stacey",12,255,5,5,"X",9,9]
[10,67,"DRIVER, Ed",11,243,5,1,"X",10,10]
[11,69,"BRIGHTON, Tarrick",6,238,4,15.333333333333334,"X",11,11]
[12,68,"SMART, Neil",5,222,4,10,"X",12,12]
[13,70,"ALDOUS, Brayden",3,112,2,5.333333333333333,"",13,13]
[14,64,"SELF, Bevan",6,100,2,1.3333333333333333,"X",14,14]
[15,74,"DID NOT FISH 6",0,0,0,0,"",15,15]
[16,"","","","","","","","",""]
[17,"","","","","","","","",""]
[18,"","","","","","","","",""]
[19,"","","","","","","","",""]
[20,"","","","","","","","",""]
[21,"","","","","","","","",""]
[22,"","","","","","","","",""]
[23,"","","","","","","","",""]
[24,"","","","","","","","",""]
[25,"","","","","","","","",""]
[26,"","","","","","","","",""]
[27,"","","","","","","","",""]
[28,"","","","","","","","",""]
[29,"","","","","","","","",""]
[30,"","","","","","","","",""]
[null,"NORTH NORFOLK BASS FESTIVAL 2018",null,null,null,"Day 2  ZONE F"]
["Zone Number","Peg","Name","No. Fish","Total Weight Points","Weight",null,"Optional Pools","Day 2 Points ","Zone Position"]
[null,null,null,null,null,"(lbs)","(ozs)"]
[1,87,"CANNELL, Chris",8,616,12,13.333333333333334,"X",1,1]
[2,76,"ADAMS, Stephen",24,494,10,4.666666666666667,"X",2,2]
[3,83,"BURT, Richard",19,419,8,11.666666666666666,"X",3,3]
[4,89,"BRADSHAW, Craig",8,382,7,15.333333333333334,"X",4,4]
[5,84,"SHORTHOUSE, Dave",19,328,6,13.333333333333334,"X",5,5]
[6,85,"BORDIANU, Adrian",20,320,6,10.666666666666666,"X",6,6]
[7,82,"GIBBS, Tom",3,310,6,7.333333333333333,"X",7,7]
[8,81,"BANHAM, Jason",13,287,5,15.666666666666666,"X",8,8]
[9,77,"HARRISON, Paul",15,231,4,13,"X",9,9]
[10,90,"BRADSHAW, Daine",13,214,4,7.333333333333333,"",10,10]
[11,79,"DIAPER, Greg",12,157,3,4.333333333333333,"X",11,11]
[12,80,"BANHAM, Mark",3,152,3,2.6666666666666665,"",12,12]
[13,88,"BOWELL, Ian",11,134,2,12.666666666666666,"X",13,13]
[14,78,"GREEN, Kevin",7,132,2,12,"X",14,14]
[15,86,"HORE, Malcolm",6,73,1,8.3333333333333339,"X",15,15]
[16,"","","","","","","","",""]
[17,"","","","","","","","",""]
[18,"","","","","","","","",""]
[19,"","","","","","","","",""]
[20,"","","","","","","","",""]
[21,"","","","","","","","",""]
[22,"","","","","","","","",""]
[23,"","","","","","","","",""]
[24,"","","","","","","","",""]
[25,"","","","","","","","",""]
[26,"","","","","","","","",""]
[27,"","","","","","","","",""]
[28,"","","","","","","","",""]
[29,"","","","","","","","",""]
[30,"","","","","","","","",""]
[null,"NORTH NORFOLK BASS FESTIVAL 2018",null,null,null,"Day 2  ZONE G"]
["Zone Number","Peg","Name","No. Fish","Total Weight Points","Weight",null,"Optional Pools","Day 2 Points ","Zone Position"]
[null,null,null,null,null,"(lbs)","(ozs)"]
[1,102,"PINDER, Mark",21,979,20,6.333333333333333,"X",1,1]
[2,99,"READ, David",15,909,18,15,"X",2,2]
[3,92,"JONES, Mark",16,584,12,2.6666666666666665,"X",3,3]
[4,94,"WATTS, Mike",25,556,11,9.3333333333333339,"X",4,4]
[5,93,"RANDELL, Henry",28,484,10,1.3333333333333333,"X",5,5]
[6,96,"STORER, Paul",25,455,9,7.666666666666667,"X",6,6]
[7,101,"MILLS, Rodney",9,305,6,5.666666666666667,"X",7,7]
[8,105,"TOPPING, Mike",8,245,5,1.6666666666666667,"X",8,8]
[9,103,"MICKELSEN, Jon",8,172,3,9.3333333333333339,"X",9,9]
[10,95,"TOVELL, Paul",4,138,2,14,"X",10,10]
[11,97,"TEMPLE, Billy",9,129,2,11,"X",11,11]
[12,100,"SMITH, Andy",7,107,2,3.6666666666666665,"X",12,12]
[13,91,"BROCK, Peter",6,100,2,1.3333333333333333,"X",13,13]
[14,104,"MICKELSEN, Rory",2,68,1,6.666666666666667,"",14,14]
[15,98,"CHAPMAN, Rob",0,0,0,0,"X",15,15]
[16,"","","","","","","","",""]
[17,"","","","","","","","",""]
[18,"","","","","","","","",""]
[19,"","","","","","","","",""]
[20,"","","","","","","","",""]
[21,"","","","","","","","",""]
[22,"","","","","","","","",""]
[23,"","","","","","","","",""]
[24,"","","","","","","","",""]
[25,"","","","","","","","",""]
[26,"","","","","","","","",""]
[27,"","","","","","","","",""]
[28,"","","","","","","","",""]
[29,"","","","","","","","",""]
[30,"","","","","","","","",""]
[null,"NORTH NORFOLK BASS FESTIVAL 2018",null,null,null,"Day 2  ZONE H"]
["Zone Number","Peg","Name","No. Fish","Total Weight Points","Weight",null,"Optional Pools","Day 2 Points ","Zone Position"]
[null,null,null,null,null,"(lbs)","(ozs)"]
[1,115,"GOOCH, Mark",22,1322,27,8.6666666666666661,"X",1,1]
[2,118,"WILSON, Mark",11,1206,25,2,"X",2,2]
[3,120,"WARD, Mark",25,1107,23,1,"X",3,3]
[4,114,"CLEMENT, Alby",16,794,16,8.6666666666666661,"X",4,4]
[5,116,"PROVINS, Colin",20,786,16,6,"X",5,5]
[6,110,"SHARMAN, Mark",20,667,13,14.333333333333334,"X",6,6]
[7,108,"HUTSON, Garry",19,523,10,14.333333333333334,"X",7,7]
[8,112,"GROSSMAN, Martin",7,453,9,7,"X",8,8]
[9,109,"HURCOMBE, Mark",16,358,7,7.333333333333333,"X",9,9]
[10,107,"STONE, Barry",9,286,5,15.333333333333334,"X",10,10]
[11,117,"LOKE, Peter ",10,266,5,8.6666666666666661,"X",11,11]
[12,111,"FULLER, David",12,257,5,5.666666666666667,"X",12,12]
[13,113,"THOMAS, Tony",4,182,3,12.666666666666666,"X",13,13]
[14,119,"LILL, Jarrod",5,175,3,10.333333333333334,"X",14,14]
[15,106,"TOPPING, Jack",1,62,1,4.666666666666667,"",15,15]
[16,"","","","","","","","",""]
[17,"","","","","","","","",""]
[18,"","","","","","","","",""]
[19,"","","","","","","","",""]
[20,"","","","","","","","",""]
[21,"","","","","","","","",""]
[22,"","","","","","","","",""]
[23,"","","","","","","","",""]
[24,"","","","","","","","",""]
[25,"","","","","","","","",""]
[26,"","","","","","","","",""]
[27,"","","","","","","","",""]
[28,"","","","","","","","",""]

{"sheet":"Day 2 Zone results (BF-Pools)","index":14,"n_rows":264,"n_cols":10,"rows_kept":264,"cut":false,"hidden":false,"merged":[[0,1,0,4],[0,5,0,9],[1,0,2,0],[1,1,2,1],[1,2,2,2],[1,3,2,3],[1,4,2,4],[1,7,2,7],[1,8,2,8],[1,9,2,9],[33,1,33,4],[33,5,33,9],[34,0,35,0],[34,1,35,1],[34,2,35,2],[34,3,35,3],[34,4,35,4],[34,7,35,7],[34,8,35,8],[34,9,35,9],[66,1,66,4],[66,5,66,9],[67,0,68,0],[67,1,68,1],[67,2,68,2],[67,3,68,3],[67,4,68,4],[67,7,68,7],[67,8,68,8],[67,9,68,9],[99,1,99,4],[99,5,99,9],[100,0,101,0],[100,1,101,1],[100,2,101,2],[100,3,101,3],[100,4,101,4],[100,7,101,7],[100,8,101,8],[100,9,101,9],[132,1,132,4],[132,5,132,9],[133,0,134,0],[133,1,134,1],[133,2,134,2],[133,3,134,3],[133,4,134,4],[133,7,134,7],[133,8,134,8],[133,9,134,9],[165,1,165,4],[165,5,165,9],[166,0,167,0],[166,1,167,1],[166,2,167,2],[166,3,167,3],[166,4,167,4],[166,7,167,7],[166,8,167,8],[166,9,167,9],[198,1,198,4],[198,5,198,9],[199,0,200,0],[199,1,200,1],[199,2,200,2],[199,3,200,3],[199,4,200,4],[199,7,200,7],[199,8,200,8],[199,9,200,9],[231,1,231,4],[231,5,231,9],[232,0,233,0],[232,1,233,1],[232,2,233,2],[232,3,233,3],[232,4,233,4],[232,7,233,7],[232,8,233,8],[232,9,233,9]]}
[null,"NORTH NORFOLK BASS FESTIVAL 2018",null,null,null,"Day 2  ZONE A"]
["Zone Number","Peg","Name","No. Fish","Total Weight Points","Weight",null,"Optional Pools","Day 2 Points ","Zone Position"]
[null,null,null,null,null,"(lbs)","(ozs)"]
[1,5,"MEDLER, Gary",13,373,7,12.333333333333334,"X",1,1]
[2,2,"SMITH, George",24,310,6,7.333333333333333,"X",2,2]
[3,8,"SMITH, John",13,201,4,3,"X",3,3]
[4,14,"HARVEY, Matthew",9,197,4,1.6666666666666667,"X",4,4]
[5,3,"ADAMS, Graham",17,172,3,9.3333333333333339,"X",5,5]
[6,6,"DIAPER, Barry",14,157,3,4.333333333333333,"X",6,6]
[7,1,"DOY, Alan",12,139,2,14.333333333333334,"X",7,7]
[8,9,"MOORING, Luke",11,129,2,11,"X",8,8]
[9,13,"LAY-FLURRIE, Matt",11,125,2,9.6666666666666661,"X",9,9]
[10,7,"CARTER, John",11,109,2,4.333333333333333,"X",10,10]
[11,11,"DRAYTON, Simon",9,102,2,2,"X",11,11]
[12,4,"COLMAN, Mark",7,93,1,15,"X",12,12]
[13,15,"BUY, Craig",10,88,1,13.333333333333334,"X",13,13]
[14,12,"KENDRICK, Paul",11,85,1,12.333333333333334,"X",14,14]
[15,10,"BROWN, Harry",0,0,0,0,"X",15,15]
[16,"","","","","","","","",""]
[17,"","","","","","","","",""]
[18,"","","","","","","","",""]
[19,"","","","","","","","",""]
[20,"","","","","","","","",""]
[21,"","","","","","","","",""]
[22,"","","","","","","","",""]
[23,"","","","","","","","",""]
[24,"","","","","","","","",""]
[25,"","","","","","","","",""]
[26,"","","","","","","","",""]
[27,"","","","","","","","",""]
[28,"","","","","","","","",""]
[29,"","","","","","","","",""]
[30,"","","","","","","","",""]
[null,"NORTH NORFOLK BASS FESTIVAL 2018",null,null,null,"Day 2  ZONE B"]
["Zone Number","Peg","Name","No. Fish","Total Weight Points","Weight",null,"Optional Pools","Day 2 Points ","Zone Position"]
[null,null,null,null,null,"(lbs)","(ozs)"]
[1,26,"BOND, Darren",10,346,7,3.3333333333333335,"X",1,1]
[2,28,"SMITH, Gavin",13,215,4,7.666666666666667,"X",2,2]
[3,19,"FRARY, Charlie",20,213,4,7,"X",3,3]
[4,25,"WOODS, Becky",17,184,3,13.333333333333334,"X",4,4]
[5,16,"NANGLE, Karl",15,174,3,10,"X",5,5]
[6,20,"SMITH, Adele",13,137,2,13.666666666666666,"X",6,6]
[7,22,"BETTINSON, Charles",10,136,2,13.333333333333334,"X",7,7]
[8,29,"HINXMAN, Mark",10,124,2,9.3333333333333339,"X",8,8]
[9,17,"DENHOLM, Paul",3,84,1,12,"X",10,9]
[10,30,"LING, Richard",5,54,1,2,"X",12,10]
[11,18,"FRARY, June",5,43,0,14.333333333333334,"X",14,11]
[12,"","","","","","","","",""]
[13,"","","","","","","","",""]
[14,"","","","","","","","",""]
[15,"","","","","","","","",""]
[16,"","","","","","","","",""]
[17,"","","","","","","","",""]
[18,"","","","","","","","",""]
[19,"","","","","","","","",""]
[20,"","","","","","","","",""]
[21,"","","","","","","","",""]
[22,"","","","","","","","",""]
[23,"","","","","","","","",""]
[24,"","","","","","","","",""]
[25,"","","","","","","","",""]
[26,"","","","","","","","",""]
[27,"","","","","","","","",""]
[28,"","","","","","","","",""]
[29,"","","","","","","","",""]
[30,"","","","","","","","",""]
[null,"NORTH NORFOLK BASS FESTIVAL 2018",null,null,null,"Day 2  ZONE C"]
["Zone Number","Peg","Name","No. Fish","Total Weight Points","Weight",null,"Optional Pools","Day 2 Points ","Zone Position"]
[null,null,null,null,null,"(lbs)","(ozs)"]
[1,32,"HAWARD, Nick",4,501,10,7,"X",1,1]
[2,37,"TUCK, Rob",10,471,9,13,"X",2,2]
[3,34,"THORPE, Doug",20,283,5,14.333333333333334,"X",3,3]
[4,35,"TAYLOR, Robbie",13,271,5,10.333333333333334,"X",4,4]
[5,38,"LAWRENCE, John",14,233,4,13.666666666666666,"X",5,5]
[6,36,"WHITE, Alan",16,191,3,15.666666666666666,"X",6,6]
[7,41,"BURR, Dave",7,148,3,1.3333333333333333,"X",7,7]
[8,40,"ADAMS, Lee",13,139,2,14.333333333333334,"X",8,8]
[9,43,"REYNOLDS, Ian",8,120,2,8,"X",9,9]
[10,42,"CROSBY, Ralf",10,118,2,7.333333333333333,"X",10,10]
[11,39,"AUSTIN, John",4,86,1,12.666666666666666,"X",11,11]
[12,44,"CROSBY, Colin",2,49,1,0.33333333333333331,"X",12,12]
[13,33,"HARVEY, Mark",2,21,0,7,"X",13,13]
[14,"","","","","","","","",""]
[15,"","","","","","","","",""]
[16,"","","","","","","","",""]
[17,"","","","","","","","",""]
[18,"","","","","","","","",""]
[19,"","","","","","","","",""]
[20,"","","","","","","","",""]
[21,"","","","","","","","",""]
[22,"","","","","","","","",""]
[23,"","","","","","","","",""]
[24,"","","","","","","","",""]
[25,"","","","","","","","",""]
[26,"","","","","","","","",""]
[27,"","","","","","","","",""]
[28,"","","","","","","","",""]
[29,"","","","","","","","",""]
[30,"","","","","","","","",""]
[null,"NORTH NORFOLK BASS FESTIVAL 2018",null,null,null,"Day 2  ZONE D"]
["Zone Number","Peg","Name","No. Fish","Total Weight Points","Weight",null,"Optional Pools","Day 2 Points ","Zone Position"]
[null,null,null,null,null,"(lbs)","(ozs)"]
[1,56,"TURNER, Cameron",8,232,4,13.333333333333334,"X",1,1]
[2,51,"WOODS, Graham",3,211,4,6.333333333333333,"X",2,2]
[3,49,"NELSON, Ian",6,176,3,10.666666666666666,"X",3,3]
[4,59,"GALLACHER, Andy",8,169,3,8.3333333333333339,"X",4,4]
[5,58,"KINGDON, Adam",9,120,2,8,"X",5,5]
[6,50,"BATTLE, Ian",8,96,2,0,"X",6,6]
[7,54,"HART, Paul",6,71,1,7.666666666666667,"X",7,7]
[8,55,"LEWIN, Scott",2,43,0,14.333333333333334,"X",8,8]
[9,57,"CREASEY, Shaun",1,40,0,13.333333333333334,"X",9,9]
[10,60,"HADDOCK, Roy",2,38,0,12.666666666666666,"X",10,10]
[11,47,"ROPER, Liam",3,21,0,7,"X",11,11]
[12,53,"SMITH, Leon",1,5,0,1.6666666666666667,"X",12,12]
[13,46,"ELEY, Kevin",0,0,0,0,"X",15,15]
[14,"","","","","","","","",""]
[15,"","","","","","","","",""]
[16,"","","","","","","","",""]
[17,"","","","","","","","",""]
[18,"","","","","","","","",""]
[19,"","","","","","","","",""]
[20,"","","","","","","","",""]
[21,"","","","","","","","",""]
[22,"","","","","","","","",""]
[23,"","","","","","","","",""]
[24,"","","","","","","","",""]
[25,"","","","","","","","",""]
[26,"","","","","","","","",""]
[27,"","","","","","","","",""]
[28,"","","","","","","","",""]
[29,"","","","","","","","",""]
[30,"","","","","","","","",""]
[null,"NORTH NORFOLK BASS FESTIVAL 2018",null,null,null,"Day 2  ZONE E"]
["Zone Number","Peg","Name","No. Fish","Total Weight Points","Weight",null,"Optional Pools","Day 2 Points ","Zone Position"]
[null,null,null,null,null,"(lbs)","(ozs)"]
[1,65,"SPALL, Chris",24,966,20,2,"X",1,1]
[2,66,"STEBBINGS, Robert",13,941,19,9.6666666666666661,"X",2,2]
[3,73,"WELLS, Tom",19,748,15,9.3333333333333339,"X",3,3]
[4,61,"HARVEY, Paul ",14,694,14,7.333333333333333,"X",4,4]
[5,62,"PICKARD, Colin",24,664,13,13.333333333333334,"X",5,5]
[6,75,"ELLIOTT, Nathan",11,392,8,2.6666666666666665,"X",6,6]
[7,63,"AKESTER, Jack",18,303,6,5,"X",7,7]
[8,71,"ALDOUS, David",20,275,5,11.666666666666666,"X",8,8]
[9,72,"BIRD, Stacey",12,255,5,5,"X",9,9]
[10,67,"DRIVER, Ed",11,243,5,1,"X",10,10]
[11,69,"BRIGHTON, Tarrick",6,238,4,15.333333333333334,"X",11,11]
[12,68,"SMART, Neil",5,222,4,10,"X",12,12]
[13,64,"SELF, Bevan",6,100,2,1.3333333333333333,"X",14,13]
[14,"","","","","","","","",""]
[15,"","","","","","","","",""]
[16,"","","","","","","","",""]
[17,"","","","","","","","",""]
[18,"","","","","","","","",""]
[19,"","","","","","","","",""]
[20,"","","","","","","","",""]
[21,"","","","","","","","",""]
[22,"","","","","","","","",""]
[23,"","","","","","","","",""]
[24,"","","","","","","","",""]
[25,"","","","","","","","",""]
[26,"","","","","","","","",""]
[27,"","","","","","","","",""]
[28,"","","","","","","","",""]
[29,"","","","","","","","",""]
[30,"","","","","","","","",""]
[null,"NORTH NORFOLK BASS FESTIVAL 2018",null,null,null,"Day 2  ZONE F"]
["Zone Number","Peg","Name","No. Fish","Total Weight Points","Weight",null,"Optional Pools","Day 2 Points ","Zone Position"]
[null,null,null,null,null,"(lbs)","(ozs)"]
[1,87,"CANNELL, Chris",8,616,12,13.333333333333334,"X",1,1]
[2,76,"ADAMS, Stephen",24,494,10,4.666666666666667,"X",2,2]
[3,83,"BURT, Richard",19,419,8,11.666666666666666,"X",3,3]
[4,89,"BRADSHAW, Craig",8,382,7,15.333333333333334,"X",4,4]
[5,84,"SHORTHOUSE, Dave",19,328,6,13.333333333333334,"X",5,5]
[6,85,"BORDIANU, Adrian",20,320,6,10.666666666666666,"X",6,6]
[7,82,"GIBBS, Tom",3,310,6,7.333333333333333,"X",7,7]
[8,81,"BANHAM, Jason",13,287,5,15.666666666666666,"X",8,8]
[9,77,"HARRISON, Paul",15,231,4,13,"X",9,9]
[10,79,"DIAPER, Greg",12,157,3,4.333333333333333,"X",11,10]
[11,88,"BOWELL, Ian",11,134,2,12.666666666666666,"X",13,11]
[12,78,"GREEN, Kevin",7,132,2,12,"X",14,12]
[13,86,"HORE, Malcolm",6,73,1,8.3333333333333339,"X",15,13]
[14,"","","","","","","","",""]
[15,"","","","","","","","",""]
[16,"","","","","","","","",""]
[17,"","","","","","","","",""]
[18,"","","","","","","","",""]
[19,"","","","","","","","",""]
[20,"","","","","","","","",""]
[21,"","","","","","","","",""]
[22,"","","","","","","","",""]
[23,"","","","","","","","",""]
[24,"","","","","","","","",""]
[25,"","","","","","","","",""]
[26,"","","","","","","","",""]
[27,"","","","","","","","",""]
[28,"","","","","","","","",""]
[29,"","","","","","","","",""]
[30,"","","","","","","","",""]
[null,"NORTH NORFOLK BASS FESTIVAL 2018",null,null,null,"Day 2  ZONE G"]
["Zone Number","Peg","Name","No. Fish","Total Weight Points","Weight",null,"Optional Pools","Day 2 Points ","Zone Position"]
[null,null,null,null,null,"(lbs)","(ozs)"]
[1,102,"PINDER, Mark",21,979,20,6.333333333333333,"X",1,1]
[2,99,"READ, David",15,909,18,15,"X",2,2]
[3,92,"JONES, Mark",16,584,12,2.6666666666666665,"X",3,3]
[4,94,"WATTS, Mike",25,556,11,9.3333333333333339,"X",4,4]
[5,93,"RANDELL, Henry",28,484,10,1.3333333333333333,"X",5,5]
[6,96,"STORER, Paul",25,455,9,7.666666666666667,"X",6,6]
[7,101,"MILLS, Rodney",9,305,6,5.666666666666667,"X",7,7]
[8,105,"TOPPING, Mike",8,245,5,1.6666666666666667,"X",8,8]
[9,103,"MICKELSEN, Jon",8,172,3,9.3333333333333339,"X",9,9]
[10,95,"TOVELL, Paul",4,138,2,14,"X",10,10]
[11,97,"TEMPLE, Billy",9,129,2,11,"X",11,11]
[12,100,"SMITH, Andy",7,107,2,3.6666666666666665,"X",12,12]
[13,91,"BROCK, Peter",6,100,2,1.3333333333333333,"X",13,13]
[14,98,"CHAPMAN, Rob",0,0,0,0,"X",15,15]
[15,"","","","","","","","",""]
[16,"","","","","","","","",""]
[17,"","","","","","","","",""]
[18,"","","","","","","","",""]
[19,"","","","","","","","",""]
[20,"","","","","","","","",""]
[21,"","","","","","","","",""]
[22,"","","","","","","","",""]
[23,"","","","","","","","",""]
[24,"","","","","","","","",""]
[25,"","","","","","","","",""]
[26,"","","","","","","","",""]
[27,"","","","","","","","",""]
[28,"","","","","","","","",""]
[29,"","","","","","","","",""]
[30,"","","","","","","","",""]
[null,"NORTH NORFOLK BASS FESTIVAL 2018",null,null,null,"Day 2  ZONE H"]
["Zone Number","Peg","Name","No. Fish","Total Weight Points","Weight",null,"Optional Pools","Day 2 Points ","Zone Position"]
[null,null,null,null,null,"(lbs)","(ozs)"]
[1,115,"GOOCH, Mark",22,1322,27,8.6666666666666661,"X",1,1]
[2,118,"WILSON, Mark",11,1206,25,2,"X",2,2]
[3,120,"WARD, Mark",25,1107,23,1,"X",3,3]
[4,114,"CLEMENT, Alby",16,794,16,8.6666666666666661,"X",4,4]
[5,116,"PROVINS, Colin",20,786,16,6,"X",5,5]
[6,110,"SHARMAN, Mark",20,667,13,14.333333333333334,"X",6,6]
[7,108,"HUTSON, Garry",19,523,10,14.333333333333334,"X",7,7]
[8,112,"GROSSMAN, Martin",7,453,9,7,"X",8,8]
[9,109,"HURCOMBE, Mark",16,358,7,7.333333333333333,"X",9,9]
[10,107,"STONE, Barry",9,286,5,15.333333333333334,"X",10,10]
[11,117,"LOKE, Peter ",10,266,5,8.6666666666666661,"X",11,11]
[12,111,"FULLER, David",12,257,5,5.666666666666667,"X",12,12]
[13,113,"THOMAS, Tony",4,182,3,12.666666666666666,"X",13,13]
[14,119,"LILL, Jarrod",5,175,3,10.333333333333334,"X",14,14]
[15,"","","","","","","","",""]
[16,"","","","","","","","",""]
[17,"","","","","","","","",""]
[18,"","","","","","","","",""]
[19,"","","","","","","","",""]
[20,"","","","","","","","",""]
[21,"","","","","","","","",""]
[22,"","","","","","","","",""]
[23,"","","","","","","","",""]
[24,"","","","","","","","",""]
[25,"","","","","","","","",""]
[26,"","","","","","","","",""]
[27,"","","","","","","","",""]
[28,"","","","","","","","",""]
[29,"","","","","","","","",""]
[30,"","","","","","","","",""]

{"sheet":"All Individuals Day 1 (ALL)","index":15,"n_rows":117,"n_cols":11,"rows_kept":117,"cut":false,"hidden":false,"merged":[[1,0,2,0],[0,0,0,4],[0,5,0,10],[1,1,2,1],[1,2,2,2],[1,9,2,9],[1,10,2,10],[1,3,2,3],[1,4,2,4],[1,5,2,5],[1,6,2,6]]}
["NORTH NORFOLK BASS FESTIVAL 2018",null,null,null,null,"Day 1 (All Fish)"]
["Individual No.","Angler Name","Angler No.","Zone","Peg","No. Fish","Fish Points","Weight",null,"Day 1 Points","Day 1 Position"]
[null,null,null,null,null,null,null,"lbs","oz"]
[1,"TUCK, Rob",13,"E",69,38,2789,58,1.6666666666666667,1,1]
[2,"BOND, Darren",56,"F",89,30,2386,49,11.333333333333334,1,2]
[3,"CROSBY, Colin",52,"H",117,25,1671,34,13,1,3]
[4,"ADAMS, Lee",90,"H",119,22,1547,32,3.6666666666666665,2,4]
[5,"NELSON, Ian",79,"E",62,18,1386,28,14,2,5]
[6,"BUY, Craig",6,"G",94,25,1295,26,15.666666666666666,1,6]
[7,"RANDELL, Henry",2,"C",39,14,1248,26,0,1,7]
[8,"HURCOMBE, Mark",97,"D",59,9,1224,25,8,1,8]
[9,"SMITH, John",27,"E",71,23,1208,25,2.6666666666666665,3,9]
[10,"NANGLE, Karl",22,"H",107,33,1195,24,14.333333333333334,3,10]
[11,"BURR, Dave",117,"E",75,9,1004,20,14.666666666666666,4,11]
[12,"DRAYTON, Simon",91,"G",96,27,962,20,0.66666666666666663,2,12]
[13,"HARVEY, Matthew",95,"E",67,17,950,19,12.666666666666666,5,13]
[14,"BROCK, Peter",62,"C",32,13,917,19,1.6666666666666667,2,14]
[15,"DIAPER, Barry",49,"E",72,17,879,18,5,6,15]
[16,"PROVINS, Colin",3,"B",19,11,873,18,3,1,16]
[17,"DIAPER, Greg",111,"D",51,9,871,18,2.3333333333333335,2,17]
[18,"LAWRENCE, John",64,"G",100,32,870,18,2,3,18]
[19,"SHORTHOUSE, Dave",4,"A",2,20,856,17,13.333333333333334,1,19]
[20,"ALDOUS, David",66,"A",12,20,851,17,11.666666666666666,2,20]
[21,"BOWELL, Ian",94,"A",1,35,840,17,8,3,21]
[22,"DOY, Alan",37,"F",83,17,832,17,5.333333333333333,2,22]
[23,"ADAMS, Stephen",104,"C",42,19,831,17,5,3,23]
[24,"ELEY, Kevin",63,"G",92,22,821,17,1.6666666666666667,4,24]
[25,"REYNOLDS, Ian",38,"F",77,25,806,16,12.666666666666666,3,25]
[26,"HUTSON, Garry",43,"D",54,5,803,16,11.666666666666666,3,26]
[27,"GROSSMAN, Martin",98,"B",27,12,802,16,11.333333333333334,2,27]
[28,"GREEN, Kevin",35,"C",43,15,798,16,10,4,28]
[29,"BORDIANU, Adrian",50,"D",53,9,796,16,9.3333333333333339,4,29]
[30,"SMITH, George",15,"E",74,15,784,16,5.333333333333333,7,30]
[31,"MEDLER, Gary",55,"F",80,23,773,16,1.6666666666666667,4,31]
[32,"HAWARD, Nick",31,"F",81,10,764,15,14.666666666666666,5,32]
[33,"DRIVER, Ed",96,"A",3,18,744,15,8,4,33]
[34,"SELF, Bevan",16,"D",56,11,734,15,4.666666666666667,5,34]
[35,"GALLACHER, Andy",85,"H",115,43,723,15,1,4,35]
[36,"CANNELL, Chris",74,"D",50,6,720,15,0,6,36]
[37,"GOOCH, Mark",120,"C",45,6,711,14,13,5,37]
[38,"HARVEY, Mark",83,"F",87,15,706,14,11.333333333333334,6,38]
[39,"WARD, Mark",73,"A",10,30,696,14,8,5,39]
[40,"TEMPLE, Billy",7,"A",4,16,681,14,3,6,40]
[41,"BANHAM, Jason",39,"B",18,9,674,14,0.66666666666666663,3,41]
[42,"HINXMAN, Mark",60,"E",65,16,660,13,12,8,42]
[43,"GIBBS, Tom",61,"D",46,5,626,13,0.66666666666666663,7,43]
[44,"ELLIOTT, Nathan",40,"D",52,9,625,13,0.33333333333333331,8,44]
[45,"FRARY, Charlie",65,"H",113,9,613,12,12.333333333333334,5,45]
[46,"BROWN, Harry",46,"G",95,7,609,12,11,5,46]
[47,"WHITE, Alan",70,"H",116,27,596,12,6.666666666666667,6,47]
[48,"TURNER, Cameron",119,"F",90,22,592,12,5.333333333333333,7,48]
[49,"MOORING, Luke",110,"E",66,20,574,11,15.333333333333334,9,49]
[50,"WELLS, Tom",77,"D",57,9,574,11,15.333333333333334,9,50]
[51,"CROSBY, Ralf",25,"G",93,23,566,11,12.666666666666666,6,51]
[52,"COLMAN, Mark",109,"F",86,21,563,11,11.666666666666666,8,52]
[53,"LOKE, Peter ",10,"B",16,19,560,11,10.666666666666666,4,53]
[54,"ADAMS, Graham",105,"F",84,25,556,11,9.3333333333333339,9,54]
[55,"TOPPING, Mike",93,"A",9,9,546,11,6,7,55]
[56,"AKESTER, Jack",1,"C",38,10,535,11,2.3333333333333335,6,56]
[57,"WOODS, Graham",78,"H",111,26,534,11,2,7,57]
[58,"TOVELL, Paul",51,"B",21,11,501,10,7,5,58]
[59,"JONES, Mark",88,"C",36,19,486,10,2,7,59]
[60,"KINGDON, Adam",29,"H",118,17,480,10,0,8,60]
[61,"SMART, Neil",23,"C",41,21,465,9,11,8,61]
[62,"ROPER, Liam",108,"G",101,18,463,9,10.333333333333334,7,62]
[63,"PICKARD, Colin",24,"D",48,6,460,9,9.3333333333333339,10,63]
[64,"SMITH, Gavin",86,"E",64,20,458,9,8.6666666666666661,10,64]
[65,"MILLS, Rodney",19,"B",26,5,450,9,6,6,65]
[66,"HORE, Malcolm",59,"A",5,12,443,9,3.6666666666666665,8,66]
[67,"SPALL, Chris",80,"A",13,22,438,9,2,9,67]
[68,"BIRD, Stacey",102,"C",31,12,429,8,15,9,68]
[69,"PINDER, Mark",5,"D",49,7,423,8,13,11,69]
[70,"CLEMENT, Alby",112,"C",33,10,399,8,5,10,70]
[71,"WILSON, Mark",47,"A",6,19,398,8,4.666666666666667,10,71]
[72,"HARVEY, Paul ",33,"C",34,7,383,7,15.666666666666666,11,72]
[73,"HART, Paul",82,"H",114,24,378,7,14,9,73]
[74,"HADDOCK, Roy",26,"F",76,8,378,7,14,10,74]
[75,"BURT, Richard",12,"B",20,8,377,7,13.666666666666666,7,75]
[76,"BRADSHAW, Craig",107,"B",29,12,372,7,12,8,76]
[77,"STORER, Paul",48,"C",44,5,359,7,7.666666666666667,12,77]
[78,"LAY-FLURRIE, Matt",34,"F",79,19,341,7,1.6666666666666667,11,78]
[79,"LEWIN, Scott",75,"F",88,18,335,6,15.666666666666666,12,79]
[80,"READ, David",18,"C",37,8,335,6,15.666666666666666,13,80]
[81,"FULLER, David",101,"B",28,11,334,6,15.333333333333334,9,81]
[82,"STEBBINGS, Robert",21,"B",25,12,331,6,14.333333333333334,10,82]
[83,"SHARMAN, Mark",41,"B",24,15,329,6,13.666666666666666,11,83]
[84,"MICKELSEN, Jon",81,"A",14,8,316,6,9.3333333333333339,11,84]
[85,"CREASEY, Shaun",9,"H",108,17,314,6,8.6666666666666661,10,85]
[86,"THOMAS, Tony",87,"B",22,11,311,6,7.666666666666667,12,86]
[87,"BETTINSON, Charles",42,"G",103,16,310,6,7.333333333333333,8,87]
[88,"AUSTIN, John",54,"G",91,7,301,6,4.333333333333333,9,88]
[89,"TAYLOR, Robbie",44,"E",61,8,295,6,2.3333333333333335,11,89]
[90,"SMITH, Adele",69,"G",99,19,287,5,15.666666666666666,10,90]
[91,"THORPE, Doug",58,"F",82,11,273,5,11,13,91]
[92,"WATTS, Mike",68,"C",40,14,262,5,7.333333333333333,14,92]
[93,"HARRISON, Paul",100,"A",7,19,260,5,6.666666666666667,12,93]
[94,"BATTLE, Ian",14,"E",68,18,255,5,5,12,94]
[95,"BRADSHAW, Daine",113,"B",30,15,254,5,4.666666666666667,13,95]
[96,"CARTER, John",8,"G",98,18,250,5,3.3333333333333335,11,96]
[97,"KENDRICK, Paul",118,"H",120,16,248,5,2.6666666666666665,11,97]
[98,"SMITH, Andy",53,"D",47,8,235,4,14.333333333333334,12,98]
[99,"BRIGHTON, Tarrick",72,"D",55,6,233,4,13.666666666666666,13,99]
[100,"METCALFE, Wendy",76,"H",110,12,217,4,8.3333333333333339,12,100]
[101,"STONE, Barry",92,"B",23,12,213,4,7,14,101]
[102,"WOODS, Becky",36,"G",97,13,177,3,11,12,102]
[103,"DENHOLM, Paul",57,"F",78,8,175,3,10.333333333333334,14,103]
[104,"TOPPING, Jack",32,"A",8,7,151,3,2.3333333333333335,13,104]
[105,"ALDOUS, Brayden",30,"A",11,4,118,2,7.333333333333333,14,105]
[106,"SMITH, Leon",106,"E",73,9,97,2,0.33333333333333331,13,106]
[107,"BROWN, Kay",45,"H",109,9,97,2,0.33333333333333331,13,106]
[108,"MICKELSEN, Rory",116,"A",15,3,78,1,10,15,108]
[109,"LAWN, Kimberley",67,"H",106,3,78,1,10,14,108]
[110,"BANHAM, Mark",71,"B",17,7,77,1,9.6666666666666661,15,110]
[111,"FRARY, June",84,"H",112,6,58,1,3.3333333333333335,15,111]
[112,"LING, Richard",115,"G",105,7,56,1,2.6666666666666665,13,112]
[113,"LILL, Jarrod",28,"D",58,1,7,0,2.3333333333333335,14,113]
[114,"CHAPMAN, Rob",103,"C",35,0,0,0,0,15,114]

{"sheet":"All Individuals Day 2 (ALL)","index":16,"n_rows":117,"n_cols":11,"rows_kept":117,"cut":false,"hidden":false,"merged":[[0,0,0,4],[0,5,0,10],[1,0,2,0],[1,1,2,1],[1,2,2,2],[1,3,2,3],[1,4,2,4],[1,5,2,5],[1,6,2,6],[1,9,2,9],[1,10,2,10]]}
["NORTH NORFOLK BASS FESTIVAL 2018",null,null,null,null,"Day 2 (All Fish)"]
["Individual No.","Angler Name","Angler No.","Zone","Peg","No. Fish","Fish Points","Weight",null,"Day 2 Points","Day 2 Position"]
[null,null,null,null,null,null,null,"lbs","oz"]
[1,"GOOCH, Mark",120,"H",115,22,1322,27,8.6666666666666661,1,1]
[2,"WILSON, Mark",47,"H",118,11,1206,25,2,2,2]
[3,"WARD, Mark",73,"H",120,25,1107,23,1,3,3]
[4,"PINDER, Mark",5,"G",102,21,979,20,6.333333333333333,1,4]
[5,"SPALL, Chris",80,"E",65,24,966,20,2,1,5]
[6,"STEBBINGS, Robert",21,"E",66,13,941,19,9.6666666666666661,2,6]
[7,"READ, David",18,"G",99,15,909,18,15,2,7]
[8,"CLEMENT, Alby",112,"H",114,16,794,16,8.6666666666666661,4,8]
[9,"PROVINS, Colin",3,"H",116,20,786,16,6,5,9]
[10,"WELLS, Tom",77,"E",73,19,748,15,9.3333333333333339,3,10]
[11,"HARVEY, Paul ",33,"E",61,14,694,14,7.333333333333333,4,11]
[12,"SHARMAN, Mark",41,"H",110,20,667,13,14.333333333333334,6,12]
[13,"PICKARD, Colin",24,"E",62,24,664,13,13.333333333333334,5,13]
[14,"CANNELL, Chris",74,"F",87,8,616,12,13.333333333333334,1,14]
[15,"JONES, Mark",88,"G",92,16,584,12,2.6666666666666665,3,15]
[16,"WATTS, Mike",68,"G",94,25,556,11,9.3333333333333339,4,16]
[17,"HUTSON, Garry",43,"H",108,19,523,10,14.333333333333334,7,17]
[18,"HAWARD, Nick",31,"C",32,4,501,10,7,1,18]
[19,"ADAMS, Stephen",104,"F",76,24,494,10,4.666666666666667,2,19]
[20,"RANDELL, Henry",2,"G",93,28,484,10,1.3333333333333333,5,20]
[21,"TUCK, Rob",13,"C",37,10,471,9,13,2,21]
[22,"STORER, Paul",48,"G",96,25,455,9,7.666666666666667,6,22]
[23,"GROSSMAN, Martin",98,"H",112,7,453,9,7,8,23]
[24,"BURT, Richard",12,"F",83,19,419,8,11.666666666666666,3,24]
[25,"ELLIOTT, Nathan",40,"E",75,11,392,8,2.6666666666666665,6,25]
[26,"BRADSHAW, Craig",107,"F",89,8,382,7,15.333333333333334,4,26]
[27,"MEDLER, Gary",55,"A",5,13,373,7,12.333333333333334,1,27]
[28,"HURCOMBE, Mark",97,"H",109,16,358,7,7.333333333333333,9,28]
[29,"BOND, Darren",56,"B",26,10,346,7,3.3333333333333335,1,29]
[30,"SHORTHOUSE, Dave",4,"F",84,19,328,6,13.333333333333334,5,30]
[31,"BORDIANU, Adrian",50,"F",85,20,320,6,10.666666666666666,6,31]
[32,"SMITH, George",15,"A",2,24,310,6,7.333333333333333,2,32]
[33,"GIBBS, Tom",61,"F",82,3,310,6,7.333333333333333,7,33]
[34,"MILLS, Rodney",19,"G",101,9,305,6,5.666666666666667,7,34]
[35,"AKESTER, Jack",1,"E",63,18,303,6,5,7,35]
[36,"BANHAM, Jason",39,"F",81,13,287,5,15.666666666666666,8,36]
[37,"STONE, Barry",92,"H",107,9,286,5,15.333333333333334,10,37]
[38,"THORPE, Doug",58,"C",34,20,283,5,14.333333333333334,3,38]
[39,"ALDOUS, David",66,"E",71,20,275,5,11.666666666666666,8,39]
[40,"TAYLOR, Robbie",44,"C",35,13,271,5,10.333333333333334,4,40]
[41,"LOKE, Peter ",10,"H",117,10,266,5,8.6666666666666661,11,41]
[42,"FULLER, David",101,"H",111,12,257,5,5.666666666666667,12,42]
[43,"BIRD, Stacey",102,"E",72,12,255,5,5,9,43]
[44,"TOPPING, Mike",93,"G",105,8,245,5,1.6666666666666667,8,44]
[45,"DRIVER, Ed",96,"E",67,11,243,5,1,10,45]
[46,"BRIGHTON, Tarrick",72,"E",69,6,238,4,15.333333333333334,11,46]
[47,"LAWRENCE, John",64,"C",38,14,233,4,13.666666666666666,5,47]
[48,"TURNER, Cameron",119,"D",56,8,232,4,13.333333333333334,1,48]
[49,"HARRISON, Paul",100,"F",77,15,231,4,13,9,49]
[50,"SMART, Neil",23,"E",68,5,222,4,10,12,50]
[51,"SMITH, Gavin",86,"B",28,13,215,4,7.666666666666667,2,51]
[52,"BRADSHAW, Daine",113,"F",90,13,214,4,7.333333333333333,10,52]
[53,"FRARY, Charlie",65,"B",19,20,213,4,7,3,53]
[54,"WOODS, Graham",78,"D",51,3,211,4,6.333333333333333,2,54]
[55,"SMITH, John",27,"A",8,13,201,4,3,3,55]
[56,"HARVEY, Matthew",95,"A",14,9,197,4,1.6666666666666667,4,56]
[57,"WHITE, Alan",70,"C",36,16,191,3,15.666666666666666,6,57]
[58,"WOODS, Becky",36,"B",25,17,184,3,13.333333333333334,4,58]
[59,"THOMAS, Tony",87,"H",113,4,182,3,12.666666666666666,13,59]
[60,"NELSON, Ian",79,"D",49,6,176,3,10.666666666666666,3,60]
[61,"LILL, Jarrod",28,"H",119,5,175,3,10.333333333333334,14,61]
[62,"NANGLE, Karl",22,"B",16,15,174,3,10,5,62]
[63,"ADAMS, Graham",105,"A",3,17,172,3,9.3333333333333339,5,63]
[64,"MICKELSEN, Jon",81,"G",103,8,172,3,9.3333333333333339,9,64]
[65,"GALLACHER, Andy",85,"D",59,8,169,3,8.3333333333333339,4,65]
[66,"DIAPER, Barry",49,"A",6,14,157,3,4.333333333333333,6,66]
[67,"DIAPER, Greg",111,"F",79,12,157,3,4.333333333333333,11,67]
[68,"BANHAM, Mark",71,"F",80,3,152,3,2.6666666666666665,12,68]
[69,"BURR, Dave",117,"C",41,7,148,3,1.3333333333333333,7,69]
[70,"ADAMS, Lee",90,"C",40,13,139,2,14.333333333333334,8,70]
[71,"DOY, Alan",37,"A",1,12,139,2,14.333333333333334,7,71]
[72,"TOVELL, Paul",51,"G",95,4,138,2,14,10,72]
[73,"SMITH, Adele",69,"B",20,13,137,2,13.666666666666666,6,73]
[74,"BETTINSON, Charles",42,"B",22,10,136,2,13.333333333333334,7,74]
[75,"BOWELL, Ian",94,"F",88,11,134,2,12.666666666666666,13,75]
[76,"GREEN, Kevin",35,"F",78,7,132,2,12,14,76]
[77,"MOORING, Luke",110,"A",9,11,129,2,11,8,77]
[78,"TEMPLE, Billy",7,"G",97,9,129,2,11,11,78]
[79,"LAY-FLURRIE, Matt",34,"A",13,11,125,2,9.6666666666666661,9,79]
[80,"HINXMAN, Mark",60,"B",29,10,124,2,9.3333333333333339,8,80]
[81,"KINGDON, Adam",29,"D",58,9,120,2,8,5,81]
[82,"REYNOLDS, Ian",38,"C",43,8,120,2,8,9,82]
[83,"CROSBY, Ralf",25,"C",42,10,118,2,7.333333333333333,10,83]
[84,"ALDOUS, Brayden",30,"E",70,3,112,2,5.333333333333333,13,84]
[85,"CARTER, John",8,"A",7,11,109,2,4.333333333333333,10,85]
[86,"SMITH, Andy",53,"G",100,7,107,2,3.6666666666666665,12,86]
[87,"DRAYTON, Simon",91,"A",11,9,102,2,2,11,87]
[88,"SELF, Bevan",16,"E",64,6,100,2,1.3333333333333333,14,88]
[89,"BROCK, Peter",62,"G",91,6,100,2,1.3333333333333333,13,88]
[90,"BATTLE, Ian",14,"D",50,8,96,2,0,6,90]
[91,"METCALFE, Wendy",76,"B",23,10,94,1,15.333333333333334,9,91]
[92,"COLMAN, Mark",109,"A",4,7,93,1,15,12,92]
[93,"BUY, Craig",6,"A",15,10,88,1,13.333333333333334,13,93]
[94,"AUSTIN, John",54,"C",39,4,86,1,12.666666666666666,11,94]
[95,"KENDRICK, Paul",118,"A",12,11,85,1,12.333333333333334,14,95]
[96,"DENHOLM, Paul",57,"B",17,3,84,1,12,10,96]
[97,"LAWN, Kimberley",67,"B",27,6,80,1,10.666666666666666,11,97]
[98,"HORE, Malcolm",59,"F",86,6,73,1,8.3333333333333339,15,98]
[99,"HART, Paul",82,"D",54,6,71,1,7.666666666666667,7,99]
[100,"MICKELSEN, Rory",116,"G",104,2,68,1,6.666666666666667,14,100]
[101,"TOPPING, Jack",32,"H",106,1,62,1,4.666666666666667,15,101]
[102,"LING, Richard",115,"B",30,5,54,1,2,12,102]
[103,"CROSBY, Colin",52,"C",44,2,49,1,0.33333333333333331,12,103]
[104,"BROWN, Kay",45,"B",24,4,44,0,14.666666666666666,13,104]
[105,"FRARY, June",84,"B",18,5,43,0,14.333333333333334,14,105]
[106,"LEWIN, Scott",75,"D",55,2,43,0,14.333333333333334,8,106]
[107,"CREASEY, Shaun",9,"D",57,1,40,0,13.333333333333334,9,107]
[108,"HADDOCK, Roy",26,"D",60,2,38,0,12.666666666666666,10,108]
[109,"ROPER, Liam",108,"D",47,3,21,0,7,11,109]
[110,"HARVEY, Mark",83,"C",33,2,21,0,7,13,110]
[111,"SMITH, Leon",106,"D",53,1,5,0,1.6666666666666667,12,111]
[112,"BROWN, Harry",46,"A",10,0,0,0,0,15,112]
[116,"ELEY, Kevin",63,"D",46,0,0,0,0,15,112]
[120,"CHAPMAN, Rob",103,"G",98,0,0,0,0,15,112]

{"sheet":"Day 1 Zone results (Ladies)","index":17,"n_rows":18,"n_cols":10,"rows_kept":18,"cut":false,"hidden":false,"merged":[[0,1,0,4],[0,5,0,9],[1,0,2,0],[1,1,2,1],[1,2,2,2],[1,3,2,3],[1,4,2,4],[1,7,2,7],[1,8,2,8],[1,9,2,9],[9,1,9,4],[9,5,9,9],[10,0,11,0],[10,1,11,1],[10,2,11,2],[10,3,11,3],[10,4,11,4],[10,7,11,7],[10,8,11,8],[10,9,11,9]]}
[null,"UK LADIES CHAMPIONSHIPS 2018",null,null,null,"Day 1                       ZONE G/H"]
["Zone Number","Peg","Name","No. Fish","Total Weight Points","Weight",null,"Optional Pools","Day 1 Points ","Zone Position"]
[null,null,null,null,null,"(lbs)","(ozs)"]
[1,99,"SMITH, Adele",19,287,5,15.666666666666666,"X",1,1]
[2,110,"METCALFE, Wendy",12,217,4,8.3333333333333339,"X",2,2]
[3,97,"WOODS, Becky",13,177,3,11,"X",3,3]
[4,109,"BROWN, Kay",9,97,2,0.33333333333333331,"X",4,4]
[5,106,"LAWN, Kimberley",3,78,1,10,"X",5,5]
[6,112,"FRARY, June",6,58,1,3.3333333333333335,"X",6,6]
[null,"UK LADIES CHAMPIONSHIPS 2018 (POOLS)",null,null,null,"Day 1                       ZONE G/H"]
["Zone Number","Peg","Name","No. Fish","Total Weight Points","Weight",null,"Optional Pools","Day 1 Points ","Zone Position"]
[null,null,null,null,null,"(lbs)","(ozs)"]
[1,99,"SMITH, Adele",19,287,5,15.666666666666666,"X",1,1]
[2,110,"METCALFE, Wendy",12,217,4,8.3333333333333339,"X",2,2]
[3,97,"WOODS, Becky",13,177,3,11,"X",3,3]
[4,109,"BROWN, Kay",9,97,2,0.33333333333333331,"X",4,4]
[5,106,"LAWN, Kimberley",3,78,1,10,"X",5,5]
[6,112,"FRARY, June",6,58,1,3.3333333333333335,"X",6,6]

{"sheet":"Bass Festival Day 1 (All)","index":18,"n_rows":109,"n_cols":11,"rows_kept":109,"cut":false,"hidden":false,"merged":[[1,10,2,10],[0,0,0,4],[0,5,0,10],[1,0,2,0],[1,1,2,1],[1,2,2,2],[1,3,2,3],[1,4,2,4],[1,5,2,5],[1,6,2,6],[1,9,2,9]]}
["NORTH NORFOLK BASS FESTIVAL 2018",null,null,null,null,"Day 1 (All Fish)"]
["Individual No.","Angler Name","Angler No.","Zone","Peg","No. Fish","Fish Points","Weight",null,"Day 1 Points","Day 1 Position"]
[null,null,null,null,null,null,null,"lbs","oz"]
[1,"TUCK, Rob",13,"E",69,38,2789,58,1.6666666666666667,1.0000003585026063,1]
[2,"BOND, Darren",56,"F",89,30,2386,49,11.333333333333334,1.0000004190587939,2]
[3,"CROSBY, Colin",52,"H",117,25,1671,34,13,1.000000598354525,3]
[4,"BUY, Craig",6,"G",94,25,1295,26,15.666666666666666,1.0000007720517274,4]
[5,"RANDELL, Henry",2,"C",39,14,1248,26,0,1.0000008011921739,5]
[6,"HURCOMBE, Mark",97,"D",59,9,1224,25,8,1.0000008169333954,6]
[7,"PROVINS, Colin",3,"B",19,11,873,18,3,1.000001145331058,7]
[8,"SHORTHOUSE, Dave",4,"A",2,20,856,17,13.333333333333334,1.0000011679514131,8]
[9,"ADAMS, Lee",90,"H",119,22,1547,32,3.6666666666666665,2.0000006463204976,9]
[10,"NELSON, Ian",79,"E",62,18,1386,28,14,2.0000007214070323,10]
[11,"DRAYTON, Simon",91,"G",96,27,962,20,0.66666666666666663,2.0000010392093697,11]
[12,"BROCK, Peter",62,"C",32,13,917,19,1.6666666666666667,2.0000010903579644,12]
[13,"DIAPER, Greg",111,"D",51,9,871,18,2.3333333333333335,2.0000011479870046,13]
[14,"ALDOUS, David",66,"A",12,20,851,17,11.666666666666666,2.0000011748120299,14]
[15,"DOY, Alan",37,"F",83,17,832,17,5.333333333333333,2.0000012016775419,15]
[16,"GROSSMAN, Martin",98,"B",27,12,802,16,11.333333333333334,2.0000012466962551,16]
[17,"SMITH, John",27,"E",71,23,1208,25,2.6666666666666665,3.0000008276569861,17]
[18,"NANGLE, Karl",22,"H",107,33,1195,24,14.333333333333334,3.0000008365890589,18]
[19,"LAWRENCE, John",64,"G",100,32,870,18,2,3.0000011490026659,19]
[20,"BOWELL, Ian",94,"A",1,35,840,17,8,3.0000011899803654,20]
[21,"ADAMS, Stephen",104,"C",42,19,831,17,5,3.0000012030943588,21]
[22,"REYNOLDS, Ian",38,"F",77,25,806,16,12.666666666666666,3.0000012403100773,22]
[23,"HUTSON, Garry",43,"D",54,5,803,16,11.666666666666666,3.0000012452524749,23]
[24,"BANHAM, Jason",39,"B",18,9,674,14,0.66666666666666663,3.0000014834814341,24]
[25,"BURR, Dave",117,"E",75,9,1004,20,14.666666666666666,4.0000009959266603,25]
[26,"ELEY, Kevin",63,"G",92,22,821,17,1.6666666666666667,4.0000012177004942,26]
[27,"GREEN, Kevin",35,"C",43,15,798,16,10,4.0000012528973254,27]
[28,"BORDIANU, Adrian",50,"D",53,9,796,16,9.3333333333333339,4.000001256139381,28]
[29,"MEDLER, Gary",55,"F",80,23,773,16,1.6666666666666667,4.0000012932762568,29]
[30,"DRIVER, Ed",96,"A",3,18,744,15,8,4.0000013437609176,30]
[31,"GALLACHER, Andy",85,"H",115,43,723,15,1,4.000001382303747,31]
[32,"LOKE, Peter ",10,"B",16,19,560,11,10.666666666666666,4.0000017851086236,32]
[33,"HARVEY, Matthew",95,"E",67,17,950,19,12.666666666666666,5.0000010524432472,33]
[34,"HAWARD, Nick",31,"F",81,10,764,15,14.666666666666666,5.0000013087292237,34]
[35,"SELF, Bevan",16,"D",56,11,734,15,4.666666666666667,5.000001362193677,35]
[36,"GOOCH, Mark",120,"C",45,6,711,14,13,5.0000014063510818,36]
[37,"WARD, Mark",73,"A",10,30,696,14,8,5.0000014361625738,37]
[38,"FRARY, Charlie",65,"H",113,9,613,12,12.333333333333334,5.0000016310818962,38]
[39,"BROWN, Harry",46,"G",95,7,609,12,11,5.0000016418474065,39]
[40,"TOVELL, Paul",51,"B",21,11,501,10,7,5.0000019955698347,40]
[41,"DIAPER, Barry",49,"E",72,17,879,18,5,6.0000011374364455,41]
[42,"CANNELL, Chris",74,"D",50,6,720,15,0,6.0000013887731578,42]
[43,"HARVEY, Mark",83,"F",87,15,706,14,11.333333333333334,6.0000014161297175,43]
[44,"TEMPLE, Billy",7,"A",4,16,681,14,3,6.0000014680838571,44]
[45,"WHITE, Alan",70,"H",116,27,596,12,6.666666666666667,6.0000016770925919,45]
[46,"CROSBY, Ralf",25,"G",93,23,566,11,12.666666666666666,6.0000017660667924,46]
[47,"AKESTER, Jack",1,"C",38,10,535,11,2.3333333333333335,6.0000018688095684,47]
[48,"MILLS, Rodney",19,"B",26,5,450,9,6,6.0000022219753362,48]
[49,"SMITH, George",15,"E",74,15,784,16,5.333333333333333,7.0000012752662117,49]
[50,"GIBBS, Tom",61,"D",46,5,626,13,0.66666666666666663,7.0000015973165084,50]
[51,"TURNER, Cameron",119,"F",90,22,592,12,5.333333333333333,7.0000016885616834,51]
[52,"TOPPING, Mike",93,"A",9,9,546,11,6,7.0000018311999854,52]
[53,"WOODS, Graham",78,"H",111,26,534,11,2,7.0000018717478385,53]
[54,"JONES, Mark",88,"C",36,19,486,10,2,7.0000020568090662,54]
[55,"ROPER, Liam",108,"G",101,18,463,9,10.333333333333334,7.0000021589878667,55]
[56,"BURT, Richard",12,"B",20,8,377,7,13.666666666666666,7.0000026519571446,56]
[57,"HINXMAN, Mark",60,"E",65,16,660,13,12,8.0000015147842944,57]
[58,"ELLIOTT, Nathan",40,"D",52,9,625,13,0.33333333333333331,8.0000015997696323,58]
[59,"COLMAN, Mark",109,"F",86,21,563,11,11.666666666666666,8.0000017755366564,59]
[60,"KINGDON, Adam",29,"H",118,17,480,10,0,8.0000020825957474,60]
[61,"SMART, Neil",23,"C",41,21,465,9,11,8.0000021495668623,61]
[62,"HORE, Malcolm",59,"A",5,12,443,9,3.6666666666666665,8.0000022567250415,62]
[63,"BRADSHAW, Craig",107,"B",29,12,372,7,12,8.0000026873051695,63]
[64,"BETTINSON, Charles",42,"G",103,16,310,6,7.333333333333333,8.0000032241423789,64]
[65,"MOORING, Luke",110,"E",66,20,574,11,15.333333333333334,9.000001741553465,65]
[66,"WELLS, Tom",77,"D",57,9,574,11,15.333333333333334,9.0000017418871607,66]
[67,"ADAMS, Graham",105,"F",84,25,556,11,9.3333333333333339,9.0000017977528088,67]
[68,"SPALL, Chris",80,"A",13,22,438,9,2,9.0000022819588334,68]
[69,"BIRD, Stacey",102,"C",31,12,429,8,15,9.000002330350485,69]
[70,"HART, Paul",82,"H",114,24,378,7,14,9.0000026438240273,70]
[71,"FULLER, David",101,"B",28,11,334,6,15.333333333333334,9.0000029930262482,71]
[72,"AUSTIN, John",54,"G",91,7,301,6,4.333333333333333,9.0000033214866981,72]
[73,"PICKARD, Colin",24,"D",48,6,460,9,9.3333333333333339,10.000002173629527,73]
[74,"SMITH, Gavin",86,"E",64,20,458,9,8.6666666666666661,10.000002182453077,74]
[75,"CLEMENT, Alby",112,"C",33,10,399,8,5,10.000002505637685,75]
[76,"WILSON, Mark",47,"A",6,19,398,8,4.666666666666667,10.000002511363922,76]
[77,"HADDOCK, Roy",26,"F",76,8,378,7,14,10.000002644942869,77]
[78,"STEBBINGS, Robert",21,"B",25,12,331,6,14.333333333333334,10.000003020053153,78]
[79,"CREASEY, Shaun",9,"H",108,17,314,6,8.6666666666666661,10.000003182990101,79]
[80,"SMITH, Adele",69,"G",99,19,287,5,15.666666666666666,10.000003482015391,80]
[81,"PINDER, Mark",5,"D",49,7,423,8,13,11.000002363675042,81]
[82,"HARVEY, Paul ",33,"C",34,7,383,7,15.666666666666666,11.000002610488945,82]
[83,"LAY-FLURRIE, Matt",34,"F",79,19,341,7,1.6666666666666667,11.000002930918257,83]
[84,"SHARMAN, Mark",41,"B",24,15,329,6,13.666666666666666,11.000003038128513,84]
[85,"MICKELSEN, Jon",81,"A",14,8,316,6,9.3333333333333339,11.000003163756011,85]
[86,"TAYLOR, Robbie",44,"E",61,8,295,6,2.3333333333333335,11.000003388911482,86]
[87,"CARTER, John",8,"G",98,18,250,5,3.3333333333333335,11.000003997122072,87]
[88,"KENDRICK, Paul",118,"H",120,16,248,5,2.6666666666666665,11.000004029658285,88]
[89,"STORER, Paul",48,"C",44,5,359,7,7.666666666666667,12.000002785127419,89]
[90,"LEWIN, Scott",75,"F",88,18,335,6,15.666666666666666,12.000002983471568,90]
[91,"THOMAS, Tony",87,"B",22,11,311,6,7.666666666666667,12.000003214297195,91]
[92,"HARRISON, Paul",100,"A",7,19,260,5,6.666666666666667,12.000003843345247,92]
[93,"BATTLE, Ian",14,"E",68,18,255,5,5,12.000003918802413,93]
[94,"SMITH, Andy",53,"D",47,8,235,4,14.333333333333334,12.000004253871023,94]
[95,"WOODS, Becky",36,"G",97,13,177,3,11,12.000005645571049,95]
[96,"FRARY, June",84,"H",112,6,58,1,3.3333333333333335,12.000017223561832,96]
[97,"READ, David",18,"C",37,8,335,6,15.666666666666666,13.000002984361943,97]
[98,"THORPE, Doug",58,"F",82,11,273,5,11,13.000003661528321,98]
[99,"BRIGHTON, Tarrick",72,"D",55,6,233,4,13.666666666666666,13.000004290740582,99]
[100,"STONE, Barry",92,"B",23,12,213,4,7,13.000004692192192,100]
[101,"SMITH, Leon",106,"E",73,9,97,2,0.33333333333333331,13.000010299721907,101]
[102,"LING, Richard",115,"G",105,7,56,1,2.6666666666666665,13.000017834849295,102]
[103,"WATTS, Mike",68,"C",40,14,262,5,7.333333333333333,14.000003814755473,103]
[104,"DENHOLM, Paul",57,"F",78,8,175,3,10.333333333333334,14.000005711674664,104]
[105,"LILL, Jarrod",28,"D",58,1,7,0,2.3333333333333335,14.000142653352354,105]
[106,"CHAPMAN, Rob",103,"C",35,0,0,0,0,15,106]

{"sheet":"Bass Festival Day 1 (Bass)","index":19,"n_rows":50,"n_cols":10,"rows_kept":50,"cut":false,"hidden":false,"merged":[[1,9,2,9],[0,0,0,4],[0,5,0,9],[1,0,2,0],[1,1,2,1],[1,2,2,2],[1,3,2,3],[1,4,2,4],[1,5,2,5],[1,6,2,6]]}
["NORTH NORFOLK BASS FESTIVAL 2018",null,null,null,null,"Day 1 (Bass)"]
["Individual No.","Angler Name","Angler No.","Zone","Peg","No. Fish","Fish Points","Weight",null,"Day 1 Position"]
[null,null,null,null,null,null,null,"lbs","oz"]
[1,"BROCK, Peter",62,"C",32,1,335,6,15.666666666666666,1]
[2,"BUY, Craig",6,"G",94,2,235,4,14.333333333333334,2]
[3,"TOPPING, Mike",93,"A",9,1,220,4,9.3333333333333339,3]
[4,"GREEN, Kevin",35,"C",43,2,184,3,13.333333333333334,4]
[5,"CROSBY, Colin",52,"H",117,1,182,3,12.666666666666666,5]
[6,"STORER, Paul",48,"C",44,1,174,3,10,6]
[7,"DRAYTON, Simon",91,"G",96,3,154,3,3.3333333333333335,7]
[8,"SMITH, Gavin",86,"E",64,2,123,2,9,8]
[9,"SMART, Neil",23,"C",41,4,106,2,3.3333333333333335,9]
[10,"TUCK, Rob",13,"E",69,3,96,2,0,10]
[11,"MEDLER, Gary",55,"F",80,3,96,2,0,10]
[12,"MOORING, Luke",110,"E",66,3,90,1,14,12]
[13,"BURR, Dave",117,"E",75,1,86,1,12.666666666666666,13]
[14,"SHORTHOUSE, Dave",4,"A",2,3,81,1,11,14]
[15,"BOND, Darren",56,"F",89,2,80,1,10.666666666666666,15]
[16,"STEBBINGS, Robert",21,"B",25,2,74,1,8.6666666666666661,16]
[17,"MICKELSEN, Jon",81,"A",14,2,71,1,7.666666666666667,17]
[18,"ADAMS, Stephen",104,"C",42,2,68,1,6.666666666666667,18]
[19,"GROSSMAN, Martin",98,"B",27,2,63,1,5,19]
[20,"FULLER, David",101,"B",28,2,56,1,2.6666666666666665,20]
[21,"REYNOLDS, Ian",38,"F",77,2,56,1,2.6666666666666665,20]
[22,"DRIVER, Ed",96,"A",3,1,55,1,2.3333333333333335,22]
[23,"BURT, Richard",12,"B",20,1,55,1,2.3333333333333335,22]
[24,"WARD, Mark",73,"A",10,1,47,0,15.666666666666666,24]
[25,"HARVEY, Matthew",95,"E",67,1,47,0,15.666666666666666,24]
[26,"LOKE, Peter ",10,"B",16,2,41,0,13.666666666666666,26]
[27,"BANHAM, Jason",39,"B",18,1,37,0,12.333333333333334,27]
[28,"WATTS, Mike",68,"C",40,1,37,0,12.333333333333334,27]
[29,"LEWIN, Scott",75,"F",88,1,37,0,12.333333333333334,27]
[30,"ELEY, Kevin",63,"G",92,1,37,0,12.333333333333334,27]
[31,"KENDRICK, Paul",118,"H",120,1,37,0,12.333333333333334,27]
[32,"HARRISON, Paul",100,"A",7,1,34,0,11.333333333333334,32]
[33,"SPALL, Chris",80,"A",13,1,34,0,11.333333333333334,32]
[34,"HARVEY, Paul ",33,"C",34,1,34,0,11.333333333333334,32]
[35,"DIAPER, Barry",49,"E",72,1,34,0,11.333333333333334,32]
[36,"BOWELL, Ian",94,"A",1,1,32,0,10.666666666666666,36]
[37,"ALDOUS, David",66,"A",12,1,31,0,10.333333333333334,37]
[38,"STONE, Barry",92,"B",23,1,31,0,10.333333333333334,37]
[39,"SELF, Bevan",16,"D",56,1,31,0,10.333333333333334,37]
[40,"SMITH, George",15,"E",74,1,31,0,10.333333333333334,37]
[41,"WOODS, Becky",36,"G",97,1,31,0,10.333333333333334,37]
[42,"CREASEY, Shaun",9,"H",108,1,31,0,10.333333333333334,37]
[43,"THOMAS, Tony",87,"B",22,1,28,0,9.3333333333333339,43]
[44,"READ, David",18,"C",37,1,28,0,9.3333333333333339,43]
[45,"CLEMENT, Alby",112,"C",33,1,25,0,8.3333333333333339,45]
[46,"RANDELL, Henry",2,"C",39,1,20,0,6.666666666666667,46]
[47,"DIAPER, Greg",111,"D",51,1,11,0,3.6666666666666665,47]

{"sheet":"Bass Festival Day 2 (Bass)","index":20,"n_rows":39,"n_cols":10,"rows_kept":39,"cut":false,"hidden":false,"merged":[[1,9,2,9],[0,5,0,9],[1,5,2,5],[1,6,2,6],[0,0,0,4],[1,0,2,0],[1,1,2,1],[1,2,2,2],[1,3,2,3],[1,4,2,4]]}
["NORTH NORFOLK BASS FESTIVAL 2018",null,null,null,null,"Day 2 (Bass)"]
["Individual No.","Angler Name","Angler No.","Zone","Peg","No. Fish","Fish Points","Weight",null,"Day 2 Position"]
[null,null,null,null,null,null,null,"lbs","oz"]
[1,"GROSSMAN, Martin",98,"H",112,2,237,4,15,1]
[2,"MEDLER, Gary",55,"A",5,1,232,4,13.333333333333334,2]
[3,"HURCOMBE, Mark",97,"H",109,1,182,3,12.666666666666666,3]
[4,"SPALL, Chris",80,"E",65,1,136,2,13.333333333333334,4]
[5,"HARVEY, Matthew",95,"A",14,1,110,2,4.666666666666667,5]
[6,"WELLS, Tom",77,"E",73,3,96,2,0,6]
[7,"MICKELSEN, Jon",81,"G",103,2,96,2,0,7]
[8,"GALLACHER, Andy",85,"D",59,3,94,1,15.333333333333334,8]
[9,"PICKARD, Colin",24,"E",62,1,74,1,8.6666666666666661,9]
[10,"THORPE, Doug",58,"C",34,2,68,1,6.666666666666667,10]
[11,"TURNER, Cameron",119,"D",56,2,68,1,6.666666666666667,10]
[12,"ALDOUS, David",66,"E",71,1,68,1,6.666666666666667,12]
[13,"BURR, Dave",117,"C",41,2,62,1,4.666666666666667,13]
[14,"ELLIOTT, Nathan",40,"E",75,2,62,1,4.666666666666667,13]
[15,"WHITE, Alan",70,"C",36,2,59,1,3.6666666666666665,15]
[16,"GREEN, Kevin",35,"F",78,1,55,1,2.3333333333333335,16]
[17,"STORER, Paul",48,"G",96,1,43,0,14.333333333333334,17]
[18,"HINXMAN, Mark",60,"B",29,1,40,0,13.333333333333334,18]
[19,"CREASEY, Shaun",9,"D",57,1,40,0,13.333333333333334,18]
[20,"BURT, Richard",12,"F",83,1,40,0,13.333333333333334,18]
[21,"WOODS, Becky",36,"B",25,1,37,0,12.333333333333334,21]
[22,"CROSBY, Ralf",25,"C",42,1,37,0,12.333333333333334,21]
[23,"LEWIN, Scott",75,"D",55,1,37,0,12.333333333333334,21]
[24,"RANDELL, Henry",2,"G",93,1,37,0,12.333333333333334,21]
[25,"AUSTIN, John",54,"C",39,1,34,0,11.333333333333334,25]
[26,"KINGDON, Adam",29,"D",58,1,34,0,11.333333333333334,25]
[27,"PINDER, Mark",5,"G",102,1,34,0,11.333333333333334,25]
[28,"HUTSON, Garry",43,"H",108,1,33,0,11,28]
[29,"GOOCH, Mark",120,"H",115,1,33,0,11,28]
[30,"HAWARD, Nick",31,"C",32,1,31,0,10.333333333333334,30]
[31,"AKESTER, Jack",1,"E",63,1,31,0,10.333333333333334,30]
[32,"BRADSHAW, Craig",107,"F",89,1,30,0,10,32]
[33,"ADAMS, Lee",90,"C",40,1,28,0,9.3333333333333339,33]
[34,"ADAMS, Stephen",104,"F",76,1,18,0,6,34]
[35,"CANNELL, Chris",74,"F",87,1,18,0,6,34]
[36,"BATTLE, Ian",14,"D",50,1,16,0,5.333333333333333,36]

{"sheet":"Bass Festival Day 2 (All)","index":21,"n_rows":109,"n_cols":11,"rows_kept":109,"cut":false,"hidden":false,"merged":[[1,10,2,10],[0,0,0,4],[0,5,0,10],[1,0,2,0],[1,1,2,1],[1,2,2,2],[1,3,2,3],[1,4,2,4],[1,5,2,5],[1,6,2,6],[1,9,2,9]]}
["NORTH NORFOLK BASS FESTIVAL 2018",null,null,null,null,"Day 2 (All Fish)"]
["Individual No.","Angler Name","Angler No.","Zone","Peg","No. Fish","Fish Points","Weight",null,"Day 2 Points","Day 2 Position"]
[null,null,null,null,null,null,null,"lbs","oz"]
[1,"GOOCH, Mark",120,"H",115,22,1322,27,8.6666666666666661,1.000000756303792,1]
[2,"PINDER, Mark",5,"G",102,21,979,20,6.333333333333333,1.0000010212314008,2]
[3,"SPALL, Chris",80,"E",65,24,966,20,2,1.0000010349395596,3]
[4,"CANNELL, Chris",74,"F",87,8,616,12,13.333333333333334,1.0000016231658226,4]
[5,"HAWARD, Nick",31,"C",32,4,501,10,7,1.0000019958486348,5]
[6,"MEDLER, Gary",55,"A",5,13,373,7,12.333333333333334,1.0000026800310884,6]
[7,"BOND, Darren",56,"B",26,10,346,7,3.3333333333333335,1.0000028893383415,7]
[8,"TURNER, Cameron",119,"D",56,8,232,4,13.333333333333334,1.000004308859014,8]
[9,"WILSON, Mark",47,"H",118,11,1206,25,2,2.0000008291117726,9]
[10,"STEBBINGS, Robert",21,"E",66,13,941,19,9.6666666666666661,2.0000010625524633,10]
[11,"READ, David",18,"G",99,15,909,18,15,2.0000010999285047,11]
[12,"ADAMS, Stephen",104,"F",76,24,494,10,4.666666666666667,2.0000020233085141,12]
[13,"TUCK, Rob",13,"C",37,10,471,9,13,2.0000021226915727,13]
[14,"SMITH, George",15,"A",2,24,310,6,7.333333333333333,2.0000032233109852,14]
[15,"SMITH, Gavin",86,"B",28,13,215,4,7.666666666666667,2.0000046483521592,15]
[16,"WOODS, Graham",78,"D",51,3,211,4,6.333333333333333,2.0000047386627493,16]
[17,"WARD, Mark",73,"H",120,25,1107,23,1,3.0000009031384058,17]
[18,"WELLS, Tom",77,"E",73,19,748,15,9.3333333333333339,3.0000013365588956,18]
[19,"JONES, Mark",88,"G",92,16,584,12,2.6666666666666665,3.0000017118597646,19]
[20,"BURT, Richard",12,"F",83,19,419,8,11.666666666666666,3.0000023855530906,20]
[21,"THORPE, Doug",58,"C",34,20,283,5,14.333333333333334,3.0000035310734465,21]
[22,"FRARY, Charlie",65,"B",19,20,213,4,7,3.0000046904315196,22]
[23,"SMITH, John",27,"A",8,13,201,4,3,3.0000049719087158,23]
[24,"NELSON, Ian",79,"D",49,6,176,3,10.666666666666666,3.0000056798818586,24]
[25,"CLEMENT, Alby",112,"H",114,16,794,16,8.6666666666666661,4.0000012591921026,25]
[26,"HARVEY, Paul ",33,"E",61,14,694,14,7.333333333333333,4.0000014406315731,26]
[27,"WATTS, Mike",68,"G",94,25,556,11,9.3333333333333339,4.0000017977528088,27]
[28,"BRADSHAW, Craig",107,"F",89,8,382,7,15.333333333333334,4.0000026172529317,28]
[29,"TAYLOR, Robbie",44,"C",35,13,271,5,10.333333333333334,4.0000036882676211,29]
[30,"HARVEY, Matthew",95,"A",14,9,197,4,1.6666666666666667,4.0000050738241413,30]
[31,"WOODS, Becky",36,"B",25,17,184,3,13.333333333333334,4.0000054297659773,31]
[32,"GALLACHER, Andy",85,"D",59,8,169,3,8.3333333333333339,4.0000059143600666,32]
[33,"PROVINS, Colin",3,"H",116,20,786,16,6,5.0000012719409819,33]
[34,"PICKARD, Colin",24,"E",62,24,664,13,13.333333333333334,5.0000015054799469,34]
[35,"RANDELL, Henry",2,"G",93,28,484,10,1.3333333333333333,5.0000020649211203,35]
[36,"SHORTHOUSE, Dave",4,"F",84,19,328,6,13.333333333333334,5.000003047015448,36]
[37,"LAWRENCE, John",64,"C",38,14,233,4,13.666666666666666,5.0000042892682508,37]
[38,"NANGLE, Karl",22,"B",16,15,174,3,10,5.0000057421762847,38]
[39,"ADAMS, Graham",105,"A",3,17,172,3,9.3333333333333339,5.0000058082128129,39]
[40,"KINGDON, Adam",29,"D",58,9,120,2,8,5.0000083270880173,40]
[41,"SHARMAN, Mark",41,"H",110,20,667,13,14.333333333333334,6.0000014988009589,41]
[42,"STORER, Paul",48,"G",96,25,455,9,7.666666666666667,6.0000021965952772,42]
[43,"ELLIOTT, Nathan",40,"E",75,11,392,8,2.6666666666666665,6.0000025503047612,43]
[44,"BORDIANU, Adrian",50,"F",85,20,320,6,10.666666666666666,6.0000031230480948,44]
[45,"WHITE, Alan",70,"C",36,16,191,3,15.666666666666666,6.0000052312199204,45]
[46,"DIAPER, Barry",49,"A",6,14,157,3,4.333333333333333,6.0000063637520684,46]
[47,"SMITH, Adele",69,"B",20,13,137,2,13.666666666666666,6.0000072923503245,47]
[48,"BATTLE, Ian",14,"D",50,8,96,2,0,6.0000104079933392,48]
[49,"HUTSON, Garry",43,"H",108,19,523,10,14.333333333333334,7.0000019113515171,49]
[50,"GIBBS, Tom",61,"F",82,3,310,6,7.333333333333333,7.0000032254943072,50]
[51,"MILLS, Rodney",19,"G",101,9,305,6,5.666666666666667,7.0000032777213281,51]
[52,"AKESTER, Jack",1,"E",63,18,303,6,5,7.0000032983706051,52]
[53,"BURR, Dave",117,"C",41,7,148,3,1.3333333333333333,7.0000067535625039,53]
[54,"DOY, Alan",37,"A",1,12,139,2,14.333333333333334,7.0000071880391026,54]
[55,"BETTINSON, Charles",42,"B",22,10,136,2,13.333333333333334,7.0000073475385749,55]
[56,"HART, Paul",82,"D",54,6,71,1,7.666666666666667,7.0000140726146922,56]
[57,"GROSSMAN, Martin",98,"H",112,7,453,9,7,8.0000022071644565,57]
[58,"BANHAM, Jason",39,"F",81,13,287,5,15.666666666666666,8.0000034827430078,58]
[59,"ALDOUS, David",66,"E",71,20,275,5,11.666666666666666,8.0000036337209295,59]
[60,"TOPPING, Mike",93,"G",105,8,245,5,1.6666666666666667,8.000004080300311,60]
[61,"ADAMS, Lee",90,"C",40,13,139,2,14.333333333333334,8.0000071875224616,61]
[62,"MOORING, Luke",110,"A",9,11,129,2,11,8.0000077453334359,62]
[63,"HINXMAN, Mark",60,"B",29,10,124,2,9.3333333333333339,8.0000080580177269,63]
[64,"LEWIN, Scott",75,"D",55,2,43,0,14.333333333333334,8.0000232450023248,64]
[65,"HURCOMBE, Mark",97,"H",109,16,358,7,7.333333333333333,9.0000027920482459,65]
[66,"BIRD, Stacey",102,"E",72,12,255,5,5,9.0000039197240511,66]
[67,"HARRISON, Paul",100,"F",77,15,231,4,13,9.0000043261951106,67]
[68,"MICKELSEN, Jon",81,"G",103,8,172,3,9.3333333333333339,9.0000058112505812,68]
[69,"LAY-FLURRIE, Matt",34,"A",13,11,125,2,9.6666666666666661,9.0000079929661894,69]
[70,"REYNOLDS, Ian",38,"C",43,8,120,2,8,9.0000083277814795,70]
[71,"DENHOLM, Paul",57,"B",17,3,84,1,12,9.0000119005117227,71]
[72,"CREASEY, Shaun",9,"D",57,1,40,0,13.333333333333334,9.0000249937515626,72]
[73,"STONE, Barry",92,"H",107,9,286,5,15.333333333333334,10.000003495403543,73]
[74,"DRIVER, Ed",96,"E",67,11,243,5,1,10.000004113364321,74]
[75,"DIAPER, Greg",111,"F",79,12,157,3,4.333333333333333,10.000006364562118,75]
[76,"TOVELL, Paul",51,"G",95,4,138,2,14,10.000007244277022,76]
[77,"CROSBY, Ralf",25,"C",42,10,118,2,7.333333333333333,10.000008467400509,77]
[78,"CARTER, John",8,"A",7,11,109,2,4.333333333333333,10.00000916506278,78]
[79,"LING, Richard",115,"B",30,5,54,1,2,10.000018501387604,79]
[80,"HADDOCK, Roy",26,"D",60,2,38,0,12.666666666666666,10.000026301946344,80]
[81,"LOKE, Peter ",10,"H",117,10,266,5,8.6666666666666661,11.00000375798572,81]
[82,"BRIGHTON, Tarrick",72,"E",69,6,238,4,15.333333333333334,11.000004200621692,82]
[83,"BOWELL, Ian",94,"F",88,11,134,2,12.666666666666666,11.000007456565505,83]
[84,"TEMPLE, Billy",7,"G",97,9,129,2,11,11.000007746533427,84]
[85,"DRAYTON, Simon",91,"A",11,9,102,2,2,11.000009795278675,85]
[86,"AUSTIN, John",54,"C",39,4,86,1,12.666666666666666,11.000011622501162,86]
[87,"FRARY, June",84,"B",18,5,43,0,14.333333333333334,11.000023228803716,87]
[88,"ROPER, Liam",108,"D",47,3,21,0,7,11.000047551117451,88]
[89,"FULLER, David",101,"H",111,12,257,5,5.666666666666667,12.000003889234598,89]
[90,"SMART, Neil",23,"E",68,5,222,4,10,12.000004503490205,90]
[91,"GREEN, Kevin",35,"F",78,7,132,2,12,12.000007571742257,91]
[92,"SMITH, Andy",53,"G",100,7,107,2,3.6666666666666665,12.000009339684318,92]
[93,"COLMAN, Mark",109,"A",4,7,93,1,15,12.000010744600837,93]
[94,"CROSBY, Colin",52,"C",44,2,49,1,0.33333333333333331,12.000020399836801,94]
[95,"SMITH, Leon",106,"D",53,1,5,0,1.6666666666666667,12.000199600798403,95]
[96,"THOMAS, Tony",87,"H",113,4,182,3,12.666666666666666,13.000005493298175,96]
[97,"SELF, Bevan",16,"E",64,6,100,2,1.3333333333333333,13.000009994003598,97]
[98,"BROCK, Peter",62,"G",91,6,100,2,1.3333333333333333,13.000009994003598,97]
[99,"BUY, Craig",6,"A",15,10,88,1,13.333333333333334,13.000011350737799,99]
[100,"HORE, Malcolm",59,"F",86,6,73,1,8.3333333333333339,13.000013687380235,100]
[101,"HARVEY, Mark",83,"C",33,2,21,0,7,13.000047573739296,101]
[102,"LILL, Jarrod",28,"H",119,5,175,3,10.333333333333334,14.000005712653527,102]
[103,"KENDRICK, Paul",118,"A",12,11,85,1,12.333333333333334,14.000011749500647,103]
[104,"BROWN, Harry",46,"A",10,0,0,0,0,15,104]
[105,"ELEY, Kevin",63,"D",46,0,0,0,0,15,104]
[106,"CHAPMAN, Rob",103,"G",98,0,0,0,0,15,104]

{"sheet":"Bass Festival Day 1 (Flattie)","index":22,"n_rows":105,"n_cols":10,"rows_kept":105,"cut":false,"hidden":false,"merged":[[1,9,2,9],[0,0,0,4],[0,5,0,9],[1,0,2,0],[1,1,2,1],[1,2,2,2],[1,3,2,3],[1,4,2,4],[1,5,2,5],[1,6,2,6]]}
["NORTH NORFOLK BASS FESTIVAL 2018",null,null,null,null,"Day 1 (Flattie)"]
["Individual No.","Angler Name","Angler No.","Zone","Peg","No. Fish","Fish Points","Weight",null,"Day 1 Position"]
[null,null,null,null,null,null,null,"lbs","oz"]
[1,"GALLACHER, Andy",85,"H",115,39,468,9,12,1]
[2,"TUCK, Rob",13,"E",69,23,369,7,11,2]
[3,"LAWRENCE, John",64,"G",100,28,353,7,5.666666666666667,3]
[4,"BOWELL, Ian",94,"A",1,26,310,6,7.333333333333333,4]
[5,"NANGLE, Karl",22,"H",107,25,307,6,6.333333333333333,5]
[6,"WOODS, Graham",78,"H",111,21,302,6,4.666666666666667,6]
[7,"HART, Paul",82,"H",114,23,288,6,0,7]
[8,"WHITE, Alan",70,"H",116,22,267,5,9,8]
[9,"WARD, Mark",73,"A",10,24,266,5,8.6666666666666661,9]
[10,"ADAMS, Graham",105,"F",84,21,261,5,7,10]
[11,"COLMAN, Mark",109,"F",86,17,248,5,2.6666666666666665,11]
[12,"CROSBY, Ralf",25,"G",93,18,226,4,11.333333333333334,12]
[13,"JONES, Mark",88,"C",36,15,218,4,8.6666666666666661,13]
[14,"ELEY, Kevin",63,"G",92,17,201,4,3,14]
[15,"SMITH, Gavin",86,"E",64,15,193,4,0.33333333333333331,15]
[16,"FRARY, Charlie",65,"H",113,12,192,4,0,16]
[17,"BOND, Darren",56,"F",89,16,190,3,15.333333333333334,17]
[18,"LAY-FLURRIE, Matt",34,"F",79,16,187,3,14.333333333333334,18]
[19,"DRAYTON, Simon",91,"G",96,16,180,3,12,19]
[20,"TURNER, Cameron",119,"F",90,16,166,3,7.333333333333333,20]
[21,"ALDOUS, David",66,"A",12,14,166,3,7.333333333333333,21]
[22,"SMITH, John",27,"E",71,16,165,3,7,22]
[23,"CREASEY, Shaun",9,"H",108,13,165,3,7,23]
[24,"MEDLER, Gary",55,"F",80,16,163,3,6.333333333333333,24]
[25,"SPALL, Chris",80,"A",13,17,157,3,4.333333333333333,25]
[26,"SMART, Neil",23,"C",41,14,157,3,4.333333333333333,26]
[27,"BUY, Craig",6,"G",94,14,157,3,4.333333333333333,26]
[28,"CARTER, John",8,"G",98,14,155,3,3.6666666666666665,28]
[29,"BATTLE, Ian",14,"E",68,14,152,3,2.6666666666666665,29]
[30,"CROSBY, Colin",52,"H",117,13,152,3,2.6666666666666665,30]
[31,"LEWIN, Scott",75,"F",88,12,147,3,1,31]
[32,"SHARMAN, Mark",41,"B",24,12,137,2,13.666666666666666,32]
[33,"WILSON, Mark",47,"A",6,13,133,2,12.333333333333334,33]
[34,"DIAPER, Barry",49,"E",72,12,132,2,12,34]
[35,"CLEMENT, Alby",112,"C",33,7,131,2,11.666666666666666,35]
[36,"LOKE, Peter ",10,"B",16,12,129,2,11,36]
[37,"KINGDON, Adam",29,"H",118,12,129,2,11,36]
[38,"SMITH, Adele",69,"G",99,14,126,2,10,38]
[39,"HARRISON, Paul",100,"A",7,17,124,2,9.3333333333333339,39]
[40,"THORPE, Doug",58,"F",82,8,124,2,9.3333333333333339,40]
[41,"WELLS, Tom",77,"D",57,4,124,2,9.3333333333333339,41]
[42,"HARVEY, Matthew",95,"E",67,10,123,2,9,42]
[43,"WATTS, Mike",68,"C",40,11,120,2,8,43]
[44,"REYNOLDS, Ian",38,"F",77,14,119,2,7.666666666666667,44]
[45,"BETTINSON, Charles",42,"G",103,12,118,2,7.333333333333333,45]
[46,"ADAMS, Stephen",104,"C",42,12,117,2,7,46]
[47,"ROPER, Liam",108,"G",101,14,115,2,6.333333333333333,47]
[48,"TEMPLE, Billy",7,"A",4,12,112,2,5.333333333333333,48]
[49,"STONE, Barry",92,"B",23,10,112,2,5.333333333333333,49]
[50,"HINXMAN, Mark",60,"E",65,10,110,2,4.666666666666667,50]
[51,"DOY, Alan",37,"F",83,9,107,2,3.6666666666666665,51]
[52,"MOORING, Luke",110,"E",66,9,101,2,1.6666666666666667,52]
[53,"HARVEY, Mark",83,"F",87,10,96,2,0,53]
[54,"NELSON, Ian",79,"E",62,7,94,1,15.333333333333334,54]
[55,"BURR, Dave",117,"E",75,4,94,1,15.333333333333334,55]
[56,"ADAMS, Lee",90,"H",119,9,93,1,15,56]
[57,"THOMAS, Tony",87,"B",22,8,86,1,12.666666666666666,57]
[58,"HAWARD, Nick",31,"F",81,4,86,1,12.666666666666666,58]
[59,"BIRD, Stacey",102,"C",31,9,85,1,12.333333333333334,59]
[60,"SHORTHOUSE, Dave",4,"A",2,10,83,1,11.666666666666666,60]
[61,"BROCK, Peter",62,"C",32,7,78,1,10,61]
[62,"PROVINS, Colin",3,"B",19,6,78,1,10,62]
[63,"AUSTIN, John",54,"G",91,6,77,1,9.6666666666666661,63]
[64,"DRIVER, Ed",96,"A",3,7,76,1,9.3333333333333339,64]
[65,"RANDELL, Henry",2,"C",39,6,76,1,9.3333333333333339,65]
[66,"SMITH, Andy",53,"D",47,6,75,1,9,66]
[67,"BRADSHAW, Craig",107,"B",29,8,74,1,8.6666666666666661,67]
[68,"ELLIOTT, Nathan",40,"D",52,5,74,1,8.6666666666666661,68]
[69,"FULLER, David",101,"B",28,6,73,1,8.3333333333333339,69]
[70,"AKESTER, Jack",1,"C",38,7,69,1,7,70]
[71,"DENHOLM, Paul",57,"F",78,7,69,1,7,70]
[72,"WOODS, Becky",36,"G",97,7,69,1,7,70]
[73,"STEBBINGS, Robert",21,"B",25,7,68,1,6.666666666666667,73]
[74,"KENDRICK, Paul",118,"H",120,10,67,1,6.333333333333333,74]
[75,"TOVELL, Paul",51,"B",21,8,67,1,6.333333333333333,75]
[76,"SMITH, Leon",106,"E",73,6,66,1,6,76]
[77,"SMITH, George",15,"E",74,5,64,1,5.333333333333333,77]
[78,"TOPPING, Mike",93,"A",9,5,59,1,3.6666666666666665,78]
[79,"LING, Richard",115,"G",105,7,56,1,2.6666666666666665,79]
[80,"GREEN, Kevin",35,"C",43,7,55,1,2.3333333333333335,80]
[81,"PINDER, Mark",5,"D",49,3,55,1,2.3333333333333335,81]
[82,"GROSSMAN, Martin",98,"B",27,3,54,1,2,82]
[83,"BANHAM, Jason",39,"B",18,4,50,1,0.66666666666666663,83]
[84,"HORE, Malcolm",59,"A",5,5,46,0,15.333333333333334,84]
[85,"CANNELL, Chris",74,"D",50,2,46,0,15.333333333333334,85]
[86,"TAYLOR, Robbie",44,"E",61,4,45,0,15,86]
[87,"READ, David",18,"C",37,5,44,0,14.666666666666666,87]
[88,"HARVEY, Paul ",33,"C",34,4,41,0,13.666666666666666,88]
[89,"MICKELSEN, Jon",81,"A",14,3,40,0,13.333333333333334,89]
[90,"HADDOCK, Roy",26,"F",76,4,37,0,12.333333333333334,90]
[91,"FRARY, June",84,"H",112,4,36,0,12,91]
[92,"BRIGHTON, Tarrick",72,"D",55,3,35,0,11.666666666666666,92]
[93,"BORDIANU, Adrian",50,"D",53,3,32,0,10.666666666666666,93]
[94,"STORER, Paul",48,"C",44,2,28,0,9.3333333333333339,94]
[95,"SELF, Bevan",16,"D",56,3,26,0,8.6666666666666661,95]
[96,"GIBBS, Tom",61,"D",46,1,24,0,8,96]
[97,"DIAPER, Greg",111,"D",51,2,23,0,7.666666666666667,97]
[98,"MILLS, Rodney",19,"B",26,2,17,0,5.666666666666667,98]
[99,"HUTSON, Garry",43,"D",54,2,14,0,4.666666666666667,99]
[100,"PICKARD, Colin",24,"D",48,1,14,0,4.666666666666667,100]
[101,"LILL, Jarrod",28,"D",58,1,7,0,2.3333333333333335,101]
[102,"BURT, Richard",12,"B",20,3,0,0,0,102]

{"sheet":"Bass Festival Day 2 (Flattie)","index":23,"n_rows":104,"n_cols":10,"rows_kept":104,"cut":false,"hidden":false,"merged":[[1,9,2,9],[0,5,0,9],[1,5,2,5],[1,6,2,6],[0,0,0,4],[1,0,2,0],[1,1,2,1],[1,2,2,2],[1,3,2,3],[1,4,2,4]]}
["NORTH NORFOLK BASS FESTIVAL 2018",null,null,null,null,"Day 2 (Flattie)"]
["Individual No.","Angler Name","Angler No.","Zone","Peg","No. Fish","Fish Points","Weight",null,"Day 2 Position"]
[null,null,null,null,null,null,null,"lbs","oz"]
[1,"RANDELL, Henry",2,"G",93,22,285,5,15,1]
[2,"STORER, Paul",48,"G",96,22,264,5,8,2]
[3,"SHARMAN, Mark",41,"H",110,14,260,5,6.666666666666667,3]
[4,"SMITH, George",15,"A",2,23,251,5,3.6666666666666665,4]
[5,"BORDIANU, Adrian",50,"F",85,19,233,4,13.666666666666666,5]
[6,"WATTS, Mike",68,"G",94,19,229,4,12.333333333333334,6]
[7,"PICKARD, Colin",24,"E",62,17,214,4,7.333333333333333,7]
[8,"FRARY, Charlie",65,"B",19,19,205,4,4.333333333333333,8]
[9,"AKESTER, Jack",1,"E",63,14,202,4,3.3333333333333335,9]
[10,"SPALL, Chris",80,"E",65,15,198,4,2,10]
[11,"WARD, Mark",73,"H",120,13,193,4,0.33333333333333331,11]
[12,"THORPE, Doug",58,"C",34,17,192,4,0,12]
[13,"BURT, Richard",12,"F",83,15,185,3,13.666666666666666,13]
[14,"NANGLE, Karl",22,"B",16,15,174,3,10,14]
[15,"ADAMS, Stephen",104,"F",76,15,172,3,9.3333333333333339,15]
[16,"PINDER, Mark",5,"G",102,12,170,3,8.6666666666666661,16]
[17,"HURCOMBE, Mark",97,"H",109,14,169,3,8.3333333333333339,17]
[18,"GOOCH, Mark",120,"H",115,10,169,3,8.3333333333333339,18]
[19,"ADAMS, Graham",105,"A",3,16,162,3,6,19]
[20,"ALDOUS, David",66,"E",71,16,157,3,4.333333333333333,20]
[21,"CLEMENT, Alby",112,"H",114,11,149,3,1.6666666666666667,21]
[22,"WOODS, Becky",36,"B",25,16,147,3,1,22]
[23,"SMITH, Gavin",86,"B",28,12,145,3,0.33333333333333331,23]
[24,"JONES, Mark",88,"G",92,11,143,2,15.666666666666666,24]
[25,"BIRD, Stacey",102,"E",72,10,142,2,15.333333333333334,25]
[26,"LAWRENCE, John",64,"C",38,12,140,2,14.666666666666666,26]
[27,"DOY, Alan",37,"A",1,12,139,2,14.333333333333334,27]
[28,"SHORTHOUSE, Dave",4,"F",84,12,139,2,14.333333333333334,27]
[29,"SMITH, Adele",69,"B",20,13,137,2,13.666666666666666,29]
[30,"WHITE, Alan",70,"C",36,14,132,2,12,30]
[31,"MOORING, Luke",110,"A",9,11,129,2,11,31]
[32,"TAYLOR, Robbie",44,"C",35,11,128,2,10.666666666666666,32]
[33,"SMITH, John",27,"A",8,12,127,2,10.333333333333334,33]
[34,"HUTSON, Garry",43,"H",108,10,126,2,10,34]
[35,"BETTINSON, Charles",42,"B",22,9,126,2,10,35]
[36,"HARVEY, Paul ",33,"E",61,10,124,2,9.3333333333333339,36]
[37,"BANHAM, Jason",39,"F",81,11,121,2,8.3333333333333339,37]
[38,"MEDLER, Gary",55,"A",5,12,120,2,8,38]
[39,"HARRISON, Paul",100,"F",77,11,118,2,7.333333333333333,39]
[40,"ADAMS, Lee",90,"C",40,12,111,2,5,40]
[41,"BOWELL, Ian",94,"F",88,10,110,2,4.666666666666667,41]
[42,"READ, David",18,"G",99,10,105,2,3,42]
[43,"DIAPER, Barry",49,"A",6,13,104,2,2.6666666666666665,43]
[44,"DRAYTON, Simon",91,"A",11,9,102,2,2,44]
[45,"FULLER, David",101,"H",111,8,99,2,1,45]
[46,"LAY-FLURRIE, Matt",34,"A",13,10,98,2,0.66666666666666663,46]
[47,"REYNOLDS, Ian",38,"C",43,7,98,2,0.66666666666666663,47]
[48,"PROVINS, Colin",3,"H",116,7,98,2,0.66666666666666663,47]
[49,"CARTER, John",8,"A",7,10,97,2,0.33333333333333331,49]
[50,"DIAPER, Greg",111,"F",79,9,97,2,0.33333333333333331,50]
[51,"TEMPLE, Billy",7,"G",97,7,92,1,14.666666666666666,51]
[52,"MILLS, Rodney",19,"G",101,5,91,1,14.333333333333334,52]
[53,"BUY, Craig",6,"A",15,10,88,1,13.333333333333334,53]
[54,"LOKE, Peter ",10,"H",117,7,87,1,13,54]
[55,"HINXMAN, Mark",60,"B",29,9,86,1,12.666666666666666,55]
[56,"BURR, Dave",117,"C",41,5,86,1,12.666666666666666,56]
[57,"KENDRICK, Paul",118,"A",12,11,85,1,12.333333333333334,57]
[58,"TUCK, Rob",13,"C",37,8,83,1,11.666666666666666,58]
[59,"BROCK, Peter",62,"G",91,5,82,1,11.333333333333334,59]
[60,"CROSBY, Ralf",25,"C",42,9,81,1,11,60]
[61,"BATTLE, Ian",14,"D",50,7,80,1,10.666666666666666,61]
[62,"HARVEY, Matthew",95,"A",14,8,79,1,10.333333333333334,62]
[63,"KINGDON, Adam",29,"D",58,7,78,1,10,63]
[64,"MICKELSEN, Jon",81,"G",103,6,76,1,9.3333333333333339,64]
[65,"TOPPING, Mike",93,"G",105,6,76,1,9.3333333333333339,64]
[66,"DRIVER, Ed",96,"E",67,4,75,1,9,66]
[67,"HORE, Malcolm",59,"F",86,6,73,1,8.3333333333333339,67]
[68,"TURNER, Cameron",119,"D",56,4,73,1,8.3333333333333339,68]
[69,"HART, Paul",82,"D",54,6,71,1,7.666666666666667,69]
[70,"BOND, Darren",56,"B",26,9,68,1,6.666666666666667,70]
[71,"ELLIOTT, Nathan",40,"E",75,6,67,1,6.333333333333333,71]
[72,"STEBBINGS, Robert",21,"E",66,5,66,1,6,72]
[73,"GALLACHER, Andy",85,"D",59,4,65,1,5.666666666666667,73]
[74,"WELLS, Tom",77,"E",73,6,64,1,5.333333333333333,74]
[75,"COLMAN, Mark",109,"A",4,6,62,1,4.666666666666667,75]
[76,"STONE, Barry",92,"H",107,5,60,1,4,76]
[77,"NELSON, Ian",79,"D",49,4,58,1,3.3333333333333335,77]
[78,"LING, Richard",115,"B",30,5,54,1,2,78]
[79,"GREEN, Kevin",35,"F",78,4,52,1,1.3333333333333333,79]
[80,"AUSTIN, John",54,"C",39,3,52,1,1.3333333333333333,80]
[81,"SELF, Bevan",16,"E",64,4,49,1,0.33333333333333331,81]
[82,"CROSBY, Colin",52,"C",44,2,49,1,0.33333333333333331,82]
[83,"FRARY, June",84,"B",18,5,43,0,14.333333333333334,83]
[84,"CANNELL, Chris",74,"F",87,3,42,0,14,84]
[85,"THOMAS, Tony",87,"H",113,3,40,0,13.333333333333334,85]
[86,"BRIGHTON, Tarrick",72,"E",69,3,38,0,12.666666666666666,86]
[87,"HADDOCK, Roy",26,"D",60,2,38,0,12.666666666666666,87]
[88,"SMART, Neil",23,"E",68,3,34,0,11.333333333333334,88]
[89,"TOVELL, Paul",51,"G",95,2,27,0,9,89]
[90,"SMITH, Andy",53,"G",100,3,26,0,8.6666666666666661,90]
[91,"DENHOLM, Paul",57,"B",17,2,22,0,7.333333333333333,91]
[92,"ROPER, Liam",108,"D",47,3,21,0,7,92]
[93,"HARVEY, Mark",83,"C",33,2,21,0,7,93]
[94,"HAWARD, Nick",31,"C",32,1,18,0,6,94]
[95,"BRADSHAW, Craig",107,"F",89,1,14,0,4.666666666666667,95]
[96,"GROSSMAN, Martin",98,"H",112,1,14,0,4.666666666666667,95]
[97,"LILL, Jarrod",28,"H",119,2,12,0,4,97]
[98,"WOODS, Graham",78,"D",51,1,7,0,2.3333333333333335,98]
[99,"GIBBS, Tom",61,"F",82,1,7,0,2.3333333333333335,98]
[100,"LEWIN, Scott",75,"D",55,1,6,0,2,100]
[101,"SMITH, Leon",106,"D",53,1,5,0,1.6666666666666667,101]

{"sheet":"Ladies Day 1","index":24,"n_rows":19,"n_cols":11,"rows_kept":19,"cut":false,"hidden":false,"merged":[[0,1,0,4],[0,5,0,10],[1,0,2,0],[1,1,2,1],[1,2,2,2],[1,3,2,3],[1,4,2,4],[1,5,2,5],[1,6,2,6],[1,9,2,9],[1,10,2,10],[10,1,10,4],[10,5,10,10],[11,1,12,1],[11,2,12,2],[11,3,12,3],[11,4,12,4],[11,5,12,5],[11,6,12,6],[11,9,12,9],[11,10,12,10]]}
[null,"UK LADIES CHAMPIONSHIPS 2018",null,null,null,"Day 1 (Individuals)"]
["Individual No.","Angler Name","Angler No.","Zone","Peg","No. Fish","Fish Points","Weight",null,"Day 1 Points","Day 1 Position"]
[null,null,null,null,null,null,null,"lbs","oz"]
[1,"SMITH, Adele",69,"G",99,19,287,5,15.666666666666666,1,1]
[2,"METCALFE, Wendy",76,"H",110,12,217,4,8.3333333333333339,2,2]
[3,"WOODS, Becky",36,"G",97,13,177,3,11,3,3]
[4,"BROWN, Kay",45,"H",109,9,97,2,0.33333333333333331,4,4]
[5,"LAWN, Kimberley",67,"H",106,3,78,1,10,5,5]
[6,"FRARY, June",84,"H",112,6,58,1,3.3333333333333335,6,6]
[]
[null,"UK LADIES CHAMPIONSHIPS 2018",null,null,null,"Day 1 (Pools)"]
[null,"Angler Name","Angler No.","Zone","Peg","No. Fish","Fish Points","Weight",null,"Day 1 Points","Day 1 Position"]
[null,null,null,null,null,null,null,"lbs","oz"]
[null,"SMITH, Adele",69,"G",99,19,287,5,15.666666666666666,1,1]
[null,"METCALFE, Wendy",76,"H",110,12,217,4,8.3333333333333339,2,2]
[null,"WOODS, Becky",36,"G",97,13,177,3,11,3,3]
[null,"BROWN, Kay",45,"H",109,9,97,2,0.33333333333333331,4,4]
[null,"LAWN, Kimberley",67,"H",106,3,78,1,10,5,5]
[null,"FRARY, June",84,"H",112,6,58,1,3.3333333333333335,6,6]

{"sheet":"Ladies Day 2","index":25,"n_rows":19,"n_cols":11,"rows_kept":19,"cut":false,"hidden":false,"merged":[[0,1,0,4],[0,5,0,10],[1,0,2,0],[1,1,2,1],[1,2,2,2],[1,3,2,3],[1,4,2,4],[1,5,2,5],[1,6,2,6],[1,9,2,9],[1,10,2,10],[10,1,10,4],[10,5,10,10],[11,1,12,1],[11,2,12,2],[11,3,12,3],[11,4,12,4],[11,5,12,5],[11,6,12,6],[11,9,12,9],[11,10,12,10]]}
[null,"UK LADIES CHAMPIONSHIPS 2018",null,null,null,"Day 2 (Individuals)"]
["Individual No.","Angler Name","Angler No.","Zone","Peg","No. Fish","Fish Points","Weight",null,"Day 2 Points","Day 2 Position"]
[null,null,null,null,null,null,null,"lbs","oz"]
[1,"WOODS, Becky",36,"B",25,17,184,3,13.333333333333334,1,1]
[2,"SMITH, Adele",69,"B",20,13,137,2,13.666666666666666,2,2]
[3,"METCALFE, Wendy",76,"B",23,10,94,1,15.333333333333334,3,3]
[4,"LAWN, Kimberley",67,"B",27,6,80,1,10.666666666666666,4,4]
[5,"BROWN, Kay",45,"B",24,4,44,0,14.666666666666666,5,5]
[6,"FRARY, June",84,"B",18,5,43,0,14.333333333333334,6,6]
[]
[null,"UK LADIES CHAMPIONSHIPS 2018",null,null,null,"Day 2 (Pools)"]
[null,"Angler Name","Angler No.","Zone","Peg","No. Fish","Fish Points","Weight",null,"Day 2 Points","Day 2 Position"]
[null,null,null,null,null,null,null,"lbs","oz"]
[null,"WOODS, Becky",36,"B",25,17,184,3,13.333333333333334,1,1]
[null,"SMITH, Adele",69,"B",20,13,137,2,13.666666666666666,2,2]
[null,"METCALFE, Wendy",76,"B",23,10,94,1,15.333333333333334,3,3]
[null,"LAWN, Kimberley",67,"B",27,6,80,1,10.666666666666666,4,4]
[null,"BROWN, Kay",45,"B",24,4,44,0,14.666666666666666,5,5]
[null,"FRARY, June",84,"B",18,5,43,0,14.333333333333334,6,6]

{"sheet":"Juniors Day 1","index":26,"n_rows":8,"n_cols":10,"rows_kept":8,"cut":false,"hidden":false,"merged":[[1,9,2,9],[0,1,0,4],[0,5,0,9],[1,5,2,5],[1,6,2,6],[1,0,2,0],[1,1,2,1],[1,2,2,2],[1,3,2,3],[1,4,2,4]]}
[null,"NORTH NORFOLK JUNIORS TOURNAMENT 2018",null,null,null,"Day 1 (Juniors)"]
["Individual No.","Angler Name","Angler No.","Zone","Peg","No. Fish","Fish Points","Weight",null,"Day 1 Position"]
[null,null,null,null,null,null,null,"lbs","oz"]
[1,"BRADSHAW, Daine",113,"B",30,15,254,5,4.666666666666667,1]
[2,"TOPPING, Jack",32,"A",8,7,151,3,2.3333333333333335,2]
[3,"ALDOUS, Brayden",30,"A",11,4,118,2,7.333333333333333,3]
[4,"MICKELSEN, Rory",116,"A",15,3,78,1,10,4]
[5,"BANHAM, Mark",71,"B",17,7,77,1,9.6666666666666661,5]

{"sheet":"Juniors Day 2","index":27,"n_rows":8,"n_cols":10,"rows_kept":8,"cut":false,"hidden":false,"merged":[[1,9,2,9],[0,1,0,4],[0,5,0,9],[1,5,2,5],[1,6,2,6],[1,0,2,0],[1,1,2,1],[1,2,2,2],[1,3,2,3],[1,4,2,4]]}
[null,"NORTH NORFOLK JUNIORS TOURNAMENT 2018",null,null,null,"Day 2 (Juniors)"]
["Individual No.","Angler Name","Angler No.","Zone","Peg","No. Fish","Fish Points","Weight",null,"Day 2 Position"]
[null,null,null,null,null,null,null,"lbs","oz"]
[1,"BRADSHAW, Daine",113,"F",90,13,214,4,7.333333333333333,1]
[2,"BANHAM, Mark",71,"F",80,3,152,3,2.6666666666666665,2]
[3,"ALDOUS, Brayden",30,"E",70,3,112,2,5.333333333333333,3]
[4,"MICKELSEN, Rory",116,"G",104,2,68,1,6.666666666666667,4]
[5,"TOPPING, Jack",32,"H",106,1,62,1,4.666666666666667,5]

{"sheet":"All Day 1 Heaviest Bass","index":28,"n_rows":52,"n_cols":7,"rows_kept":52,"cut":false,"hidden":false,"merged":[[0,2,0,6],[0,0,0,1],[1,0,2,0],[1,2,2,2],[1,1,2,1],[1,5,2,5],[1,6,2,6]]}
["NORTH NORFOLK BASS FESTIVAL 2018",null,"Day 1 - Heaviest Bass"]
["Angler Name","Peg","Fish Points","Weight",null,"Species","Day 1 Position"]
[null,null,null,"lbs","oz"]
["BROCK, Peter",32,335,6,15.666666666666666,"Bass",1]
["TOPPING, Mike",9,220,4,9.3333333333333339,"Bass",2]
["BUY, Craig",94,210,4,6,"Bass",3]
["CROSBY, Colin",117,182,3,12.666666666666666,"Bass",4]
["STORER, Paul",44,174,3,10,"Bass",5]
["GREEN, Kevin",43,150,3,2,"Bass",6]
["SMITH, Gavin",64,92,1,14.666666666666666,"Bass",7]
["DRAYTON, Simon",96,92,1,14.666666666666666,"Bass",7]
["BURR, Dave",75,86,1,12.666666666666666,"Bass",9]
["DRIVER, Ed",3,55,1,2.3333333333333335,"Bass",10]
["BURT, Richard",20,55,1,2.3333333333333335,"Bass",10]
["BRADSHAW, Daine",30,51,1,1,"Bass",12]
["WARD, Mark",10,47,0,15.666666666666666,"Bass",13]
["HARVEY, Matthew",67,47,0,15.666666666666666,"Bass",13]
["STEBBINGS, Robert",25,43,0,14.333333333333334,"Bass",15]
["BOND, Darren",89,43,0,14.333333333333334,"Bass",15]
["MICKELSEN, Jon",14,40,0,13.333333333333334,"Bass",17]
["ADAMS, Stephen",42,40,0,13.333333333333334,"Bass",17]
["BANHAM, Jason",18,37,0,12.333333333333334,"Bass",19]
["WATTS, Mike",40,37,0,12.333333333333334,"Bass",19]
["SMART, Neil",41,37,0,12.333333333333334,"Bass",19]
["TUCK, Rob",69,37,0,12.333333333333334,"Bass",19]
["MEDLER, Gary",80,37,0,12.333333333333334,"Bass",19]
["LEWIN, Scott",88,37,0,12.333333333333334,"Bass",19]
["ELEY, Kevin",92,37,0,12.333333333333334,"Bass",19]
["KENDRICK, Paul",120,37,0,12.333333333333334,"Bass",19]
["HARRISON, Paul",7,34,0,11.333333333333334,"Bass",27]
["SPALL, Chris",13,34,0,11.333333333333334,"Bass",27]
["HARVEY, Paul ",34,34,0,11.333333333333334,"Bass",27]
["MOORING, Luke",66,34,0,11.333333333333334,"Bass",27]
["DIAPER, Barry",72,34,0,11.333333333333334,"Bass",27]
["BOWELL, Ian",1,32,0,10.666666666666666,"Bass",32]
["GROSSMAN, Martin",27,32,0,10.666666666666666,"Bass",32]
["SHORTHOUSE, Dave",2,31,0,10.333333333333334,"Bass",34]
["ALDOUS, David",12,31,0,10.333333333333334,"Bass",34]
["STONE, Barry",23,31,0,10.333333333333334,"Bass",34]
["SELF, Bevan",56,31,0,10.333333333333334,"Bass",34]
["SMITH, George",74,31,0,10.333333333333334,"Bass",34]
["REYNOLDS, Ian",77,31,0,10.333333333333334,"Bass",34]
["WOODS, Becky",97,31,0,10.333333333333334,"Bass",34]
["CREASEY, Shaun",108,31,0,10.333333333333334,"Bass",34]
["LOKE, Peter ",16,30,0,10,"Bass",42]
["TOPPING, Jack",8,28,0,9.3333333333333339,"Bass",43]
["THOMAS, Tony",22,28,0,9.3333333333333339,"Bass",43]
["FULLER, David",28,28,0,9.3333333333333339,"Bass",43]
["READ, David",37,28,0,9.3333333333333339,"Bass",43]
["CLEMENT, Alby",33,25,0,8.3333333333333339,"Bass",47]
["RANDELL, Henry",39,20,0,6.666666666666667,"Bass",48]
["DIAPER, Greg",51,11,0,3.6666666666666665,"Bass",49]

{"sheet":"All Day 2 Heaviest Bass","index":29,"n_rows":41,"n_cols":7,"rows_kept":41,"cut":false,"hidden":false,"merged":[[1,0,2,0],[1,1,2,1],[1,2,2,2],[0,0,0,1],[0,2,0,6],[1,5,2,5],[1,6,2,6]]}
["NORTH NORFOLK BASS FESTIVAL 2018",null,"Day 2 - Heaviest Bass"]
["Angler Name","Peg","Fish Points","Weight",null,"Species","Day 2 Position"]
[null,null,null,"lbs","oz"]
["MEDLER, Gary",5,232,4,13.333333333333334,"Bass",1]
["GROSSMAN, Martin",112,190,3,15.333333333333334,"Bass",2]
["HURCOMBE, Mark",109,182,3,12.666666666666666,"Bass",3]
["SPALL, Chris",65,136,2,13.333333333333334,"Bass",4]
["HARVEY, Matthew",14,110,2,4.666666666666667,"Bass",5]
["PICKARD, Colin",62,74,1,8.6666666666666661,"Bass",6]
["ALDOUS, David",71,68,1,6.666666666666667,"Bass",7]
["MICKELSEN, Jon",103,68,1,6.666666666666667,"Bass",7]
["GREEN, Kevin",78,55,1,2.3333333333333335,"Bass",9]
["LEWIN, Scott",55,43,0,14.333333333333334,"Bass",10]
["STORER, Paul",96,43,0,14.333333333333334,"Bass",10]
["HINXMAN, Mark",29,40,0,13.333333333333334,"Bass",12]
["CREASEY, Shaun",57,40,0,13.333333333333334,"Bass",12]
["GALLACHER, Andy",59,40,0,13.333333333333334,"Bass",12]
["BURT, Richard",83,40,0,13.333333333333334,"Bass",12]
["WOODS, Becky",25,37,0,12.333333333333334,"Bass",16]
["THORPE, Doug",34,37,0,12.333333333333334,"Bass",16]
["CROSBY, Ralf",42,37,0,12.333333333333334,"Bass",16]
["TURNER, Cameron",56,37,0,12.333333333333334,"Bass",16]
["ELLIOTT, Nathan",75,37,0,12.333333333333334,"Bass",16]
["RANDELL, Henry",93,37,0,12.333333333333334,"Bass",16]
["AUSTIN, John",39,34,0,11.333333333333334,"Bass",22]
["KINGDON, Adam",58,34,0,11.333333333333334,"Bass",22]
["ALDOUS, Brayden",70,34,0,11.333333333333334,"Bass",22]
["WELLS, Tom",73,34,0,11.333333333333334,"Bass",22]
["BRADSHAW, Daine",90,34,0,11.333333333333334,"Bass",22]
["PINDER, Mark",102,34,0,11.333333333333334,"Bass",22]
["HUTSON, Garry",108,33,0,11,"Bass",28]
["GOOCH, Mark",115,33,0,11,"Bass",28]
["HAWARD, Nick",32,31,0,10.333333333333334,"Bass",30]
["WHITE, Alan",36,31,0,10.333333333333334,"Bass",30]
["BURR, Dave",41,31,0,10.333333333333334,"Bass",30]
["AKESTER, Jack",63,31,0,10.333333333333334,"Bass",30]
["BRADSHAW, Craig",89,30,0,10,"Bass",34]
["ADAMS, Lee",40,28,0,9.3333333333333339,"Bass",35]
["ADAMS, Stephen",76,18,0,6,"Bass",36]
["CANNELL, Chris",87,18,0,6,"Bass",36]
["BATTLE, Ian",50,16,0,5.333333333333333,"Bass",38]

{"sheet":"Bass Fest. Day 1 Heaviest Flat","index":30,"n_rows":100,"n_cols":8,"rows_kept":100,"cut":false,"hidden":false,"merged":[[1,0,2,0],[1,1,2,1],[1,2,2,2],[1,3,2,3],[0,1,0,2],[0,3,0,7],[1,6,2,6],[1,7,2,7]]}
[null,"NORTH NORFOLK BASS FESTIVAL 2018",null,"Day 1 - Heaviest Flat"]
["Individual No.","Angler Name","Peg","Fish Points","Weight",null,"Species","Day 1 Position"]
[null,null,null,null,"lbs","oz"]
[1,"WOODS, Graham",111,56,1,2.6666666666666665,"Flounder",1]
[2,"CLEMENT, Alby",33,52,1,1.3333333333333333,"Flounder",2]
[3,"BURR, Dave",75,52,1,1.3333333333333333,"Flounder",2]
[4,"JONES, Mark",36,48,1,0,"Flounder",4]
[5,"TUCK, Rob",69,48,1,0,"Flounder",4]
[6,"FRARY, Charlie",113,48,1,0,"Flounder",4]
[7,"ALDOUS, David",12,44,0,14.666666666666666,"Flounder",7]
[8,"AUSTIN, John",91,44,0,14.666666666666666,"Flounder",7]
[9,"BOND, Darren",89,36,0,12,"Dab",9]
[10,"HART, Paul",114,36,0,12,"Flounder",9]
[11,"BROCK, Peter",32,32,0,10.666666666666666,"Dab",11]
[12,"TURNER, Cameron",90,32,0,10.666666666666666,"Flounder",11]
[13,"NANGLE, Karl",107,32,0,10.666666666666666,"Flounder",11]
[14,"CREASEY, Shaun",108,32,0,10.666666666666666,"Flounder",11]
[15,"GALLACHER, Andy",115,32,0,10.666666666666666,"Flounder",11]
[16,"WHITE, Alan",116,32,0,10.666666666666666,"Flounder",11]
[17,"BOWELL, Ian",1,28,0,9.3333333333333339,"Dab",17]
[18,"WILSON, Mark",6,28,0,9.3333333333333339,"Dab",17]
[19,"SPALL, Chris",13,28,0,9.3333333333333339,"Dab",17]
[20,"LOKE, Peter ",16,28,0,9.3333333333333339,"Dab",17]
[21,"PINDER, Mark",49,28,0,9.3333333333333339,"Dab",17]
[22,"CANNELL, Chris",50,28,0,9.3333333333333339,"Dab",17]
[23,"HAWARD, Nick",81,28,0,9.3333333333333339,"Dab",17]
[24,"THORPE, Doug",82,28,0,9.3333333333333339,"Dab",17]
[25,"COLMAN, Mark",86,28,0,9.3333333333333339,"Dab",17]
[26,"CROSBY, Ralf",93,28,0,9.3333333333333339,"Dab",17]
[27,"HARVEY, Paul ",34,27,0,9,"Dab",27]
[28,"WOODS, Becky",97,27,0,9,"Dab",27]
[29,"DRIVER, Ed",3,24,0,8,"Dab",29]
[30,"WARD, Mark",10,24,0,8,"Dab",29]
[31,"ADAMS, Stephen",42,24,0,8,"Dab",29]
[32,"GIBBS, Tom",46,24,0,8,"Dab",29]
[33,"ELLIOTT, Nathan",52,24,0,8,"Dab",29]
[34,"DENHOLM, Paul",78,24,0,8,"Dab",29]
[35,"ELEY, Kevin",92,24,0,8,"Dab",29]
[36,"CROSBY, Colin",117,23,0,7.666666666666667,"Dab",36]
[37,"SMART, Neil",41,21,0,7,"Dab",37]
[38,"SMITH, Andy",47,21,0,7,"Dab",37]
[39,"SMITH, Gavin",64,21,0,7,"Dab",37]
[40,"HARVEY, Matthew",67,21,0,7,"Dab",37]
[41,"BATTLE, Ian",68,21,0,7,"Dab",37]
[42,"SMITH, George",74,21,0,7,"Dab",37]
[43,"DRAYTON, Simon",96,21,0,7,"Dab",37]
[44,"LAWRENCE, John",100,21,0,7,"Dab",37]
[45,"TEMPLE, Billy",4,18,0,6,"Dab",45]
[46,"TOPPING, Mike",9,18,0,6,"Dab",45]
[47,"MICKELSEN, Jon",14,18,0,6,"Dab",45]
[48,"STONE, Barry",23,18,0,6,"Dab",45]
[49,"FULLER, David",28,18,0,6,"Dab",45]
[50,"STORER, Paul",44,18,0,6,"Dab",45]
[51,"DIAPER, Greg",51,18,0,6,"Dab",45]
[52,"BRIGHTON, Tarrick",55,18,0,6,"Dab",45]
[53,"TAYLOR, Robbie",61,18,0,6,"Dab",45]
[54,"NELSON, Ian",62,18,0,6,"Dab",45]
[55,"HINXMAN, Mark",65,18,0,6,"Dab",45]
[56,"MOORING, Luke",66,18,0,6,"Dab",45]
[57,"SMITH, John",71,18,0,6,"Dab",45]
[58,"DIAPER, Barry",72,18,0,6,"Dab",45]
[59,"LAY-FLURRIE, Matt",79,18,0,6,"Dab",45]
[60,"MEDLER, Gary",80,18,0,6,"Dab",45]
[61,"DOY, Alan",83,18,0,6,"Dab",45]
[62,"BUY, Craig",94,18,0,6,"Dab",45]
[63,"CARTER, John",98,18,0,6,"Dab",45]
[64,"SMITH, Adele",99,18,0,6,"Dab",45]
[65,"ROPER, Liam",101,18,0,6,"Dab",45]
[66,"THOMAS, Tony",22,16,0,5.333333333333333,"Dab",66]
[67,"BIRD, Stacey",31,16,0,5.333333333333333,"Dab",66]
[68,"AKESTER, Jack",38,16,0,5.333333333333333,"Dab",66]
[69,"WATTS, Mike",40,16,0,5.333333333333333,"Dab",66]
[70,"SMITH, Leon",73,16,0,5.333333333333333,"Dab",66]
[71,"REYNOLDS, Ian",77,16,0,5.333333333333333,"Dab",66]
[72,"HARVEY, Mark",87,16,0,5.333333333333333,"Dab",66]
[73,"LEWIN, Scott",88,16,0,5.333333333333333,"Dab",66]
[74,"KINGDON, Adam",118,16,0,5.333333333333333,"Dab",66]
[75,"HORE, Malcolm",5,14,0,4.666666666666667,"Dab",75]
[76,"HARRISON, Paul",7,14,0,4.666666666666667,"Dab",75]
[77,"BANHAM, Jason",18,14,0,4.666666666666667,"Dab",75]
[78,"PROVINS, Colin",19,14,0,4.666666666666667,"Dab",75]
[79,"TOVELL, Paul",21,14,0,4.666666666666667,"Dab",75]
[80,"GROSSMAN, Martin",27,14,0,4.666666666666667,"Dab",75]
[81,"RANDELL, Henry",39,14,0,4.666666666666667,"Dab",75]
[82,"PICKARD, Colin",48,14,0,4.666666666666667,"Dab",75]
[83,"SELF, Bevan",56,14,0,4.666666666666667,"Dab",75]
[84,"WELLS, Tom",57,14,0,4.666666666666667,"Dab",75]
[85,"BETTINSON, Charles",103,14,0,4.666666666666667,"Dab",75]
[86,"LING, Richard",105,14,0,4.666666666666667,"Dab",75]
[87,"BRADSHAW, Craig",29,12,0,4,"Dab",87]
[88,"READ, David",37,12,0,4,"Dab",87]
[89,"BORDIANU, Adrian",53,12,0,4,"Dab",87]
[90,"HADDOCK, Roy",76,12,0,4,"Dab",87]
[91,"FRARY, June",112,12,0,4,"Flounder",87]
[92,"ADAMS, Lee",119,12,0,4,"Dab",87]
[93,"STEBBINGS, Robert",25,11,0,3.6666666666666665,"Dab",93]
[94,"MILLS, Rodney",26,10,0,3.3333333333333335,"Dab",94]
[95,"HUTSON, Garry",54,8,0,2.6666666666666665,"Dab",95]
[96,"KENDRICK, Paul",120,8,0,2.6666666666666665,"Dab",95]
[97,"LILL, Jarrod",58,7,0,2.3333333333333335,"Dab",97]

{"sheet":"Bass Fest. Day 2 Heaviest Flat","index":31,"n_rows":98,"n_cols":8,"rows_kept":98,"cut":false,"hidden":false,"merged":[[1,0,2,0],[1,1,2,1],[1,2,2,2],[1,3,2,3],[0,1,0,2],[0,3,0,7],[1,6,2,6],[1,7,2,7]]}
[null,"NORTH NORFOLK BASS FESTIVAL 2018",null,"Day 2 - Heaviest Flat"]
["Individual No.","Angler Name","Peg","Fish Points","Weight",null,"Species","Day 2 Position"]
[null,null,null,null,"lbs","oz"]
[1,"SMITH, John",8,44,0,14.666666666666666,"Flounder",1]
[2,"SMITH, George",2,40,0,13.333333333333334,"Flonder",2]
[3,"NANGLE, Karl",16,40,0,13.333333333333334,"Flounder",2]
[4,"TAYLOR, Robbie",35,40,0,13.333333333333334,"Flounder",2]
[5,"TUCK, Rob",37,40,0,13.333333333333334,"Dab",2]
[6,"BURR, Dave",41,40,0,13.333333333333334,"Flounder",2]
[7,"TURNER, Cameron",56,40,0,13.333333333333334,"Dab",2]
[8,"DRAYTON, Simon",11,36,0,12,"Flounder",8]
[9,"SMITH, Adele",20,36,0,12,"Dab",8]
[10,"BROCK, Peter",91,36,0,12,"Flounder",8]
[11,"MILLS, Rodney",101,36,0,12,"Dab",8]
[12,"WARD, Mark",120,36,0,12,"Dab",8]
[13,"GALLACHER, Andy",59,32,0,10.666666666666666,"Dab",13]
[14,"HADDOCK, Roy",60,32,0,10.666666666666666,"Dab",13]
[15,"HARVEY, Paul ",61,32,0,10.666666666666666,"Dab",13]
[16,"AKESTER, Jack",63,32,0,10.666666666666666,"Dab",13]
[17,"ADAMS, Stephen",76,32,0,10.666666666666666,"Dab",13]
[18,"SHARMAN, Mark",110,32,0,10.666666666666666,"Dab",13]
[19,"DOY, Alan",1,28,0,9.3333333333333339,"Dab",19]
[20,"LAY-FLURRIE, Matt",13,28,0,9.3333333333333339,"Dab",19]
[21,"FRARY, Charlie",19,28,0,9.3333333333333339,"Dab",19]
[22,"CROSBY, Colin",44,28,0,9.3333333333333339,"Dab",19]
[23,"DRIVER, Ed",67,28,0,9.3333333333333339,"Dab",19]
[24,"ALDOUS, David",71,28,0,9.3333333333333339,"Dab",19]
[25,"BIRD, Stacey",72,28,0,9.3333333333333339,"Dab",19]
[26,"GOOCH, Mark",115,28,0,9.3333333333333339,"Dab",19]
[27,"ELLIOTT, Nathan",75,27,0,9,"Dab",27]
[28,"HARVEY, Matthew",14,26,0,8.6666666666666661,"Dab",28]
[29,"BETTINSON, Charles",22,24,0,8,"Dab",29]
[30,"SMITH, Gavin",28,24,0,8,"Dab",29]
[31,"SPALL, Chris",65,24,0,8,"Dab",29]
[32,"BURT, Richard",83,24,0,8,"Dab",29]
[33,"BORDIANU, Adrian",85,24,0,8,"Dab",29]
[34,"RANDELL, Henry",93,24,0,8,"Dab",29]
[35,"HUTSON, Garry",108,24,0,8,"Dab",29]
[36,"HURCOMBE, Mark",109,24,0,8,"Dab",29]
[37,"DENHOLM, Paul",17,22,0,7.333333333333333,"Dab",37]
[38,"MOORING, Luke",9,21,0,7,"Dab",38]
[39,"THORPE, Doug",34,21,0,7,"Dab",38]
[40,"LAWRENCE, John",38,21,0,7,"Dab",38]
[41,"HART, Paul",54,21,0,7,"Dab",38]
[42,"DIAPER, Greg",79,21,0,7,"Dab",38]
[43,"SHORTHOUSE, Dave",84,21,0,7,"Dab",38]
[44,"JONES, Mark",92,21,0,7,"Dab",38]
[45,"TOVELL, Paul",95,21,0,7,"Dab",38]
[46,"STORER, Paul",96,21,0,7,"Dab",38]
[47,"PINDER, Mark",102,21,0,7,"Dab",38]
[48,"MICKELSEN, Jon",103,21,0,7,"Dab",38]
[49,"PROVINS, Colin",116,21,0,7,"Dab",38]
[50,"HAWARD, Nick",32,18,0,6,"Dab",50]
[51,"WHITE, Alan",36,18,0,6,"Dab",50]
[52,"AUSTIN, John",39,18,0,6,"Dab",50]
[53,"ADAMS, Lee",40,18,0,6,"Dab",50]
[54,"PICKARD, Colin",62,18,0,6,"Dab",50]
[55,"SELF, Bevan",64,18,0,6,"Dab",50]
[56,"HARRISON, Paul",77,18,0,6,"Dab",50]
[57,"GREEN, Kevin",78,18,0,6,"Dab",50]
[58,"CANNELL, Chris",87,18,0,6,"Dab",50]
[59,"TEMPLE, Billy",97,18,0,6,"Dab",50]
[60,"CLEMENT, Alby",114,18,0,6,"Dab",50]
[61,"KENDRICK, Paul",12,17,0,5.666666666666667,"Dab",61]
[62,"CARTER, John",7,16,0,5.333333333333333,"Dab",62]
[63,"BUY, Craig",15,16,0,5.333333333333333,"Dab",62]
[64,"LING, Richard",30,16,0,5.333333333333333,"Dab",62]
[65,"REYNOLDS, Ian",43,16,0,5.333333333333333,"Dab",62]
[66,"NELSON, Ian",49,16,0,5.333333333333333,"Dab",62]
[67,"BATTLE, Ian",50,16,0,5.333333333333333,"Dab",62]
[68,"STEBBINGS, Robert",66,16,0,5.333333333333333,"Dab",62]
[69,"SMART, Neil",68,16,0,5.333333333333333,"Dab",62]
[70,"BRIGHTON, Tarrick",69,16,0,5.333333333333333,"Dab",62]
[71,"BANHAM, Jason",81,16,0,5.333333333333333,"Dab",62]
[72,"TOPPING, Mike",105,16,0,5.333333333333333,"Dab",62]
[73,"STONE, Barry",107,16,0,5.333333333333333,"Dab",62]
[74,"THOMAS, Tony",113,16,0,5.333333333333333,"Dab",62]
[75,"LOKE, Peter ",117,16,0,5.333333333333333,"Dab",62]
[76,"DIAPER, Barry",6,14,0,4.666666666666667,"Dab",76]
[77,"HINXMAN, Mark",29,14,0,4.666666666666667,"Dab",76]
[78,"HARVEY, Mark",33,14,0,4.666666666666667,"Dab",76]
[79,"KINGDON, Adam",58,14,0,4.666666666666667,"Dab",76]
[80,"WELLS, Tom",73,14,0,4.666666666666667,"Dab",76]
[81,"HORE, Malcolm",86,14,0,4.666666666666667,"Dab",76]
[82,"BRADSHAW, Craig",89,14,0,4.666666666666667,"Dab",76]
[83,"READ, David",99,14,0,4.666666666666667,"Dab",76]
[84,"GROSSMAN, Martin",112,14,0,4.666666666666667,"Dab",76]
[85,"FRARY, June",18,12,0,4,"Dab",85]
[86,"WOODS, Becky",25,12,0,4,"Dab",85]
[87,"BOND, Darren",26,12,0,4,"Dab",85]
[88,"CROSBY, Ralf",42,12,0,4,"Dab",85]
[89,"SMITH, Andy",100,12,0,4,"Dab",85]
[90,"ROPER, Liam",47,8,0,2.6666666666666665,"Dab",90]
[91,"WOODS, Graham",51,7,0,2.3333333333333335,"Dab",91]
[92,"GIBBS, Tom",82,7,0,2.3333333333333335,"Dab",91]
[93,"LILL, Jarrod",119,7,0,2.3333333333333335,"Dab",91]
[94,"LEWIN, Scott",55,6,0,2,"Dab",94]
[95,"SMITH, Leon",53,5,0,1.6666666666666667,"Dab",95]

{"sheet":"Bass Fest. Day 1 Heaviest Fish","index":32,"n_rows":50,"n_cols":7,"rows_kept":50,"cut":false,"hidden":false,"merged":[[1,0,2,0],[1,1,2,1],[1,2,2,2],[0,0,0,1],[0,2,0,6],[1,5,2,5],[1,6,2,6]]}
["NORTH NORFOLK BASS FESTIVAL 2018",null,"Day 1 - Heaviest Fish"]
["Angler Name","Peg","Fish Points","Weight",null,"Species","Day 1 Position"]
[null,null,null,"lbs","oz"]
["TUCK, Rob",69,578,12,0.66666666666666663,"Hound",1]
["BOND, Darren",89,544,11,5.333333333333333,"Hound",2]
["ADAMS, Stephen",42,497,10,5.666666666666667,"Hound",3]
["BURR, Dave",75,482,10,0.66666666666666663,"Hound",4]
["ELEY, Kevin",92,482,10,0.66666666666666663,"Hound",4]
["HARVEY, Matthew",67,422,8,12.666666666666666,"Hound",6]
["BANHAM, Jason",18,392,8,2.6666666666666665,"Hound",7]
["MEDLER, Gary",80,348,7,4,"Hound",8]
["BROCK, Peter",32,335,6,15.666666666666666,"Bass",9]
["RANDELL, Henry",39,334,6,15.333333333333334,"Hound",10]
["DIAPER, Barry",72,306,6,6,"Hound",11]
["CROSBY, Colin",117,278,5,12.666666666666666,"Hound",12]
["GROSSMAN, Martin",27,278,5,12.666666666666666,"Hound",12]
["BUY, Craig",94,264,5,8,"Hound",14]
["REYNOLDS, Ian",77,264,5,8,"Hound",14]
["GREEN, Kevin",43,224,4,10.666666666666666,"Hound",16]
["DIAPER, Greg",51,224,4,10.666666666666666,"Hound",16]
["TOPPING, Mike",9,220,4,9.3333333333333339,"Bass",18]
["HARVEY, Paul ",34,214,4,7.333333333333333,"Hound",19]
["SHORTHOUSE, Dave",2,214,4,7.333333333333333,"Hound",19]
["ALDOUS, David",12,214,4,7.333333333333333,"Hound",19]
["SELF, Bevan",56,204,4,4,"Hound",22]
["READ, David",37,184,3,13.333333333333334,"Hound",23]
["STORER, Paul",44,174,3,10,"Bass",24]
["CLEMENT, Alby",33,174,3,10,"Hound",24]
["SMITH, George",74,144,3,0,"Hound",26]
["DRAYTON, Simon",96,134,2,12.666666666666666,"Hound",27]
["LOKE, Peter ",16,134,2,12.666666666666666,"Hound",27]
["SMITH, Gavin",64,126,2,10,"Hound",29]
["SMART, Neil",41,112,2,5.333333333333333,"Hound",30]
["THOMAS, Tony",22,108,2,4,"Ray",31]
["DRIVER, Ed",3,106,2,3.3333333333333335,"Hound",32]
["MOORING, Luke",66,106,2,3.3333333333333335,"Hound",32]
["MICKELSEN, Jon",14,94,1,15.333333333333334,"Hound",34]
["BOWELL, Ian",1,94,1,15.333333333333334,"Hound",34]
["HARRISON, Paul",7,79,1,10.333333333333334,"Hound",36]
["SPALL, Chris",13,79,1,10.333333333333334,"Hound",36]
["FULLER, David",28,79,1,10.333333333333334,"Hound",36]
["STEBBINGS, Robert",25,74,1,8.6666666666666661,"Dog",39]
["WATTS, Mike",40,70,1,7.333333333333333,"Hound",40]
["STONE, Barry",23,70,1,7.333333333333333,"Dog",40]
["CREASEY, Shaun",108,66,1,6,"Dog",42]
["LEWIN, Scott",88,56,1,2.6666666666666665,"Dog",43]
["BURT, Richard",20,55,1,2.3333333333333335,"Dog",44]
["WARD, Mark",10,47,0,15.666666666666666,"Bass",45]
["KENDRICK, Paul",120,37,0,12.333333333333334,"Bass",46]
["WOODS, Becky",97,31,0,10.333333333333334,"Bass",47]

{"sheet":"Bass Fest. Day 2 Heaviest Fish","index":33,"n_rows":39,"n_cols":7,"rows_kept":39,"cut":false,"hidden":false,"merged":[[1,0,2,0],[1,1,2,1],[1,2,2,2],[0,0,0,1],[0,2,0,6],[1,5,2,5],[1,6,2,6]]}
["NORTH NORFOLK BASS FESTIVAL 2018",null,"Day 2 - Heaviest Fish"]
["Angler Name","Peg","Fish Points","Weight",null,"Species","Day 2 Position"]
[null,null,null,"lbs","oz"]
["GOOCH, Mark",115,452,9,6.666666666666667,"Hound",1]
["HAWARD, Nick",32,422,8,12.666666666666666,"Hound",2]
["PINDER, Mark",102,362,7,8.6666666666666661,"Hound",3]
["CANNELL, Chris",87,320,6,10.666666666666666,"Hound",4]
["WELLS, Tom",73,254,5,4.666666666666667,"Hound",5]
["MEDLER, Gary",5,232,4,13.333333333333334,"Bass",6]
["SPALL, Chris",65,224,4,10.666666666666666,"Hound",7]
["GROSSMAN, Martin",112,190,3,15.333333333333334,"Bass",8]
["HURCOMBE, Mark",109,182,3,12.666666666666666,"Bass",9]
["ELLIOTT, Nathan",75,164,3,6.666666666666667,"Hound",10]
["BRADSHAW, Craig",89,144,3,0,"Hound",11]
["HARVEY, Matthew",14,110,2,4.666666666666667,"Bass",12]
["ADAMS, Stephen",76,100,2,1.3333333333333333,"Dog",13]
["BURT, Richard",83,94,1,15.333333333333334,"Dog",14]
["STORER, Paul",96,89,1,13.666666666666666,"Dog",15]
["PICKARD, Colin",62,84,1,12,"Dog",16]
["HUTSON, Garry",108,84,1,12,"Hound",16]
["RANDELL, Henry",93,79,1,10.333333333333334,"Dog",18]
["ALDOUS, David",71,68,1,6.666666666666667,"Bass",19]
["MICKELSEN, Jon",103,68,1,6.666666666666667,"Bass",19]
["TURNER, Cameron",56,59,1,3.6666666666666665,"Hound",21]
["GREEN, Kevin",78,55,1,2.3333333333333335,"Bass",22]
["AKESTER, Jack",63,41,0,13.666666666666666,"Dog",23]
["HINXMAN, Mark",29,40,0,13.333333333333334,"Bass",24]
["CREASEY, Shaun",57,40,0,13.333333333333334,"Bass",24]
["GALLACHER, Andy",59,40,0,13.333333333333334,"Bass",24]
["BURR, Dave",41,40,0,13.333333333333334,"Flounder",24]
["LEWIN, Scott",55,37,0,12.333333333333334,"Bass",28]
["WOODS, Becky",25,37,0,12.333333333333334,"Bass",28]
["THORPE, Doug",34,37,0,12.333333333333334,"Bass",28]
["CROSBY, Ralf",42,37,0,12.333333333333334,"Bass",28]
["AUSTIN, John",39,34,0,11.333333333333334,"Bass",32]
["KINGDON, Adam",58,34,0,11.333333333333334,"Bass",32]
["WHITE, Alan",36,31,0,10.333333333333334,"Bass",34]
["ADAMS, Lee",40,28,0,9.3333333333333339,"Bass",35]
["BATTLE, Ian",50,16,0,5.333333333333333,"Bass",36]

{"sheet":"Mystery Pairs Day 1 ","index":34,"n_rows":57,"n_cols":6,"rows_kept":57,"cut":false,"hidden":false,"merged":[[1,0,2,0],[1,1,2,1],[1,3,1,4],[1,2,2,2],[0,1,0,5],[1,5,2,5]]}
["BASS FESTIVAL MYSTERY PAIRS         2018","Day 1 (Pairs)"]
["Pair","No. Fish","Fish Points","Weight",null,"Total Zone Points"]
[null,null,null,"lbs","oz"]
["SHORTHOUSE, Dave & WELLS, Tom",29,1430,29,12.666666666666666,9.985671]
["HURCOMBE, Mark & SMITH, Gavin",29,1682,35,0.66666666666666663,10.983151000000001]
["RANDELL, Henry & CREASEY, Shaun",31,1562,32,8.6666666666666661,10.984349]
["DIAPER, Greg & SPALL, Chris",31,1309,27,4.333333333333333,10.986879]
["LAWRENCE, John & BRADSHAW, Craig",44,1242,25,14,10.987535999999999]
["ALDOUS, David & FULLER, David",31,1185,24,11,10.988118999999999]
["GREEN, Kevin & HINXMAN, Mark",31,1458,30,6,11.985389]
["HUTSON, Garry & MOORING, Luke",25,1377,28,11,11.986205]
["BURR, Dave & BETTINSON, Charles",25,1314,27,6,11.986834999999999]
["ELEY, Kevin & SMART, Neil",43,1286,26,12.666666666666666,11.987097]
["DRIVER, Ed & KINGDON, Adam",35,1224,25,8,11.987724999999999]
["WARD, Mark & ROPER, Liam",48,1159,24,2.3333333333333335,11.988362]
["DOY, Alan & SMITH, Adele",36,1119,23,5,11.988774000000001]
["BOND, Darren & THOMAS, Tony",41,2697,56,3,12.972989]
["ADAMS, Lee & MICKELSEN, Jon",30,1863,38,13,12.981339999999999]
["BUY, Craig & STORER, Paul",30,1654,34,7.333333333333333,12.98343]
["BROCK, Peter & SHARMAN, Mark",28,1246,25,15.333333333333334,12.987511999999999]
["DRAYTON, Simon & KENDRICK, Paul",43,1210,25,3.3333333333333335,12.987857]
["HAWARD, Nick & HORE, Malcolm",22,1207,25,2.3333333333333335,12.987908000000001]
["MILLS, Rodney & TURNER, Cameron",27,1042,21,11.333333333333334,12.989553000000001]
["NELSON, Ian & LEWIN, Scott",36,1721,35,13.666666666666666,13.982754]
["HARVEY, Mark & ELLIOTT, Nathan",24,1331,27,11.666666666666666,13.986666]
["GOOCH, Mark & HART, Paul",30,1089,22,11,13.98908]
["PROVINS, Colin & SMITH, Leon",20,970,20,3.3333333333333335,13.99028]
["BANHAM, Jason & CARTER, John",27,924,19,4,13.990733000000001]
["WOODS, Graham & BURT, Richard",34,911,18,15.666666666666666,13.990856000000001]
["LOKE, Peter  & STEBBINGS, Robert",31,891,18,9,13.991059]
["TUCK, Rob & LAWN, Kimberley",41,2867,59,11.666666666666666,14.971289000000001]
["CROSBY, Colin & DENHOLM, Paul",33,1846,38,7.333333333333333,14.981507000000001]
["SMITH, John & SMITH, Andy",31,1443,30,1,14.985538999999999]
["BORDIANU, Adrian & LAY-FLURRIE, Matt",28,1137,23,11,14.988602]
["SELF, Bevan & CLEMENT, Alby",21,1133,23,9.6666666666666661,14.988649000000001]
["BOWELL, Ian & HARRISON, Paul",54,1100,22,14.666666666666666,14.988946]
["MEDLER, Gary & TAYLOR, Robbie",31,1068,22,4,14.989288999999999]
["BROWN, Harry & HADDOCK, Roy",15,987,20,9,14.990115000000001]
["AKESTER, Jack & BIRD, Stacey",22,964,20,1.3333333333333333,14.990338000000001]
["DIAPER, Barry & PICKARD, Colin",23,1339,27,14.333333333333334,15.986587]
["ADAMS, Stephen & READ, David",27,1166,24,4.666666666666667,15.988313000000002]
["TOPPING, Mike & ADAMS, Graham",34,1102,22,15.333333333333334,15.988946]
["GROSSMAN, Martin & LILL, Jarrod",13,809,16,13.666666666666666,15.991897000000002]
["SMITH, George & WILSON, Mark",34,1182,24,10,16.988146]
["HARVEY, Matthew & METCALFE, Wendy",29,1167,24,5,16.988301]
["REYNOLDS, Ian & WATTS, Mike",39,1068,22,4,16.989280999999998]
["WHITE, Alan & HARVEY, Paul ",34,979,20,6.333333333333333,16.990176000000002]
["COLMAN, Mark & AUSTIN, John",28,864,18,0,16.991332]
["GALLACHER, Andy & LING, Richard",50,779,16,3.6666666666666665,16.992159999999998]
["TOVELL, Paul & BATTLE, Ian",29,756,15,12,16.992410999999997]
["NANGLE, Karl & FRARY, June",39,1253,26,1.6666666666666667,17.987430999999997]
["GIBBS, Tom & PINDER, Mark",12,1049,21,13.666666666666666,17.989497999999998]
["TEMPLE, Billy & THORPE, Doug",27,954,19,14,18.990432999999999]
["CANNELL, Chris & BRIGHTON, Tarrick",12,953,19,13.666666666666666,18.990457999999997]
["FRARY, Charlie & STONE, Barry",21,826,17,3.3333333333333335,18.991719]
["CROSBY, Ralf & BROWN, Kay",32,663,13,13,18.993337999999998]
["JONES, Mark & WOODS, Becky",32,663,13,13,18.993337999999998]

{"sheet":"Mystery Pairs Day 2","index":35,"n_rows":57,"n_cols":6,"rows_kept":57,"cut":false,"hidden":false,"merged":[[0,1,0,5],[1,0,2,0],[1,1,2,1],[1,2,2,2],[1,3,1,4],[1,5,2,5]]}
["BASS FESTIVAL MYSTERY PAIRS              2018","Day 2 (Pairs)"]
["Pair","No. Fish","Fish Points","Weight",null,"Total Zone Points"]
[null,null,null,"lbs","oz"]
["SMITH, George & WILSON, Mark",35,1516,31,9.3333333333333339,3.9848050000000002]
["ADAMS, Stephen & READ, David",39,1403,29,3.6666666666666665,3.9859309999999999]
["MEDLER, Gary & TAYLOR, Robbie",26,644,13,6.666666666666667,4.9935340000000004]
["WOODS, Graham & BURT, Richard",22,630,13,2,4.9936779999999992]
["JONES, Mark & WOODS, Becky",33,768,16,0,6.9922870000000001]
["GOOCH, Mark & HART, Paul",28,1393,29,0.33333333333333331,7.9860419999999994]
["GIBBS, Tom & PINDER, Mark",24,1289,26,13.666666666666666,7.9870860000000006]
["SHORTHOUSE, Dave & WELLS, Tom",38,1076,22,6.666666666666667,7.9892019999999997]
["MILLS, Rodney & TURNER, Cameron",17,537,11,3,7.9946130000000002]
["LAWRENCE, John & BRADSHAW, Craig",22,615,12,13,8.9938280000000006]
["WHITE, Alan & HARVEY, Paul ",30,885,18,7,9.9911199999999987]
["DIAPER, Barry & PICKARD, Colin",38,821,17,1.6666666666666667,10.991752]
["HURCOMBE, Mark & SMITH, Gavin",29,573,11,15,10.994241000000001]
["NELSON, Ian & LEWIN, Scott",8,219,4,9,10.997802]
["DIAPER, Greg & SPALL, Chris",36,1123,23,6.333333333333333,11.988734000000001]
["CANNELL, Chris & BRIGHTON, Tarrick",14,854,17,12.666666666666666,11.991446]
["LOKE, Peter  & STEBBINGS, Robert",23,1207,25,2.3333333333333335,12.987907]
["REYNOLDS, Ian & WATTS, Mike",33,676,14,1.3333333333333333,12.993207]
["TUCK, Rob & LAWN, Kimberley",16,551,11,7.666666666666667,12.994474]
["FRARY, Charlie & STONE, Barry",29,499,10,6.333333333333333,12.994981000000001]
["TOPPING, Mike & ADAMS, Graham",25,417,8,11,12.995804999999999]
["HARVEY, Matthew & METCALFE, Wendy",19,291,6,1,12.997071]
["DOY, Alan & SMITH, Adele",25,276,5,12,12.997214999999999]
["WARD, Mark & ROPER, Liam",28,1128,23,8,13.988692]
["BOND, Darren & THOMAS, Tony",14,528,11,0,13.994705999999999]
["RANDELL, Henry & CREASEY, Shaun",29,524,10,14.666666666666666,13.994731]
["TEMPLE, Billy & THORPE, Doug",29,412,8,9.3333333333333339,13.995851]
["BURR, Dave & BETTINSON, Charles",17,284,5,14.666666666666666,13.997142999999999]
["HUTSON, Garry & MOORING, Luke",30,652,13,9.3333333333333339,14.993449999999999]
["BORDIANU, Adrian & LAY-FLURRIE, Matt",31,445,9,4.333333333333333,14.995519]
["DRIVER, Ed & KINGDON, Adam",20,363,7,9,14.996350000000001]
["SMITH, John & SMITH, Andy",20,308,6,6.666666666666667,14.9969]
["HAWARD, Nick & HORE, Malcolm",10,574,11,15.333333333333334,15.994250000000001]
["AKESTER, Jack & BIRD, Stacey",30,558,11,10,15.994389999999999]
["TOVELL, Paul & BATTLE, Ian",12,234,4,14,15.997648]
["GALLACHER, Andy & LING, Richard",13,223,4,10.333333333333334,15.997757]
["PROVINS, Colin & SMITH, Leon",21,791,16,7.666666666666667,16.992069000000001]
["ADAMS, Lee & MICKELSEN, Jon",21,311,6,7.666666666666667,16.996869]
["SELF, Bevan & CLEMENT, Alby",22,894,18,10,17.991038]
["BANHAM, Jason & CARTER, John",24,396,8,4,17.996016000000001]
["BROCK, Peter & SHARMAN, Mark",26,767,15,15.666666666666666,18.992304000000001]
["BUY, Craig & STORER, Paul",35,543,11,5,18.994534999999999]
["HARVEY, Mark & ELLIOTT, Nathan",13,413,8,9.6666666666666661,18.995857000000001]
["NANGLE, Karl & FRARY, June",20,217,4,8.3333333333333339,18.997810000000001]
["ALDOUS, David & FULLER, David",32,532,11,1.3333333333333333,19.994647999999998]
["GROSSMAN, Martin & LILL, Jarrod",12,628,13,1.3333333333333333,21.993707999999998]
["BOWELL, Ian & HARRISON, Paul",26,365,7,9.6666666666666661,21.996324000000001]
["GREEN, Kevin & HINXMAN, Mark",17,256,5,5.333333333333333,21.997423000000001]
["CROSBY, Colin & DENHOLM, Paul",5,133,2,12.333333333333334,21.998664999999999]
["COLMAN, Mark & AUSTIN, John",11,179,3,11.666666666666666,22.998199]
["CROSBY, Ralf & BROWN, Kay",14,162,3,6,22.998366000000001]
["DRAYTON, Simon & KENDRICK, Paul",20,187,3,14.333333333333334,24.99811]
["BROWN, Harry & HADDOCK, Roy",2,38,0,12.666666666666666,24.999618000000002]
["ELEY, Kevin & SMART, Neil",5,222,4,10,26.997774999999997]

{"sheet":"Shannock Quads Day 1","index":36,"n_rows":18,"n_cols":8,"rows_kept":18,"cut":false,"hidden":false,"merged":[[1,0,2,0],[0,1,0,3],[1,1,2,1],[0,4,0,7],[1,2,2,2],[1,3,2,3],[1,4,2,4],[1,5,2,5]]}
[null,"SHANNOCK QUADS 2018",null,null,"Day 1 (Teams)"]
["Team Count","Day 1 Position","Team No.","Team Name","No. Fish","Fish Points","Weight"]
[null,null,null,null,null,null,"lbs","oz"]
[1,1,10,"TEAM BREAKAWAY",90,5292,110,4]
[2,2,13,"ITALACANNA",83,3943,82,2.3333333333333335]
[3,3,7,"THE SOUTH COAST BIG BOYS",67,3829,79,12.333333333333334]
[4,4,8,"ASSO/ANYFISH ANYWHERE",80,3744,78,0]
[5,5,4,"HASTINGS ANGLING CENTRE",70,3357,69,15]
[6,6,14,"COUNTRY CARS",44,2812,58,9.3333333333333339]
[7,7,3,"IPSWICH SEA ANGLERS 2",87,2695,56,2.3333333333333335]
[8,8,2,"CHARLES (B) TEAM",57,2579,53,11.666666666666666]
[9,9,11,"IAN BOWELL's TEAM",64,2409,50,3]
[10,10,15,"BILLY NO MATES",84,2366,49,4.666666666666667]
[11,11,5,"BIRDS TACKLE",65,2325,48,7]
[12,12,12,"THE MARKSMEN",57,2270,47,4.666666666666667]
[13,13,9,"NORTH NORFOLK LADS",60,2227,46,6.333333333333333]
[14,14,6,"STUART GUNS & TACKLE",56,1590,33,2]
[15,15,1,"IPSWICH SEA ANGLERS",53,1436,29,14.666666666666666]

{"sheet":"Shannock Quads Day 2","index":37,"n_rows":18,"n_cols":8,"rows_kept":18,"cut":false,"hidden":false,"merged":[[0,1,0,3],[0,4,0,7],[1,5,2,5],[1,0,2,0],[1,1,2,1],[1,2,2,2],[1,3,2,3],[1,4,2,4]]}
[null,"SHANNOCK QUADS 2018",null,null,"Day 2 (Teams)"]
["Team Count","Day 2 Position","Team No.","Team Name","No. Fish","Fish Points","Weight"]
[null,null,null,null,null,null,"lbs","oz"]
[1,1,12,"THE MARKSMEN",65,3334,69,7.333333333333333]
[2,2,11,"IAN BOWELL's TEAM",72,2182,45,7.333333333333333]
[3,3,5,"BIRDS TACKLE",54,2098,43,11.333333333333334]
[4,4,6,"STUART GUNS & TACKLE",37,1907,39,11.666666666666666]
[5,5,15,"BILLY NO MATES",54,1754,36,8.6666666666666661]
[6,6,7,"THE SOUTH COAST BIG BOYS",53,1494,31,2]
[7,7,10,"TEAM BREAKAWAY",63,1472,30,10.666666666666666]
[8,8,9,"NORTH NORFOLK LADS",55,1198,24,15.333333333333334]
[9,9,1,"IPSWICH SEA ANGLERS",36,1178,24,8.6666666666666661]
[10,10,8,"ASSO/ANYFISH ANYWHERE",67,1109,23,1.6666666666666667]
[11,11,14,"COUNTRY CARS",42,1054,21,15.333333333333334]
[12,12,13,"ITALACANNA",66,1027,21,6.333333333333333]
[13,13,4,"HASTINGS ANGLING CENTRE",46,955,19,14.333333333333334]
[14,14,3,"IPSWICH SEA ANGLERS 2",52,737,15,5.666666666666667]
[15,15,2,"CHARLES (B) TEAM",41,567,11,13]

{"sheet":"Final Individual results","index":38,"n_rows":103,"n_cols":17,"rows_kept":103,"cut":false,"hidden":true,"merged":[[0,0,0,7],[1,15,2,15],[1,11,2,11],[1,12,2,12],[1,13,2,13],[1,14,2,14],[1,16,2,16],[1,10,2,10],[1,7,2,7],[1,6,2,6],[1,0,2,0],[1,4,2,4],[1,5,2,5],[1,1,2,1],[1,2,2,2],[1,3,2,3]]}
["HSAC North Norfolk Bass Festival 2013  -  Final Positions ",null,null,null,null,null,null,null,null,null,"Individuals data extraction calculations"]
["Angler Name","Angler No","Total No. Fish","Total No. Fish Points","Day 1 Points","Day 2 Points","Total Points","Overall Position",null,null,"Overall Position","Angler No","Total No. Fish","Total No. Fish Points","Day 1 Points","Day 2 Points","Total Points"]
[]
[{"$f":"VLOOKUP($B4,#REF!,2,FALSE)","v":{"$error":"#N/A"}},{"$f":"VLOOKUP($H4,$K$4:$Q$300,2,FALSE)","v":{"$error":"#N/A"}},{"$f":"VLOOKUP($H4,$K$4:$Q$300,3,FALSE)","v":{"$error":"#N/A"}},{"$f":"VLOOKUP($H4,$K$4:$Q$300,4,FALSE)","v":{"$error":"#N/A"}},{"$f":"VLOOKUP($H4,$K$4:$Q$300,5,FALSE)","v":{"$error":"#N/A"}},{"$f":"VLOOKUP($H4,$K$4:$Q$300,6,FALSE)","v":{"$error":"#N/A"}},{"$f":"VLOOKUP($H4,$K$4:$Q$300,7,FALSE)","v":{"$error":"#N/A"}},{"$f":"IF(ISERROR(H3+1)=TRUE,1,H3+1)","v":1},null,null,{"$f":"IF(Q4=NpZ*NoZ*2,NpZ*NoZ,RANK(Q4,Q$4:Q$300,1))","v":{"$error":"#REF!"}},1,{"$f":"IF(ISNA(VLOOKUP($L4,'All Individuals Day 1 (ALL)'!$C$3:$G$131,4,FALSE)+VLOOKUP($L4,#REF!,4,FALSE))=TRUE,\"\",VLOOKUP($L4,'All Individuals Day 1 (ALL)'!$C$3:$G$131,4,FALSE)+VLOOKUP($L4,#REF!,4,FALSE))","v":{"$error":"#REF!"}},{"$f":"IF(ISNA(VLOOKUP($L4,'All Individuals Day 1 (ALL)'!$C$3:$G$131,5,FALSE)+VLOOKUP($L4,#REF!,5,FALSE))=TRUE,\"\",VLOOKUP($L4,'All Individuals Day 1 (ALL)'!$C$3:$G$131,5,FALSE)+VLOOKUP($L4,#REF!,5,FALSE))","v":{"$error":"#REF!"}},{"$f":"IF(ISNA(VLOOKUP($L4,'All Individuals Day 1 (ALL)'!$C$3:$K$131,8,FALSE))=TRUE,\"\",VLOOKUP($L4,'All Individuals Day 1 (ALL)'!$C$3:$K$131,8,FALSE))","v":6},{"$f":"IF(ISNA(VLOOKUP($L4,#REF!,8,FALSE))=TRUE,\"\",VLOOKUP($L4,#REF!,8,FALSE))","v":{"$error":"#REF!"}},{"$f":"IF(OR(M4=\"\",M4=0),NpZ*2,(O4+P4)-N4/100000-M4/1000000)","v":{"$error":"#REF!"}}]
[{"$f":"VLOOKUP($B5,#REF!,2,FALSE)","v":{"$error":"#N/A"}},{"$error":"#N/A"},{"$error":"#N/A"},{"$error":"#N/A"},{"$error":"#N/A"},{"$error":"#N/A"},{"$error":"#N/A"},{"$f":"IF(ISERROR(H4+1)=TRUE,1,H4+1)","v":2},null,null,{"$error":"#REF!"},2,{"$f":"IF(ISNA(VLOOKUP($L5,'All Individuals Day 1 (ALL)'!$C$3:$G$131,4,FALSE)+VLOOKUP($L5,#REF!,4,FALSE))=TRUE,\"\",VLOOKUP($L5,'All Individuals Day 1 (ALL)'!$C$3:$G$131,4,FALSE)+VLOOKUP($L5,#REF!,4,FALSE))","v":{"$error":"#REF!"}},{"$f":"IF(ISNA(VLOOKUP($L5,'All Individuals Day 1 (ALL)'!$C$3:$G$131,5,FALSE)+VLOOKUP($L5,#REF!,5,FALSE))=TRUE,\"\",VLOOKUP($L5,'All Individuals Day 1 (ALL)'!$C$3:$G$131,5,FALSE)+VLOOKUP($L5,#REF!,5,FALSE))","v":{"$error":"#REF!"}},{"$f":"IF(ISNA(VLOOKUP($L5,'All Individuals Day 1 (ALL)'!$C$3:$K$131,8,FALSE))=TRUE,\"\",VLOOKUP($L5,'All Individuals Day 1 (ALL)'!$C$3:$K$131,8,FALSE))","v":1},{"$f":"IF(ISNA(VLOOKUP($L5,#REF!,8,FALSE))=TRUE,\"\",VLOOKUP($L5,#REF!,8,FALSE))","v":{"$error":"#REF!"}},{"$error":"#REF!"}]
[{"$f":"VLOOKUP($B6,#REF!,2,FALSE)","v":{"$error":"#N/A"}},{"$error":"#N/A"},{"$error":"#N/A"},{"$error":"#N/A"},{"$error":"#N/A"},{"$error":"#N/A"},{"$error":"#N/A"},3,null,null,{"$error":"#REF!"},3,{"$f":"IF(ISNA(VLOOKUP($L6,'All Individuals Day 1 (ALL)'!$C$3:$G$131,4,FALSE)+VLOOKUP($L6,#REF!,4,FALSE))=TRUE,\"\",VLOOKUP($L6,'All Individuals Day 1 (ALL)'!$C$3:$G$131,4,FALSE)+VLOOKUP($L6,#REF!,4,FALSE))","v":{"$error":"#REF!"}},{"$f":"IF(ISNA(VLOOKUP($L6,'All Individuals Day 1 (ALL)'!$C$3:$G$131,5,FALSE)+VLOOKUP($L6,#REF!,5,FALSE))=TRUE,\"\",VLOOKUP($L6,'All Individuals Day 1 (ALL)'!$C$3:$G$131,5,FALSE)+VLOOKUP($L6,#REF!,5,FALSE))","v":{"$error":"#REF!"}},{"$f":"IF(ISNA(VLOOKUP($L6,'All Individuals Day 1 (ALL)'!$C$3:$K$131,8,FALSE))=TRUE,\"\",VLOOKUP($L6,'All Individuals Day 1 (ALL)'!$C$3:$K$131,8,FALSE))","v":1},{"$f":"IF(ISNA(VLOOKUP($L6,#REF!,8,FALSE))=TRUE,\"\",VLOOKUP($L6,#REF!,8,FALSE))","v":{"$error":"#REF!"}},{"$error":"#REF!"}]
[{"$f":"VLOOKUP($B7,#REF!,2,FALSE)","v":{"$error":"#N/A"}},{"$error":"#N/A"},{"$error":"#N/A"},{"$error":"#N/A"},{"$error":"#N/A"},{"$error":"#N/A"},{"$error":"#N/A"},4,null,null,{"$error":"#REF!"},4,{"$f":"IF(ISNA(VLOOKUP($L7,'All Individuals Day 1 (ALL)'!$C$3:$G$131,4,FALSE)+VLOOKUP($L7,#REF!,4,FALSE))=TRUE,\"\",VLOOKUP($L7,'All Individuals Day 1 (ALL)'!$C$3:$G$131,4,FALSE)+VLOOKUP($L7,#REF!,4,FALSE))","v":{"$error":"#REF!"}},{"$f":"IF(ISNA(VLOOKUP($L7,'All Individuals Day 1 (ALL)'!$C$3:$G$131,5,FALSE)+VLOOKUP($L7,#REF!,5,FALSE))=TRUE,\"\",VLOOKUP($L7,'All Individuals Day 1 (ALL)'!$C$3:$G$131,5,FALSE)+VLOOKUP($L7,#REF!,5,FALSE))","v":{"$error":"#REF!"}},{"$f":"IF(ISNA(VLOOKUP($L7,'All Individuals Day 1 (ALL)'!$C$3:$K$131,8,FALSE))=TRUE,\"\",VLOOKUP($L7,'All Individuals Day 1 (ALL)'!$C$3:$K$131,8,FALSE))","v":1},{"$f":"IF(ISNA(VLOOKUP($L7,#REF!,8,FALSE))=TRUE,\"\",VLOOKUP($L7,#REF!,8,FALSE))","v":{"$error":"#REF!"}},{"$error":"#REF!"}]
[{"$f":"VLOOKUP($B8,#REF!,2,FALSE)","v":{"$error":"#N/A"}},{"$error":"#N/A"},{"$error":"#N/A"},{"$error":"#N/A"},{"$error":"#N/A"},{"$error":"#N/A"},{"$error":"#N/A"},5,null,null,{"$error":"#REF!"},5,{"$f":"IF(ISNA(VLOOKUP($L8,'All Individuals Day 1 (ALL)'!$C$3:$G$131,4,FALSE)+VLOOKUP($L8,#REF!,4,FALSE))=TRUE,\"\",VLOOKUP($L8,'All Individuals Day 1 (ALL)'!$C$3:$G$131,4,FALSE)+VLOOKUP($L8,#REF!,4,FALSE))","v":{"$error":"#REF!"}},{"$f":"IF(ISNA(VLOOKUP($L8,'All Individuals Day 1 (ALL)'!$C$3:$G$131,5,FALSE)+VLOOKUP($L8,#REF!,5,FALSE))=TRUE,\"\",VLOOKUP($L8,'All Individuals Day 1 (ALL)'!$C$3:$G$131,5,FALSE)+VLOOKUP($L8,#REF!,5,FALSE))","v":{"$error":"#REF!"}},{"$f":"IF(ISNA(VLOOKUP($L8,'All Individuals Day 1 (ALL)'!$C$3:$K$131,8,FALSE))=TRUE,\"\",VLOOKUP($L8,'All Individuals Day 1 (ALL)'!$C$3:$K$131,8,FALSE))","v":11},{"$f":"IF(ISNA(VLOOKUP($L8,#REF!,8,FALSE))=TRUE,\"\",VLOOKUP($L8,#REF!,8,FALSE))","v":{"$error":"#REF!"}},{"$error":"#REF!"}]
[{"$f":"VLOOKUP($B9,#REF!,2,FALSE)","v":{"$error":"#N/A"}},{"$error":"#N/A"},{"$error":"#N/A"},{"$error":"#N/A"},{"$error":"#N/A"},{"$error":"#N/A"},{"$error":"#N/A"},6,null,null,{"$error":"#REF!"},6,{"$f":"IF(ISNA(VLOOKUP($L9,'All Individuals Day 1 (ALL)'!$C$3:$G$131,4,FALSE)+VLOOKUP($L9,#REF!,4,FALSE))=TRUE,\"\",VLOOKUP($L9,'All Individuals Day 1 (ALL)'!$C$3:$G$131,4,FALSE)+VLOOKUP($L9,#REF!,4,FALSE))","v":{"$error":"#REF!"}},{"$f":"IF(ISNA(VLOOKUP($L9,'All Individuals Day 1 (ALL)'!$C$3:$G$131,5,FALSE)+VLOOKUP($L9,#REF!,5,FALSE))=TRUE,\"\",VLOOKUP($L9,'All Individuals Day 1 (ALL)'!$C$3:$G$131,5,FALSE)+VLOOKUP($L9,#REF!,5,FALSE))","v":{"$error":"#REF!"}},{"$f":"IF(ISNA(VLOOKUP($L9,'All Individuals Day 1 (ALL)'!$C$3:$K$131,8,FALSE))=TRUE,\"\",VLOOKUP($L9,'All Individuals Day 1 (ALL)'!$C$3:$K$131,8,FALSE))","v":1},{"$f":"IF(ISNA(VLOOKUP($L9,#REF!,8,FALSE))=TRUE,\"\",VLOOKUP($L9,#REF!,8,FALSE))","v":{"$error":"#REF!"}},{"$error":"#REF!"}]
[{"$f":"VLOOKUP($B10,#REF!,2,FALSE)","v":{"$error":"#N/A"}},{"$error":"#N/A"},{"$error":"#N/A"},{"$error":"#N/A"},{"$error":"#N/A"},{"$error":"#N/A"},{"$error":"#N/A"},7,null,null,{"$error":"#REF!"},7,{"$f":"IF(ISNA(VLOOKUP($L10,'All Individuals Day 1 (ALL)'!$C$3:$G$131,4,FALSE)+VLOOKUP($L10,#REF!,4,FALSE))=TRUE,\"\",VLOOKUP($L10,'All Individuals Day 1 (ALL)'!$C$3:$G$131,4,FALSE)+VLOOKUP($L10,#REF!,4,FALSE))","v":{"$error":"#REF!"}},{"$f":"IF(ISNA(VLOOKUP($L10,'All Individuals Day 1 (ALL)'!$C$3:$G$131,5,FALSE)+VLOOKUP($L10,#REF!,5,FALSE))=TRUE,\"\",VLOOKUP($L10,'All Individuals Day 1 (ALL)'!$C$3:$G$131,5,FALSE)+VLOOKUP($L10,#REF!,5,FALSE))","v":{"$error":"#REF!"}},{"$f":"IF(ISNA(VLOOKUP($L10,'All Individuals Day 1 (ALL)'!$C$3:$K$131,8,FALSE))=TRUE,\"\",VLOOKUP($L10,'All Individuals Day 1 (ALL)'!$C$3:$K$131,8,FALSE))","v":6},{"$f":"IF(ISNA(VLOOKUP($L10,#REF!,8,FALSE))=TRUE,\"\",VLOOKUP($L10,#REF!,8,FALSE))","v":{"$error":"#REF!"}},{"$error":"#REF!"}]
[{"$f":"VLOOKUP($B11,#REF!,2,FALSE)","v":{"$error":"#N/A"}},{"$error":"#N/A"},{"$error":"#N/A"},{"$error":"#N/A"},{"$error":"#N/A"},{"$error":"#N/A"},{"$error":"#N/A"},8,null,null,{"$error":"#REF!"},8,{"$f":"IF(ISNA(VLOOKUP($L11,'All Individuals Day 1 (ALL)'!$C$3:$G$131,4,FALSE)+VLOOKUP($L11,#REF!,4,FALSE))=TRUE,\"\",VLOOKUP($L11,'All Individuals Day 1 (ALL)'!$C$3:$G$131,4,FALSE)+VLOOKUP($L11,#REF!,4,FALSE))","v":{"$error":"#REF!"}},{"$f":"IF(ISNA(VLOOKUP($L11,'All Individuals Day 1 (ALL)'!$C$3:$G$131,5,FALSE)+VLOOKUP($L11,#REF!,5,FALSE))=TRUE,\"\",VLOOKUP($L11,'All Individuals Day 1 (ALL)'!$C$3:$G$131,5,FALSE)+VLOOKUP($L11,#REF!,5,FALSE))","v":{"$error":"#REF!"}},{"$f":"IF(ISNA(VLOOKUP($L11,'All Individuals Day 1 (ALL)'!$C$3:$K$131,8,FALSE))=TRUE,\"\",VLOOKUP($L11,'All Individuals Day 1 (ALL)'!$C$3:$K$131,8,FALSE))","v":11},{"$f":"IF(ISNA(VLOOKUP($L11,#REF!,8,FALSE))=TRUE,\"\",VLOOKUP($L11,#REF!,8,FALSE))","v":{"$error":"#REF!"}},{"$error":"#REF!"}]
[{"$f":"VLOOKUP($B12,#REF!,2,FALSE)","v":{"$error":"#N/A"}},{"$error":"#N/A"},{"$error":"#N/A"},{"$error":"#N/A"},{"$error":"#N/A"},{"$error":"#N/A"},{"$error":"#N/A"},9,null,null,{"$error":"#REF!"},9,{"$f":"IF(ISNA(VLOOKUP($L12,'All Individuals Day 1 (ALL)'!$C$3:$G$131,4,FALSE)+VLOOKUP($L12,#REF!,4,FALSE))=TRUE,\"\",VLOOKUP($L12,'All Individuals Day 1 (ALL)'!$C$3:$G$131,4,FALSE)+VLOOKUP($L12,#REF!,4,FALSE))","v":{"$error":"#REF!"}},{"$f":"IF(ISNA(VLOOKUP($L12,'All Individuals Day 1 (ALL)'!$C$3:$G$131,5,FALSE)+VLOOKUP($L12,#REF!,5,FALSE))=TRUE,\"\",VLOOKUP($L12,'All Individuals Day 1 (ALL)'!$C$3:$G$131,5,FALSE)+VLOOKUP($L12,#REF!,5,FALSE))","v":{"$error":"#REF!"}},{"$f":"IF(ISNA(VLOOKUP($L12,'All Individuals Day 1 (ALL)'!$C$3:$K$131,8,FALSE))=TRUE,\"\",VLOOKUP($L12,'All Individuals Day 1 (ALL)'!$C$3:$K$131,8,FALSE))","v":10},{"$f":"IF(ISNA(VLOOKUP($L12,#REF!,8,FALSE))=TRUE,\"\",VLOOKUP($L12,#REF!,8,FALSE))","v":{"$error":"#REF!"}},{"$error":"#REF!"}]
[{"$f":"VLOOKUP($B13,#REF!,2,FALSE)","v":{"$error":"#N/A"}},{"$error":"#N/A"},{"$error":"#N/A"},{"$error":"#N/A"},{"$error":"#N/A"},{"$error":"#N/A"},{"$error":"#N/A"},10,null,null,{"$error":"#REF!"},10,{"$f":"IF(ISNA(VLOOKUP($L13,'All Individuals Day 1 (ALL)'!$C$3:$G$131,4,FALSE)+VLOOKUP($L13,#REF!,4,FALSE))=TRUE,\"\",VLOOKUP($L13,'All Individuals Day 1 (ALL)'!$C$3:$G$131,4,FALSE)+VLOOKUP($L13,#REF!,4,FALSE))","v":{"$error":"#REF!"}},{"$f":"IF(ISNA(VLOOKUP($L13,'All Individuals Day 1 (ALL)'!$C$3:$G$131,5,FALSE)+VLOOKUP($L13,#REF!,5,FALSE))=TRUE,\"\",VLOOKUP($L13,'All Individuals Day 1 (ALL)'!$C$3:$G$131,5,FALSE)+VLOOKUP($L13,#REF!,5,FALSE))","v":{"$error":"#REF!"}},{"$f":"IF(ISNA(VLOOKUP($L13,'All Individuals Day 1 (ALL)'!$C$3:$K$131,8,FALSE))=TRUE,\"\",VLOOKUP($L13,'All Individuals Day 1 (ALL)'!$C$3:$K$131,8,FALSE))","v":4},{"$f":"IF(ISNA(VLOOKUP($L13,#REF!,8,FALSE))=TRUE,\"\",VLOOKUP($L13,#REF!,8,FALSE))","v":{"$error":"#REF!"}},{"$error":"#REF!"}]
[{"$f":"VLOOKUP($B14,#REF!,2,FALSE)","v":{"$error":"#N/A"}},{"$error":"#N/A"},{"$error":"#N/A"},{"$error":"#N/A"},{"$error":"#N/A"},{"$error":"#N/A"},{"$error":"#N/A"},11,null,null,{"$error":"#REF!"},11,{"$f":"IF(ISNA(VLOOKUP($L14,'All Individuals Day 1 (ALL)'!$C$3:$G$131,4,FALSE)+VLOOKUP($L14,#REF!,4,FALSE))=TRUE,\"\",VLOOKUP($L14,'All Individuals Day 1 (ALL)'!$C$3:$G$131,4,FALSE)+VLOOKUP($L14,#REF!,4,FALSE))","v":""},{"$f":"IF(ISNA(VLOOKUP($L14,'All Individuals Day 1 (ALL)'!$C$3:$G$131,5,FALSE)+VLOOKUP($L14,#REF!,5,FALSE))=TRUE,\"\",VLOOKUP($L14,'All Individuals Day 1 (ALL)'!$C$3:$G$131,5,FALSE)+VLOOKUP($L14,#REF!,5,FALSE))","v":""},{"$f":"IF(ISNA(VLOOKUP($L14,'All Individuals Day 1 (ALL)'!$C$3:$K$131,8,FALSE))=TRUE,\"\",VLOOKUP($L14,'All Individuals Day 1 (ALL)'!$C$3:$K$131,8,FALSE))","v":""},{"$f":"IF(ISNA(VLOOKUP($L14,#REF!,8,FALSE))=TRUE,\"\",VLOOKUP($L14,#REF!,8,FALSE))","v":{"$error":"#REF!"}},{"$error":"#REF!"}]
[{"$f":"VLOOKUP($B15,#REF!,2,FALSE)","v":{"$error":"#N/A"}},{"$error":"#N/A"},{"$error":"#N/A"},{"$error":"#N/A"},{"$error":"#N/A"},{"$error":"#N/A"},{"$error":"#N/A"},12,null,null,{"$error":"#REF!"},12,{"$f":"IF(ISNA(VLOOKUP($L15,'All Individuals Day 1 (ALL)'!$C$3:$G$131,4,FALSE)+VLOOKUP($L15,#REF!,4,FALSE))=TRUE,\"\",VLOOKUP($L15,'All Individuals Day 1 (ALL)'!$C$3:$G$131,4,FALSE)+VLOOKUP($L15,#REF!,4,FALSE))","v":{"$error":"#REF!"}},{"$f":"IF(ISNA(VLOOKUP($L15,'All Individuals Day 1 (ALL)'!$C$3:$G$131,5,FALSE)+VLOOKUP($L15,#REF!,5,FALSE))=TRUE,\"\",VLOOKUP($L15,'All Individuals Day 1 (ALL)'!$C$3:$G$131,5,FALSE)+VLOOKUP($L15,#REF!,5,FALSE))","v":{"$error":"#REF!"}},{"$f":"IF(ISNA(VLOOKUP($L15,'All Individuals Day 1 (ALL)'!$C$3:$K$131,8,FALSE))=TRUE,\"\",VLOOKUP($L15,'All Individuals Day 1 (ALL)'!$C$3:$K$131,8,FALSE))","v":7},{"$f":"IF(ISNA(VLOOKUP($L15,#REF!,8,FALSE))=TRUE,\"\",VLOOKUP($L15,#REF!,8,FALSE))","v":{"$error":"#REF!"}},{"$error":"#REF!"}]
[{"$f":"VLOOKUP($B16,#REF!,2,FALSE)","v":{"$error":"#N/A"}},{"$error":"#N/A"},{"$error":"#N/A"},{"$error":"#N/A"},{"$error":"#N/A"},{"$error":"#N/A"},{"$error":"#N/A"},13,null,null,{"$error":"#REF!"},13,{"$f":"IF(ISNA(VLOOKUP($L16,'All Individuals Day 1 (ALL)'!$C$3:$G$131,4,FALSE)+VLOOKUP($L16,#REF!,4,FALSE))=TRUE,\"\",VLOOKUP($L16,'All Individuals Day 1 (ALL)'!$C$3:$G$131,4,FALSE)+VLOOKUP($L16,#REF!,4,FALSE))","v":{"$error":"#REF!"}},{"$f":"IF(ISNA(VLOOKUP($L16,'All Individuals Day 1 (ALL)'!$C$3:$G$131,5,FALSE)+VLOOKUP($L16,#REF!,5,FALSE))=TRUE,\"\",VLOOKUP($L16,'All Individuals Day 1 (ALL)'!$C$3:$G$131,5,FALSE)+VLOOKUP($L16,#REF!,5,FALSE))","v":{"$error":"#REF!"}},{"$f":"IF(ISNA(VLOOKUP($L16,'All Individuals Day 1 (ALL)'!$C$3:$K$131,8,FALSE))=TRUE,\"\",VLOOKUP($L16,'All Individuals Day 1 (ALL)'!$C$3:$K$131,8,FALSE))","v":1},{"$f":"IF(ISNA(VLOOKUP($L16,#REF!,8,FALSE))=TRUE,\"\",VLOOKUP($L16,#REF!,8,FALSE))","v":{"$error":"#REF!"}},{"$error":"#REF!"}]
[{"$f":"VLOOKUP($B17,#REF!,2,FALSE)","v":{"$error":"#N/A"}},{"$error":"#N/A"},{"$error":"#N/A"},{"$error":"#N/A"},{"$error":"#N/A"},{"$error":"#N/A"},{"$error":"#N/A"},14,null,null,{"$error":"#REF!"},14,{"$f":"IF(ISNA(VLOOKUP($L17,'All Individuals Day 1 (ALL)'!$C$3:$G$131,4,FALSE)+VLOOKUP($L17,#REF!,4,FALSE))=TRUE,\"\",VLOOKUP($L17,'All Individuals Day 1 (ALL)'!$C$3:$G$131,4,FALSE)+VLOOKUP($L17,#REF!,4,FALSE))","v":{"$error":"#REF!"}},{"$f":"IF(ISNA(VLOOKUP($L17,'All Individuals Day 1 (ALL)'!$C$3:$G$131,5,FALSE)+VLOOKUP($L17,#REF!,5,FALSE))=TRUE,\"\",VLOOKUP($L17,'All Individuals Day 1 (ALL)'!$C$3:$G$131,5,FALSE)+VLOOKUP($L17,#REF!,5,FALSE))","v":{"$error":"#REF!"}},{"$f":"IF(ISNA(VLOOKUP($L17,'All Individuals Day 1 (ALL)'!$C$3:$K$131,8,FALSE))=TRUE,\"\",VLOOKUP($L17,'All Individuals Day 1 (ALL)'!$C$3:$K$131,8,FALSE))","v":12},{"$f":"IF(ISNA(VLOOKUP($L17,#REF!,8,FALSE))=TRUE,\"\",VLOOKUP($L17,#REF!,8,FALSE))","v":{"$error":"#REF!"}},{"$error":"#REF!"}]
[{"$f":"VLOOKUP($B18,#REF!,2,FALSE)","v":{"$error":"#N/A"}},{"$error":"#N/A"},{"$error":"#N/A"},{"$error":"#N/A"},{"$error":"#N/A"},{"$error":"#N/A"},{"$error":"#N/A"},15,null,null,{"$error":"#REF!"},15,{"$f":"IF(ISNA(VLOOKUP($L18,'All Individuals Day 1 (ALL)'!$C$3:$G$131,4,FALSE)+VLOOKUP($L18,#REF!,4,FALSE))=TRUE,\"\",VLOOKUP($L18,'All Individuals Day 1 (ALL)'!$C$3:$G$131,4,FALSE)+VLOOKUP($L18,#REF!,4,FALSE))","v":{"$error":"#REF!"}},{"$f":"IF(ISNA(VLOOKUP($L18,'All Individuals Day 1 (ALL)'!$C$3:$G$131,5,FALSE)+VLOOKUP($L18,#REF!,5,FALSE))=TRUE,\"\",VLOOKUP($L18,'All Individuals Day 1 (ALL)'!$C$3:$G$131,5,FALSE)+VLOOKUP($L18,#REF!,5,FALSE))","v":{"$error":"#REF!"}},{"$f":"IF(ISNA(VLOOKUP($L18,'All Individuals Day 1 (ALL)'!$C$3:$K$131,8,FALSE))=TRUE,\"\",VLOOKUP($L18,'All Individuals Day 1 (ALL)'!$C$3:$K$131,8,FALSE))","v":7},{"$f":"IF(ISNA(VLOOKUP($L18,#REF!,8,FALSE))=TRUE,\"\",VLOOKUP($L18,#REF!,8,FALSE))","v":{"$error":"#REF!"}},{"$error":"#REF!"}]
[{"$f":"VLOOKUP($B19,#REF!,2,FALSE)","v":{"$error":"#N/A"}},{"$error":"#N/A"},{"$error":"#N/A"},{"$error":"#N/A"},{"$error":"#N/A"},{"$error":"#N/A"},{"$error":"#N/A"},16,null,null,{"$error":"#REF!"},16,{"$f":"IF(ISNA(VLOOKUP($L19,'All Individuals Day 1 (ALL)'!$C$3:$G$131,4,FALSE)+VLOOKUP($L19,#REF!,4,FALSE))=TRUE,\"\",VLOOKUP($L19,'All Individuals Day 1 (ALL)'!$C$3:$G$131,4,FALSE)+VLOOKUP($L19,#REF!,4,FALSE))","v":{"$error":"#REF!"}},{"$f":"IF(ISNA(VLOOKUP($L19,'All Individuals Day 1 (ALL)'!$C$3:$G$131,5,FALSE)+VLOOKUP($L19,#REF!,5,FALSE))=TRUE,\"\",VLOOKUP($L19,'All Individuals Day 1 (ALL)'!$C$3:$G$131,5,FALSE)+VLOOKUP($L19,#REF!,5,FALSE))","v":{"$error":"#REF!"}},{"$f":"IF(ISNA(VLOOKUP($L19,'All Individuals Day 1 (ALL)'!$C$3:$K$131,8,FALSE))=TRUE,\"\",VLOOKUP($L19,'All Individuals Day 1 (ALL)'!$C$3:$K$131,8,FALSE))","v":5},{"$f":"IF(ISNA(VLOOKUP($L19,#REF!,8,FALSE))=TRUE,\"\",VLOOKUP($L19,#REF!,8,FALSE))","v":{"$error":"#REF!"}},{"$error":"#REF!"}]
[{"$f":"VLOOKUP($B20,#REF!,2,FALSE)","v":{"$error":"#N/A"}},{"$error":"#N/A"},{"$error":"#N/A"},{"$error":"#N/A"},{"$error":"#N/A"},{"$error":"#N/A"},{"$error":"#N/A"},17,null,null,{"$error":"#REF!"},17,{"$f":"IF(ISNA(VLOOKUP($L20,'All Individuals Day 1 (ALL)'!$C$3:$G$131,4,FALSE)+VLOOKUP($L20,#REF!,4,FALSE))=TRUE,\"\",VLOOKUP($L20,'All Individuals Day 1 (ALL)'!$C$3:$G$131,4,FALSE)+VLOOKUP($L20,#REF!,4,FALSE))","v":""},{"$f":"IF(ISNA(VLOOKUP($L20,'All Individuals Day 1 (ALL)'!$C$3:$G$131,5,FALSE)+VLOOKUP($L20,#REF!,5,FALSE))=TRUE,\"\",VLOOKUP($L20,'All Individuals Day 1 (ALL)'!$C$3:$G$131,5,FALSE)+VLOOKUP($L20,#REF!,5,FALSE))","v":""},{"$f":"IF(ISNA(VLOOKUP($L20,'All Individuals Day 1 (ALL)'!$C$3:$K$131,8,FALSE))=TRUE,\"\",VLOOKUP($L20,'All Individuals Day 1 (ALL)'!$C$3:$K$131,8,FALSE))","v":""},{"$f":"IF(ISNA(VLOOKUP($L20,#REF!,8,FALSE))=TRUE,\"\",VLOOKUP($L20,#REF!,8,FALSE))","v":{"$error":"#REF!"}},{"$error":"#REF!"}]
[{"$f":"VLOOKUP($B21,#REF!,2,FALSE)","v":{"$error":"#N/A"}},{"$error":"#N/A"},{"$error":"#N/A"},{"$error":"#N/A"},{"$error":"#N/A"},{"$error":"#N/A"},{"$error":"#N/A"},18,null,null,{"$error":"#REF!"},18,{"$f":"IF(ISNA(VLOOKUP($L21,'All Individuals Day 1 (ALL)'!$C$3:$G$131,4,FALSE)+VLOOKUP($L21,#REF!,4,FALSE))=TRUE,\"\",VLOOKUP($L21,'All Individuals Day 1 (ALL)'!$C$3:$G$131,4,FALSE)+VLOOKUP($L21,#REF!,4,FALSE))","v":{"$error":"#REF!"}},{"$f":"IF(ISNA(VLOOKUP($L21,'All Individuals Day 1 (ALL)'!$C$3:$G$131,5,FALSE)+VLOOKUP($L21,#REF!,5,FALSE))=TRUE,\"\",VLOOKUP($L21,'All Individuals Day 1 (ALL)'!$C$3:$G$131,5,FALSE)+VLOOKUP($L21,#REF!,5,FALSE))","v":{"$error":"#REF!"}},{"$f":"IF(ISNA(VLOOKUP($L21,'All Individuals Day 1 (ALL)'!$C$3:$K$131,8,FALSE))=TRUE,\"\",VLOOKUP($L21,'All Individuals Day 1 (ALL)'!$C$3:$K$131,8,FALSE))","v":13},{"$f":"IF(ISNA(VLOOKUP($L21,#REF!,8,FALSE))=TRUE,\"\",VLOOKUP($L21,#REF!,8,FALSE))","v":{"$error":"#REF!"}},{"$error":"#REF!"}]
[{"$f":"VLOOKUP($B22,#REF!,2,FALSE)","v":{"$error":"#N/A"}},{"$error":"#N/A"},{"$error":"#N/A"},{"$error":"#N/A"},{"$error":"#N/A"},{"$error":"#N/A"},{"$error":"#N/A"},19,null,null,{"$error":"#REF!"},19,{"$f":"IF(ISNA(VLOOKUP($L22,'All Individuals Day 1 (ALL)'!$C$3:$G$131,4,FALSE)+VLOOKUP($L22,#REF!,4,FALSE))=TRUE,\"\",VLOOKUP($L22,'All Individuals Day 1 (ALL)'!$C$3:$G$131,4,FALSE)+VLOOKUP($L22,#REF!,4,FALSE))","v":{"$error":"#REF!"}},{"$f":"IF(ISNA(VLOOKUP($L22,'All Individuals Day 1 (ALL)'!$C$3:$G$131,5,FALSE)+VLOOKUP($L22,#REF!,5,FALSE))=TRUE,\"\",VLOOKUP($L22,'All Individuals Day 1 (ALL)'!$C$3:$G$131,5,FALSE)+VLOOKUP($L22,#REF!,5,FALSE))","v":{"$error":"#REF!"}},{"$f":"IF(ISNA(VLOOKUP($L22,'All Individuals Day 1 (ALL)'!$C$3:$K$131,8,FALSE))=TRUE,\"\",VLOOKUP($L22,'All Individuals Day 1 (ALL)'!$C$3:$K$131,8,FALSE))","v":6},{"$f":"IF(ISNA(VLOOKUP($L22,#REF!,8,FALSE))=TRUE,\"\",VLOOKUP($L22,#REF!,8,FALSE))","v":{"$error":"#REF!"}},{"$error":"#REF!"}]
[{"$f":"VLOOKUP($B23,#REF!,2,FALSE)","v":{"$error":"#N/A"}},{"$error":"#N/A"},{"$error":"#N/A"},{"$error":"#N/A"},{"$error":"#N/A"},{"$error":"#N/A"},{"$error":"#N/A"},20,null,null,{"$error":"#REF!"},20,{"$f":"IF(ISNA(VLOOKUP($L23,'All Individuals Day 1 (ALL)'!$C$3:$G$131,4,FALSE)+VLOOKUP($L23,#REF!,4,FALSE))=TRUE,\"\",VLOOKUP($L23,'All Individuals Day 1 (ALL)'!$C$3:$G$131,4,FALSE)+VLOOKUP($L23,#REF!,4,FALSE))","v":""},{"$f":"IF(ISNA(VLOOKUP($L23,'All Individuals Day 1 (ALL)'!$C$3:$G$131,5,FALSE)+VLOOKUP($L23,#REF!,5,FALSE))=TRUE,\"\",VLOOKUP($L23,'All Individuals Day 1 (ALL)'!$C$3:$G$131,5,FALSE)+VLOOKUP($L23,#REF!,5,FALSE))","v":""},{"$f":"IF(ISNA(VLOOKUP($L23,'All Individuals Day 1 (ALL)'!$C$3:$K$131,8,FALSE))=TRUE,\"\",VLOOKUP($L23,'All Individuals Day 1 (ALL)'!$C$3:$K$131,8,FALSE))","v":""},{"$f":"IF(ISNA(VLOOKUP($L23,#REF!,8,FALSE))=TRUE,\"\",VLOOKUP($L23,#REF!,8,FALSE))","v":{"$error":"#REF!"}},{"$error":"#REF!"}]
[{"$f":"VLOOKUP($B24,#REF!,2,FALSE)","v":{"$error":"#N/A"}},{"$error":"#N/A"},{"$error":"#N/A"},{"$error":"#N/A"},{"$error":"#N/A"},{"$error":"#N/A"},{"$error":"#N/A"},21,null,null,{"$error":"#REF!"},21,{"$f":"IF(ISNA(VLOOKUP($L24,'All Individuals Day 1 (ALL)'!$C$3:$G$131,4,FALSE)+VLOOKUP($L24,#REF!,4,FALSE))=TRUE,\"\",VLOOKUP($L24,'All Individuals Day 1 (ALL)'!$C$3:$G$131,4,FALSE)+VLOOKUP($L24,#REF!,4,FALSE))","v":{"$error":"#REF!"}},{"$f":"IF(ISNA(VLOOKUP($L24,'All Individuals Day 1 (ALL)'!$C$3:$G$131,5,FALSE)+VLOOKUP($L24,#REF!,5,FALSE))=TRUE,\"\",VLOOKUP($L24,'All Individuals Day 1 (ALL)'!$C$3:$G$131,5,FALSE)+VLOOKUP($L24,#REF!,5,FALSE))","v":{"$error":"#REF!"}},{"$f":"IF(ISNA(VLOOKUP($L24,'All Individuals Day 1 (ALL)'!$C$3:$K$131,8,FALSE))=TRUE,\"\",VLOOKUP($L24,'All Individuals Day 1 (ALL)'!$C$3:$K$131,8,FALSE))","v":10},{"$f":"IF(ISNA(VLOOKUP($L24,#REF!,8,FALSE))=TRUE,\"\",VLOOKUP($L24,#REF!,8,FALSE))","v":{"$error":"#REF!"}},{"$error":"#REF!"}]
[{"$f":"VLOOKUP($B25,#REF!,2,FALSE)","v":{"$error":"#N/A"}},{"$error":"#N/A"},{"$error":"#N/A"},{"$error":"#N/A"},{"$error":"#N/A"},{"$error":"#N/A"},{"$error":"#N/A"},22,null,null,{"$error":"#REF!"},22,{"$f":"IF(ISNA(VLOOKUP($L25,'All Individuals Day 1 (ALL)'!$C$3:$G$131,4,FALSE)+VLOOKUP($L25,#REF!,4,FALSE))=TRUE,\"\",VLOOKUP($L25,'All Individuals Day 1 (ALL)'!$C$3:$G$131,4,FALSE)+VLOOKUP($L25,#REF!,4,FALSE))","v":{"$error":"#REF!"}},{"$f":"IF(ISNA(VLOOKUP($L25,'All Individuals Day 1 (ALL)'!$C$3:$G$131,5,FALSE)+VLOOKUP($L25,#REF!,5,FALSE))=TRUE,\"\",VLOOKUP($L25,'All Individuals Day 1 (ALL)'!$C$3:$G$131,5,FALSE)+VLOOKUP($L25,#REF!,5,FALSE))","v":{"$error":"#REF!"}},{"$f":"IF(ISNA(VLOOKUP($L25,'All Individuals Day 1 (ALL)'!$C$3:$K$131,8,FALSE))=TRUE,\"\",VLOOKUP($L25,'All Individuals Day 1 (ALL)'!$C$3:$K$131,8,FALSE))","v":3},{"$f":"IF(ISNA(VLOOKUP($L25,#REF!,8,FALSE))=TRUE,\"\",VLOOKUP($L25,#REF!,8,FALSE))","v":{"$error":"#REF!"}},{"$error":"#REF!"}]
[{"$f":"VLOOKUP($B26,#REF!,2,FALSE)","v":{"$error":"#N/A"}},{"$error":"#N/A"},{"$error":"#N/A"},{"$error":"#N/A"},{"$error":"#N/A"},{"$error":"#N/A"},{"$error":"#N/A"},23,null,null,{"$error":"#REF!"},23,{"$f":"IF(ISNA(VLOOKUP($L26,'All Individuals Day 1 (ALL)'!$C$3:$G$131,4,FALSE)+VLOOKUP($L26,#REF!,4,FALSE))=TRUE,\"\",VLOOKUP($L26,'All Individuals Day 1 (ALL)'!$C$3:$G$131,4,FALSE)+VLOOKUP($L26,#REF!,4,FALSE))","v":{"$error":"#REF!"}},{"$f":"IF(ISNA(VLOOKUP($L26,'All Individuals Day 1 (ALL)'!$C$3:$G$131,5,FALSE)+VLOOKUP($L26,#REF!,5,FALSE))=TRUE,\"\",VLOOKUP($L26,'All Individuals Day 1 (ALL)'!$C$3:$G$131,5,FALSE)+VLOOKUP($L26,#REF!,5,FALSE))","v":{"$error":"#REF!"}},{"$f":"IF(ISNA(VLOOKUP($L26,'All Individuals Day 1 (ALL)'!$C$3:$K$131,8,FALSE))=TRUE,\"\",VLOOKUP($L26,'All Individuals Day 1 (ALL)'!$C$3:$K$131,8,FALSE))","v":8},{"$f":"IF(ISNA(VLOOKUP($L26,#REF!,8,FALSE))=TRUE,\"\",VLOOKUP($L26,#REF!,8,FALSE))","v":{"$error":"#REF!"}},{"$error":"#REF!"}]
[{"$f":"VLOOKUP($B27,#REF!,2,FALSE)","v":{"$error":"#N/A"}},{"$error":"#N/A"},{"$error":"#N/A"},{"$error":"#N/A"},{"$error":"#N/A"},{"$error":"#N/A"},{"$error":"#N/A"},24,null,null,{"$error":"#REF!"},24,{"$f":"IF(ISNA(VLOOKUP($L27,'All Individuals Day 1 (ALL)'!$C$3:$G$131,4,FALSE)+VLOOKUP($L27,#REF!,4,FALSE))=TRUE,\"\",VLOOKUP($L27,'All Individuals Day 1 (ALL)'!$C$3:$G$131,4,FALSE)+VLOOKUP($L27,#REF!,4,FALSE))","v":{"$error":"#REF!"}},{"$f":"IF(ISNA(VLOOKUP($L27,'All Individuals Day 1 (ALL)'!$C$3:$G$131,5,FALSE)+VLOOKUP($L27,#REF!,5,FALSE))=TRUE,\"\",VLOOKUP($L27,'All Individuals Day 1 (ALL)'!$C$3:$G$131,5,FALSE)+VLOOKUP($L27,#REF!,5,FALSE))","v":{"$error":"#REF!"}},{"$f":"IF(ISNA(VLOOKUP($L27,'All Individuals Day 1 (ALL)'!$C$3:$K$131,8,FALSE))=TRUE,\"\",VLOOKUP($L27,'All Individuals Day 1 (ALL)'!$C$3:$K$131,8,FALSE))","v":10},{"$f":"IF(ISNA(VLOOKUP($L27,#REF!,8,FALSE))=TRUE,\"\",VLOOKUP($L27,#REF!,8,FALSE))","v":{"$error":"#REF!"}},{"$error":"#REF!"}]
[{"$f":"VLOOKUP($B28,#REF!,2,FALSE)","v":{"$error":"#N/A"}},{"$error":"#N/A"},{"$error":"#N/A"},{"$error":"#N/A"},{"$error":"#N/A"},{"$error":"#N/A"},{"$error":"#N/A"},25,null,null,{"$error":"#REF!"},25,{"$f":"IF(ISNA(VLOOKUP($L28,'All Individuals Day 1 (ALL)'!$C$3:$G$131,4,FALSE)+VLOOKUP($L28,#REF!,4,FALSE))=TRUE,\"\",VLOOKUP($L28,'All Individuals Day 1 (ALL)'!$C$3:$G$131,4,FALSE)+VLOOKUP($L28,#REF!,4,FALSE))","v":{"$error":"#REF!"}},{"$f":"IF(ISNA(VLOOKUP($L28,'All Individuals Day 1 (ALL)'!$C$3:$G$131,5,FALSE)+VLOOKUP($L28,#REF!,5,FALSE))=TRUE,\"\",VLOOKUP($L28,'All Individuals Day 1 (ALL)'!$C$3:$G$131,5,FALSE)+VLOOKUP($L28,#REF!,5,FALSE))","v":{"$error":"#REF!"}},{"$f":"IF(ISNA(VLOOKUP($L28,'All Individuals Day 1 (ALL)'!$C$3:$K$131,8,FALSE))=TRUE,\"\",VLOOKUP($L28,'All Individuals Day 1 (ALL)'!$C$3:$K$131,8,FALSE))","v":6},{"$f":"IF(ISNA(VLOOKUP($L28,#REF!,8,FALSE))=TRUE,\"\",VLOOKUP($L28,#REF!,8,FALSE))","v":{"$error":"#REF!"}},{"$error":"#REF!"}]
[{"$f":"VLOOKUP($B29,#REF!,2,FALSE)","v":{"$error":"#N/A"}},{"$error":"#N/A"},{"$error":"#N/A"},{"$error":"#N/A"},{"$error":"#N/A"},{"$error":"#N/A"},{"$error":"#N/A"},26,null,null,{"$error":"#REF!"},26,{"$f":"IF(ISNA(VLOOKUP($L29,'All Individuals Day 1 (ALL)'!$C$3:$G$131,4,FALSE)+VLOOKUP($L29,#REF!,4,FALSE))=TRUE,\"\",VLOOKUP($L29,'All Individuals Day 1 (ALL)'!$C$3:$G$131,4,FALSE)+VLOOKUP($L29,#REF!,4,FALSE))","v":{"$error":"#REF!"}},{"$f":"IF(ISNA(VLOOKUP($L29,'All Individuals Day 1 (ALL)'!$C$3:$G$131,5,FALSE)+VLOOKUP($L29,#REF!,5,FALSE))=TRUE,\"\",VLOOKUP($L29,'All Individuals Day 1 (ALL)'!$C$3:$G$131,5,FALSE)+VLOOKUP($L29,#REF!,5,FALSE))","v":{"$error":"#REF!"}},{"$f":"IF(ISNA(VLOOKUP($L29,'All Individuals Day 1 (ALL)'!$C$3:$K$131,8,FALSE))=TRUE,\"\",VLOOKUP($L29,'All Individuals Day 1 (ALL)'!$C$3:$K$131,8,FALSE))","v":10},{"$f":"IF(ISNA(VLOOKUP($L29,#REF!,8,FALSE))=TRUE,\"\",VLOOKUP($L29,#REF!,8,FALSE))","v":{"$error":"#REF!"}},{"$error":"#REF!"}]
[{"$f":"VLOOKUP($B30,#REF!,2,FALSE)","v":{"$error":"#N/A"}},{"$error":"#N/A"},{"$error":"#N/A"},{"$error":"#N/A"},{"$error":"#N/A"},{"$error":"#N/A"},{"$error":"#N/A"},27,null,null,{"$error":"#REF!"},27,{"$f":"IF(ISNA(VLOOKUP($L30,'All Individuals Day 1 (ALL)'!$C$3:$G$131,4,FALSE)+VLOOKUP($L30,#REF!,4,FALSE))=TRUE,\"\",VLOOKUP($L30,'All Individuals Day 1 (ALL)'!$C$3:$G$131,4,FALSE)+VLOOKUP($L30,#REF!,4,FALSE))","v":{"$error":"#REF!"}},{"$f":"IF(ISNA(VLOOKUP($L30,'All Individuals Day 1 (ALL)'!$C$3:$G$131,5,FALSE)+VLOOKUP($L30,#REF!,5,FALSE))=TRUE,\"\",VLOOKUP($L30,'All Individuals Day 1 (ALL)'!$C$3:$G$131,5,FALSE)+VLOOKUP($L30,#REF!,5,FALSE))","v":{"$error":"#REF!"}},{"$f":"IF(ISNA(VLOOKUP($L30,'All Individuals Day 1 (ALL)'!$C$3:$K$131,8,FALSE))=TRUE,\"\",VLOOKUP($L30,'All Individuals Day 1 (ALL)'!$C$3:$K$131,8,FALSE))","v":3},{"$f":"IF(ISNA(VLOOKUP($L30,#REF!,8,FALSE))=TRUE,\"\",VLOOKUP($L30,#REF!,8,FALSE))","v":{"$error":"#REF!"}},{"$error":"#REF!"}]
[{"$f":"VLOOKUP($B31,#REF!,2,FALSE)","v":{"$error":"#N/A"}},{"$error":"#N/A"},{"$error":"#N/A"},{"$error":"#N/A"},{"$error":"#N/A"},{"$error":"#N/A"},{"$error":"#N/A"},28,null,null,{"$error":"#REF!"},28,{"$f":"IF(ISNA(VLOOKUP($L31,'All Individuals Day 1 (ALL)'!$C$3:$G$131,4,FALSE)+VLOOKUP($L31,#REF!,4,FALSE))=TRUE,\"\",VLOOKUP($L31,'All Individuals Day 1 (ALL)'!$C$3:$G$131,4,FALSE)+VLOOKUP($L31,#REF!,4,FALSE))","v":{"$error":"#REF!"}},{"$f":"IF(ISNA(VLOOKUP($L31,'All Individuals Day 1 (ALL)'!$C$3:$G$131,5,FALSE)+VLOOKUP($L31,#REF!,5,FALSE))=TRUE,\"\",VLOOKUP($L31,'All Individuals Day 1 (ALL)'!$C$3:$G$131,5,FALSE)+VLOOKUP($L31,#REF!,5,FALSE))","v":{"$error":"#REF!"}},{"$f":"IF(ISNA(VLOOKUP($L31,'All Individuals Day 1 (ALL)'!$C$3:$K$131,8,FALSE))=TRUE,\"\",VLOOKUP($L31,'All Individuals Day 1 (ALL)'!$C$3:$K$131,8,FALSE))","v":14},{"$f":"IF(ISNA(VLOOKUP($L31,#REF!,8,FALSE))=TRUE,\"\",VLOOKUP($L31,#REF!,8,FALSE))","v":{"$error":"#REF!"}},{"$error":"#REF!"}]
[{"$f":"VLOOKUP($B32,#REF!,2,FALSE)","v":{"$error":"#N/A"}},{"$error":"#N/A"},{"$error":"#N/A"},{"$error":"#N/A"},{"$error":"#N/A"},{"$error":"#N/A"},{"$error":"#N/A"},29,null,null,{"$error":"#REF!"},29,{"$f":"IF(ISNA(VLOOKUP($L32,'All Individuals Day 1 (ALL)'!$C$3:$G$131,4,FALSE)+VLOOKUP($L32,#REF!,4,FALSE))=TRUE,\"\",VLOOKUP($L32,'All Individuals Day 1 (ALL)'!$C$3:$G$131,4,FALSE)+VLOOKUP($L32,#REF!,4,FALSE))","v":{"$error":"#REF!"}},{"$f":"IF(ISNA(VLOOKUP($L32,'All Individuals Day 1 (ALL)'!$C$3:$G$131,5,FALSE)+VLOOKUP($L32,#REF!,5,FALSE))=TRUE,\"\",VLOOKUP($L32,'All Individuals Day 1 (ALL)'!$C$3:$G$131,5,FALSE)+VLOOKUP($L32,#REF!,5,FALSE))","v":{"$error":"#REF!"}},{"$f":"IF(ISNA(VLOOKUP($L32,'All Individuals Day 1 (ALL)'!$C$3:$K$131,8,FALSE))=TRUE,\"\",VLOOKUP($L32,'All Individuals Day 1 (ALL)'!$C$3:$K$131,8,FALSE))","v":8},{"$f":"IF(ISNA(VLOOKUP($L32,#REF!,8,FALSE))=TRUE,\"\",VLOOKUP($L32,#REF!,8,FALSE))","v":{"$error":"#REF!"}},{"$error":"#REF!"}]
[{"$f":"VLOOKUP($B33,#REF!,2,FALSE)","v":{"$error":"#N/A"}},{"$error":"#N/A"},{"$error":"#N/A"},{"$error":"#N/A"},{"$error":"#N/A"},{"$error":"#N/A"},{"$error":"#N/A"},30,null,null,{"$error":"#REF!"},30,{"$f":"IF(ISNA(VLOOKUP($L33,'All Individuals Day 1 (ALL)'!$C$3:$G$131,4,FALSE)+VLOOKUP($L33,#REF!,4,FALSE))=TRUE,\"\",VLOOKUP($L33,'All Individuals Day 1 (ALL)'!$C$3:$G$131,4,FALSE)+VLOOKUP($L33,#REF!,4,FALSE))","v":{"$error":"#REF!"}},{"$f":"IF(ISNA(VLOOKUP($L33,'All Individuals Day 1 (ALL)'!$C$3:$G$131,5,FALSE)+VLOOKUP($L33,#REF!,5,FALSE))=TRUE,\"\",VLOOKUP($L33,'All Individuals Day 1 (ALL)'!$C$3:$G$131,5,FALSE)+VLOOKUP($L33,#REF!,5,FALSE))","v":{"$error":"#REF!"}},{"$f":"IF(ISNA(VLOOKUP($L33,'All Individuals Day 1 (ALL)'!$C$3:$K$131,8,FALSE))=TRUE,\"\",VLOOKUP($L33,'All Individuals Day 1 (ALL)'!$C$3:$K$131,8,FALSE))","v":14},{"$f":"IF(ISNA(VLOOKUP($L33,#REF!,8,FALSE))=TRUE,\"\",VLOOKUP($L33,#REF!,8,FALSE))","v":{"$error":"#REF!"}},{"$error":"#REF!"}]
[{"$f":"VLOOKUP($B34,#REF!,2,FALSE)","v":{"$error":"#N/A"}},{"$error":"#N/A"},{"$error":"#N/A"},{"$error":"#N/A"},{"$error":"#N/A"},{"$error":"#N/A"},{"$error":"#N/A"},31,null,null,{"$error":"#REF!"},31,{"$f":"IF(ISNA(VLOOKUP($L34,'All Individuals Day 1 (ALL)'!$C$3:$G$131,4,FALSE)+VLOOKUP($L34,#REF!,4,FALSE))=TRUE,\"\",VLOOKUP($L34,'All Individuals Day 1 (ALL)'!$C$3:$G$131,4,FALSE)+VLOOKUP($L34,#REF!,4,FALSE))","v":{"$error":"#REF!"}},{"$f":"IF(ISNA(VLOOKUP($L34,'All Individuals Day 1 (ALL)'!$C$3:$G$131,5,FALSE)+VLOOKUP($L34,#REF!,5,FALSE))=TRUE,\"\",VLOOKUP($L34,'All Individuals Day 1 (ALL)'!$C$3:$G$131,5,FALSE)+VLOOKUP($L34,#REF!,5,FALSE))","v":{"$error":"#REF!"}},{"$f":"IF(ISNA(VLOOKUP($L34,'All Individuals Day 1 (ALL)'!$C$3:$K$131,8,FALSE))=TRUE,\"\",VLOOKUP($L34,'All Individuals Day 1 (ALL)'!$C$3:$K$131,8,FALSE))","v":5},{"$f":"IF(ISNA(VLOOKUP($L34,#REF!,8,FALSE))=TRUE,\"\",VLOOKUP($L34,#REF!,8,FALSE))","v":{"$error":"#REF!"}},{"$error":"#REF!"}]
[{"$f":"VLOOKUP($B35,#REF!,2,FALSE)","v":{"$error":"#N/A"}},{"$error":"#N/A"},{"$error":"#N/A"},{"$error":"#N/A"},{"$error":"#N/A"},{"$error":"#N/A"},{"$error":"#N/A"},32,null,null,{"$error":"#REF!"},32,{"$f":"IF(ISNA(VLOOKUP($L35,'All Individuals Day 1 (ALL)'!$C$3:$G$131,4,FALSE)+VLOOKUP($L35,#REF!,4,FALSE))=TRUE,\"\",VLOOKUP($L35,'All Individuals Day 1 (ALL)'!$C$3:$G$131,4,FALSE)+VLOOKUP($L35,#REF!,4,FALSE))","v":{"$error":"#REF!"}},{"$f":"IF(ISNA(VLOOKUP($L35,'All Individuals Day 1 (ALL)'!$C$3:$G$131,5,FALSE)+VLOOKUP($L35,#REF!,5,FALSE))=TRUE,\"\",VLOOKUP($L35,'All Individuals Day 1 (ALL)'!$C$3:$G$131,5,FALSE)+VLOOKUP($L35,#REF!,5,FALSE))","v":{"$error":"#REF!"}},{"$f":"IF(ISNA(VLOOKUP($L35,'All Individuals Day 1 (ALL)'!$C$3:$K$131,8,FALSE))=TRUE,\"\",VLOOKUP($L35,'All Individuals Day 1 (ALL)'!$C$3:$K$131,8,FALSE))","v":13},{"$f":"IF(ISNA(VLOOKUP($L35,#REF!,8,FALSE))=TRUE,\"\",VLOOKUP($L35,#REF!,8,FALSE))","v":{"$error":"#REF!"}},{"$error":"#REF!"}]
[{"$f":"VLOOKUP($B36,#REF!,2,FALSE)","v":{"$error":"#N/A"}},{"$f":"VLOOKUP($H36,$K$4:$Q$300,2,FALSE)","v":{"$error":"#N/A"}},{"$f":"VLOOKUP($H36,$K$4:$Q$300,3,FALSE)","v":{"$error":"#N/A"}},{"$f":"VLOOKUP($H36,$K$4:$Q$300,4,FALSE)","v":{"$error":"#N/A"}},{"$f":"VLOOKUP($H36,$K$4:$Q$300,5,FALSE)","v":{"$error":"#N/A"}},{"$f":"VLOOKUP($H36,$K$4:$Q$300,6,FALSE)","v":{"$error":"#N/A"}},{"$f":"VLOOKUP($H36,$K$4:$Q$300,7,FALSE)","v":{"$error":"#N/A"}},33,null,null,{"$f":"IF(Q36=NpZ*NoZ*2,NpZ*NoZ,RANK(Q36,Q$4:Q$300,1))","v":{"$error":"#REF!"}},33,{"$f":"IF(ISNA(VLOOKUP($L36,'All Individuals Day 1 (ALL)'!$C$3:$G$131,4,FALSE)+VLOOKUP($L36,#REF!,4,FALSE))=TRUE,\"\",VLOOKUP($L36,'All Individuals Day 1 (ALL)'!$C$3:$G$131,4,FALSE)+VLOOKUP($L36,#REF!,4,FALSE))","v":{"$error":"#REF!"}},{"$f":"IF(ISNA(VLOOKUP($L36,'All Individuals Day 1 (ALL)'!$C$3:$G$131,5,FALSE)+VLOOKUP($L36,#REF!,5,FALSE))=TRUE,\"\",VLOOKUP($L36,'All Individuals Day 1 (ALL)'!$C$3:$G$131,5,FALSE)+VLOOKUP($L36,#REF!,5,FALSE))","v":{"$error":"#REF!"}},{"$f":"IF(ISNA(VLOOKUP($L36,'All Individuals Day 1 (ALL)'!$C$3:$K$131,8,FALSE))=TRUE,\"\",VLOOKUP($L36,'All Individuals Day 1 (ALL)'!$C$3:$K$131,8,FALSE))","v":11},{"$f":"IF(ISNA(VLOOKUP($L36,#REF!,8,FALSE))=TRUE,\"\",VLOOKUP($L36,#REF!,8,FALSE))","v":{"$error":"#REF!"}},{"$f":"IF(OR(M36=\"\",M36=0),NpZ*2,(O36+P36)-N36/100000-M36/1000000)","v":{"$error":"#REF!"}}]
[{"$f":"VLOOKUP($B37,#REF!,2,FALSE)","v":{"$error":"#N/A"}},{"$error":"#N/A"},{"$error":"#N/A"},{"$error":"#N/A"},{"$error":"#N/A"},{"$error":"#N/A"},{"$error":"#N/A"},34,null,null,{"$error":"#REF!"},34,{"$f":"IF(ISNA(VLOOKUP($L37,'All Individuals Day 1 (ALL)'!$C$3:$G$131,4,FALSE)+VLOOKUP($L37,#REF!,4,FALSE))=TRUE,\"\",VLOOKUP($L37,'All Individuals Day 1 (ALL)'!$C$3:$G$131,4,FALSE)+VLOOKUP($L37,#REF!,4,FALSE))","v":{"$error":"#REF!"}},{"$f":"IF(ISNA(VLOOKUP($L37,'All Individuals Day 1 (ALL)'!$C$3:$G$131,5,FALSE)+VLOOKUP($L37,#REF!,5,FALSE))=TRUE,\"\",VLOOKUP($L37,'All Individuals Day 1 (ALL)'!$C$3:$G$131,5,FALSE)+VLOOKUP($L37,#REF!,5,FALSE))","v":{"$error":"#REF!"}},{"$f":"IF(ISNA(VLOOKUP($L37,'All Individuals Day 1 (ALL)'!$C$3:$K$131,8,FALSE))=TRUE,\"\",VLOOKUP($L37,'All Individuals Day 1 (ALL)'!$C$3:$K$131,8,FALSE))","v":11},{"$f":"IF(ISNA(VLOOKUP($L37,#REF!,8,FALSE))=TRUE,\"\",VLOOKUP($L37,#REF!,8,FALSE))","v":{"$error":"#REF!"}},{"$error":"#REF!"}]
[{"$f":"VLOOKUP($B38,#REF!,2,FALSE)","v":{"$error":"#N/A"}},{"$error":"#N/A"},{"$error":"#N/A"},{"$error":"#N/A"},{"$error":"#N/A"},{"$error":"#N/A"},{"$error":"#N/A"},35,null,null,{"$error":"#REF!"},35,{"$f":"IF(ISNA(VLOOKUP($L38,'All Individuals Day 1 (ALL)'!$C$3:$G$131,4,FALSE)+VLOOKUP($L38,#REF!,4,FALSE))=TRUE,\"\",VLOOKUP($L38,'All Individuals Day 1 (ALL)'!$C$3:$G$131,4,FALSE)+VLOOKUP($L38,#REF!,4,FALSE))","v":{"$error":"#REF!"}},{"$f":"IF(ISNA(VLOOKUP($L38,'All Individuals Day 1 (ALL)'!$C$3:$G$131,5,FALSE)+VLOOKUP($L38,#REF!,5,FALSE))=TRUE,\"\",VLOOKUP($L38,'All Individuals Day 1 (ALL)'!$C$3:$G$131,5,FALSE)+VLOOKUP($L38,#REF!,5,FALSE))","v":{"$error":"#REF!"}},{"$f":"IF(ISNA(VLOOKUP($L38,'All Individuals Day 1 (ALL)'!$C$3:$K$131,8,FALSE))=TRUE,\"\",VLOOKUP($L38,'All Individuals Day 1 (ALL)'!$C$3:$K$131,8,FALSE))","v":4},{"$f":"IF(ISNA(VLOOKUP($L38,#REF!,8,FALSE))=TRUE,\"\",VLOOKUP($L38,#REF!,8,FALSE))","v":{"$error":"#REF!"}},{"$error":"#REF!"}]
[{"$f":"VLOOKUP($B39,#REF!,2,FALSE)","v":{"$error":"#N/A"}},{"$error":"#N/A"},{"$error":"#N/A"},{"$error":"#N/A"},{"$error":"#N/A"},{"$error":"#N/A"},{"$error":"#N/A"},36,null,null,{"$error":"#REF!"},36,{"$f":"IF(ISNA(VLOOKUP($L39,'All Individuals Day 1 (ALL)'!$C$3:$G$131,4,FALSE)+VLOOKUP($L39,#REF!,4,FALSE))=TRUE,\"\",VLOOKUP($L39,'All Individuals Day 1 (ALL)'!$C$3:$G$131,4,FALSE)+VLOOKUP($L39,#REF!,4,FALSE))","v":{"$error":"#REF!"}},{"$f":"IF(ISNA(VLOOKUP($L39,'All Individuals Day 1 (ALL)'!$C$3:$G$131,5,FALSE)+VLOOKUP($L39,#REF!,5,FALSE))=TRUE,\"\",VLOOKUP($L39,'All Individuals Day 1 (ALL)'!$C$3:$G$131,5,FALSE)+VLOOKUP($L39,#REF!,5,FALSE))","v":{"$error":"#REF!"}},{"$f":"IF(ISNA(VLOOKUP($L39,'All Individuals Day 1 (ALL)'!$C$3:$K$131,8,FALSE))=TRUE,\"\",VLOOKUP($L39,'All Individuals Day 1 (ALL)'!$C$3:$K$131,8,FALSE))","v":12},{"$f":"IF(ISNA(VLOOKUP($L39,#REF!,8,FALSE))=TRUE,\"\",VLOOKUP($L39,#REF!,8,FALSE))","v":{"$error":"#REF!"}},{"$error":"#REF!"}]
[{"$f":"VLOOKUP($B40,#REF!,2,FALSE)","v":{"$error":"#N/A"}},{"$error":"#N/A"},{"$error":"#N/A"},{"$error":"#N/A"},{"$error":"#N/A"},{"$error":"#N/A"},{"$error":"#N/A"},37,null,null,{"$error":"#REF!"},37,{"$f":"IF(ISNA(VLOOKUP($L40,'All Individuals Day 1 (ALL)'!$C$3:$G$131,4,FALSE)+VLOOKUP($L40,#REF!,4,FALSE))=TRUE,\"\",VLOOKUP($L40,'All Individuals Day 1 (ALL)'!$C$3:$G$131,4,FALSE)+VLOOKUP($L40,#REF!,4,FALSE))","v":{"$error":"#REF!"}},{"$f":"IF(ISNA(VLOOKUP($L40,'All Individuals Day 1 (ALL)'!$C$3:$G$131,5,FALSE)+VLOOKUP($L40,#REF!,5,FALSE))=TRUE,\"\",VLOOKUP($L40,'All Individuals Day 1 (ALL)'!$C$3:$G$131,5,FALSE)+VLOOKUP($L40,#REF!,5,FALSE))","v":{"$error":"#REF!"}},{"$f":"IF(ISNA(VLOOKUP($L40,'All Individuals Day 1 (ALL)'!$C$3:$K$131,8,FALSE))=TRUE,\"\",VLOOKUP($L40,'All Individuals Day 1 (ALL)'!$C$3:$K$131,8,FALSE))","v":2},{"$f":"IF(ISNA(VLOOKUP($L40,#REF!,8,FALSE))=TRUE,\"\",VLOOKUP($L40,#REF!,8,FALSE))","v":{"$error":"#REF!"}},{"$error":"#REF!"}]
[{"$f":"VLOOKUP($B41,#REF!,2,FALSE)","v":{"$error":"#N/A"}},{"$error":"#N/A"},{"$error":"#N/A"},{"$error":"#N/A"},{"$error":"#N/A"},{"$error":"#N/A"},{"$error":"#N/A"},38,null,null,{"$error":"#REF!"},38,{"$f":"IF(ISNA(VLOOKUP($L41,'All Individuals Day 1 (ALL)'!$C$3:$G$131,4,FALSE)+VLOOKUP($L41,#REF!,4,FALSE))=TRUE,\"\",VLOOKUP($L41,'All Individuals Day 1 (ALL)'!$C$3:$G$131,4,FALSE)+VLOOKUP($L41,#REF!,4,FALSE))","v":{"$error":"#REF!"}},{"$f":"IF(ISNA(VLOOKUP($L41,'All Individuals Day 1 (ALL)'!$C$3:$G$131,5,FALSE)+VLOOKUP($L41,#REF!,5,FALSE))=TRUE,\"\",VLOOKUP($L41,'All Individuals Day 1 (ALL)'!$C$3:$G$131,5,FALSE)+VLOOKUP($L41,#REF!,5,FALSE))","v":{"$error":"#REF!"}},{"$f":"IF(ISNA(VLOOKUP($L41,'All Individuals Day 1 (ALL)'!$C$3:$K$131,8,FALSE))=TRUE,\"\",VLOOKUP($L41,'All Individuals Day 1 (ALL)'!$C$3:$K$131,8,FALSE))","v":3},{"$f":"IF(ISNA(VLOOKUP($L41,#REF!,8,FALSE))=TRUE,\"\",VLOOKUP($L41,#REF!,8,FALSE))","v":{"$error":"#REF!"}},{"$error":"#REF!"}]
[{"$f":"VLOOKUP($B42,#REF!,2,FALSE)","v":{"$error":"#N/A"}},{"$error":"#N/A"},{"$error":"#N/A"},{"$error":"#N/A"},{"$error":"#N/A"},{"$error":"#N/A"},{"$error":"#N/A"},39,null,null,{"$error":"#REF!"},39,{"$f":"IF(ISNA(VLOOKUP($L42,'All Individuals Day 1 (ALL)'!$C$3:$G$131,4,FALSE)+VLOOKUP($L42,#REF!,4,FALSE))=TRUE,\"\",VLOOKUP($L42,'All Individuals Day 1 (ALL)'!$C$3:$G$131,4,FALSE)+VLOOKUP($L42,#REF!,4,FALSE))","v":{"$error":"#REF!"}},{"$f":"IF(ISNA(VLOOKUP($L42,'All Individuals Day 1 (ALL)'!$C$3:$G$131,5,FALSE)+VLOOKUP($L42,#REF!,5,FALSE))=TRUE,\"\",VLOOKUP($L42,'All Individuals Day 1 (ALL)'!$C$3:$G$131,5,FALSE)+VLOOKUP($L42,#REF!,5,FALSE))","v":{"$error":"#REF!"}},{"$f":"IF(ISNA(VLOOKUP($L42,'All Individuals Day 1 (ALL)'!$C$3:$K$131,8,FALSE))=TRUE,\"\",VLOOKUP($L42,'All Individuals Day 1 (ALL)'!$C$3:$K$131,8,FALSE))","v":3},{"$f":"IF(ISNA(VLOOKUP($L42,#REF!,8,FALSE))=TRUE,\"\",VLOOKUP($L42,#REF!,8,FALSE))","v":{"$error":"#REF!"}},{"$error":"#REF!"}]
[{"$f":"VLOOKUP($B43,#REF!,2,FALSE)","v":{"$error":"#N/A"}},{"$error":"#N/A"},{"$error":"#N/A"},{"$error":"#N/A"},{"$error":"#N/A"},{"$error":"#N/A"},{"$error":"#N/A"},40,null,null,{"$error":"#REF!"},40,{"$f":"IF(ISNA(VLOOKUP($L43,'All Individuals Day 1 (ALL)'!$C$3:$G$131,4,FALSE)+VLOOKUP($L43,#REF!,4,FALSE))=TRUE,\"\",VLOOKUP($L43,'All Individuals Day 1 (ALL)'!$C$3:$G$131,4,FALSE)+VLOOKUP($L43,#REF!,4,FALSE))","v":{"$error":"#REF!"}},{"$f":"IF(ISNA(VLOOKUP($L43,'All Individuals Day 1 (ALL)'!$C$3:$G$131,5,FALSE)+VLOOKUP($L43,#REF!,5,FALSE))=TRUE,\"\",VLOOKUP($L43,'All Individuals Day 1 (ALL)'!$C$3:$G$131,5,FALSE)+VLOOKUP($L43,#REF!,5,FALSE))","v":{"$error":"#REF!"}},{"$f":"IF(ISNA(VLOOKUP($L43,'All Individuals Day 1 (ALL)'!$C$3:$K$131,8,FALSE))=TRUE,\"\",VLOOKUP($L43,'All Individuals Day 1 (ALL)'!$C$3:$K$131,8,FALSE))","v":8},{"$f":"IF(ISNA(VLOOKUP($L43,#REF!,8,FALSE))=TRUE,\"\",VLOOKUP($L43,#REF!,8,FALSE))","v":{"$error":"#REF!"}},{"$error":"#REF!"}]
[{"$f":"VLOOKUP($B44,#REF!,2,FALSE)","v":{"$error":"#N/A"}},{"$error":"#N/A"},{"$error":"#N/A"},{"$error":"#N/A"},{"$error":"#N/A"},{"$error":"#N/A"},{"$error":"#N/A"},41,null,null,{"$error":"#REF!"},41,{"$f":"IF(ISNA(VLOOKUP($L44,'All Individuals Day 1 (ALL)'!$C$3:$G$131,4,FALSE)+VLOOKUP($L44,#REF!,4,FALSE))=TRUE,\"\",VLOOKUP($L44,'All Individuals Day 1 (ALL)'!$C$3:$G$131,4,FALSE)+VLOOKUP($L44,#REF!,4,FALSE))","v":{"$error":"#REF!"}},{"$f":"IF(ISNA(VLOOKUP($L44,'All Individuals Day 1 (ALL)'!$C$3:$G$131,5,FALSE)+VLOOKUP($L44,#REF!,5,FALSE))=TRUE,\"\",VLOOKUP($L44,'All Individuals Day 1 (ALL)'!$C$3:$G$131,5,FALSE)+VLOOKUP($L44,#REF!,5,FALSE))","v":{"$error":"#REF!"}},{"$f":"IF(ISNA(VLOOKUP($L44,'All Individuals Day 1 (ALL)'!$C$3:$K$131,8,FALSE))=TRUE,\"\",VLOOKUP($L44,'All Individuals Day 1 (ALL)'!$C$3:$K$131,8,FALSE))","v":11},{"$f":"IF(ISNA(VLOOKUP($L44,#REF!,8,FALSE))=TRUE,\"\",VLOOKUP($L44,#REF!,8,FALSE))","v":{"$error":"#REF!"}},{"$error":"#REF!"}]
[{"$f":"VLOOKUP($B45,#REF!,2,FALSE)","v":{"$error":"#N/A"}},{"$error":"#N/A"},{"$error":"#N/A"},{"$error":"#N/A"},{"$error":"#N/A"},{"$error":"#N/A"},{"$error":"#N/A"},42,null,null,{"$error":"#REF!"},42,{"$f":"IF(ISNA(VLOOKUP($L45,'All Individuals Day 1 (ALL)'!$C$3:$G$131,4,FALSE)+VLOOKUP($L45,#REF!,4,FALSE))=TRUE,\"\",VLOOKUP($L45,'All Individuals Day 1 (ALL)'!$C$3:$G$131,4,FALSE)+VLOOKUP($L45,#REF!,4,FALSE))","v":{"$error":"#REF!"}},{"$f":"IF(ISNA(VLOOKUP($L45,'All Individuals Day 1 (ALL)'!$C$3:$G$131,5,FALSE)+VLOOKUP($L45,#REF!,5,FALSE))=TRUE,\"\",VLOOKUP($L45,'All Individuals Day 1 (ALL)'!$C$3:$G$131,5,FALSE)+VLOOKUP($L45,#REF!,5,FALSE))","v":{"$error":"#REF!"}},{"$f":"IF(ISNA(VLOOKUP($L45,'All Individuals Day 1 (ALL)'!$C$3:$K$131,8,FALSE))=TRUE,\"\",VLOOKUP($L45,'All Individuals Day 1 (ALL)'!$C$3:$K$131,8,FALSE))","v":8},{"$f":"IF(ISNA(VLOOKUP($L45,#REF!,8,FALSE))=TRUE,\"\",VLOOKUP($L45,#REF!,8,FALSE))","v":{"$error":"#REF!"}},{"$error":"#REF!"}]
[{"$f":"VLOOKUP($B46,#REF!,2,FALSE)","v":{"$error":"#N/A"}},{"$error":"#N/A"},{"$error":"#N/A"},{"$error":"#N/A"},{"$error":"#N/A"},{"$error":"#N/A"},{"$error":"#N/A"},43,null,null,{"$error":"#REF!"},43,{"$f":"IF(ISNA(VLOOKUP($L46,'All Individuals Day 1 (ALL)'!$C$3:$G$131,4,FALSE)+VLOOKUP($L46,#REF!,4,FALSE))=TRUE,\"\",VLOOKUP($L46,'All Individuals Day 1 (ALL)'!$C$3:$G$131,4,FALSE)+VLOOKUP($L46,#REF!,4,FALSE))","v":{"$error":"#REF!"}},{"$f":"IF(ISNA(VLOOKUP($L46,'All Individuals Day 1 (ALL)'!$C$3:$G$131,5,FALSE)+VLOOKUP($L46,#REF!,5,FALSE))=TRUE,\"\",VLOOKUP($L46,'All Individuals Day 1 (ALL)'!$C$3:$G$131,5,FALSE)+VLOOKUP($L46,#REF!,5,FALSE))","v":{"$error":"#REF!"}},{"$f":"IF(ISNA(VLOOKUP($L46,'All Individuals Day 1 (ALL)'!$C$3:$K$131,8,FALSE))=TRUE,\"\",VLOOKUP($L46,'All Individuals Day 1 (ALL)'!$C$3:$K$131,8,FALSE))","v":3},{"$f":"IF(ISNA(VLOOKUP($L46,#REF!,8,FALSE))=TRUE,\"\",VLOOKUP($L46,#REF!,8,FALSE))","v":{"$error":"#REF!"}},{"$error":"#REF!"}]
[{"$f":"VLOOKUP($B47,#REF!,2,FALSE)","v":{"$error":"#N/A"}},{"$error":"#N/A"},{"$error":"#N/A"},{"$error":"#N/A"},{"$error":"#N/A"},{"$error":"#N/A"},{"$error":"#N/A"},44,null,null,{"$error":"#REF!"},44,{"$f":"IF(ISNA(VLOOKUP($L47,'All Individuals Day 1 (ALL)'!$C$3:$G$131,4,FALSE)+VLOOKUP($L47,#REF!,4,FALSE))=TRUE,\"\",VLOOKUP($L47,'All Individuals Day 1 (ALL)'!$C$3:$G$131,4,FALSE)+VLOOKUP($L47,#REF!,4,FALSE))","v":{"$error":"#REF!"}},{"$f":"IF(ISNA(VLOOKUP($L47,'All Individuals Day 1 (ALL)'!$C$3:$G$131,5,FALSE)+VLOOKUP($L47,#REF!,5,FALSE))=TRUE,\"\",VLOOKUP($L47,'All Individuals Day 1 (ALL)'!$C$3:$G$131,5,FALSE)+VLOOKUP($L47,#REF!,5,FALSE))","v":{"$error":"#REF!"}},{"$f":"IF(ISNA(VLOOKUP($L47,'All Individuals Day 1 (ALL)'!$C$3:$K$131,8,FALSE))=TRUE,\"\",VLOOKUP($L47,'All Individuals Day 1 (ALL)'!$C$3:$K$131,8,FALSE))","v":11},{"$f":"IF(ISNA(VLOOKUP($L47,#REF!,8,FALSE))=TRUE,\"\",VLOOKUP($L47,#REF!,8,FALSE))","v":{"$error":"#REF!"}},{"$error":"#REF!"}]
[{"$f":"VLOOKUP($B48,#REF!,2,FALSE)","v":{"$error":"#N/A"}},{"$error":"#N/A"},{"$error":"#N/A"},{"$error":"#N/A"},{"$error":"#N/A"},{"$error":"#N/A"},{"$error":"#N/A"},45,null,null,{"$error":"#REF!"},45,{"$f":"IF(ISNA(VLOOKUP($L48,'All Individuals Day 1 (ALL)'!$C$3:$G$131,4,FALSE)+VLOOKUP($L48,#REF!,4,FALSE))=TRUE,\"\",VLOOKUP($L48,'All Individuals Day 1 (ALL)'!$C$3:$G$131,4,FALSE)+VLOOKUP($L48,#REF!,4,FALSE))","v":{"$error":"#REF!"}},{"$f":"IF(ISNA(VLOOKUP($L48,'All Individuals Day 1 (ALL)'!$C$3:$G$131,5,FALSE)+VLOOKUP($L48,#REF!,5,FALSE))=TRUE,\"\",VLOOKUP($L48,'All Individuals Day 1 (ALL)'!$C$3:$G$131,5,FALSE)+VLOOKUP($L48,#REF!,5,FALSE))","v":{"$error":"#REF!"}},{"$f":"IF(ISNA(VLOOKUP($L48,'All Individuals Day 1 (ALL)'!$C$3:$K$131,8,FALSE))=TRUE,\"\",VLOOKUP($L48,'All Individuals Day 1 (ALL)'!$C$3:$K$131,8,FALSE))","v":13},{"$f":"IF(ISNA(VLOOKUP($L48,#REF!,8,FALSE))=TRUE,\"\",VLOOKUP($L48,#REF!,8,FALSE))","v":{"$error":"#REF!"}},{"$error":"#REF!"}]
[{"$f":"VLOOKUP($B49,#REF!,2,FALSE)","v":{"$error":"#N/A"}},{"$error":"#N/A"},{"$error":"#N/A"},{"$error":"#N/A"},{"$error":"#N/A"},{"$error":"#N/A"},{"$error":"#N/A"},46,null,null,{"$error":"#REF!"},46,{"$f":"IF(ISNA(VLOOKUP($L49,'All Individuals Day 1 (ALL)'!$C$3:$G$131,4,FALSE)+VLOOKUP($L49,#REF!,4,FALSE))=TRUE,\"\",VLOOKUP($L49,'All Individuals Day 1 (ALL)'!$C$3:$G$131,4,FALSE)+VLOOKUP($L49,#REF!,4,FALSE))","v":{"$error":"#REF!"}},{"$f":"IF(ISNA(VLOOKUP($L49,'All Individuals Day 1 (ALL)'!$C$3:$G$131,5,FALSE)+VLOOKUP($L49,#REF!,5,FALSE))=TRUE,\"\",VLOOKUP($L49,'All Individuals Day 1 (ALL)'!$C$3:$G$131,5,FALSE)+VLOOKUP($L49,#REF!,5,FALSE))","v":{"$error":"#REF!"}},{"$f":"IF(ISNA(VLOOKUP($L49,'All Individuals Day 1 (ALL)'!$C$3:$K$131,8,FALSE))=TRUE,\"\",VLOOKUP($L49,'All Individuals Day 1 (ALL)'!$C$3:$K$131,8,FALSE))","v":5},{"$f":"IF(ISNA(VLOOKUP($L49,#REF!,8,FALSE))=TRUE,\"\",VLOOKUP($L49,#REF!,8,FALSE))","v":{"$error":"#REF!"}},{"$error":"#REF!"}]
[{"$f":"VLOOKUP($B50,#REF!,2,FALSE)","v":{"$error":"#N/A"}},{"$error":"#N/A"},{"$error":"#N/A"},{"$error":"#N/A"},{"$error":"#N/A"},{"$error":"#N/A"},{"$error":"#N/A"},47,null,null,{"$error":"#REF!"},47,{"$f":"IF(ISNA(VLOOKUP($L50,'All Individuals Day 1 (ALL)'!$C$3:$G$131,4,FALSE)+VLOOKUP($L50,#REF!,4,FALSE))=TRUE,\"\",VLOOKUP($L50,'All Individuals Day 1 (ALL)'!$C$3:$G$131,4,FALSE)+VLOOKUP($L50,#REF!,4,FALSE))","v":{"$error":"#REF!"}},{"$f":"IF(ISNA(VLOOKUP($L50,'All Individuals Day 1 (ALL)'!$C$3:$G$131,5,FALSE)+VLOOKUP($L50,#REF!,5,FALSE))=TRUE,\"\",VLOOKUP($L50,'All Individuals Day 1 (ALL)'!$C$3:$G$131,5,FALSE)+VLOOKUP($L50,#REF!,5,FALSE))","v":{"$error":"#REF!"}},{"$f":"IF(ISNA(VLOOKUP($L50,'All Individuals Day 1 (ALL)'!$C$3:$K$131,8,FALSE))=TRUE,\"\",VLOOKUP($L50,'All Individuals Day 1 (ALL)'!$C$3:$K$131,8,FALSE))","v":10},{"$f":"IF(ISNA(VLOOKUP($L50,#REF!,8,FALSE))=TRUE,\"\",VLOOKUP($L50,#REF!,8,FALSE))","v":{"$error":"#REF!"}},{"$error":"#REF!"}]
[{"$f":"VLOOKUP($B51,#REF!,2,FALSE)","v":{"$error":"#N/A"}},{"$error":"#N/A"},{"$error":"#N/A"},{"$error":"#N/A"},{"$error":"#N/A"},{"$error":"#N/A"},{"$error":"#N/A"},48,null,null,{"$error":"#REF!"},48,{"$f":"IF(ISNA(VLOOKUP($L51,'All Individuals Day 1 (ALL)'!$C$3:$G$131,4,FALSE)+VLOOKUP($L51,#REF!,4,FALSE))=TRUE,\"\",VLOOKUP($L51,'All Individuals Day 1 (ALL)'!$C$3:$G$131,4,FALSE)+VLOOKUP($L51,#REF!,4,FALSE))","v":{"$error":"#REF!"}},{"$f":"IF(ISNA(VLOOKUP($L51,'All Individuals Day 1 (ALL)'!$C$3:$G$131,5,FALSE)+VLOOKUP($L51,#REF!,5,FALSE))=TRUE,\"\",VLOOKUP($L51,'All Individuals Day 1 (ALL)'!$C$3:$G$131,5,FALSE)+VLOOKUP($L51,#REF!,5,FALSE))","v":{"$error":"#REF!"}},{"$f":"IF(ISNA(VLOOKUP($L51,'All Individuals Day 1 (ALL)'!$C$3:$K$131,8,FALSE))=TRUE,\"\",VLOOKUP($L51,'All Individuals Day 1 (ALL)'!$C$3:$K$131,8,FALSE))","v":12},{"$f":"IF(ISNA(VLOOKUP($L51,#REF!,8,FALSE))=TRUE,\"\",VLOOKUP($L51,#REF!,8,FALSE))","v":{"$error":"#REF!"}},{"$error":"#REF!"}]
[{"$f":"VLOOKUP($B52,#REF!,2,FALSE)","v":{"$error":"#N/A"}},{"$error":"#N/A"},{"$error":"#N/A"},{"$error":"#N/A"},{"$error":"#N/A"},{"$error":"#N/A"},{"$error":"#N/A"},49,null,null,{"$error":"#REF!"},49,{"$f":"IF(ISNA(VLOOKUP($L52,'All Individuals Day 1 (ALL)'!$C$3:$G$131,4,FALSE)+VLOOKUP($L52,#REF!,4,FALSE))=TRUE,\"\",VLOOKUP($L52,'All Individuals Day 1 (ALL)'!$C$3:$G$131,4,FALSE)+VLOOKUP($L52,#REF!,4,FALSE))","v":{"$error":"#REF!"}},{"$f":"IF(ISNA(VLOOKUP($L52,'All Individuals Day 1 (ALL)'!$C$3:$G$131,5,FALSE)+VLOOKUP($L52,#REF!,5,FALSE))=TRUE,\"\",VLOOKUP($L52,'All Individuals Day 1 (ALL)'!$C$3:$G$131,5,FALSE)+VLOOKUP($L52,#REF!,5,FALSE))","v":{"$error":"#REF!"}},{"$f":"IF(ISNA(VLOOKUP($L52,'All Individuals Day 1 (ALL)'!$C$3:$K$131,8,FALSE))=TRUE,\"\",VLOOKUP($L52,'All Individuals Day 1 (ALL)'!$C$3:$K$131,8,FALSE))","v":6},{"$f":"IF(ISNA(VLOOKUP($L52,#REF!,8,FALSE))=TRUE,\"\",VLOOKUP($L52,#REF!,8,FALSE))","v":{"$error":"#REF!"}},{"$error":"#REF!"}]
[{"$f":"VLOOKUP($B53,#REF!,2,FALSE)","v":{"$error":"#N/A"}},{"$error":"#N/A"},{"$error":"#N/A"},{"$error":"#N/A"},{"$error":"#N/A"},{"$error":"#N/A"},{"$error":"#N/A"},50,null,null,{"$error":"#REF!"},50,{"$f":"IF(ISNA(VLOOKUP($L53,'All Individuals Day 1 (ALL)'!$C$3:$G$131,4,FALSE)+VLOOKUP($L53,#REF!,4,FALSE))=TRUE,\"\",VLOOKUP($L53,'All Individuals Day 1 (ALL)'!$C$3:$G$131,4,FALSE)+VLOOKUP($L53,#REF!,4,FALSE))","v":{"$error":"#REF!"}},{"$f":"IF(ISNA(VLOOKUP($L53,'All Individuals Day 1 (ALL)'!$C$3:$G$131,5,FALSE)+VLOOKUP($L53,#REF!,5,FALSE))=TRUE,\"\",VLOOKUP($L53,'All Individuals Day 1 (ALL)'!$C$3:$G$131,5,FALSE)+VLOOKUP($L53,#REF!,5,FALSE))","v":{"$error":"#REF!"}},{"$f":"IF(ISNA(VLOOKUP($L53,'All Individuals Day 1 (ALL)'!$C$3:$K$131,8,FALSE))=TRUE,\"\",VLOOKUP($L53,'All Individuals Day 1 (ALL)'!$C$3:$K$131,8,FALSE))","v":4},{"$f":"IF(ISNA(VLOOKUP($L53,#REF!,8,FALSE))=TRUE,\"\",VLOOKUP($L53,#REF!,8,FALSE))","v":{"$error":"#REF!"}},{"$error":"#REF!"}]
[{"$f":"VLOOKUP($B54,#REF!,2,FALSE)","v":{"$error":"#N/A"}},{"$error":"#N/A"},{"$error":"#N/A"},{"$error":"#N/A"},{"$error":"#N/A"},{"$error":"#N/A"},{"$error":"#N/A"},51,null,null,{"$error":"#REF!"},51,{"$f":"IF(ISNA(VLOOKUP($L54,'All Individuals Day 1 (ALL)'!$C$3:$G$131,4,FALSE)+VLOOKUP($L54,#REF!,4,FALSE))=TRUE,\"\",VLOOKUP($L54,'All Individuals Day 1 (ALL)'!$C$3:$G$131,4,FALSE)+VLOOKUP($L54,#REF!,4,FALSE))","v":{"$error":"#REF!"}},{"$f":"IF(ISNA(VLOOKUP($L54,'All Individuals Day 1 (ALL)'!$C$3:$G$131,5,FALSE)+VLOOKUP($L54,#REF!,5,FALSE))=TRUE,\"\",VLOOKUP($L54,'All Individuals Day 1 (ALL)'!$C$3:$G$131,5,FALSE)+VLOOKUP($L54,#REF!,5,FALSE))","v":{"$error":"#REF!"}},{"$f":"IF(ISNA(VLOOKUP($L54,'All Individuals Day 1 (ALL)'!$C$3:$K$131,8,FALSE))=TRUE,\"\",VLOOKUP($L54,'All Individuals Day 1 (ALL)'!$C$3:$K$131,8,FALSE))","v":5},{"$f":"IF(ISNA(VLOOKUP($L54,#REF!,8,FALSE))=TRUE,\"\",VLOOKUP($L54,#REF!,8,FALSE))","v":{"$error":"#REF!"}},{"$error":"#REF!"}]
[{"$f":"VLOOKUP($B55,#REF!,2,FALSE)","v":{"$error":"#N/A"}},{"$error":"#N/A"},{"$error":"#N/A"},{"$error":"#N/A"},{"$error":"#N/A"},{"$error":"#N/A"},{"$error":"#N/A"},52,null,null,{"$error":"#REF!"},52,{"$f":"IF(ISNA(VLOOKUP($L55,'All Individuals Day 1 (ALL)'!$C$3:$G$131,4,FALSE)+VLOOKUP($L55,#REF!,4,FALSE))=TRUE,\"\",VLOOKUP($L55,'All Individuals Day 1 (ALL)'!$C$3:$G$131,4,FALSE)+VLOOKUP($L55,#REF!,4,FALSE))","v":{"$error":"#REF!"}},{"$f":"IF(ISNA(VLOOKUP($L55,'All Individuals Day 1 (ALL)'!$C$3:$G$131,5,FALSE)+VLOOKUP($L55,#REF!,5,FALSE))=TRUE,\"\",VLOOKUP($L55,'All Individuals Day 1 (ALL)'!$C$3:$G$131,5,FALSE)+VLOOKUP($L55,#REF!,5,FALSE))","v":{"$error":"#REF!"}},{"$f":"IF(ISNA(VLOOKUP($L55,'All Individuals Day 1 (ALL)'!$C$3:$K$131,8,FALSE))=TRUE,\"\",VLOOKUP($L55,'All Individuals Day 1 (ALL)'!$C$3:$K$131,8,FALSE))","v":1},{"$f":"IF(ISNA(VLOOKUP($L55,#REF!,8,FALSE))=TRUE,\"\",VLOOKUP($L55,#REF!,8,FALSE))","v":{"$error":"#REF!"}},{"$error":"#REF!"}]
[{"$f":"VLOOKUP($B56,#REF!,2,FALSE)","v":{"$error":"#N/A"}},{"$error":"#N/A"},{"$error":"#N/A"},{"$error":"#N/A"},{"$error":"#N/A"},{"$error":"#N/A"},{"$error":"#N/A"},53,null,null,{"$error":"#REF!"},53,{"$f":"IF(ISNA(VLOOKUP($L56,'All Individuals Day 1 (ALL)'!$C$3:$G$131,4,FALSE)+VLOOKUP($L56,#REF!,4,FALSE))=TRUE,\"\",VLOOKUP($L56,'All Individuals Day 1 (ALL)'!$C$3:$G$131,4,FALSE)+VLOOKUP($L56,#REF!,4,FALSE))","v":{"$error":"#REF!"}},{"$f":"IF(ISNA(VLOOKUP($L56,'All Individuals Day 1 (ALL)'!$C$3:$G$131,5,FALSE)+VLOOKUP($L56,#REF!,5,FALSE))=TRUE,\"\",VLOOKUP($L56,'All Individuals Day 1 (ALL)'!$C$3:$G$131,5,FALSE)+VLOOKUP($L56,#REF!,5,FALSE))","v":{"$error":"#REF!"}},{"$f":"IF(ISNA(VLOOKUP($L56,'All Individuals Day 1 (ALL)'!$C$3:$K$131,8,FALSE))=TRUE,\"\",VLOOKUP($L56,'All Individuals Day 1 (ALL)'!$C$3:$K$131,8,FALSE))","v":12},{"$f":"IF(ISNA(VLOOKUP($L56,#REF!,8,FALSE))=TRUE,\"\",VLOOKUP($L56,#REF!,8,FALSE))","v":{"$error":"#REF!"}},{"$error":"#REF!"}]
[{"$f":"VLOOKUP($B57,#REF!,2,FALSE)","v":{"$error":"#N/A"}},{"$error":"#N/A"},{"$error":"#N/A"},{"$error":"#N/A"},{"$error":"#N/A"},{"$error":"#N/A"},{"$error":"#N/A"},54,null,null,{"$error":"#REF!"},54,{"$f":"IF(ISNA(VLOOKUP($L57,'All Individuals Day 1 (ALL)'!$C$3:$G$131,4,FALSE)+VLOOKUP($L57,#REF!,4,FALSE))=TRUE,\"\",VLOOKUP($L57,'All Individuals Day 1 (ALL)'!$C$3:$G$131,4,FALSE)+VLOOKUP($L57,#REF!,4,FALSE))","v":{"$error":"#REF!"}},{"$f":"IF(ISNA(VLOOKUP($L57,'All Individuals Day 1 (ALL)'!$C$3:$G$131,5,FALSE)+VLOOKUP($L57,#REF!,5,FALSE))=TRUE,\"\",VLOOKUP($L57,'All Individuals Day 1 (ALL)'!$C$3:$G$131,5,FALSE)+VLOOKUP($L57,#REF!,5,FALSE))","v":{"$error":"#REF!"}},{"$f":"IF(ISNA(VLOOKUP($L57,'All Individuals Day 1 (ALL)'!$C$3:$K$131,8,FALSE))=TRUE,\"\",VLOOKUP($L57,'All Individuals Day 1 (ALL)'!$C$3:$K$131,8,FALSE))","v":9},{"$f":"IF(ISNA(VLOOKUP($L57,#REF!,8,FALSE))=TRUE,\"\",VLOOKUP($L57,#REF!,8,FALSE))","v":{"$error":"#REF!"}},{"$error":"#REF!"}]
[{"$f":"VLOOKUP($B58,#REF!,2,FALSE)","v":{"$error":"#N/A"}},{"$error":"#N/A"},{"$error":"#N/A"},{"$error":"#N/A"},{"$error":"#N/A"},{"$error":"#N/A"},{"$error":"#N/A"},55,null,null,{"$error":"#REF!"},55,{"$f":"IF(ISNA(VLOOKUP($L58,'All Individuals Day 1 (ALL)'!$C$3:$G$131,4,FALSE)+VLOOKUP($L58,#REF!,4,FALSE))=TRUE,\"\",VLOOKUP($L58,'All Individuals Day 1 (ALL)'!$C$3:$G$131,4,FALSE)+VLOOKUP($L58,#REF!,4,FALSE))","v":{"$error":"#REF!"}},{"$f":"IF(ISNA(VLOOKUP($L58,'All Individuals Day 1 (ALL)'!$C$3:$G$131,5,FALSE)+VLOOKUP($L58,#REF!,5,FALSE))=TRUE,\"\",VLOOKUP($L58,'All Individuals Day 1 (ALL)'!$C$3:$G$131,5,FALSE)+VLOOKUP($L58,#REF!,5,FALSE))","v":{"$error":"#REF!"}},{"$f":"IF(ISNA(VLOOKUP($L58,'All Individuals Day 1 (ALL)'!$C$3:$K$131,8,FALSE))=TRUE,\"\",VLOOKUP($L58,'All Individuals Day 1 (ALL)'!$C$3:$K$131,8,FALSE))","v":4},{"$f":"IF(ISNA(VLOOKUP($L58,#REF!,8,FALSE))=TRUE,\"\",VLOOKUP($L58,#REF!,8,FALSE))","v":{"$error":"#REF!"}},{"$error":"#REF!"}]
[{"$f":"VLOOKUP($B59,#REF!,2,FALSE)","v":{"$error":"#N/A"}},{"$error":"#N/A"},{"$error":"#N/A"},{"$error":"#N/A"},{"$error":"#N/A"},{"$error":"#N/A"},{"$error":"#N/A"},56,null,null,{"$error":"#REF!"},56,{"$f":"IF(ISNA(VLOOKUP($L59,'All Individuals Day 1 (ALL)'!$C$3:$G$131,4,FALSE)+VLOOKUP($L59,#REF!,4,FALSE))=TRUE,\"\",VLOOKUP($L59,'All Individuals Day 1 (ALL)'!$C$3:$G$131,4,FALSE)+VLOOKUP($L59,#REF!,4,FALSE))","v":{"$error":"#REF!"}},{"$f":"IF(ISNA(VLOOKUP($L59,'All Individuals Day 1 (ALL)'!$C$3:$G$131,5,FALSE)+VLOOKUP($L59,#REF!,5,FALSE))=TRUE,\"\",VLOOKUP($L59,'All Individuals Day 1 (ALL)'!$C$3:$G$131,5,FALSE)+VLOOKUP($L59,#REF!,5,FALSE))","v":{"$error":"#REF!"}},{"$f":"IF(ISNA(VLOOKUP($L59,'All Individuals Day 1 (ALL)'!$C$3:$K$131,8,FALSE))=TRUE,\"\",VLOOKUP($L59,'All Individuals Day 1 (ALL)'!$C$3:$K$131,8,FALSE))","v":1},{"$f":"IF(ISNA(VLOOKUP($L59,#REF!,8,FALSE))=TRUE,\"\",VLOOKUP($L59,#REF!,8,FALSE))","v":{"$error":"#REF!"}},{"$error":"#REF!"}]
[{"$f":"VLOOKUP($B60,#REF!,2,FALSE)","v":{"$error":"#N/A"}},{"$error":"#N/A"},{"$error":"#N/A"},{"$error":"#N/A"},{"$error":"#N/A"},{"$error":"#N/A"},{"$error":"#N/A"},57,null,null,{"$error":"#REF!"},57,{"$f":"IF(ISNA(VLOOKUP($L60,'All Individuals Day 1 (ALL)'!$C$3:$G$131,4,FALSE)+VLOOKUP($L60,#REF!,4,FALSE))=TRUE,\"\",VLOOKUP($L60,'All Individuals Day 1 (ALL)'!$C$3:$G$131,4,FALSE)+VLOOKUP($L60,#REF!,4,FALSE))","v":{"$error":"#REF!"}},{"$f":"IF(ISNA(VLOOKUP($L60,'All Individuals Day 1 (ALL)'!$C$3:$G$131,5,FALSE)+VLOOKUP($L60,#REF!,5,FALSE))=TRUE,\"\",VLOOKUP($L60,'All Individuals Day 1 (ALL)'!$C$3:$G$131,5,FALSE)+VLOOKUP($L60,#REF!,5,FALSE))","v":{"$error":"#REF!"}},{"$f":"IF(ISNA(VLOOKUP($L60,'All Individuals Day 1 (ALL)'!$C$3:$K$131,8,FALSE))=TRUE,\"\",VLOOKUP($L60,'All Individuals Day 1 (ALL)'!$C$3:$K$131,8,FALSE))","v":14},{"$f":"IF(ISNA(VLOOKUP($L60,#REF!,8,FALSE))=TRUE,\"\",VLOOKUP($L60,#REF!,8,FALSE))","v":{"$error":"#REF!"}},{"$error":"#REF!"}]
[{"$f":"VLOOKUP($B61,#REF!,2,FALSE)","v":{"$error":"#N/A"}},{"$error":"#N/A"},{"$error":"#N/A"},{"$error":"#N/A"},{"$error":"#N/A"},{"$error":"#N/A"},{"$error":"#N/A"},58,null,null,{"$error":"#REF!"},58,{"$f":"IF(ISNA(VLOOKUP($L61,'All Individuals Day 1 (ALL)'!$C$3:$G$131,4,FALSE)+VLOOKUP($L61,#REF!,4,FALSE))=TRUE,\"\",VLOOKUP($L61,'All Individuals Day 1 (ALL)'!$C$3:$G$131,4,FALSE)+VLOOKUP($L61,#REF!,4,FALSE))","v":{"$error":"#REF!"}},{"$f":"IF(ISNA(VLOOKUP($L61,'All Individuals Day 1 (ALL)'!$C$3:$G$131,5,FALSE)+VLOOKUP($L61,#REF!,5,FALSE))=TRUE,\"\",VLOOKUP($L61,'All Individuals Day 1 (ALL)'!$C$3:$G$131,5,FALSE)+VLOOKUP($L61,#REF!,5,FALSE))","v":{"$error":"#REF!"}},{"$f":"IF(ISNA(VLOOKUP($L61,'All Individuals Day 1 (ALL)'!$C$3:$K$131,8,FALSE))=TRUE,\"\",VLOOKUP($L61,'All Individuals Day 1 (ALL)'!$C$3:$K$131,8,FALSE))","v":13},{"$f":"IF(ISNA(VLOOKUP($L61,#REF!,8,FALSE))=TRUE,\"\",VLOOKUP($L61,#REF!,8,FALSE))","v":{"$error":"#REF!"}},{"$error":"#REF!"}]
[{"$f":"VLOOKUP($B62,#REF!,2,FALSE)","v":{"$error":"#N/A"}},{"$error":"#N/A"},{"$error":"#N/A"},{"$error":"#N/A"},{"$error":"#N/A"},{"$error":"#N/A"},{"$error":"#N/A"},59,null,null,{"$error":"#REF!"},59,{"$f":"IF(ISNA(VLOOKUP($L62,'All Individuals Day 1 (ALL)'!$C$3:$G$131,4,FALSE)+VLOOKUP($L62,#REF!,4,FALSE))=TRUE,\"\",VLOOKUP($L62,'All Individuals Day 1 (ALL)'!$C$3:$G$131,4,FALSE)+VLOOKUP($L62,#REF!,4,FALSE))","v":{"$error":"#REF!"}},{"$f":"IF(ISNA(VLOOKUP($L62,'All Individuals Day 1 (ALL)'!$C$3:$G$131,5,FALSE)+VLOOKUP($L62,#REF!,5,FALSE))=TRUE,\"\",VLOOKUP($L62,'All Individuals Day 1 (ALL)'!$C$3:$G$131,5,FALSE)+VLOOKUP($L62,#REF!,5,FALSE))","v":{"$error":"#REF!"}},{"$f":"IF(ISNA(VLOOKUP($L62,'All Individuals Day 1 (ALL)'!$C$3:$K$131,8,FALSE))=TRUE,\"\",VLOOKUP($L62,'All Individuals Day 1 (ALL)'!$C$3:$K$131,8,FALSE))","v":8},{"$f":"IF(ISNA(VLOOKUP($L62,#REF!,8,FALSE))=TRUE,\"\",VLOOKUP($L62,#REF!,8,FALSE))","v":{"$error":"#REF!"}},{"$error":"#REF!"}]
[{"$f":"VLOOKUP($B63,#REF!,2,FALSE)","v":{"$error":"#N/A"}},{"$error":"#N/A"},{"$error":"#N/A"},{"$error":"#N/A"},{"$error":"#N/A"},{"$error":"#N/A"},{"$error":"#N/A"},60,null,null,{"$error":"#REF!"},60,{"$f":"IF(ISNA(VLOOKUP($L63,'All Individuals Day 1 (ALL)'!$C$3:$G$131,4,FALSE)+VLOOKUP($L63,#REF!,4,FALSE))=TRUE,\"\",VLOOKUP($L63,'All Individuals Day 1 (ALL)'!$C$3:$G$131,4,FALSE)+VLOOKUP($L63,#REF!,4,FALSE))","v":{"$error":"#REF!"}},{"$f":"IF(ISNA(VLOOKUP($L63,'All Individuals Day 1 (ALL)'!$C$3:$G$131,5,FALSE)+VLOOKUP($L63,#REF!,5,FALSE))=TRUE,\"\",VLOOKUP($L63,'All Individuals Day 1 (ALL)'!$C$3:$G$131,5,FALSE)+VLOOKUP($L63,#REF!,5,FALSE))","v":{"$error":"#REF!"}},{"$f":"IF(ISNA(VLOOKUP($L63,'All Individuals Day 1 (ALL)'!$C$3:$K$131,8,FALSE))=TRUE,\"\",VLOOKUP($L63,'All Individuals Day 1 (ALL)'!$C$3:$K$131,8,FALSE))","v":8},{"$f":"IF(ISNA(VLOOKUP($L63,#REF!,8,FALSE))=TRUE,\"\",VLOOKUP($L63,#REF!,8,FALSE))","v":{"$error":"#REF!"}},{"$error":"#REF!"}]
[{"$f":"VLOOKUP($B64,#REF!,2,FALSE)","v":{"$error":"#N/A"}},{"$error":"#N/A"},{"$error":"#N/A"},{"$error":"#N/A"},{"$error":"#N/A"},{"$error":"#N/A"},{"$error":"#N/A"},61,null,null,{"$error":"#REF!"},61,{"$f":"IF(ISNA(VLOOKUP($L64,'All Individuals Day 1 (ALL)'!$C$3:$G$131,4,FALSE)+VLOOKUP($L64,#REF!,4,FALSE))=TRUE,\"\",VLOOKUP($L64,'All Individuals Day 1 (ALL)'!$C$3:$G$131,4,FALSE)+VLOOKUP($L64,#REF!,4,FALSE))","v":{"$error":"#REF!"}},{"$f":"IF(ISNA(VLOOKUP($L64,'All Individuals Day 1 (ALL)'!$C$3:$G$131,5,FALSE)+VLOOKUP($L64,#REF!,5,FALSE))=TRUE,\"\",VLOOKUP($L64,'All Individuals Day 1 (ALL)'!$C$3:$G$131,5,FALSE)+VLOOKUP($L64,#REF!,5,FALSE))","v":{"$error":"#REF!"}},{"$f":"IF(ISNA(VLOOKUP($L64,'All Individuals Day 1 (ALL)'!$C$3:$K$131,8,FALSE))=TRUE,\"\",VLOOKUP($L64,'All Individuals Day 1 (ALL)'!$C$3:$K$131,8,FALSE))","v":7},{"$f":"IF(ISNA(VLOOKUP($L64,#REF!,8,FALSE))=TRUE,\"\",VLOOKUP($L64,#REF!,8,FALSE))","v":{"$error":"#REF!"}},{"$error":"#REF!"}]
[{"$f":"VLOOKUP($B65,#REF!,2,FALSE)","v":{"$error":"#N/A"}},{"$error":"#N/A"},{"$error":"#N/A"},{"$error":"#N/A"},{"$error":"#N/A"},{"$error":"#N/A"},{"$error":"#N/A"},62,null,null,{"$error":"#REF!"},62,{"$f":"IF(ISNA(VLOOKUP($L65,'All Individuals Day 1 (ALL)'!$C$3:$G$131,4,FALSE)+VLOOKUP($L65,#REF!,4,FALSE))=TRUE,\"\",VLOOKUP($L65,'All Individuals Day 1 (ALL)'!$C$3:$G$131,4,FALSE)+VLOOKUP($L65,#REF!,4,FALSE))","v":{"$error":"#REF!"}},{"$f":"IF(ISNA(VLOOKUP($L65,'All Individuals Day 1 (ALL)'!$C$3:$G$131,5,FALSE)+VLOOKUP($L65,#REF!,5,FALSE))=TRUE,\"\",VLOOKUP($L65,'All Individuals Day 1 (ALL)'!$C$3:$G$131,5,FALSE)+VLOOKUP($L65,#REF!,5,FALSE))","v":{"$error":"#REF!"}},{"$f":"IF(ISNA(VLOOKUP($L65,'All Individuals Day 1 (ALL)'!$C$3:$K$131,8,FALSE))=TRUE,\"\",VLOOKUP($L65,'All Individuals Day 1 (ALL)'!$C$3:$K$131,8,FALSE))","v":2},{"$f":"IF(ISNA(VLOOKUP($L65,#REF!,8,FALSE))=TRUE,\"\",VLOOKUP($L65,#REF!,8,FALSE))","v":{"$error":"#REF!"}},{"$error":"#REF!"}]
[{"$f":"VLOOKUP($B66,#REF!,2,FALSE)","v":{"$error":"#N/A"}},{"$error":"#N/A"},{"$error":"#N/A"},{"$error":"#N/A"},{"$error":"#N/A"},{"$error":"#N/A"},{"$error":"#N/A"},{"$f":"IF(ISERROR(H65+1)=TRUE,1,H65+1)","v":63},null,null,{"$error":"#REF!"},63,{"$f":"IF(ISNA(VLOOKUP($L66,'All Individuals Day 1 (ALL)'!$C$3:$G$131,4,FALSE)+VLOOKUP($L66,#REF!,4,FALSE))=TRUE,\"\",VLOOKUP($L66,'All Individuals Day 1 (ALL)'!$C$3:$G$131,4,FALSE)+VLOOKUP($L66,#REF!,4,FALSE))","v":{"$error":"#REF!"}},{"$f":"IF(ISNA(VLOOKUP($L66,'All Individuals Day 1 (ALL)'!$C$3:$G$131,5,FALSE)+VLOOKUP($L66,#REF!,5,FALSE))=TRUE,\"\",VLOOKUP($L66,'All Individuals Day 1 (ALL)'!$C$3:$G$131,5,FALSE)+VLOOKUP($L66,#REF!,5,FALSE))","v":{"$error":"#REF!"}},{"$f":"IF(ISNA(VLOOKUP($L66,'All Individuals Day 1 (ALL)'!$C$3:$K$131,8,FALSE))=TRUE,\"\",VLOOKUP($L66,'All Individuals Day 1 (ALL)'!$C$3:$K$131,8,FALSE))","v":4},{"$f":"IF(ISNA(VLOOKUP($L66,#REF!,8,FALSE))=TRUE,\"\",VLOOKUP($L66,#REF!,8,FALSE))","v":{"$error":"#REF!"}},{"$error":"#REF!"}]
[{"$f":"VLOOKUP($B67,#REF!,2,FALSE)","v":{"$error":"#N/A"}},{"$error":"#N/A"},{"$error":"#N/A"},{"$error":"#N/A"},{"$error":"#N/A"},{"$error":"#N/A"},{"$error":"#N/A"},64,null,null,{"$error":"#REF!"},64,{"$f":"IF(ISNA(VLOOKUP($L67,'All Individuals Day 1 (ALL)'!$C$3:$G$131,4,FALSE)+VLOOKUP($L67,#REF!,4,FALSE))=TRUE,\"\",VLOOKUP($L67,'All Individuals Day 1 (ALL)'!$C$3:$G$131,4,FALSE)+VLOOKUP($L67,#REF!,4,FALSE))","v":{"$error":"#REF!"}},{"$f":"IF(ISNA(VLOOKUP($L67,'All Individuals Day 1 (ALL)'!$C$3:$G$131,5,FALSE)+VLOOKUP($L67,#REF!,5,FALSE))=TRUE,\"\",VLOOKUP($L67,'All Individuals Day 1 (ALL)'!$C$3:$G$131,5,FALSE)+VLOOKUP($L67,#REF!,5,FALSE))","v":{"$error":"#REF!"}},{"$f":"IF(ISNA(VLOOKUP($L67,'All Individuals Day 1 (ALL)'!$C$3:$K$131,8,FALSE))=TRUE,\"\",VLOOKUP($L67,'All Individuals Day 1 (ALL)'!$C$3:$K$131,8,FALSE))","v":3},{"$f":"IF(ISNA(VLOOKUP($L67,#REF!,8,FALSE))=TRUE,\"\",VLOOKUP($L67,#REF!,8,FALSE))","v":{"$error":"#REF!"}},{"$error":"#REF!"}]
[{"$f":"VLOOKUP($B68,#REF!,2,FALSE)","v":{"$error":"#N/A"}},{"$f":"VLOOKUP($H68,$K$4:$Q$300,2,FALSE)","v":{"$error":"#N/A"}},{"$f":"VLOOKUP($H68,$K$4:$Q$300,3,FALSE)","v":{"$error":"#N/A"}},{"$f":"VLOOKUP($H68,$K$4:$Q$300,4,FALSE)","v":{"$error":"#N/A"}},{"$f":"VLOOKUP($H68,$K$4:$Q$300,5,FALSE)","v":{"$error":"#N/A"}},{"$f":"VLOOKUP($H68,$K$4:$Q$300,6,FALSE)","v":{"$error":"#N/A"}},{"$f":"VLOOKUP($H68,$K$4:$Q$300,7,FALSE)","v":{"$error":"#N/A"}},65,null,null,{"$f":"IF(Q68=NpZ*NoZ*2,NpZ*NoZ,RANK(Q68,Q$4:Q$300,1))","v":{"$error":"#REF!"}},65,{"$f":"IF(ISNA(VLOOKUP($L68,'All Individuals Day 1 (ALL)'!$C$3:$G$131,4,FALSE)+VLOOKUP($L68,#REF!,4,FALSE))=TRUE,\"\",VLOOKUP($L68,'All Individuals Day 1 (ALL)'!$C$3:$G$131,4,FALSE)+VLOOKUP($L68,#REF!,4,FALSE))","v":{"$error":"#REF!"}},{"$f":"IF(ISNA(VLOOKUP($L68,'All Individuals Day 1 (ALL)'!$C$3:$G$131,5,FALSE)+VLOOKUP($L68,#REF!,5,FALSE))=TRUE,\"\",VLOOKUP($L68,'All Individuals Day 1 (ALL)'!$C$3:$G$131,5,FALSE)+VLOOKUP($L68,#REF!,5,FALSE))","v":{"$error":"#REF!"}},{"$f":"IF(ISNA(VLOOKUP($L68,'All Individuals Day 1 (ALL)'!$C$3:$K$131,8,FALSE))=TRUE,\"\",VLOOKUP($L68,'All Individuals Day 1 (ALL)'!$C$3:$K$131,8,FALSE))","v":5},{"$f":"IF(ISNA(VLOOKUP($L68,#REF!,8,FALSE))=TRUE,\"\",VLOOKUP($L68,#REF!,8,FALSE))","v":{"$error":"#REF!"}},{"$f":"IF(OR(M68=\"\",M68=0),NpZ*2,(O68+P68)-N68/100000-M68/1000000)","v":{"$error":"#REF!"}}]
[{"$f":"VLOOKUP($B69,#REF!,2,FALSE)","v":{"$error":"#N/A"}},{"$error":"#N/A"},{"$error":"#N/A"},{"$error":"#N/A"},{"$error":"#N/A"},{"$error":"#N/A"},{"$error":"#N/A"},66,null,null,{"$error":"#REF!"},66,{"$f":"IF(ISNA(VLOOKUP($L69,'All Individuals Day 1 (ALL)'!$C$3:$G$131,4,FALSE)+VLOOKUP($L69,#REF!,4,FALSE))=TRUE,\"\",VLOOKUP($L69,'All Individuals Day 1 (ALL)'!$C$3:$G$131,4,FALSE)+VLOOKUP($L69,#REF!,4,FALSE))","v":{"$error":"#REF!"}},{"$f":"IF(ISNA(VLOOKUP($L69,'All Individuals Day 1 (ALL)'!$C$3:$G$131,5,FALSE)+VLOOKUP($L69,#REF!,5,FALSE))=TRUE,\"\",VLOOKUP($L69,'All Individuals Day 1 (ALL)'!$C$3:$G$131,5,FALSE)+VLOOKUP($L69,#REF!,5,FALSE))","v":{"$error":"#REF!"}},{"$f":"IF(ISNA(VLOOKUP($L69,'All Individuals Day 1 (ALL)'!$C$3:$K$131,8,FALSE))=TRUE,\"\",VLOOKUP($L69,'All Individuals Day 1 (ALL)'!$C$3:$K$131,8,FALSE))","v":2},{"$f":"IF(ISNA(VLOOKUP($L69,#REF!,8,FALSE))=TRUE,\"\",VLOOKUP($L69,#REF!,8,FALSE))","v":{"$error":"#REF!"}},{"$error":"#REF!"}]
[{"$f":"VLOOKUP($B70,#REF!,2,FALSE)","v":{"$error":"#N/A"}},{"$error":"#N/A"},{"$error":"#N/A"},{"$error":"#N/A"},{"$error":"#N/A"},{"$error":"#N/A"},{"$error":"#N/A"},67,null,null,{"$error":"#REF!"},67,{"$f":"IF(ISNA(VLOOKUP($L70,'All Individuals Day 1 (ALL)'!$C$3:$G$131,4,FALSE)+VLOOKUP($L70,#REF!,4,FALSE))=TRUE,\"\",VLOOKUP($L70,'All Individuals Day 1 (ALL)'!$C$3:$G$131,4,FALSE)+VLOOKUP($L70,#REF!,4,FALSE))","v":{"$error":"#REF!"}},{"$f":"IF(ISNA(VLOOKUP($L70,'All Individuals Day 1 (ALL)'!$C$3:$G$131,5,FALSE)+VLOOKUP($L70,#REF!,5,FALSE))=TRUE,\"\",VLOOKUP($L70,'All Individuals Day 1 (ALL)'!$C$3:$G$131,5,FALSE)+VLOOKUP($L70,#REF!,5,FALSE))","v":{"$error":"#REF!"}},{"$f":"IF(ISNA(VLOOKUP($L70,'All Individuals Day 1 (ALL)'!$C$3:$K$131,8,FALSE))=TRUE,\"\",VLOOKUP($L70,'All Individuals Day 1 (ALL)'!$C$3:$K$131,8,FALSE))","v":14},{"$f":"IF(ISNA(VLOOKUP($L70,#REF!,8,FALSE))=TRUE,\"\",VLOOKUP($L70,#REF!,8,FALSE))","v":{"$error":"#REF!"}},{"$error":"#REF!"}]
[{"$f":"VLOOKUP($B71,#REF!,2,FALSE)","v":{"$error":"#N/A"}},{"$error":"#N/A"},{"$error":"#N/A"},{"$error":"#N/A"},{"$error":"#N/A"},{"$error":"#N/A"},{"$error":"#N/A"},68,null,null,{"$error":"#REF!"},68,{"$f":"IF(ISNA(VLOOKUP($L71,'All Individuals Day 1 (ALL)'!$C$3:$G$131,4,FALSE)+VLOOKUP($L71,#REF!,4,FALSE))=TRUE,\"\",VLOOKUP($L71,'All Individuals Day 1 (ALL)'!$C$3:$G$131,4,FALSE)+VLOOKUP($L71,#REF!,4,FALSE))","v":{"$error":"#REF!"}},{"$f":"IF(ISNA(VLOOKUP($L71,'All Individuals Day 1 (ALL)'!$C$3:$G$131,5,FALSE)+VLOOKUP($L71,#REF!,5,FALSE))=TRUE,\"\",VLOOKUP($L71,'All Individuals Day 1 (ALL)'!$C$3:$G$131,5,FALSE)+VLOOKUP($L71,#REF!,5,FALSE))","v":{"$error":"#REF!"}},{"$f":"IF(ISNA(VLOOKUP($L71,'All Individuals Day 1 (ALL)'!$C$3:$K$131,8,FALSE))=TRUE,\"\",VLOOKUP($L71,'All Individuals Day 1 (ALL)'!$C$3:$K$131,8,FALSE))","v":14},{"$f":"IF(ISNA(VLOOKUP($L71,#REF!,8,FALSE))=TRUE,\"\",VLOOKUP($L71,#REF!,8,FALSE))","v":{"$error":"#REF!"}},{"$error":"#REF!"}]
[{"$f":"VLOOKUP($B72,#REF!,2,FALSE)","v":{"$error":"#N/A"}},{"$error":"#N/A"},{"$error":"#N/A"},{"$error":"#N/A"},{"$error":"#N/A"},{"$error":"#N/A"},{"$error":"#N/A"},69,null,null,{"$error":"#REF!"},69,{"$f":"IF(ISNA(VLOOKUP($L72,'All Individuals Day 1 (ALL)'!$C$3:$G$131,4,FALSE)+VLOOKUP($L72,#REF!,4,FALSE))=TRUE,\"\",VLOOKUP($L72,'All Individuals Day 1 (ALL)'!$C$3:$G$131,4,FALSE)+VLOOKUP($L72,#REF!,4,FALSE))","v":{"$error":"#REF!"}},{"$f":"IF(ISNA(VLOOKUP($L72,'All Individuals Day 1 (ALL)'!$C$3:$G$131,5,FALSE)+VLOOKUP($L72,#REF!,5,FALSE))=TRUE,\"\",VLOOKUP($L72,'All Individuals Day 1 (ALL)'!$C$3:$G$131,5,FALSE)+VLOOKUP($L72,#REF!,5,FALSE))","v":{"$error":"#REF!"}},{"$f":"IF(ISNA(VLOOKUP($L72,'All Individuals Day 1 (ALL)'!$C$3:$K$131,8,FALSE))=TRUE,\"\",VLOOKUP($L72,'All Individuals Day 1 (ALL)'!$C$3:$K$131,8,FALSE))","v":10},{"$f":"IF(ISNA(VLOOKUP($L72,#REF!,8,FALSE))=TRUE,\"\",VLOOKUP($L72,#REF!,8,FALSE))","v":{"$error":"#REF!"}},{"$error":"#REF!"}]
[{"$f":"VLOOKUP($B73,#REF!,2,FALSE)","v":{"$error":"#N/A"}},{"$error":"#N/A"},{"$error":"#N/A"},{"$error":"#N/A"},{"$error":"#N/A"},{"$error":"#N/A"},{"$error":"#N/A"},70,null,null,{"$error":"#REF!"},70,{"$f":"IF(ISNA(VLOOKUP($L73,'All Individuals Day 1 (ALL)'!$C$3:$G$131,4,FALSE)+VLOOKUP($L73,#REF!,4,FALSE))=TRUE,\"\",VLOOKUP($L73,'All Individuals Day 1 (ALL)'!$C$3:$G$131,4,FALSE)+VLOOKUP($L73,#REF!,4,FALSE))","v":{"$error":"#REF!"}},{"$f":"IF(ISNA(VLOOKUP($L73,'All Individuals Day 1 (ALL)'!$C$3:$G$131,5,FALSE)+VLOOKUP($L73,#REF!,5,FALSE))=TRUE,\"\",VLOOKUP($L73,'All Individuals Day 1 (ALL)'!$C$3:$G$131,5,FALSE)+VLOOKUP($L73,#REF!,5,FALSE))","v":{"$error":"#REF!"}},{"$f":"IF(ISNA(VLOOKUP($L73,'All Individuals Day 1 (ALL)'!$C$3:$K$131,8,FALSE))=TRUE,\"\",VLOOKUP($L73,'All Individuals Day 1 (ALL)'!$C$3:$K$131,8,FALSE))","v":6},{"$f":"IF(ISNA(VLOOKUP($L73,#REF!,8,FALSE))=TRUE,\"\",VLOOKUP($L73,#REF!,8,FALSE))","v":{"$error":"#REF!"}},{"$error":"#REF!"}]
[{"$f":"VLOOKUP($B74,#REF!,2,FALSE)","v":{"$error":"#N/A"}},{"$error":"#N/A"},{"$error":"#N/A"},{"$error":"#N/A"},{"$error":"#N/A"},{"$error":"#N/A"},{"$error":"#N/A"},71,null,null,{"$error":"#REF!"},71,{"$f":"IF(ISNA(VLOOKUP($L74,'All Individuals Day 1 (ALL)'!$C$3:$G$131,4,FALSE)+VLOOKUP($L74,#REF!,4,FALSE))=TRUE,\"\",VLOOKUP($L74,'All Individuals Day 1 (ALL)'!$C$3:$G$131,4,FALSE)+VLOOKUP($L74,#REF!,4,FALSE))","v":{"$error":"#REF!"}},{"$f":"IF(ISNA(VLOOKUP($L74,'All Individuals Day 1 (ALL)'!$C$3:$G$131,5,FALSE)+VLOOKUP($L74,#REF!,5,FALSE))=TRUE,\"\",VLOOKUP($L74,'All Individuals Day 1 (ALL)'!$C$3:$G$131,5,FALSE)+VLOOKUP($L74,#REF!,5,FALSE))","v":{"$error":"#REF!"}},{"$f":"IF(ISNA(VLOOKUP($L74,'All Individuals Day 1 (ALL)'!$C$3:$K$131,8,FALSE))=TRUE,\"\",VLOOKUP($L74,'All Individuals Day 1 (ALL)'!$C$3:$K$131,8,FALSE))","v":15},{"$f":"IF(ISNA(VLOOKUP($L74,#REF!,8,FALSE))=TRUE,\"\",VLOOKUP($L74,#REF!,8,FALSE))","v":{"$error":"#REF!"}},{"$error":"#REF!"}]
[{"$f":"VLOOKUP($B75,#REF!,2,FALSE)","v":{"$error":"#N/A"}},{"$error":"#N/A"},{"$error":"#N/A"},{"$error":"#N/A"},{"$error":"#N/A"},{"$error":"#N/A"},{"$error":"#N/A"},72,null,null,{"$error":"#REF!"},72,{"$f":"IF(ISNA(VLOOKUP($L75,'All Individuals Day 1 (ALL)'!$C$3:$G$131,4,FALSE)+VLOOKUP($L75,#REF!,4,FALSE))=TRUE,\"\",VLOOKUP($L75,'All Individuals Day 1 (ALL)'!$C$3:$G$131,4,FALSE)+VLOOKUP($L75,#REF!,4,FALSE))","v":{"$error":"#REF!"}},{"$f":"IF(ISNA(VLOOKUP($L75,'All Individuals Day 1 (ALL)'!$C$3:$G$131,5,FALSE)+VLOOKUP($L75,#REF!,5,FALSE))=TRUE,\"\",VLOOKUP($L75,'All Individuals Day 1 (ALL)'!$C$3:$G$131,5,FALSE)+VLOOKUP($L75,#REF!,5,FALSE))","v":{"$error":"#REF!"}},{"$f":"IF(ISNA(VLOOKUP($L75,'All Individuals Day 1 (ALL)'!$C$3:$K$131,8,FALSE))=TRUE,\"\",VLOOKUP($L75,'All Individuals Day 1 (ALL)'!$C$3:$K$131,8,FALSE))","v":13},{"$f":"IF(ISNA(VLOOKUP($L75,#REF!,8,FALSE))=TRUE,\"\",VLOOKUP($L75,#REF!,8,FALSE))","v":{"$error":"#REF!"}},{"$error":"#REF!"}]
[{"$f":"VLOOKUP($B76,#REF!,2,FALSE)","v":{"$error":"#N/A"}},{"$error":"#N/A"},{"$error":"#N/A"},{"$error":"#N/A"},{"$error":"#N/A"},{"$error":"#N/A"},{"$error":"#N/A"},73,null,null,{"$error":"#REF!"},73,{"$f":"IF(ISNA(VLOOKUP($L76,'All Individuals Day 1 (ALL)'!$C$3:$G$131,4,FALSE)+VLOOKUP($L76,#REF!,4,FALSE))=TRUE,\"\",VLOOKUP($L76,'All Individuals Day 1 (ALL)'!$C$3:$G$131,4,FALSE)+VLOOKUP($L76,#REF!,4,FALSE))","v":{"$error":"#REF!"}},{"$f":"IF(ISNA(VLOOKUP($L76,'All Individuals Day 1 (ALL)'!$C$3:$G$131,5,FALSE)+VLOOKUP($L76,#REF!,5,FALSE))=TRUE,\"\",VLOOKUP($L76,'All Individuals Day 1 (ALL)'!$C$3:$G$131,5,FALSE)+VLOOKUP($L76,#REF!,5,FALSE))","v":{"$error":"#REF!"}},{"$f":"IF(ISNA(VLOOKUP($L76,'All Individuals Day 1 (ALL)'!$C$3:$K$131,8,FALSE))=TRUE,\"\",VLOOKUP($L76,'All Individuals Day 1 (ALL)'!$C$3:$K$131,8,FALSE))","v":5},{"$f":"IF(ISNA(VLOOKUP($L76,#REF!,8,FALSE))=TRUE,\"\",VLOOKUP($L76,#REF!,8,FALSE))","v":{"$error":"#REF!"}},{"$error":"#REF!"}]
[{"$f":"VLOOKUP($B77,#REF!,2,FALSE)","v":{"$error":"#N/A"}},{"$error":"#N/A"},{"$error":"#N/A"},{"$error":"#N/A"},{"$error":"#N/A"},{"$error":"#N/A"},{"$error":"#N/A"},74,null,null,{"$error":"#REF!"},74,{"$f":"IF(ISNA(VLOOKUP($L77,'All Individuals Day 1 (ALL)'!$C$3:$G$131,4,FALSE)+VLOOKUP($L77,#REF!,4,FALSE))=TRUE,\"\",VLOOKUP($L77,'All Individuals Day 1 (ALL)'!$C$3:$G$131,4,FALSE)+VLOOKUP($L77,#REF!,4,FALSE))","v":{"$error":"#REF!"}},{"$f":"IF(ISNA(VLOOKUP($L77,'All Individuals Day 1 (ALL)'!$C$3:$G$131,5,FALSE)+VLOOKUP($L77,#REF!,5,FALSE))=TRUE,\"\",VLOOKUP($L77,'All Individuals Day 1 (ALL)'!$C$3:$G$131,5,FALSE)+VLOOKUP($L77,#REF!,5,FALSE))","v":{"$error":"#REF!"}},{"$f":"IF(ISNA(VLOOKUP($L77,'All Individuals Day 1 (ALL)'!$C$3:$K$131,8,FALSE))=TRUE,\"\",VLOOKUP($L77,'All Individuals Day 1 (ALL)'!$C$3:$K$131,8,FALSE))","v":6},{"$f":"IF(ISNA(VLOOKUP($L77,#REF!,8,FALSE))=TRUE,\"\",VLOOKUP($L77,#REF!,8,FALSE))","v":{"$error":"#REF!"}},{"$error":"#REF!"}]
[{"$f":"VLOOKUP($B78,#REF!,2,FALSE)","v":{"$error":"#N/A"}},{"$error":"#N/A"},{"$error":"#N/A"},{"$error":"#N/A"},{"$error":"#N/A"},{"$error":"#N/A"},{"$error":"#N/A"},75,null,null,{"$error":"#REF!"},75,{"$f":"IF(ISNA(VLOOKUP($L78,'All Individuals Day 1 (ALL)'!$C$3:$G$131,4,FALSE)+VLOOKUP($L78,#REF!,4,FALSE))=TRUE,\"\",VLOOKUP($L78,'All Individuals Day 1 (ALL)'!$C$3:$G$131,4,FALSE)+VLOOKUP($L78,#REF!,4,FALSE))","v":{"$error":"#REF!"}},{"$f":"IF(ISNA(VLOOKUP($L78,'All Individuals Day 1 (ALL)'!$C$3:$G$131,5,FALSE)+VLOOKUP($L78,#REF!,5,FALSE))=TRUE,\"\",VLOOKUP($L78,'All Individuals Day 1 (ALL)'!$C$3:$G$131,5,FALSE)+VLOOKUP($L78,#REF!,5,FALSE))","v":{"$error":"#REF!"}},{"$f":"IF(ISNA(VLOOKUP($L78,'All Individuals Day 1 (ALL)'!$C$3:$K$131,8,FALSE))=TRUE,\"\",VLOOKUP($L78,'All Individuals Day 1 (ALL)'!$C$3:$K$131,8,FALSE))","v":12},{"$f":"IF(ISNA(VLOOKUP($L78,#REF!,8,FALSE))=TRUE,\"\",VLOOKUP($L78,#REF!,8,FALSE))","v":{"$error":"#REF!"}},{"$error":"#REF!"}]
[{"$f":"VLOOKUP($B79,#REF!,2,FALSE)","v":{"$error":"#N/A"}},{"$error":"#N/A"},{"$error":"#N/A"},{"$error":"#N/A"},{"$error":"#N/A"},{"$error":"#N/A"},{"$error":"#N/A"},76,null,null,{"$error":"#REF!"},76,{"$f":"IF(ISNA(VLOOKUP($L79,'All Individuals Day 1 (ALL)'!$C$3:$G$131,4,FALSE)+VLOOKUP($L79,#REF!,4,FALSE))=TRUE,\"\",VLOOKUP($L79,'All Individuals Day 1 (ALL)'!$C$3:$G$131,4,FALSE)+VLOOKUP($L79,#REF!,4,FALSE))","v":{"$error":"#REF!"}},{"$f":"IF(ISNA(VLOOKUP($L79,'All Individuals Day 1 (ALL)'!$C$3:$G$131,5,FALSE)+VLOOKUP($L79,#REF!,5,FALSE))=TRUE,\"\",VLOOKUP($L79,'All Individuals Day 1 (ALL)'!$C$3:$G$131,5,FALSE)+VLOOKUP($L79,#REF!,5,FALSE))","v":{"$error":"#REF!"}},{"$f":"IF(ISNA(VLOOKUP($L79,'All Individuals Day 1 (ALL)'!$C$3:$K$131,8,FALSE))=TRUE,\"\",VLOOKUP($L79,'All Individuals Day 1 (ALL)'!$C$3:$K$131,8,FALSE))","v":12},{"$f":"IF(ISNA(VLOOKUP($L79,#REF!,8,FALSE))=TRUE,\"\",VLOOKUP($L79,#REF!,8,FALSE))","v":{"$error":"#REF!"}},{"$error":"#REF!"}]
[{"$f":"VLOOKUP($B80,#REF!,2,FALSE)","v":{"$error":"#N/A"}},{"$error":"#N/A"},{"$error":"#N/A"},{"$error":"#N/A"},{"$error":"#N/A"},{"$error":"#N/A"},{"$error":"#N/A"},77,null,null,{"$error":"#REF!"},77,{"$f":"IF(ISNA(VLOOKUP($L80,'All Individuals Day 1 (ALL)'!$C$3:$G$131,4,FALSE)+VLOOKUP($L80,#REF!,4,FALSE))=TRUE,\"\",VLOOKUP($L80,'All Individuals Day 1 (ALL)'!$C$3:$G$131,4,FALSE)+VLOOKUP($L80,#REF!,4,FALSE))","v":{"$error":"#REF!"}},{"$f":"IF(ISNA(VLOOKUP($L80,'All Individuals Day 1 (ALL)'!$C$3:$G$131,5,FALSE)+VLOOKUP($L80,#REF!,5,FALSE))=TRUE,\"\",VLOOKUP($L80,'All Individuals Day 1 (ALL)'!$C$3:$G$131,5,FALSE)+VLOOKUP($L80,#REF!,5,FALSE))","v":{"$error":"#REF!"}},{"$f":"IF(ISNA(VLOOKUP($L80,'All Individuals Day 1 (ALL)'!$C$3:$K$131,8,FALSE))=TRUE,\"\",VLOOKUP($L80,'All Individuals Day 1 (ALL)'!$C$3:$K$131,8,FALSE))","v":9},{"$f":"IF(ISNA(VLOOKUP($L80,#REF!,8,FALSE))=TRUE,\"\",VLOOKUP($L80,#REF!,8,FALSE))","v":{"$error":"#REF!"}},{"$error":"#REF!"}]
[{"$f":"VLOOKUP($B81,#REF!,2,FALSE)","v":{"$error":"#N/A"}},{"$error":"#N/A"},{"$error":"#N/A"},{"$error":"#N/A"},{"$error":"#N/A"},{"$error":"#N/A"},{"$error":"#N/A"},78,null,null,{"$error":"#REF!"},78,{"$f":"IF(ISNA(VLOOKUP($L81,'All Individuals Day 1 (ALL)'!$C$3:$G$131,4,FALSE)+VLOOKUP($L81,#REF!,4,FALSE))=TRUE,\"\",VLOOKUP($L81,'All Individuals Day 1 (ALL)'!$C$3:$G$131,4,FALSE)+VLOOKUP($L81,#REF!,4,FALSE))","v":{"$error":"#REF!"}},{"$f":"IF(ISNA(VLOOKUP($L81,'All Individuals Day 1 (ALL)'!$C$3:$G$131,5,FALSE)+VLOOKUP($L81,#REF!,5,FALSE))=TRUE,\"\",VLOOKUP($L81,'All Individuals Day 1 (ALL)'!$C$3:$G$131,5,FALSE)+VLOOKUP($L81,#REF!,5,FALSE))","v":{"$error":"#REF!"}},{"$f":"IF(ISNA(VLOOKUP($L81,'All Individuals Day 1 (ALL)'!$C$3:$K$131,8,FALSE))=TRUE,\"\",VLOOKUP($L81,'All Individuals Day 1 (ALL)'!$C$3:$K$131,8,FALSE))","v":7},{"$f":"IF(ISNA(VLOOKUP($L81,#REF!,8,FALSE))=TRUE,\"\",VLOOKUP($L81,#REF!,8,FALSE))","v":{"$error":"#REF!"}},{"$error":"#REF!"}]
[{"$f":"VLOOKUP($B82,#REF!,2,FALSE)","v":{"$error":"#N/A"}},{"$error":"#N/A"},{"$error":"#N/A"},{"$error":"#N/A"},{"$error":"#N/A"},{"$error":"#N/A"},{"$error":"#N/A"},79,null,null,{"$error":"#REF!"},79,{"$f":"IF(ISNA(VLOOKUP($L82,'All Individuals Day 1 (ALL)'!$C$3:$G$131,4,FALSE)+VLOOKUP($L82,#REF!,4,FALSE))=TRUE,\"\",VLOOKUP($L82,'All Individuals Day 1 (ALL)'!$C$3:$G$131,4,FALSE)+VLOOKUP($L82,#REF!,4,FALSE))","v":{"$error":"#REF!"}},{"$f":"IF(ISNA(VLOOKUP($L82,'All Individuals Day 1 (ALL)'!$C$3:$G$131,5,FALSE)+VLOOKUP($L82,#REF!,5,FALSE))=TRUE,\"\",VLOOKUP($L82,'All Individuals Day 1 (ALL)'!$C$3:$G$131,5,FALSE)+VLOOKUP($L82,#REF!,5,FALSE))","v":{"$error":"#REF!"}},{"$f":"IF(ISNA(VLOOKUP($L82,'All Individuals Day 1 (ALL)'!$C$3:$K$131,8,FALSE))=TRUE,\"\",VLOOKUP($L82,'All Individuals Day 1 (ALL)'!$C$3:$K$131,8,FALSE))","v":2},{"$f":"IF(ISNA(VLOOKUP($L82,#REF!,8,FALSE))=TRUE,\"\",VLOOKUP($L82,#REF!,8,FALSE))","v":{"$error":"#REF!"}},{"$error":"#REF!"}]
[{"$f":"VLOOKUP($B83,#REF!,2,FALSE)","v":{"$error":"#N/A"}},{"$error":"#N/A"},{"$error":"#N/A"},{"$error":"#N/A"},{"$error":"#N/A"},{"$error":"#N/A"},{"$error":"#N/A"},80,null,null,{"$error":"#REF!"},80,{"$f":"IF(ISNA(VLOOKUP($L83,'All Individuals Day 1 (ALL)'!$C$3:$G$131,4,FALSE)+VLOOKUP($L83,#REF!,4,FALSE))=TRUE,\"\",VLOOKUP($L83,'All Individuals Day 1 (ALL)'!$C$3:$G$131,4,FALSE)+VLOOKUP($L83,#REF!,4,FALSE))","v":{"$error":"#REF!"}},{"$f":"IF(ISNA(VLOOKUP($L83,'All Individuals Day 1 (ALL)'!$C$3:$G$131,5,FALSE)+VLOOKUP($L83,#REF!,5,FALSE))=TRUE,\"\",VLOOKUP($L83,'All Individuals Day 1 (ALL)'!$C$3:$G$131,5,FALSE)+VLOOKUP($L83,#REF!,5,FALSE))","v":{"$error":"#REF!"}},{"$f":"IF(ISNA(VLOOKUP($L83,'All Individuals Day 1 (ALL)'!$C$3:$K$131,8,FALSE))=TRUE,\"\",VLOOKUP($L83,'All Individuals Day 1 (ALL)'!$C$3:$K$131,8,FALSE))","v":9},{"$f":"IF(ISNA(VLOOKUP($L83,#REF!,8,FALSE))=TRUE,\"\",VLOOKUP($L83,#REF!,8,FALSE))","v":{"$error":"#REF!"}},{"$error":"#REF!"}]
[{"$f":"VLOOKUP($B84,#REF!,2,FALSE)","v":{"$error":"#N/A"}},{"$error":"#N/A"},{"$error":"#N/A"},{"$error":"#N/A"},{"$error":"#N/A"},{"$error":"#N/A"},{"$error":"#N/A"},81,null,null,{"$error":"#REF!"},81,{"$f":"IF(ISNA(VLOOKUP($L84,'All Individuals Day 1 (ALL)'!$C$3:$G$131,4,FALSE)+VLOOKUP($L84,#REF!,4,FALSE))=TRUE,\"\",VLOOKUP($L84,'All Individuals Day 1 (ALL)'!$C$3:$G$131,4,FALSE)+VLOOKUP($L84,#REF!,4,FALSE))","v":{"$error":"#REF!"}},{"$f":"IF(ISNA(VLOOKUP($L84,'All Individuals Day 1 (ALL)'!$C$3:$G$131,5,FALSE)+VLOOKUP($L84,#REF!,5,FALSE))=TRUE,\"\",VLOOKUP($L84,'All Individuals Day 1 (ALL)'!$C$3:$G$131,5,FALSE)+VLOOKUP($L84,#REF!,5,FALSE))","v":{"$error":"#REF!"}},{"$f":"IF(ISNA(VLOOKUP($L84,'All Individuals Day 1 (ALL)'!$C$3:$K$131,8,FALSE))=TRUE,\"\",VLOOKUP($L84,'All Individuals Day 1 (ALL)'!$C$3:$K$131,8,FALSE))","v":11},{"$f":"IF(ISNA(VLOOKUP($L84,#REF!,8,FALSE))=TRUE,\"\",VLOOKUP($L84,#REF!,8,FALSE))","v":{"$error":"#REF!"}},{"$error":"#REF!"}]
[{"$f":"VLOOKUP($B85,#REF!,2,FALSE)","v":{"$error":"#N/A"}},{"$error":"#N/A"},{"$error":"#N/A"},{"$error":"#N/A"},{"$error":"#N/A"},{"$error":"#N/A"},{"$error":"#N/A"},82,null,null,{"$error":"#REF!"},82,{"$f":"IF(ISNA(VLOOKUP($L85,'All Individuals Day 1 (ALL)'!$C$3:$G$131,4,FALSE)+VLOOKUP($L85,#REF!,4,FALSE))=TRUE,\"\",VLOOKUP($L85,'All Individuals Day 1 (ALL)'!$C$3:$G$131,4,FALSE)+VLOOKUP($L85,#REF!,4,FALSE))","v":{"$error":"#REF!"}},{"$f":"IF(ISNA(VLOOKUP($L85,'All Individuals Day 1 (ALL)'!$C$3:$G$131,5,FALSE)+VLOOKUP($L85,#REF!,5,FALSE))=TRUE,\"\",VLOOKUP($L85,'All Individuals Day 1 (ALL)'!$C$3:$G$131,5,FALSE)+VLOOKUP($L85,#REF!,5,FALSE))","v":{"$error":"#REF!"}},{"$f":"IF(ISNA(VLOOKUP($L85,'All Individuals Day 1 (ALL)'!$C$3:$K$131,8,FALSE))=TRUE,\"\",VLOOKUP($L85,'All Individuals Day 1 (ALL)'!$C$3:$K$131,8,FALSE))","v":9},{"$f":"IF(ISNA(VLOOKUP($L85,#REF!,8,FALSE))=TRUE,\"\",VLOOKUP($L85,#REF!,8,FALSE))","v":{"$error":"#REF!"}},{"$error":"#REF!"}]
[{"$f":"VLOOKUP($B86,#REF!,2,FALSE)","v":{"$error":"#N/A"}},{"$error":"#N/A"},{"$error":"#N/A"},{"$error":"#N/A"},{"$error":"#N/A"},{"$error":"#N/A"},{"$error":"#N/A"},83,null,null,{"$error":"#REF!"},83,{"$f":"IF(ISNA(VLOOKUP($L86,'All Individuals Day 1 (ALL)'!$C$3:$G$131,4,FALSE)+VLOOKUP($L86,#REF!,4,FALSE))=TRUE,\"\",VLOOKUP($L86,'All Individuals Day 1 (ALL)'!$C$3:$G$131,4,FALSE)+VLOOKUP($L86,#REF!,4,FALSE))","v":{"$error":"#REF!"}},{"$f":"IF(ISNA(VLOOKUP($L86,'All Individuals Day 1 (ALL)'!$C$3:$G$131,5,FALSE)+VLOOKUP($L86,#REF!,5,FALSE))=TRUE,\"\",VLOOKUP($L86,'All Individuals Day 1 (ALL)'!$C$3:$G$131,5,FALSE)+VLOOKUP($L86,#REF!,5,FALSE))","v":{"$error":"#REF!"}},{"$f":"IF(ISNA(VLOOKUP($L86,'All Individuals Day 1 (ALL)'!$C$3:$K$131,8,FALSE))=TRUE,\"\",VLOOKUP($L86,'All Individuals Day 1 (ALL)'!$C$3:$K$131,8,FALSE))","v":6},{"$f":"IF(ISNA(VLOOKUP($L86,#REF!,8,FALSE))=TRUE,\"\",VLOOKUP($L86,#REF!,8,FALSE))","v":{"$error":"#REF!"}},{"$error":"#REF!"}]
[{"$f":"VLOOKUP($B87,#REF!,2,FALSE)","v":{"$error":"#N/A"}},{"$error":"#N/A"},{"$error":"#N/A"},{"$error":"#N/A"},{"$error":"#N/A"},{"$error":"#N/A"},{"$error":"#N/A"},84,null,null,{"$error":"#REF!"},84,{"$f":"IF(ISNA(VLOOKUP($L87,'All Individuals Day 1 (ALL)'!$C$3:$G$131,4,FALSE)+VLOOKUP($L87,#REF!,4,FALSE))=TRUE,\"\",VLOOKUP($L87,'All Individuals Day 1 (ALL)'!$C$3:$G$131,4,FALSE)+VLOOKUP($L87,#REF!,4,FALSE))","v":{"$error":"#REF!"}},{"$f":"IF(ISNA(VLOOKUP($L87,'All Individuals Day 1 (ALL)'!$C$3:$G$131,5,FALSE)+VLOOKUP($L87,#REF!,5,FALSE))=TRUE,\"\",VLOOKUP($L87,'All Individuals Day 1 (ALL)'!$C$3:$G$131,5,FALSE)+VLOOKUP($L87,#REF!,5,FALSE))","v":{"$error":"#REF!"}},{"$f":"IF(ISNA(VLOOKUP($L87,'All Individuals Day 1 (ALL)'!$C$3:$K$131,8,FALSE))=TRUE,\"\",VLOOKUP($L87,'All Individuals Day 1 (ALL)'!$C$3:$K$131,8,FALSE))","v":15},{"$f":"IF(ISNA(VLOOKUP($L87,#REF!,8,FALSE))=TRUE,\"\",VLOOKUP($L87,#REF!,8,FALSE))","v":{"$error":"#REF!"}},{"$error":"#REF!"}]
[{"$f":"VLOOKUP($B88,#REF!,2,FALSE)","v":{"$error":"#N/A"}},{"$error":"#N/A"},{"$error":"#N/A"},{"$error":"#N/A"},{"$error":"#N/A"},{"$error":"#N/A"},{"$error":"#N/A"},{"$f":"IF(ISERROR(H87+1)=TRUE,1,H87+1)","v":85},null,null,{"$error":"#REF!"},85,{"$f":"IF(ISNA(VLOOKUP($L88,'All Individuals Day 1 (ALL)'!$C$3:$G$131,4,FALSE)+VLOOKUP($L88,#REF!,4,FALSE))=TRUE,\"\",VLOOKUP($L88,'All Individuals Day 1 (ALL)'!$C$3:$G$131,4,FALSE)+VLOOKUP($L88,#REF!,4,FALSE))","v":{"$error":"#REF!"}},{"$f":"IF(ISNA(VLOOKUP($L88,'All Individuals Day 1 (ALL)'!$C$3:$G$131,5,FALSE)+VLOOKUP($L88,#REF!,5,FALSE))=TRUE,\"\",VLOOKUP($L88,'All Individuals Day 1 (ALL)'!$C$3:$G$131,5,FALSE)+VLOOKUP($L88,#REF!,5,FALSE))","v":{"$error":"#REF!"}},{"$f":"IF(ISNA(VLOOKUP($L88,'All Individuals Day 1 (ALL)'!$C$3:$K$131,8,FALSE))=TRUE,\"\",VLOOKUP($L88,'All Individuals Day 1 (ALL)'!$C$3:$K$131,8,FALSE))","v":4},{"$f":"IF(ISNA(VLOOKUP($L88,#REF!,8,FALSE))=TRUE,\"\",VLOOKUP($L88,#REF!,8,FALSE))","v":{"$error":"#REF!"}},{"$error":"#REF!"}]
[{"$f":"VLOOKUP($B89,#REF!,2,FALSE)","v":{"$error":"#N/A"}},{"$error":"#N/A"},{"$error":"#N/A"},{"$error":"#N/A"},{"$error":"#N/A"},{"$error":"#N/A"},{"$error":"#N/A"},86,null,null,{"$error":"#REF!"},86,{"$f":"IF(ISNA(VLOOKUP($L89,'All Individuals Day 1 (ALL)'!$C$3:$G$131,4,FALSE)+VLOOKUP($L89,#REF!,4,FALSE))=TRUE,\"\",VLOOKUP($L89,'All Individuals Day 1 (ALL)'!$C$3:$G$131,4,FALSE)+VLOOKUP($L89,#REF!,4,FALSE))","v":{"$error":"#REF!"}},{"$f":"IF(ISNA(VLOOKUP($L89,'All Individuals Day 1 (ALL)'!$C$3:$G$131,5,FALSE)+VLOOKUP($L89,#REF!,5,FALSE))=TRUE,\"\",VLOOKUP($L89,'All Individuals Day 1 (ALL)'!$C$3:$G$131,5,FALSE)+VLOOKUP($L89,#REF!,5,FALSE))","v":{"$error":"#REF!"}},{"$f":"IF(ISNA(VLOOKUP($L89,'All Individuals Day 1 (ALL)'!$C$3:$K$131,8,FALSE))=TRUE,\"\",VLOOKUP($L89,'All Individuals Day 1 (ALL)'!$C$3:$K$131,8,FALSE))","v":10},{"$f":"IF(ISNA(VLOOKUP($L89,#REF!,8,FALSE))=TRUE,\"\",VLOOKUP($L89,#REF!,8,FALSE))","v":{"$error":"#REF!"}},{"$error":"#REF!"}]
[{"$f":"VLOOKUP($B90,#REF!,2,FALSE)","v":{"$error":"#N/A"}},{"$error":"#N/A"},{"$error":"#N/A"},{"$error":"#N/A"},{"$error":"#N/A"},{"$error":"#N/A"},{"$error":"#N/A"},87,null,null,{"$error":"#REF!"},87,{"$f":"IF(ISNA(VLOOKUP($L90,'All Individuals Day 1 (ALL)'!$C$3:$G$131,4,FALSE)+VLOOKUP($L90,#REF!,4,FALSE))=TRUE,\"\",VLOOKUP($L90,'All Individuals Day 1 (ALL)'!$C$3:$G$131,4,FALSE)+VLOOKUP($L90,#REF!,4,FALSE))","v":{"$error":"#REF!"}},{"$f":"IF(ISNA(VLOOKUP($L90,'All Individuals Day 1 (ALL)'!$C$3:$G$131,5,FALSE)+VLOOKUP($L90,#REF!,5,FALSE))=TRUE,\"\",VLOOKUP($L90,'All Individuals Day 1 (ALL)'!$C$3:$G$131,5,FALSE)+VLOOKUP($L90,#REF!,5,FALSE))","v":{"$error":"#REF!"}},{"$f":"IF(ISNA(VLOOKUP($L90,'All Individuals Day 1 (ALL)'!$C$3:$K$131,8,FALSE))=TRUE,\"\",VLOOKUP($L90,'All Individuals Day 1 (ALL)'!$C$3:$K$131,8,FALSE))","v":12},{"$f":"IF(ISNA(VLOOKUP($L90,#REF!,8,FALSE))=TRUE,\"\",VLOOKUP($L90,#REF!,8,FALSE))","v":{"$error":"#REF!"}},{"$error":"#REF!"}]
[{"$f":"VLOOKUP($B91,#REF!,2,FALSE)","v":{"$error":"#N/A"}},{"$error":"#N/A"},{"$error":"#N/A"},{"$error":"#N/A"},{"$error":"#N/A"},{"$error":"#N/A"},{"$error":"#N/A"},88,null,null,{"$error":"#REF!"},88,{"$f":"IF(ISNA(VLOOKUP($L91,'All Individuals Day 1 (ALL)'!$C$3:$G$131,4,FALSE)+VLOOKUP($L91,#REF!,4,FALSE))=TRUE,\"\",VLOOKUP($L91,'All Individuals Day 1 (ALL)'!$C$3:$G$131,4,FALSE)+VLOOKUP($L91,#REF!,4,FALSE))","v":{"$error":"#REF!"}},{"$f":"IF(ISNA(VLOOKUP($L91,'All Individuals Day 1 (ALL)'!$C$3:$G$131,5,FALSE)+VLOOKUP($L91,#REF!,5,FALSE))=TRUE,\"\",VLOOKUP($L91,'All Individuals Day 1 (ALL)'!$C$3:$G$131,5,FALSE)+VLOOKUP($L91,#REF!,5,FALSE))","v":{"$error":"#REF!"}},{"$f":"IF(ISNA(VLOOKUP($L91,'All Individuals Day 1 (ALL)'!$C$3:$K$131,8,FALSE))=TRUE,\"\",VLOOKUP($L91,'All Individuals Day 1 (ALL)'!$C$3:$K$131,8,FALSE))","v":7},{"$f":"IF(ISNA(VLOOKUP($L91,#REF!,8,FALSE))=TRUE,\"\",VLOOKUP($L91,#REF!,8,FALSE))","v":{"$error":"#REF!"}},{"$error":"#REF!"}]
[{"$f":"VLOOKUP($B92,#REF!,2,FALSE)","v":{"$error":"#N/A"}},{"$error":"#N/A"},{"$error":"#N/A"},{"$error":"#N/A"},{"$error":"#N/A"},{"$error":"#N/A"},{"$error":"#N/A"},89,null,null,{"$error":"#REF!"},89,{"$f":"IF(ISNA(VLOOKUP($L92,'All Individuals Day 1 (ALL)'!$C$3:$G$131,4,FALSE)+VLOOKUP($L92,#REF!,4,FALSE))=TRUE,\"\",VLOOKUP($L92,'All Individuals Day 1 (ALL)'!$C$3:$G$131,4,FALSE)+VLOOKUP($L92,#REF!,4,FALSE))","v":""},{"$f":"IF(ISNA(VLOOKUP($L92,'All Individuals Day 1 (ALL)'!$C$3:$G$131,5,FALSE)+VLOOKUP($L92,#REF!,5,FALSE))=TRUE,\"\",VLOOKUP($L92,'All Individuals Day 1 (ALL)'!$C$3:$G$131,5,FALSE)+VLOOKUP($L92,#REF!,5,FALSE))","v":""},{"$f":"IF(ISNA(VLOOKUP($L92,'All Individuals Day 1 (ALL)'!$C$3:$K$131,8,FALSE))=TRUE,\"\",VLOOKUP($L92,'All Individuals Day 1 (ALL)'!$C$3:$K$131,8,FALSE))","v":""},{"$f":"IF(ISNA(VLOOKUP($L92,#REF!,8,FALSE))=TRUE,\"\",VLOOKUP($L92,#REF!,8,FALSE))","v":{"$error":"#REF!"}},{"$error":"#REF!"}]
[{"$f":"VLOOKUP($B93,#REF!,2,FALSE)","v":{"$error":"#N/A"}},{"$error":"#N/A"},{"$error":"#N/A"},{"$error":"#N/A"},{"$error":"#N/A"},{"$error":"#N/A"},{"$error":"#N/A"},90,null,null,{"$error":"#REF!"},90,{"$f":"IF(ISNA(VLOOKUP($L93,'All Individuals Day 1 (ALL)'!$C$3:$G$131,4,FALSE)+VLOOKUP($L93,#REF!,4,FALSE))=TRUE,\"\",VLOOKUP($L93,'All Individuals Day 1 (ALL)'!$C$3:$G$131,4,FALSE)+VLOOKUP($L93,#REF!,4,FALSE))","v":{"$error":"#REF!"}},{"$f":"IF(ISNA(VLOOKUP($L93,'All Individuals Day 1 (ALL)'!$C$3:$G$131,5,FALSE)+VLOOKUP($L93,#REF!,5,FALSE))=TRUE,\"\",VLOOKUP($L93,'All Individuals Day 1 (ALL)'!$C$3:$G$131,5,FALSE)+VLOOKUP($L93,#REF!,5,FALSE))","v":{"$error":"#REF!"}},{"$f":"IF(ISNA(VLOOKUP($L93,'All Individuals Day 1 (ALL)'!$C$3:$K$131,8,FALSE))=TRUE,\"\",VLOOKUP($L93,'All Individuals Day 1 (ALL)'!$C$3:$K$131,8,FALSE))","v":2},{"$f":"IF(ISNA(VLOOKUP($L93,#REF!,8,FALSE))=TRUE,\"\",VLOOKUP($L93,#REF!,8,FALSE))","v":{"$error":"#REF!"}},{"$error":"#REF!"}]
[{"$f":"VLOOKUP($B94,#REF!,2,FALSE)","v":{"$error":"#N/A"}},{"$error":"#N/A"},{"$error":"#N/A"},{"$error":"#N/A"},{"$error":"#N/A"},{"$error":"#N/A"},{"$error":"#N/A"},91,null,null,{"$error":"#REF!"},91,{"$f":"IF(ISNA(VLOOKUP($L94,'All Individuals Day 1 (ALL)'!$C$3:$G$131,4,FALSE)+VLOOKUP($L94,#REF!,4,FALSE))=TRUE,\"\",VLOOKUP($L94,'All Individuals Day 1 (ALL)'!$C$3:$G$131,4,FALSE)+VLOOKUP($L94,#REF!,4,FALSE))","v":{"$error":"#REF!"}},{"$f":"IF(ISNA(VLOOKUP($L94,'All Individuals Day 1 (ALL)'!$C$3:$G$131,5,FALSE)+VLOOKUP($L94,#REF!,5,FALSE))=TRUE,\"\",VLOOKUP($L94,'All Individuals Day 1 (ALL)'!$C$3:$G$131,5,FALSE)+VLOOKUP($L94,#REF!,5,FALSE))","v":{"$error":"#REF!"}},{"$f":"IF(ISNA(VLOOKUP($L94,'All Individuals Day 1 (ALL)'!$C$3:$K$131,8,FALSE))=TRUE,\"\",VLOOKUP($L94,'All Individuals Day 1 (ALL)'!$C$3:$K$131,8,FALSE))","v":2},{"$f":"IF(ISNA(VLOOKUP($L94,#REF!,8,FALSE))=TRUE,\"\",VLOOKUP($L94,#REF!,8,FALSE))","v":{"$error":"#REF!"}},{"$error":"#REF!"}]
[{"$f":"VLOOKUP($B95,#REF!,2,FALSE)","v":{"$error":"#N/A"}},{"$error":"#N/A"},{"$error":"#N/A"},{"$error":"#N/A"},{"$error":"#N/A"},{"$error":"#N/A"},{"$error":"#N/A"},92,null,null,{"$error":"#REF!"},92,{"$f":"IF(ISNA(VLOOKUP($L95,'All Individuals Day 1 (ALL)'!$C$3:$G$131,4,FALSE)+VLOOKUP($L95,#REF!,4,FALSE))=TRUE,\"\",VLOOKUP($L95,'All Individuals Day 1 (ALL)'!$C$3:$G$131,4,FALSE)+VLOOKUP($L95,#REF!,4,FALSE))","v":{"$error":"#REF!"}},{"$f":"IF(ISNA(VLOOKUP($L95,'All Individuals Day 1 (ALL)'!$C$3:$G$131,5,FALSE)+VLOOKUP($L95,#REF!,5,FALSE))=TRUE,\"\",VLOOKUP($L95,'All Individuals Day 1 (ALL)'!$C$3:$G$131,5,FALSE)+VLOOKUP($L95,#REF!,5,FALSE))","v":{"$error":"#REF!"}},{"$f":"IF(ISNA(VLOOKUP($L95,'All Individuals Day 1 (ALL)'!$C$3:$K$131,8,FALSE))=TRUE,\"\",VLOOKUP($L95,'All Individuals Day 1 (ALL)'!$C$3:$K$131,8,FALSE))","v":14},{"$f":"IF(ISNA(VLOOKUP($L95,#REF!,8,FALSE))=TRUE,\"\",VLOOKUP($L95,#REF!,8,FALSE))","v":{"$error":"#REF!"}},{"$error":"#REF!"}]
[{"$f":"VLOOKUP($B96,#REF!,2,FALSE)","v":{"$error":"#N/A"}},{"$error":"#N/A"},{"$error":"#N/A"},{"$error":"#N/A"},{"$error":"#N/A"},{"$error":"#N/A"},{"$error":"#N/A"},93,null,null,{"$error":"#REF!"},93,{"$f":"IF(ISNA(VLOOKUP($L96,'All Individuals Day 1 (ALL)'!$C$3:$G$131,4,FALSE)+VLOOKUP($L96,#REF!,4,FALSE))=TRUE,\"\",VLOOKUP($L96,'All Individuals Day 1 (ALL)'!$C$3:$G$131,4,FALSE)+VLOOKUP($L96,#REF!,4,FALSE))","v":{"$error":"#REF!"}},{"$f":"IF(ISNA(VLOOKUP($L96,'All Individuals Day 1 (ALL)'!$C$3:$G$131,5,FALSE)+VLOOKUP($L96,#REF!,5,FALSE))=TRUE,\"\",VLOOKUP($L96,'All Individuals Day 1 (ALL)'!$C$3:$G$131,5,FALSE)+VLOOKUP($L96,#REF!,5,FALSE))","v":{"$error":"#REF!"}},{"$f":"IF(ISNA(VLOOKUP($L96,'All Individuals Day 1 (ALL)'!$C$3:$K$131,8,FALSE))=TRUE,\"\",VLOOKUP($L96,'All Individuals Day 1 (ALL)'!$C$3:$K$131,8,FALSE))","v":7},{"$f":"IF(ISNA(VLOOKUP($L96,#REF!,8,FALSE))=TRUE,\"\",VLOOKUP($L96,#REF!,8,FALSE))","v":{"$error":"#REF!"}},{"$error":"#REF!"}]
[{"$f":"VLOOKUP($B97,#REF!,2,FALSE)","v":{"$error":"#N/A"}},{"$error":"#N/A"},{"$error":"#N/A"},{"$error":"#N/A"},{"$error":"#N/A"},{"$error":"#N/A"},{"$error":"#N/A"},94,null,null,{"$error":"#REF!"},94,{"$f":"IF(ISNA(VLOOKUP($L97,'All Individuals Day 1 (ALL)'!$C$3:$G$131,4,FALSE)+VLOOKUP($L97,#REF!,4,FALSE))=TRUE,\"\",VLOOKUP($L97,'All Individuals Day 1 (ALL)'!$C$3:$G$131,4,FALSE)+VLOOKUP($L97,#REF!,4,FALSE))","v":{"$error":"#REF!"}},{"$f":"IF(ISNA(VLOOKUP($L97,'All Individuals Day 1 (ALL)'!$C$3:$G$131,5,FALSE)+VLOOKUP($L97,#REF!,5,FALSE))=TRUE,\"\",VLOOKUP($L97,'All Individuals Day 1 (ALL)'!$C$3:$G$131,5,FALSE)+VLOOKUP($L97,#REF!,5,FALSE))","v":{"$error":"#REF!"}},{"$f":"IF(ISNA(VLOOKUP($L97,'All Individuals Day 1 (ALL)'!$C$3:$K$131,8,FALSE))=TRUE,\"\",VLOOKUP($L97,'All Individuals Day 1 (ALL)'!$C$3:$K$131,8,FALSE))","v":3},{"$f":"IF(ISNA(VLOOKUP($L97,#REF!,8,FALSE))=TRUE,\"\",VLOOKUP($L97,#REF!,8,FALSE))","v":{"$error":"#REF!"}},{"$error":"#REF!"}]
[{"$f":"VLOOKUP($B98,#REF!,2,FALSE)","v":{"$error":"#N/A"}},{"$error":"#N/A"},{"$error":"#N/A"},{"$error":"#N/A"},{"$error":"#N/A"},{"$error":"#N/A"},{"$error":"#N/A"},95,null,null,{"$error":"#REF!"},95,{"$f":"IF(ISNA(VLOOKUP($L98,'All Individuals Day 1 (ALL)'!$C$3:$G$131,4,FALSE)+VLOOKUP($L98,#REF!,4,FALSE))=TRUE,\"\",VLOOKUP($L98,'All Individuals Day 1 (ALL)'!$C$3:$G$131,4,FALSE)+VLOOKUP($L98,#REF!,4,FALSE))","v":{"$error":"#REF!"}},{"$f":"IF(ISNA(VLOOKUP($L98,'All Individuals Day 1 (ALL)'!$C$3:$G$131,5,FALSE)+VLOOKUP($L98,#REF!,5,FALSE))=TRUE,\"\",VLOOKUP($L98,'All Individuals Day 1 (ALL)'!$C$3:$G$131,5,FALSE)+VLOOKUP($L98,#REF!,5,FALSE))","v":{"$error":"#REF!"}},{"$f":"IF(ISNA(VLOOKUP($L98,'All Individuals Day 1 (ALL)'!$C$3:$K$131,8,FALSE))=TRUE,\"\",VLOOKUP($L98,'All Individuals Day 1 (ALL)'!$C$3:$K$131,8,FALSE))","v":5},{"$f":"IF(ISNA(VLOOKUP($L98,#REF!,8,FALSE))=TRUE,\"\",VLOOKUP($L98,#REF!,8,FALSE))","v":{"$error":"#REF!"}},{"$error":"#REF!"}]
[{"$f":"VLOOKUP($B99,#REF!,2,FALSE)","v":{"$error":"#N/A"}},{"$error":"#N/A"},{"$error":"#N/A"},{"$error":"#N/A"},{"$error":"#N/A"},{"$error":"#N/A"},{"$error":"#N/A"},96,null,null,{"$error":"#REF!"},96,{"$f":"IF(ISNA(VLOOKUP($L99,'All Individuals Day 1 (ALL)'!$C$3:$G$131,4,FALSE)+VLOOKUP($L99,#REF!,4,FALSE))=TRUE,\"\",VLOOKUP($L99,'All Individuals Day 1 (ALL)'!$C$3:$G$131,4,FALSE)+VLOOKUP($L99,#REF!,4,FALSE))","v":{"$error":"#REF!"}},{"$f":"IF(ISNA(VLOOKUP($L99,'All Individuals Day 1 (ALL)'!$C$3:$G$131,5,FALSE)+VLOOKUP($L99,#REF!,5,FALSE))=TRUE,\"\",VLOOKUP($L99,'All Individuals Day 1 (ALL)'!$C$3:$G$131,5,FALSE)+VLOOKUP($L99,#REF!,5,FALSE))","v":{"$error":"#REF!"}},{"$f":"IF(ISNA(VLOOKUP($L99,'All Individuals Day 1 (ALL)'!$C$3:$K$131,8,FALSE))=TRUE,\"\",VLOOKUP($L99,'All Individuals Day 1 (ALL)'!$C$3:$K$131,8,FALSE))","v":4},{"$f":"IF(ISNA(VLOOKUP($L99,#REF!,8,FALSE))=TRUE,\"\",VLOOKUP($L99,#REF!,8,FALSE))","v":{"$error":"#REF!"}},{"$error":"#REF!"}]
[{"$f":"VLOOKUP($B100,#REF!,2,FALSE)","v":{"$error":"#N/A"}},{"$error":"#N/A"},{"$error":"#N/A"},{"$error":"#N/A"},{"$error":"#N/A"},{"$error":"#N/A"},{"$error":"#N/A"},97,null,null,{"$error":"#REF!"},97,{"$f":"IF(ISNA(VLOOKUP($L100,'All Individuals Day 1 (ALL)'!$C$3:$G$131,4,FALSE)+VLOOKUP($L100,#REF!,4,FALSE))=TRUE,\"\",VLOOKUP($L100,'All Individuals Day 1 (ALL)'!$C$3:$G$131,4,FALSE)+VLOOKUP($L100,#REF!,4,FALSE))","v":{"$error":"#REF!"}},{"$f":"IF(ISNA(VLOOKUP($L100,'All Individuals Day 1 (ALL)'!$C$3:$G$131,5,FALSE)+VLOOKUP($L100,#REF!,5,FALSE))=TRUE,\"\",VLOOKUP($L100,'All Individuals Day 1 (ALL)'!$C$3:$G$131,5,FALSE)+VLOOKUP($L100,#REF!,5,FALSE))","v":{"$error":"#REF!"}},{"$f":"IF(ISNA(VLOOKUP($L100,'All Individuals Day 1 (ALL)'!$C$3:$K$131,8,FALSE))=TRUE,\"\",VLOOKUP($L100,'All Individuals Day 1 (ALL)'!$C$3:$K$131,8,FALSE))","v":1},{"$f":"IF(ISNA(VLOOKUP($L100,#REF!,8,FALSE))=TRUE,\"\",VLOOKUP($L100,#REF!,8,FALSE))","v":{"$error":"#REF!"}},{"$f":"IF(OR(M100=\"\",M100=0),NpZ*2,(O100+P100)-N100/100000-M100/1000000)","v":{"$error":"#REF!"}}]
[{"$f":"VLOOKUP($B101,#REF!,2,FALSE)","v":{"$error":"#N/A"}},{"$error":"#N/A"},{"$error":"#N/A"},{"$error":"#N/A"},{"$error":"#N/A"},{"$error":"#N/A"},{"$error":"#N/A"},98,null,null,{"$error":"#REF!"},98,{"$f":"IF(ISNA(VLOOKUP($L101,'All Individuals Day 1 (ALL)'!$C$3:$G$131,4,FALSE)+VLOOKUP($L101,#REF!,4,FALSE))=TRUE,\"\",VLOOKUP($L101,'All Individuals Day 1 (ALL)'!$C$3:$G$131,4,FALSE)+VLOOKUP($L101,#REF!,4,FALSE))","v":{"$error":"#REF!"}},{"$f":"IF(ISNA(VLOOKUP($L101,'All Individuals Day 1 (ALL)'!$C$3:$G$131,5,FALSE)+VLOOKUP($L101,#REF!,5,FALSE))=TRUE,\"\",VLOOKUP($L101,'All Individuals Day 1 (ALL)'!$C$3:$G$131,5,FALSE)+VLOOKUP($L101,#REF!,5,FALSE))","v":{"$error":"#REF!"}},{"$f":"IF(ISNA(VLOOKUP($L101,'All Individuals Day 1 (ALL)'!$C$3:$K$131,8,FALSE))=TRUE,\"\",VLOOKUP($L101,'All Individuals Day 1 (ALL)'!$C$3:$K$131,8,FALSE))","v":2},{"$f":"IF(ISNA(VLOOKUP($L101,#REF!,8,FALSE))=TRUE,\"\",VLOOKUP($L101,#REF!,8,FALSE))","v":{"$error":"#REF!"}},{"$f":"IF(OR(M101=\"\",M101=0),NpZ*2,(O101+P101)-N101/100000-M101/1000000)","v":{"$error":"#REF!"}}]
[{"$f":"VLOOKUP($B102,#REF!,2,FALSE)","v":{"$error":"#N/A"}},{"$error":"#N/A"},{"$error":"#N/A"},{"$error":"#N/A"},{"$error":"#N/A"},{"$error":"#N/A"},{"$error":"#N/A"},99,null,null,{"$error":"#REF!"},99,{"$f":"IF(ISNA(VLOOKUP($L102,'All Individuals Day 1 (ALL)'!$C$3:$G$131,4,FALSE)+VLOOKUP($L102,#REF!,4,FALSE))=TRUE,\"\",VLOOKUP($L102,'All Individuals Day 1 (ALL)'!$C$3:$G$131,4,FALSE)+VLOOKUP($L102,#REF!,4,FALSE))","v":""},{"$f":"IF(ISNA(VLOOKUP($L102,'All Individuals Day 1 (ALL)'!$C$3:$G$131,5,FALSE)+VLOOKUP($L102,#REF!,5,FALSE))=TRUE,\"\",VLOOKUP($L102,'All Individuals Day 1 (ALL)'!$C$3:$G$131,5,FALSE)+VLOOKUP($L102,#REF!,5,FALSE))","v":""},{"$f":"IF(ISNA(VLOOKUP($L102,'All Individuals Day 1 (ALL)'!$C$3:$K$131,8,FALSE))=TRUE,\"\",VLOOKUP($L102,'All Individuals Day 1 (ALL)'!$C$3:$K$131,8,FALSE))","v":""},{"$f":"IF(ISNA(VLOOKUP($L102,#REF!,8,FALSE))=TRUE,\"\",VLOOKUP($L102,#REF!,8,FALSE))","v":{"$error":"#REF!"}},{"$f":"IF(OR(M102=\"\",M102=0),NpZ*2,(O102+P102)-N102/100000-M102/1000000)","v":{"$error":"#REF!"}}]
[{"$f":"VLOOKUP($B103,#REF!,2,FALSE)","v":{"$error":"#N/A"}},{"$error":"#N/A"},{"$error":"#N/A"},{"$error":"#N/A"},{"$error":"#N/A"},{"$error":"#N/A"},{"$error":"#N/A"},100,null,null,{"$error":"#REF!"},100,{"$f":"IF(ISNA(VLOOKUP($L103,'All Individuals Day 1 (ALL)'!$C$3:$G$131,4,FALSE)+VLOOKUP($L103,#REF!,4,FALSE))=TRUE,\"\",VLOOKUP($L103,'All Individuals Day 1 (ALL)'!$C$3:$G$131,4,FALSE)+VLOOKUP($L103,#REF!,4,FALSE))","v":{"$error":"#REF!"}},{"$f":"IF(ISNA(VLOOKUP($L103,'All Individuals Day 1 (ALL)'!$C$3:$G$131,5,FALSE)+VLOOKUP($L103,#REF!,5,FALSE))=TRUE,\"\",VLOOKUP($L103,'All Individuals Day 1 (ALL)'!$C$3:$G$131,5,FALSE)+VLOOKUP($L103,#REF!,5,FALSE))","v":{"$error":"#REF!"}},{"$f":"IF(ISNA(VLOOKUP($L103,'All Individuals Day 1 (ALL)'!$C$3:$K$131,8,FALSE))=TRUE,\"\",VLOOKUP($L103,'All Individuals Day 1 (ALL)'!$C$3:$K$131,8,FALSE))","v":12},{"$f":"IF(ISNA(VLOOKUP($L103,#REF!,8,FALSE))=TRUE,\"\",VLOOKUP($L103,#REF!,8,FALSE))","v":{"$error":"#REF!"}},{"$f":"IF(OR(M103=\"\",M103=0),NpZ*2,(O103+P103)-N103/100000-M103/1000000)","v":{"$error":"#REF!"}}]

{"sheet":"Weight Point Table (qtr oz)","index":39,"n_rows":671,"n_cols":4,"rows_kept":671,"cut":false,"hidden":true,"merged":[]}
["Species","Length","Lookup","Weight Points"]
["b",18,{"$f":"CONCATENATE(A2,B2)","v":"b18"},10]
["b",19,{"$f":"CONCATENATE(A3,B3)","v":"b19"},13]
["b",20,"b20",14]
["b",21,"b21",15]
["b",22,"b22",16]
["b",23,"b23",18]
["b",24,"b24",20]
["b",25,"b25",24]
["b",26,"b26",28]
["b",27,"b27",32]
["b",28,"b28",38]
["b",29,"b29",40]
["b",30,"b30",44]
["b",31,"b31",48]
["b",32,"b32",52]
["b",33,"b33",56]
["b",34,"b34",64]
["b",35,"b35",68]
["b",36,"b36",76]
["b",37,"b37",80]
["b",38,"b38",84]
["b",39,"b39",88]
["b",40,"b40",92]
["b",41,"b41",96]
["b",42,"b42",104]
["b",43,"b43",112]
["b",44,"b44",120]
["c",18,"c18",10]
["c",19,"c19",13]
["c",20,"c20",14]
["c",21,"c21",15]
["c",22,"c22",16]
["c",23,"c23",18]
["c",24,"c24",20]
["c",25,"c25",24]
["c",26,"c26",28]
["c",27,"c27",32]
["c",28,"c28",38]
["c",29,"c29",40]
["c",30,"c30",44]
["c",31,"c31",48]
["c",32,"c32",52]
["c",33,"c33",56]
["c",34,"c34",64]
["c",35,"c35",68]
["c",36,"c36",76]
["c",37,"c37",80]
["c",38,"c38",84]
["c",39,"c39",88]
["c",40,"c40",92]
["c",41,"c41",96]
["c",42,"c42",104]
["c",43,"c43",112]
["c",44,"c44",120]
["p",18,"p18",10]
["p",19,"p19",13]
["p",20,"p20",14]
["p",21,"p21",15]
["p",22,"p22",16]
["p",23,"p23",18]
["p",24,"p24",20]
["p",25,"p25",24]
["p",26,"p26",28]
["p",27,"p27",32]
["p",28,"p28",38]
["p",29,{"$f":"CONCATENATE(A67,B67)","v":"p29"},40]
["p",30,"p30",44]
["p",31,"p31",48]
["p",32,"p32",52]
["p",33,"p33",56]
["p",34,"p34",64]
["p",35,"p35",68]
["p",36,"p36",76]
["p",37,"p37",80]
["p",38,"p38",84]
["p",39,"p39",88]
["p",40,"p40",92]
["p",41,"p41",96]
["p",42,"p42",104]
["p",43,"p43",112]
["p",44,"p44",120]
["g",18,"g18",10]
["g",19,"g19",13]
["g",20,"g20",14]
["g",21,"g21",15]
["g",22,"g22",16]
["g",23,"g23",18]
["g",24,"g24",20]
["g",25,"g25",24]
["g",26,"g26",28]
["g",27,"g27",32]
["g",28,"g28",38]
["g",29,"g29",40]
["g",30,"g30",44]
["g",31,"g31",48]
["g",32,"g32",52]
["g",33,"g33",56]
["g",34,"g34",64]
["g",35,"g35",68]
["g",36,"g36",76]
["g",37,"g37",80]
["g",38,"g38",84]
["g",39,"g39",88]
["g",40,"g40",92]
["g",41,"g41",96]
["g",42,"g42",104]
["g",43,"g43",112]
["g",44,"g44",120]
["m",18,"m18",10]
["m",19,"m19",13]
["m",20,"m20",14]
["m",21,"m21",15]
["m",22,"m22",16]
["m",23,"m23",18]
["m",24,"m24",20]
["m",25,"m25",24]
["m",26,"m26",28]
["m",27,"m27",32]
["m",28,"m28",38]
["m",29,"m29",40]
["m",30,"m30",44]
["m",31,"m31",48]
["m",32,"m32",52]
["m",33,"m33",56]
["m",34,"m34",64]
["m",35,"m35",68]
["m",36,"m36",76]
["m",37,"m37",80]
["m",38,"m38",84]
["m",39,{"$f":"CONCATENATE(A131,B131)","v":"m39"},88]
["m",40,"m40",92]
["m",41,"m41",96]
["m",42,"m42",104]
["m",43,"m43",112]
["m",44,"m44",120]
["sc",18,"sc18",10]
["sc",19,"sc19",13]
["sc",20,"sc20",14]
["sc",21,"sc21",15]
["sc",22,"sc22",16]
["sc",23,"sc23",18]
["sc",24,"sc24",20]
["sc",25,"sc25",24]
["sc",26,"sc26",28]
["sc",27,"sc27",32]
["sc",28,"sc28",38]
["sc",29,"sc29",40]
["sc",30,"sc30",44]
["sc",31,"sc31",48]
["sc",32,"sc32",52]
["sc",33,"sc33",56]
["sc",34,"sc34",64]
["sc",35,"sc35",68]
["sc",36,"sc36",76]
["sc",37,"sc37",80]
["sc",38,"sc38",84]
["sc",39,"sc39",88]
["sc",40,"sc40",92]
["sc",41,"sc41",96]
["sc",42,"sc42",104]
["sc",43,"sc43",112]
["sc",44,"sc44",120]
["db",18,"db18",8]
["db",19,"db19",10]
["db",20,"db20",11]
["db",21,"db21",12]
["db",22,"db22",14]
["db",23,"db23",16]
["db",24,"db24",18]
["db",25,"db25",20]
["db",26,"db26",24]
["db",27,"db27",28]
["db",28,"db28",32]
["db",29,"db29",40]
["db",30,"db30",48]
["db",31,"db31",56]
["db",32,"db32",60]
["db",33,"db33",64]
["db",34,"db34",68]
["db",35,"db35",72]
["db",36,"db36",76]
["db",37,"db37",80]
["db",38,"db38",88]
["db",39,"db39",96]
["db",40,"db40",104]
["db",41,"db41",112]
["db",42,"db42",124]
["db",43,"db43",136]
["db",44,"db44",148]
["f",18,"f18",8]
["f",19,"f19",10]
["f",20,"f20",11]
["f",21,"f21",12]
["f",22,{"$f":"CONCATENATE(A195,B195)","v":"f22"},14]
["f",23,"f23",16]
["f",24,"f24",18]
["f",25,"f25",20]
["f",26,"f26",24]
["f",27,"f27",28]
["f",28,"f28",32]
["f",29,"f29",40]
["f",30,"f30",48]
["f",31,"f31",56]
["f",32,"f32",60]
["f",33,"f33",64]
["f",34,"f34",68]
["f",35,"f35",72]
["f",36,"f36",76]
["f",37,"f37",80]
["f",38,"f38",88]
["f",39,"f39",96]
["f",40,"f40",104]
["f",41,"f41",112]
["f",42,"f42",124]
["f",43,"f43",136]
["f",44,"f44",148]
["s",18,"s18",8]
["s",19,"s19",10]
["s",20,"s20",11]
["s",21,"s21",12]
["s",22,"s22",14]
["s",23,"s23",16]
["s",24,"s24",18]
["s",25,"s25",20]
["s",26,"s26",24]
["s",27,"s27",28]
["s",28,"s28",32]
["s",29,"s29",40]
["s",30,"s30",48]
["s",31,"s31",56]
["s",32,"s32",60]
["s",33,"s33",64]
["s",34,"s34",68]
["s",35,"s35",72]
["s",36,"s36",76]
["s",37,"s37",80]
["s",38,"s38",88]
["s",39,"s39",96]
["s",40,"s40",104]
["s",41,"s41",112]
["s",42,"s42",124]
["s",43,"s43",136]
["s",44,"s44",148]
["p",18,"p18",8]
["p",19,"p19",10]
["p",20,"p20",11]
["p",21,"p21",12]
["p",22,"p22",14]
["p",23,"p23",16]
["p",24,"p24",18]
["p",25,"p25",20]
["p",26,"p26",24]
["p",27,"p27",28]
["p",28,"p28",32]
["p",29,"p29",40]
["p",30,"p30",48]
["p",31,"p31",56]
["p",32,{"$f":"CONCATENATE(A259,B259)","v":"p32"},60]
["p",33,"p33",64]
["p",34,"p34",68]
["p",35,"p35",72]
["p",36,"p36",76]
["p",37,"p37",80]
["p",38,"p38",88]
["p",39,"p39",96]
["p",40,"p40",104]
["p",41,"p41",112]
["p",42,"p42",124]
["p",43,"p43",136]
["p",44,"p44",148]
["r",18,"r18",8]
["r",19,"r19",10]
["r",20,"r20",11]
["r",21,"r21",12]
["r",22,"r22",14]
["r",23,"r23",16]
["r",24,"r24",18]
["r",25,"r25",20]
["r",26,"r26",24]
["r",27,"r27",28]
["r",28,"r28",32]
["r",29,"r29",40]
["r",30,"r30",48]
["r",31,"r31",56]
["r",32,"r32",60]
["r",33,"r33",64]
["r",34,"r34",68]
["r",35,"r35",72]
["r",36,"r36",76]
["r",37,"r37",80]
["r",38,"r38",88]
["r",39,"r39",96]
["r",40,"r40",104]
["r",41,"r41",112]
["r",42,"r42",124]
["r",43,"r43",136]
["r",44,"r44",148]
["ro",18,"ro18",8]
["ro",19,"ro19",10]
["ro",20,"ro20",11]
["ro",21,"ro21",12]
["ro",22,"ro22",13]
["ro",23,"ro23",14]
["ro",24,"ro24",15]
["ro",25,"ro25",16]
["ro",26,"ro26",18]
["ro",27,"ro27",20]
["ro",28,"ro28",24]
["ro",29,"ro29",28]
["ro",30,"ro30",32]
["ro",31,"ro31",36]
["ro",32,"ro32",40]
["ro",33,"ro33",44]
["ro",34,"ro34",48]
["ro",35,"ro35",52]
["ro",36,"ro36",54]
["ro",37,"ro37",56]
["ro",38,"ro38",64]
["ro",39,"ro39",68]
["ro",40,"ro40",72]
["ro",41,"ro41",76]
["ro",42,{"$f":"CONCATENATE(A323,B323)","v":"ro42"},80]
["ro",43,"ro43",84]
["ro",44,"ro44",88]
["w",18,"w18",8]
["w",19,"w19",10]
["w",20,"w20",11]
["w",21,"w21",12]
["w",22,"w22",13]
["w",23,"w23",14]
["w",24,"w24",15]
["w",25,"w25",16]
["w",26,"w26",18]
["w",27,"w27",20]
["w",28,"w28",24]
["w",29,"w29",28]
["w",30,"w30",32]
["w",31,"w31",36]
["w",32,"w32",40]
["w",33,"w33",44]
["w",34,"w34",48]
["w",35,"w35",52]
["w",36,"w36",54]
["w",37,"w37",56]
["w",38,"w38",64]
["w",39,"w39",68]
["w",40,"w40",72]
["w",41,"w41",76]
["w",42,"w42",80]
["w",43,"w43",84]
["w",44,"w44",88]
["u",18,"u18",8]
["u",19,"u19",10]
["u",20,"u20",11]
["u",21,"u21",12]
["u",22,"u22",13]
["u",23,"u23",14]
["u",24,"u24",15]
["u",25,"u25",16]
["u",26,"u26",18]
["u",27,"u27",20]
["u",28,"u28",24]
["u",29,"u29",28]
["u",30,"u30",32]
["u",31,"u31",36]
["u",32,"u32",40]
["u",33,"u33",44]
["u",34,"u34",48]
["u",35,"u35",52]
["u",36,"u36",54]
["u",37,"u37",56]
["u",38,"u38",64]
["u",39,"u39",68]
["u",40,"u40",72]
["u",41,"u41",76]
["u",42,"u42",80]
["u",43,"u43",84]
["u",44,"u44",88]
["co",18,"co18",8]
["co",19,"co19",10]
["co",20,"co20",11]
["co",21,"co21",12]
["co",22,"co22",13]
["co",23,"co23",14]
["co",24,"co24",15]
["co",25,{"$f":"CONCATENATE(A387,B387)","v":"co25"},16]
["co",26,"co26",18]
["co",27,"co27",20]
["co",28,"co28",24]
["co",29,"co29",28]
["co",30,"co30",32]
["co",31,"co31",36]
["co",32,"co32",40]
["co",33,"co33",44]
["co",34,"co34",48]
["co",35,"co35",52]
["co",36,"co36",54]
["co",37,"co37",56]
["co",38,"co38",64]
["co",39,"co39",68]
["co",40,"co40",72]
["co",41,"co41",76]
["co",42,"co42",80]
["co",43,"co43",84]
["co",44,"co44",88]
["pc",18,"pc18",8]
["pc",19,"pc19",10]
["pc",20,"pc20",11]
["pc",21,"pc21",12]
["pc",22,"pc22",13]
["pc",23,"pc23",14]
["pc",24,"pc24",15]
["pc",25,"pc25",16]
["pc",26,"pc26",18]
["pc",27,"pc27",20]
["pc",28,"pc28",24]
["pc",29,"pc29",28]
["pc",30,"pc30",32]
["pc",31,"pc31",36]
["pc",32,"pc32",40]
["pc",33,"pc33",44]
["pc",34,"pc34",48]
["pc",35,"pc35",52]
["pc",36,"pc36",54]
["pc",37,"pc37",56]
["pc",38,"pc38",64]
["pc",39,"pc39",68]
["pc",40,"pc40",72]
["pc",41,"pc41",76]
["pc",42,"pc42",80]
["pc",43,"pc43",84]
["pc",44,"pc44",88]
["po",18,"po18",8]
["po",19,"po19",10]
["po",20,"po20",11]
["po",21,"po21",12]
["po",22,"po22",13]
["po",23,"po23",14]
["po",24,"po24",15]
["po",25,"po25",16]
["po",26,"po26",18]
["po",27,"po27",20]
["po",28,"po28",24]
["po",29,"po29",28]
["po",30,"po30",32]
["po",31,"po31",36]
["po",32,"po32",40]
["po",33,"po33",44]
["po",34,"po34",48]
["po",35,{"$f":"CONCATENATE(A451,B451)","v":"po35"},52]
["po",36,"po36",54]
["po",37,"po37",56]
["po",38,"po38",64]
["po",39,"po39",68]
["po",40,"po40",72]
["po",41,"po41",76]
["po",42,"po42",80]
["po",43,"po43",84]
["po",44,"po44",88]
["b",18,"b18",10]
["b",19,"b19",12]
["b",20,"b20",15]
["b",21,"b21",18]
["b",22,"b22",20]
["b",23,"b23",24]
["b",24,"b24",28]
["b",25,"b25",32]
["b",26,"b26",36]
["b",27,"b27",44]
["b",28,"b28",48]
["b",29,"b29",56]
["b",30,"b30",64]
["b",31,"b31",68]
["b",32,"b32",72]
["b",33,"b33",84]
["b",34,"b34",96]
["b",35,"b35",104]
["b",36,"b36",112]
["b",37,"b37",120]
["b",38,"b38",128]
["b",39,"b39",136]
["b",40,"b40",144]
["b",41,"b41",152]
["b",42,"b42",160]
["b",43,"b43",164]
["b",44,"b44",168]
["w",18,"w18",10]
["w",19,"w19",12]
["w",20,"w20",15]
["w",21,"w21",18]
["w",22,"w22",20]
["w",23,"w23",24]
["w",24,"w24",28]
["w",25,"w25",32]
["w",26,"w26",36]
["w",27,"w27",44]
["w",28,"w28",48]
["w",29,"w29",56]
["w",30,"w30",64]
["w",31,"w31",68]
["w",32,"w32",72]
["w",33,"w33",84]
["w",34,"w34",96]
["w",35,"w35",104]
["w",36,"w36",112]
["w",37,"w37",120]
["w",38,"w38",128]
["w",39,"w39",136]
["w",40,"w40",144]
["w",41,"w41",152]
["w",42,"w42",160]
["w",43,"w43",164]
["w",44,"w44",168]
["sh",18,{"$f":"CONCATENATE(A515,B515)","v":"sh18"},32]
["sh",19,"sh19",32]
["sh",20,"sh20",32]
["sh",21,"sh21",32]
["sh",22,"sh22",32]
["sh",23,"sh23",32]
["sh",24,{"$f":"CONCATENATE(A521,B521)","v":"sh24"},32]
["sh",25,"sh25",32]
["sh",26,"sh26",32]
["sh",27,"sh27",32]
["sh",28,"sh28",32]
["sh",29,"sh29",32]
["sh",30,"sh30",32]
["sh",31,"sh31",56]
["sh",32,"sh32",56]
["sh",33,{"$f":"CONCATENATE(A530,B530)","v":"sh33"},56]
["sh",34,"sh34",56]
["sh",35,"sh35",56]
["sh",36,"sh36",56]
["sh",37,"sh37",56]
["sh",38,"sh38",56]
["sh",39,"sh39",56]
["sh",40,"sh40",56]
["sh",41,"sh41",56]
["sh",42,"sh42",56]
["sh",43,"sh43",56]
["sh",44,"sh44",56]
["sh",45,"sh45",56]
["sh",46,"sh46",56]
["sh",47,"sh47",56]
["sh",48,"sh48",56]
["sh",49,{"$f":"CONCATENATE(A546,B546)","v":"sh49"},56]
["sh",50,"sh50",56]
["sh",51,"sh51",84]
["sh",52,"sh52",84]
["sh",53,{"$f":"CONCATENATE(A550,B550)","v":"sh53"},84]
["sh",54,{"$f":"CONCATENATE(A551,B551)","v":"sh54"},84]
["sh",55,{"$f":"CONCATENATE(A552,B552)","v":"sh55"},84]
["sh",56,"sh56",120]
["sh",57,"sh57",120]
["sh",58,"sh58",120]
["sh",59,"sh59",120]
["sh",60,"sh60",120]
["sh",61,{"$f":"CONCATENATE(A558,B558)","v":"sh61"},160]
["sh",62,{"$f":"CONCATENATE(A559,B559)","v":"sh62"},160]
["sh",63,{"$f":"CONCATENATE(A560,B560)","v":"sh63"},160]
["sh",64,"sh64",160]
["sh",65,"sh65",160]
["sh",66,"sh66",160]
["sh",67,"sh67",160]
["sh",68,"sh68",160]
["sh",69,"sh69",160]
["sh",70,"sh70",160]
["sh",71,"sh71",236]
["sh",72,"sh72",236]
["sh",73,{"$f":"CONCATENATE(A570,B570)","v":"sh73"},236]
["sh",74,"sh74",236]
["sh",75,"sh75",236]
["sh",76,"sh76",236]
["sh",77,"sh77",236]
["sh",78,"sh78",236]
["sh",79,"sh79",236]
["sh",80,"sh80",236]
["sh",81,"sh81",332]
["sh",82,"sh82",332]
["sh",83,"sh83",332]
["sh",84,"sh84",332]
["sh",85,"sh85",332]
["sh",86,"sh86",332]
["sh",87,"sh87",332]
["sh",88,"sh88",332]
["sh",89,"sh89",332]
["sh",90,"sh90",332]
["d",18,"d18",56]
["d",19,"d19",56]
["d",20,"d20",56]
["d",21,"d21",56]
["d",22,"d22",56]
["d",23,"d23",56]
["d",24,{"$f":"CONCATENATE(A594,B594)","v":"d24"},56]
["d",25,"d25",56]
["d",26,"d26",56]
["d",27,"d27",56]
["d",28,"d28",56]
["d",29,"d29",56]
["d",30,"d30",56]
["d",31,"d31",56]
["d",32,"d32",56]
["d",33,"d33",56]
["d",34,"d34",56]
["d",35,"d35",56]
["d",36,"d36",56]
["d",37,"d37",56]
["d",38,"d38",80]
["d",39,{"$f":"CONCATENATE(A609,B609)","v":"d39"},80]
["d",40,"d40",80]
["d",41,"d41",80]
["d",42,"d42",80]
["d",43,"d43",80]
["d",44,"d44",80]
["d",45,"d45",96]
["d",46,{"$f":"CONCATENATE(A616,B616)","v":"d46"},96]
["d",47,"d47",96]
["d",48,"d48",96]
["d",49,"d49",96]
["d",50,"d50",96]
["d",51,"d51",112]
["d",52,"d52",112]
["d",53,"d53",112]
["d",54,"d54",112]
["d",55,"d55",112]
["d",56,"d56",124]
["d",57,"d57",124]
["d",58,"d58",124]
["d",59,"d59",124]
["d",60,"d60",124]
["d",61,"d61",124]
["d",62,"d62",124]
["d",63,"d63",124]
["d",64,"d64",124]
["d",65,"d65",124]
["d",66,{"$f":"CONCATENATE(A636,B636)","v":"d66"},124]
["d",67,"d67",124]
["d",68,"d68",124]
["d",69,"d69",124]
["d",70,"d70",124]
["d",71,"d71",124]
["d",72,"d72",124]
["d",73,"d73",124]
["d",74,"d74",124]
["d",75,"d75",124]
["d",76,"d76",124]
["d",77,"d77",124]
["d",78,"d78",124]
["d",79,"d79",124]
["d",80,{"$f":"CONCATENATE(A650,B650)","v":"d80"},124]
["d",81,"d81",124]
["d",82,"d82",124]
["d",83,"d83",124]
["d",84,"d84",124]
["d",85,"d85",124]
["d",86,"d86",124]
["d",87,"d87",124]
["d",88,"d88",124]
["d",89,"d89",124]
["d",90,"d90",124]
["d",91,"d91",124]
["d",92,"d92",124]
["d",93,"d93",124]
["d",94,"d94",124]
["d",95,"d95",124]
["d",96,"d96",124]
["d",97,"d97",124]
["d",98,"d98",124]
["d",99,"d99",124]
["d",100,"d100",124]
["g",null,{"$f":"CONCATENATE(A671,B671)","v":"g"},32]