{"text_format":"1","workbook":"xlsx","n_sheets":35,"sheets":["Auto Team results","Final team results","Bass Festival ","Ladies Champs","Juniors","Shannock Quads","Mystery Pairs","Heaviest Bass","Heaviest Catch","Day 1 Zones-All","Day 2 Zones-All","Day 1 Zones-Bass Fest","Day 2 Zones-Bast Fest","Day 1 Zones-Pools","Day 2 Zones-Pools","Day 1-All","Day 2-All","Day 1-All Fish","Day 2-All Fish","Day 1-All Bass","Day 2-All Bass","Day 1-All Flattie","Day 2-All Flattie","Day 1-Ladies","Day 2-Ladies","Day 1-Juniors","Day 2-Juniors","Day 1-Shannock Quads","Day 2-Shannock Quads","Day 1-Heaviest Bass","Day 2-Heaviest Bass","Day 1-Heaviest Flattie","Day 2-Heaviest Flattie","Final Individual results","Weight Point Table (qtr oz)"],"not_rendered":{"charts":0,"images":0,"macros":1,"external_links":9,"defined_names":142,"comments":0,"pivot_tables":0},"unopened":[],"bounds":{"document_bytes":16777216,"sheet_cells":100000,"rows_first":2000,"rows_last":500,"rows_between":2000,"halvings":0,"cell_chars":16384,"cell_head_chars":4096},"cells_cut":0,"cells_raw":0,"read":"whole","date_system":"1900"}

{"sheet":"Auto Team results","index":0,"n_rows":109,"n_cols":14,"rows_kept":109,"cut":false,"hidden":true,"merged":[[76,5,77,5],[76,4,77,4],[72,4,72,5],[74,4,74,5],[76,0,77,0],[76,1,77,1],[76,2,77,2],[76,3,77,3],[71,2,71,3],[38,13,39,13],[1,0,2,0],[1,1,2,1],[1,12,2,12],[1,13,2,13],[36,2,36,3],[38,0,39,0],[38,1,39,1],[38,12,39,12],[36,4,36,5],[74,8,74,9],[74,10,74,11],[36,6,36,7],[36,8,36,9],[74,6,74,7],[71,6,71,7],[71,8,71,9],[71,10,71,11]]}
["SAMF 2006 National Sea League Final  -  Day 1"]
["Team Name","Team No. ","Zone A",null,"Zone B",null,"Zone C",null,"Zone D",null,"Zone E",null,"Day 1 Points","Day 1 Position"]
[null,null,"Peg","Points & Position","Peg","Points & Position","Peg","Points & Position","Peg","Points & Position","Peg","Points & Position"]
[{"$f":"IF(ISNA(VLOOKUP(B4,#REF!,3,FALSE))=TRUE,\"\",VLOOKUP(B4,#REF!,3,FALSE))","v":{"$error":"#REF!"}},12,{"$f":"B4","v":12},{"$f":"IF(C4=\"\",\"\",VLOOKUP(C4,#REF!,7,FALSE))","v":{"$error":"#REF!"}},{"$f":"IF(C4=\"\",\"\",IF((C4+NpZ+ZP)>2*NpZ,(((C4+NpZ+ZP)-2*NpZ)+NpZ),(C4+NpZ+ZP)))","v":{"$error":"#REF!"}},{"$f":"IF(E4=\"\",\"\",VLOOKUP(E4,#REF!,7,FALSE))","v":{"$error":"#REF!"}},{"$f":"IF(E4=\"\",\"\",IF((E4+NpZ+ZP)>3*NpZ,(((E4+NpZ+ZP)-2*NpZ)+NpZ),(E4+NpZ+ZP)))","v":{"$error":"#REF!"}},{"$f":"IF(G4=\"\",\"\",VLOOKUP(G4,#REF!,7,FALSE))","v":{"$error":"#REF!"}},{"$f":"IF(G4=\"\",\"\",IF((G4+NpZ+ZP)>4*NpZ,(((G4+NpZ+ZP)-2*NpZ)+NpZ),(G4+NpZ+ZP)))","v":{"$error":"#REF!"}},{"$f":"IF(I4=\"\",\"\",VLOOKUP(I4,#REF!,7,FALSE))","v":{"$error":"#REF!"}},{"$f":"IF(I4=\"\",\"\",IF((I4+NpZ+ZP)>5*NpZ,(((I4+NpZ+ZP)-2*NpZ)+NpZ),(I4+NpZ+ZP)))","v":{"$error":"#REF!"}},{"$f":"IF(K4=\"\",\"\",VLOOKUP(K4,#REF!,7,FALSE))","v":{"$error":"#REF!"}},{"$f":"IF(B4=\"\",\"\",(D4+F4+H4+J4+L4))","v":{"$error":"#REF!"}},{"$f":"IF(M4=\"\",\"\",IF(M4=M3,N3,ROW()-3))","v":{"$error":"#REF!"}}]
[{"$f":"IF(ISNA(VLOOKUP(B5,#REF!,3,FALSE))=TRUE,\"\",VLOOKUP(B5,#REF!,3,FALSE))","v":{"$error":"#REF!"}},10,10,{"$f":"IF(C5=\"\",\"\",VLOOKUP(C5,#REF!,7,FALSE))","v":{"$error":"#REF!"}},{"$error":"#REF!"},{"$f":"IF(E5=\"\",\"\",VLOOKUP(E5,#REF!,7,FALSE))","v":{"$error":"#REF!"}},{"$error":"#REF!"},{"$f":"IF(G5=\"\",\"\",VLOOKUP(G5,#REF!,7,FALSE))","v":{"$error":"#REF!"}},{"$error":"#REF!"},{"$f":"IF(I5=\"\",\"\",VLOOKUP(I5,#REF!,7,FALSE))","v":{"$error":"#REF!"}},{"$error":"#REF!"},{"$f":"IF(K5=\"\",\"\",VLOOKUP(K5,#REF!,7,FALSE))","v":{"$error":"#REF!"}},{"$error":"#REF!"},{"$error":"#REF!"}]
[{"$f":"IF(ISNA(VLOOKUP(B6,#REF!,3,FALSE))=TRUE,\"\",VLOOKUP(B6,#REF!,3,FALSE))","v":{"$error":"#REF!"}},9,9,{"$f":"IF(C6=\"\",\"\",VLOOKUP(C6,#REF!,7,FALSE))","v":{"$error":"#REF!"}},{"$error":"#REF!"},{"$f":"IF(E6=\"\",\"\",VLOOKUP(E6,#REF!,7,FALSE))","v":{"$error":"#REF!"}},{"$error":"#REF!"},{"$f":"IF(G6=\"\",\"\",VLOOKUP(G6,#REF!,7,FALSE))","v":{"$error":"#REF!"}},{"$error":"#REF!"},{"$f":"IF(I6=\"\",\"\",VLOOKUP(I6,#REF!,7,FALSE))","v":{"$error":"#REF!"}},{"$error":"#REF!"},{"$f":"IF(K6=\"\",\"\",VLOOKUP(K6,#REF!,7,FALSE))","v":{"$error":"#REF!"}},{"$error":"#REF!"},{"$error":"#REF!"}]
[{"$f":"IF(ISNA(VLOOKUP(B7,#REF!,3,FALSE))=TRUE,\"\",VLOOKUP(B7,#REF!,3,FALSE))","v":{"$error":"#REF!"}},26,26,{"$f":"IF(C7=\"\",\"\",VLOOKUP(C7,#REF!,7,FALSE))","v":{"$error":"#REF!"}},{"$error":"#REF!"},{"$f":"IF(E7=\"\",\"\",VLOOKUP(E7,#REF!,7,FALSE))","v":{"$error":"#REF!"}},{"$error":"#REF!"},{"$f":"IF(G7=\"\",\"\",VLOOKUP(G7,#REF!,7,FALSE))","v":{"$error":"#REF!"}},{"$error":"#REF!"},{"$f":"IF(I7=\"\",\"\",VLOOKUP(I7,#REF!,7,FALSE))","v":{"$error":"#REF!"}},{"$error":"#REF!"},{"$f":"IF(K7=\"\",\"\",VLOOKUP(K7,#REF!,7,FALSE))","v":{"$error":"#REF!"}},{"$error":"#REF!"},{"$error":"#REF!"}]
[{"$f":"IF(ISNA(VLOOKUP(B8,#REF!,3,FALSE))=TRUE,\"\",VLOOKUP(B8,#REF!,3,FALSE))","v":{"$error":"#REF!"}},4,4,{"$f":"IF(C8=\"\",\"\",VLOOKUP(C8,#REF!,7,FALSE))","v":{"$error":"#REF!"}},{"$error":"#REF!"},{"$f":"IF(E8=\"\",\"\",VLOOKUP(E8,#REF!,7,FALSE))","v":{"$error":"#REF!"}},{"$error":"#REF!"},{"$f":"IF(G8=\"\",\"\",VLOOKUP(G8,#REF!,7,FALSE))","v":{"$error":"#REF!"}},{"$error":"#REF!"},{"$f":"IF(I8=\"\",\"\",VLOOKUP(I8,#REF!,7,FALSE))","v":{"$error":"#REF!"}},{"$error":"#REF!"},{"$f":"IF(K8=\"\",\"\",VLOOKUP(K8,#REF!,7,FALSE))","v":{"$error":"#REF!"}},{"$error":"#REF!"},{"$error":"#REF!"}]
[{"$f":"IF(ISNA(VLOOKUP(B9,#REF!,3,FALSE))=TRUE,\"\",VLOOKUP(B9,#REF!,3,FALSE))","v":{"$error":"#REF!"}},11,11,{"$f":"IF(C9=\"\",\"\",VLOOKUP(C9,#REF!,7,FALSE))","v":{"$error":"#REF!"}},{"$error":"#REF!"},{"$f":"IF(E9=\"\",\"\",VLOOKUP(E9,#REF!,7,FALSE))","v":{"$error":"#REF!"}},{"$error":"#REF!"},{"$f":"IF(G9=\"\",\"\",VLOOKUP(G9,#REF!,7,FALSE))","v":{"$error":"#REF!"}},{"$error":"#REF!"},{"$f":"IF(I9=\"\",\"\",VLOOKUP(I9,#REF!,7,FALSE))","v":{"$error":"#REF!"}},{"$error":"#REF!"},{"$f":"IF(K9=\"\",\"\",VLOOKUP(K9,#REF!,7,FALSE))","v":{"$error":"#REF!"}},{"$error":"#REF!"},{"$error":"#REF!"}]
[{"$f":"IF(ISNA(VLOOKUP(B10,#REF!,3,FALSE))=TRUE,\"\",VLOOKUP(B10,#REF!,3,FALSE))","v":{"$error":"#REF!"}},22,22,{"$f":"IF(C10=\"\",\"\",VLOOKUP(C10,#REF!,7,FALSE))","v":{"$error":"#REF!"}},{"$error":"#REF!"},{"$f":"IF(E10=\"\",\"\",VLOOKUP(E10,#REF!,7,FALSE))","v":{"$error":"#REF!"}},{"$error":"#REF!"},{"$f":"IF(G10=\"\",\"\",VLOOKUP(G10,#REF!,7,FALSE))","v":{"$error":"#REF!"}},{"$error":"#REF!"},{"$f":"IF(I10=\"\",\"\",VLOOKUP(I10,#REF!,7,FALSE))","v":{"$error":"#REF!"}},{"$error":"#REF!"},{"$f":"IF(K10=\"\",\"\",VLOOKUP(K10,#REF!,7,FALSE))","v":{"$error":"#REF!"}},{"$error":"#REF!"},{"$error":"#REF!"}]
[{"$f":"IF(ISNA(VLOOKUP(B11,#REF!,3,FALSE))=TRUE,\"\",VLOOKUP(B11,#REF!,3,FALSE))","v":{"$error":"#REF!"}},20,20,{"$f":"IF(C11=\"\",\"\",VLOOKUP(C11,#REF!,7,FALSE))","v":{"$error":"#REF!"}},{"$error":"#REF!"},{"$f":"IF(E11=\"\",\"\",VLOOKUP(E11,#REF!,7,FALSE))","v":{"$error":"#REF!"}},{"$error":"#REF!"},{"$f":"IF(G11=\"\",\"\",VLOOKUP(G11,#REF!,7,FALSE))","v":{"$error":"#REF!"}},{"$error":"#REF!"},{"$f":"IF(I11=\"\",\"\",VLOOKUP(I11,#REF!,7,FALSE))","v":{"$error":"#REF!"}},{"$error":"#REF!"},{"$f":"IF(K11=\"\",\"\",VLOOKUP(K11,#REF!,7,FALSE))","v":{"$error":"#REF!"}},{"$error":"#REF!"},{"$error":"#REF!"}]
[{"$f":"IF(ISNA(VLOOKUP(B12,#REF!,3,FALSE))=TRUE,\"\",VLOOKUP(B12,#REF!,3,FALSE))","v":{"$error":"#REF!"}},21,21,{"$f":"IF(C12=\"\",\"\",VLOOKUP(C12,#REF!,7,FALSE))","v":{"$error":"#REF!"}},{"$error":"#REF!"},{"$f":"IF(E12=\"\",\"\",VLOOKUP(E12,#REF!,7,FALSE))","v":{"$error":"#REF!"}},{"$error":"#REF!"},{"$f":"IF(G12=\"\",\"\",VLOOKUP(G12,#REF!,7,FALSE))","v":{"$error":"#REF!"}},{"$error":"#REF!"},{"$f":"IF(I12=\"\",\"\",VLOOKUP(I12,#REF!,7,FALSE))","v":{"$error":"#REF!"}},{"$error":"#REF!"},{"$f":"IF(K12=\"\",\"\",VLOOKUP(K12,#REF!,7,FALSE))","v":{"$error":"#REF!"}},{"$error":"#REF!"},{"$error":"#REF!"}]
[{"$f":"IF(ISNA(VLOOKUP(B13,#REF!,3,FALSE))=TRUE,\"\",VLOOKUP(B13,#REF!,3,FALSE))","v":{"$error":"#REF!"}},27,27,{"$f":"IF(C13=\"\",\"\",VLOOKUP(C13,#REF!,7,FALSE))","v":{"$error":"#REF!"}},{"$error":"#REF!"},{"$f":"IF(E13=\"\",\"\",VLOOKUP(E13,#REF!,7,FALSE))","v":{"$error":"#REF!"}},{"$error":"#REF!"},{"$f":"IF(G13=\"\",\"\",VLOOKUP(G13,#REF!,7,FALSE))","v":{"$error":"#REF!"}},{"$error":"#REF!"},{"$f":"IF(I13=\"\",\"\",VLOOKUP(I13,#REF!,7,FALSE))","v":{"$error":"#REF!"}},{"$error":"#REF!"},{"$f":"IF(K13=\"\",\"\",VLOOKUP(K13,#REF!,7,FALSE))","v":{"$error":"#REF!"}},{"$error":"#REF!"},{"$error":"#REF!"}]
[{"$f":"IF(ISNA(VLOOKUP(B14,#REF!,3,FALSE))=TRUE,\"\",VLOOKUP(B14,#REF!,3,FALSE))","v":{"$error":"#REF!"}},28,28,{"$f":"IF(C14=\"\",\"\",VLOOKUP(C14,#REF!,7,FALSE))","v":{"$error":"#REF!"}},{"$error":"#REF!"},{"$f":"IF(E14=\"\",\"\",VLOOKUP(E14,#REF!,7,FALSE))","v":{"$error":"#REF!"}},{"$error":"#REF!"},{"$f":"IF(G14=\"\",\"\",VLOOKUP(G14,#REF!,7,FALSE))","v":{"$error":"#REF!"}},{"$error":"#REF!"},{"$f":"IF(I14=\"\",\"\",VLOOKUP(I14,#REF!,7,FALSE))","v":{"$error":"#REF!"}},{"$error":"#REF!"},{"$f":"IF(K14=\"\",\"\",VLOOKUP(K14,#REF!,7,FALSE))","v":{"$error":"#REF!"}},{"$error":"#REF!"},{"$error":"#REF!"}]
[{"$f":"IF(ISNA(VLOOKUP(B15,#REF!,3,FALSE))=TRUE,\"\",VLOOKUP(B15,#REF!,3,FALSE))","v":{"$error":"#REF!"}},30,{"$f":"B15","v":30},{"$f":"IF(C15=\"\",\"\",VLOOKUP(C15,#REF!,7,FALSE))","v":{"$error":"#REF!"}},{"$error":"#REF!"},{"$f":"IF(E15=\"\",\"\",VLOOKUP(E15,#REF!,7,FALSE))","v":{"$error":"#REF!"}},{"$error":"#REF!"},{"$f":"IF(G15=\"\",\"\",VLOOKUP(G15,#REF!,7,FALSE))","v":{"$error":"#REF!"}},{"$error":"#REF!"},{"$f":"IF(I15=\"\",\"\",VLOOKUP(I15,#REF!,7,FALSE))","v":{"$error":"#REF!"}},{"$error":"#REF!"},{"$f":"IF(K15=\"\",\"\",VLOOKUP(K15,#REF!,7,FALSE))","v":{"$error":"#REF!"}},{"$error":"#REF!"},{"$f":"IF(M15=\"\",\"\",IF(M15=M14,N14,ROW()-3))","v":{"$error":"#REF!"}}]
[{"$f":"IF(ISNA(VLOOKUP(B16,#REF!,3,FALSE))=TRUE,\"\",VLOOKUP(B16,#REF!,3,FALSE))","v":{"$error":"#REF!"}},25,25,{"$f":"IF(C16=\"\",\"\",VLOOKUP(C16,#REF!,7,FALSE))","v":{"$error":"#REF!"}},{"$error":"#REF!"},{"$f":"IF(E16=\"\",\"\",VLOOKUP(E16,#REF!,7,FALSE))","v":{"$error":"#REF!"}},{"$error":"#REF!"},{"$f":"IF(G16=\"\",\"\",VLOOKUP(G16,#REF!,7,FALSE))","v":{"$error":"#REF!"}},{"$error":"#REF!"},{"$f":"IF(I16=\"\",\"\",VLOOKUP(I16,#REF!,7,FALSE))","v":{"$error":"#REF!"}},{"$error":"#REF!"},{"$f":"IF(K16=\"\",\"\",VLOOKUP(K16,#REF!,7,FALSE))","v":{"$error":"#REF!"}},{"$error":"#REF!"},{"$error":"#REF!"}]
[{"$f":"IF(ISNA(VLOOKUP(B17,#REF!,3,FALSE))=TRUE,\"\",VLOOKUP(B17,#REF!,3,FALSE))","v":{"$error":"#REF!"}},17,17,{"$f":"IF(C17=\"\",\"\",VLOOKUP(C17,#REF!,7,FALSE))","v":{"$error":"#REF!"}},{"$error":"#REF!"},{"$f":"IF(E17=\"\",\"\",VLOOKUP(E17,#REF!,7,FALSE))","v":{"$error":"#REF!"}},{"$error":"#REF!"},{"$f":"IF(G17=\"\",\"\",VLOOKUP(G17,#REF!,7,FALSE))","v":{"$error":"#REF!"}},{"$error":"#REF!"},{"$f":"IF(I17=\"\",\"\",VLOOKUP(I17,#REF!,7,FALSE))","v":{"$error":"#REF!"}},{"$error":"#REF!"},{"$f":"IF(K17=\"\",\"\",VLOOKUP(K17,#REF!,7,FALSE))","v":{"$error":"#REF!"}},{"$error":"#REF!"},{"$error":"#REF!"}]
[{"$f":"IF(ISNA(VLOOKUP(B18,#REF!,3,FALSE))=TRUE,\"\",VLOOKUP(B18,#REF!,3,FALSE))","v":{"$error":"#REF!"}},2,2,{"$f":"IF(C18=\"\",\"\",VLOOKUP(C18,#REF!,7,FALSE))","v":{"$error":"#REF!"}},{"$error":"#REF!"},{"$f":"IF(E18=\"\",\"\",VLOOKUP(E18,#REF!,7,FALSE))","v":{"$error":"#REF!"}},{"$error":"#REF!"},{"$f":"IF(G18=\"\",\"\",VLOOKUP(G18,#REF!,7,FALSE))","v":{"$error":"#REF!"}},{"$error":"#REF!"},{"$f":"IF(I18=\"\",\"\",VLOOKUP(I18,#REF!,7,FALSE))","v":{"$error":"#REF!"}},{"$error":"#REF!"},{"$f":"IF(K18=\"\",\"\",VLOOKUP(K18,#REF!,7,FALSE))","v":{"$error":"#REF!"}},{"$error":"#REF!"},{"$error":"#REF!"}]
[{"$f":"IF(ISNA(VLOOKUP(B19,#REF!,3,FALSE))=TRUE,\"\",VLOOKUP(B19,#REF!,3,FALSE))","v":{"$error":"#REF!"}},6,6,{"$f":"IF(C19=\"\",\"\",VLOOKUP(C19,#REF!,7,FALSE))","v":{"$error":"#REF!"}},{"$error":"#REF!"},{"$f":"IF(E19=\"\",\"\",VLOOKUP(E19,#REF!,7,FALSE))","v":{"$error":"#REF!"}},{"$error":"#REF!"},{"$f":"IF(G19=\"\",\"\",VLOOKUP(G19,#REF!,7,FALSE))","v":{"$error":"#REF!"}},{"$error":"#REF!"},{"$f":"IF(I19=\"\",\"\",VLOOKUP(I19,#REF!,7,FALSE))","v":{"$error":"#REF!"}},{"$error":"#REF!"},{"$f":"IF(K19=\"\",\"\",VLOOKUP(K19,#REF!,7,FALSE))","v":{"$error":"#REF!"}},{"$error":"#REF!"},{"$error":"#REF!"}]
[{"$f":"IF(ISNA(VLOOKUP(B20,#REF!,3,FALSE))=TRUE,\"\",VLOOKUP(B20,#REF!,3,FALSE))","v":{"$error":"#REF!"}},1,{"$f":"B20","v":1},{"$f":"IF(C20=\"\",\"\",VLOOKUP(C20,#REF!,7,FALSE))","v":{"$error":"#REF!"}},{"$f":"IF(C20=\"\",\"\",IF((C20+NpZ+ZP)>2*NpZ,(((C20+NpZ+ZP)-2*NpZ)+NpZ),(C20+NpZ+ZP)))","v":{"$error":"#REF!"}},{"$f":"IF(E20=\"\",\"\",VLOOKUP(E20,#REF!,7,FALSE))","v":{"$error":"#REF!"}},{"$f":"IF(E20=\"\",\"\",IF((E20+NpZ+ZP)>3*NpZ,(((E20+NpZ+ZP)-2*NpZ)+NpZ),(E20+NpZ+ZP)))","v":{"$error":"#REF!"}},{"$f":"IF(G20=\"\",\"\",VLOOKUP(G20,#REF!,7,FALSE))","v":{"$error":"#REF!"}},{"$f":"IF(G20=\"\",\"\",IF((G20+NpZ+ZP)>4*NpZ,(((G20+NpZ+ZP)-2*NpZ)+NpZ),(G20+NpZ+ZP)))","v":{"$error":"#REF!"}},{"$f":"IF(I20=\"\",\"\",VLOOKUP(I20,#REF!,7,FALSE))","v":{"$error":"#REF!"}},{"$f":"IF(I20=\"\",\"\",IF((I20+NpZ+ZP)>5*NpZ,(((I20+NpZ+ZP)-2*NpZ)+NpZ),(I20+NpZ+ZP)))","v":{"$error":"#REF!"}},{"$f":"IF(K20=\"\",\"\",VLOOKUP(K20,#REF!,7,FALSE))","v":{"$error":"#REF!"}},{"$f":"IF(B20=\"\",\"\",(D20+F20+H20+J20+L20))","v":{"$error":"#REF!"}},{"$f":"IF(M20=\"\",\"\",IF(M20=M19,N19,ROW()-3))","v":{"$error":"#REF!"}}]
[{"$f":"IF(ISNA(VLOOKUP(B21,#REF!,3,FALSE))=TRUE,\"\",VLOOKUP(B21,#REF!,3,FALSE))","v":{"$error":"#REF!"}},29,{"$f":"B21","v":29},{"$f":"IF(C21=\"\",\"\",VLOOKUP(C21,#REF!,7,FALSE))","v":{"$error":"#REF!"}},{"$error":"#REF!"},{"$f":"IF(E21=\"\",\"\",VLOOKUP(E21,#REF!,7,FALSE))","v":{"$error":"#REF!"}},{"$error":"#REF!"},{"$f":"IF(G21=\"\",\"\",VLOOKUP(G21,#REF!,7,FALSE))","v":{"$error":"#REF!"}},{"$error":"#REF!"},{"$f":"IF(I21=\"\",\"\",VLOOKUP(I21,#REF!,7,FALSE))","v":{"$error":"#REF!"}},{"$error":"#REF!"},{"$f":"IF(K21=\"\",\"\",VLOOKUP(K21,#REF!,7,FALSE))","v":{"$error":"#REF!"}},{"$error":"#REF!"},{"$f":"IF(M21=\"\",\"\",IF(M21=M20,N20,ROW()-3))","v":{"$error":"#REF!"}}]
[{"$f":"IF(ISNA(VLOOKUP(B22,#REF!,3,FALSE))=TRUE,\"\",VLOOKUP(B22,#REF!,3,FALSE))","v":{"$error":"#REF!"}},23,23,{"$f":"IF(C22=\"\",\"\",VLOOKUP(C22,#REF!,7,FALSE))","v":{"$error":"#REF!"}},{"$error":"#REF!"},{"$f":"IF(E22=\"\",\"\",VLOOKUP(E22,#REF!,7,FALSE))","v":{"$error":"#REF!"}},{"$error":"#REF!"},{"$f":"IF(G22=\"\",\"\",VLOOKUP(G22,#REF!,7,FALSE))","v":{"$error":"#REF!"}},{"$error":"#REF!"},{"$f":"IF(I22=\"\",\"\",VLOOKUP(I22,#REF!,7,FALSE))","v":{"$error":"#REF!"}},{"$error":"#REF!"},{"$f":"IF(K22=\"\",\"\",VLOOKUP(K22,#REF!,7,FALSE))","v":{"$error":"#REF!"}},{"$error":"#REF!"},{"$error":"#REF!"}]
[{"$f":"IF(ISNA(VLOOKUP(B23,#REF!,3,FALSE))=TRUE,\"\",VLOOKUP(B23,#REF!,3,FALSE))","v":{"$error":"#REF!"}},16,16,{"$f":"IF(C23=\"\",\"\",VLOOKUP(C23,#REF!,7,FALSE))","v":{"$error":"#REF!"}},{"$error":"#REF!"},{"$f":"IF(E23=\"\",\"\",VLOOKUP(E23,#REF!,7,FALSE))","v":{"$error":"#REF!"}},{"$error":"#REF!"},{"$f":"IF(G23=\"\",\"\",VLOOKUP(G23,#REF!,7,FALSE))","v":{"$error":"#REF!"}},{"$error":"#REF!"},{"$f":"IF(I23=\"\",\"\",VLOOKUP(I23,#REF!,7,FALSE))","v":{"$error":"#REF!"}},{"$error":"#REF!"},{"$f":"IF(K23=\"\",\"\",VLOOKUP(K23,#REF!,7,FALSE))","v":{"$error":"#REF!"}},{"$error":"#REF!"},{"$error":"#REF!"}]
[{"$f":"IF(ISNA(VLOOKUP(B24,#REF!,3,FALSE))=TRUE,\"\",VLOOKUP(B24,#REF!,3,FALSE))","v":{"$error":"#REF!"}},14,14,{"$f":"IF(C24=\"\",\"\",VLOOKUP(C24,#REF!,7,FALSE))","v":{"$error":"#REF!"}},{"$error":"#REF!"},{"$f":"IF(E24=\"\",\"\",VLOOKUP(E24,#REF!,7,FALSE))","v":{"$error":"#REF!"}},{"$error":"#REF!"},{"$f":"IF(G24=\"\",\"\",VLOOKUP(G24,#REF!,7,FALSE))","v":{"$error":"#REF!"}},{"$error":"#REF!"},{"$f":"IF(I24=\"\",\"\",VLOOKUP(I24,#REF!,7,FALSE))","v":{"$error":"#REF!"}},{"$error":"#REF!"},{"$f":"IF(K24=\"\",\"\",VLOOKUP(K24,#REF!,7,FALSE))","v":{"$error":"#REF!"}},{"$error":"#REF!"},{"$error":"#REF!"}]
[{"$f":"IF(ISNA(VLOOKUP(B25,#REF!,3,FALSE))=TRUE,\"\",VLOOKUP(B25,#REF!,3,FALSE))","v":{"$error":"#REF!"}},24,24,{"$f":"IF(C25=\"\",\"\",VLOOKUP(C25,#REF!,7,FALSE))","v":{"$error":"#REF!"}},{"$error":"#REF!"},{"$f":"IF(E25=\"\",\"\",VLOOKUP(E25,#REF!,7,FALSE))","v":{"$error":"#REF!"}},{"$error":"#REF!"},{"$f":"IF(G25=\"\",\"\",VLOOKUP(G25,#REF!,7,FALSE))","v":{"$error":"#REF!"}},{"$error":"#REF!"},{"$f":"IF(I25=\"\",\"\",VLOOKUP(I25,#REF!,7,FALSE))","v":{"$error":"#REF!"}},{"$error":"#REF!"},{"$f":"IF(K25=\"\",\"\",VLOOKUP(K25,#REF!,7,FALSE))","v":{"$error":"#REF!"}},{"$error":"#REF!"},{"$error":"#REF!"}]
[{"$f":"IF(ISNA(VLOOKUP(B26,#REF!,3,FALSE))=TRUE,\"\",VLOOKUP(B26,#REF!,3,FALSE))","v":{"$error":"#REF!"}},15,15,{"$f":"IF(C26=\"\",\"\",VLOOKUP(C26,#REF!,7,FALSE))","v":{"$error":"#REF!"}},{"$error":"#REF!"},{"$f":"IF(E26=\"\",\"\",VLOOKUP(E26,#REF!,7,FALSE))","v":{"$error":"#REF!"}},{"$error":"#REF!"},{"$f":"IF(G26=\"\",\"\",VLOOKUP(G26,#REF!,7,FALSE))","v":{"$error":"#REF!"}},{"$error":"#REF!"},{"$f":"IF(I26=\"\",\"\",VLOOKUP(I26,#REF!,7,FALSE))","v":{"$error":"#REF!"}},{"$error":"#REF!"},{"$f":"IF(K26=\"\",\"\",VLOOKUP(K26,#REF!,7,FALSE))","v":{"$error":"#REF!"}},{"$error":"#REF!"},{"$error":"#REF!"}]
[{"$f":"IF(ISNA(VLOOKUP(B27,#REF!,3,FALSE))=TRUE,\"\",VLOOKUP(B27,#REF!,3,FALSE))","v":{"$error":"#REF!"}},19,19,{"$f":"IF(C27=\"\",\"\",VLOOKUP(C27,#REF!,7,FALSE))","v":{"$error":"#REF!"}},{"$error":"#REF!"},{"$f":"IF(E27=\"\",\"\",VLOOKUP(E27,#REF!,7,FALSE))","v":{"$error":"#REF!"}},{"$error":"#REF!"},{"$f":"IF(G27=\"\",\"\",VLOOKUP(G27,#REF!,7,FALSE))","v":{"$error":"#REF!"}},{"$error":"#REF!"},{"$f":"IF(I27=\"\",\"\",VLOOKUP(I27,#REF!,7,FALSE))","v":{"$error":"#REF!"}},{"$error":"#REF!"},{"$f":"IF(K27=\"\",\"\",VLOOKUP(K27,#REF!,7,FALSE))","v":{"$error":"#REF!"}},{"$error":"#REF!"},{"$error":"#REF!"}]
[{"$f":"IF(ISNA(VLOOKUP(B28,#REF!,3,FALSE))=TRUE,\"\",VLOOKUP(B28,#REF!,3,FALSE))","v":{"$error":"#REF!"}},18,18,{"$f":"IF(C28=\"\",\"\",VLOOKUP(C28,#REF!,7,FALSE))","v":{"$error":"#REF!"}},{"$error":"#REF!"},{"$f":"IF(E28=\"\",\"\",VLOOKUP(E28,#REF!,7,FALSE))","v":{"$error":"#REF!"}},{"$error":"#REF!"},{"$f":"IF(G28=\"\",\"\",VLOOKUP(G28,#REF!,7,FALSE))","v":{"$error":"#REF!"}},{"$error":"#REF!"},{"$f":"IF(I28=\"\",\"\",VLOOKUP(I28,#REF!,7,FALSE))","v":{"$error":"#REF!"}},{"$error":"#REF!"},{"$f":"IF(K28=\"\",\"\",VLOOKUP(K28,#REF!,7,FALSE))","v":{"$error":"#REF!"}},{"$error":"#REF!"},{"$error":"#REF!"}]
[{"$f":"IF(ISNA(VLOOKUP(B29,#REF!,3,FALSE))=TRUE,\"\",VLOOKUP(B29,#REF!,3,FALSE))","v":{"$error":"#REF!"}},7,7,{"$f":"IF(C29=\"\",\"\",VLOOKUP(C29,#REF!,7,FALSE))","v":{"$error":"#REF!"}},{"$error":"#REF!"},{"$f":"IF(E29=\"\",\"\",VLOOKUP(E29,#REF!,7,FALSE))","v":{"$error":"#REF!"}},{"$error":"#REF!"},{"$f":"IF(G29=\"\",\"\",VLOOKUP(G29,#REF!,7,FALSE))","v":{"$error":"#REF!"}},{"$error":"#REF!"},{"$f":"IF(I29=\"\",\"\",VLOOKUP(I29,#REF!,7,FALSE))","v":{"$error":"#REF!"}},{"$error":"#REF!"},{"$f":"IF(K29=\"\",\"\",VLOOKUP(K29,#REF!,7,FALSE))","v":{"$error":"#REF!"}},{"$error":"#REF!"},{"$error":"#REF!"}]
[{"$f":"IF(ISNA(VLOOKUP(B30,#REF!,3,FALSE))=TRUE,\"\",VLOOKUP(B30,#REF!,3,FALSE))","v":{"$error":"#REF!"}},3,3,{"$f":"IF(C30=\"\",\"\",VLOOKUP(C30,#REF!,7,FALSE))","v":{"$error":"#REF!"}},{"$error":"#REF!"},{"$f":"IF(E30=\"\",\"\",VLOOKUP(E30,#REF!,7,FALSE))","v":{"$error":"#REF!"}},{"$error":"#REF!"},{"$f":"IF(G30=\"\",\"\",VLOOKUP(G30,#REF!,7,FALSE))","v":{"$error":"#REF!"}},{"$error":"#REF!"},{"$f":"IF(I30=\"\",\"\",VLOOKUP(I30,#REF!,7,FALSE))","v":{"$error":"#REF!"}},{"$error":"#REF!"},{"$f":"IF(K30=\"\",\"\",VLOOKUP(K30,#REF!,7,FALSE))","v":{"$error":"#REF!"}},{"$error":"#REF!"},{"$error":"#REF!"}]
[{"$f":"IF(ISNA(VLOOKUP(B31,#REF!,3,FALSE))=TRUE,\"\",VLOOKUP(B31,#REF!,3,FALSE))","v":{"$error":"#REF!"}},5,5,{"$f":"IF(C31=\"\",\"\",VLOOKUP(C31,#REF!,7,FALSE))","v":{"$error":"#REF!"}},{"$error":"#REF!"},{"$f":"IF(E31=\"\",\"\",VLOOKUP(E31,#REF!,7,FALSE))","v":{"$error":"#REF!"}},{"$error":"#REF!"},{"$f":"IF(G31=\"\",\"\",VLOOKUP(G31,#REF!,7,FALSE))","v":{"$error":"#REF!"}},{"$error":"#REF!"},{"$f":"IF(I31=\"\",\"\",VLOOKUP(I31,#REF!,7,FALSE))","v":{"$error":"#REF!"}},{"$error":"#REF!"},{"$f":"IF(K31=\"\",\"\",VLOOKUP(K31,#REF!,7,FALSE))","v":{"$error":"#REF!"}},{"$error":"#REF!"},{"$error":"#REF!"}]
[{"$f":"IF(ISNA(VLOOKUP(B32,#REF!,2,FALSE))=TRUE,\"\",VLOOKUP(B32,#REF!,2,FALSE))","v":{"$error":"#REF!"}},8,8,{"$f":"IF(C32=\"\",\"\",VLOOKUP(C32,#REF!,7,FALSE))","v":{"$error":"#REF!"}},{"$error":"#REF!"},{"$f":"IF(E32=\"\",\"\",VLOOKUP(E32,#REF!,7,FALSE))","v":{"$error":"#REF!"}},{"$error":"#REF!"},{"$f":"IF(G32=\"\",\"\",VLOOKUP(G32,#REF!,7,FALSE))","v":{"$error":"#REF!"}},{"$error":"#REF!"},{"$f":"IF(I32=\"\",\"\",VLOOKUP(I32,#REF!,7,FALSE))","v":{"$error":"#REF!"}},{"$error":"#REF!"},{"$f":"IF(K32=\"\",\"\",VLOOKUP(K32,#REF!,7,FALSE))","v":{"$error":"#REF!"}},{"$error":"#REF!"},{"$error":"#REF!"}]
[{"$f":"IF(ISNA(VLOOKUP(B33,#REF!,2,FALSE))=TRUE,\"\",VLOOKUP(B33,#REF!,2,FALSE))","v":{"$error":"#REF!"}},13,13,{"$f":"IF(C33=\"\",\"\",VLOOKUP(C33,#REF!,7,FALSE))","v":{"$error":"#REF!"}},{"$error":"#REF!"},{"$f":"IF(E33=\"\",\"\",VLOOKUP(E33,#REF!,7,FALSE))","v":{"$error":"#REF!"}},{"$error":"#REF!"},{"$f":"IF(G33=\"\",\"\",VLOOKUP(G33,#REF!,7,FALSE))","v":{"$error":"#REF!"}},{"$error":"#REF!"},{"$f":"IF(I33=\"\",\"\",VLOOKUP(I33,#REF!,7,FALSE))","v":{"$error":"#REF!"}},{"$error":"#REF!"},{"$f":"IF(K33=\"\",\"\",VLOOKUP(K33,#REF!,7,FALSE))","v":{"$error":"#REF!"}},{"$error":"#REF!"},{"$error":"#REF!"}]
["Day 1 Zone Winner",null,"IAN LAMBERT",null,"IVOR SMITH",null,"WAYNE PERRING",null,"JOE ARCH",null,"KEN SHOVE"]
["Day 1 Zone Second",null,"ALAN PRICE",null,"SIMON DRAYTON",null,"ROB TUCK",null,"JOHN VAN CRUGTEN",null,"LEE CULLEN"]
["Day 1 Zone Third",null,"NEIL CUTLER",null,"MIKE KEMPSTER",null,"TONY THOMAS",null,"JIM GROSS",null,"TONY ANDERSON"]
["Day 1 Zone Third",null,null,null,null,null,null,null,null,null,"C. READ"]
["SAMF 2006 National Sea League Final  -  Day 2"]
["Team Name","Team No. ","Zone A",null,"Zone B",null,"Zone C",null,"Zone D",null,"Zone E",null,"Day 2 Points","Day 2 Position"]
[null,null,"Peg","Points & Position","Peg","Points & Position","Peg","Points & Position","Peg","Points & Position","Peg","Points & Position"]
[{"$f":"IF(ISNA(VLOOKUP(B41,#REF!,3,FALSE))=TRUE,\"\",VLOOKUP(B41,#REF!,3,FALSE))","v":{"$error":"#REF!"}},11,{"$f":"VLOOKUP(B41,#REF!,6,FALSE)","v":{"$error":"#REF!"}},{"$f":"IF(C41=\"\",\"\",VLOOKUP(C41,#REF!,7,FALSE))","v":{"$error":"#REF!"}},{"$f":"IF(C41=\"\",\"\",IF((C41+NpZ+ZP)>2*NpZ,(((C41+NpZ+ZP)-2*NpZ)+NpZ),(C41+NpZ+ZP)))","v":{"$error":"#REF!"}},{"$f":"IF(E41=\"\",\"\",VLOOKUP(E41,#REF!,7,FALSE))","v":{"$error":"#REF!"}},{"$f":"IF(E41=\"\",\"\",IF((E41+NpZ+ZP)>3*NpZ,(((E41+NpZ+ZP)-2*NpZ)+NpZ),(E41+NpZ+ZP)))","v":{"$error":"#REF!"}},{"$f":"IF(G41=\"\",\"\",VLOOKUP(G41,#REF!,7,FALSE))","v":{"$error":"#REF!"}},{"$f":"IF(G41=\"\",\"\",IF((G41+NpZ+ZP)>4*NpZ,(((G41+NpZ+ZP)-2*NpZ)+NpZ),(G41+NpZ+ZP)))","v":{"$error":"#REF!"}},{"$f":"IF(I41=\"\",\"\",VLOOKUP(I41,#REF!,7,FALSE))","v":{"$error":"#REF!"}},{"$f":"IF(I41=\"\",\"\",IF((I41+NpZ+ZP)>5*NpZ,(((I41+NpZ+ZP)-2*NpZ)+NpZ),(I41+NpZ+ZP)))","v":{"$error":"#REF!"}},{"$f":"IF(K41=\"\",\"\",VLOOKUP(K41,#REF!,7,FALSE))","v":{"$error":"#REF!"}},{"$f":"IF(B41=\"\",\"\",(D41+F41+H41+J41+L41))","v":{"$error":"#REF!"}},{"$f":"IF(M41=\"\",\"\",IF(M41=M40,N40,ROW()-40))","v":{"$error":"#REF!"}}]
[{"$f":"IF(ISNA(VLOOKUP(B42,#REF!,3,FALSE))=TRUE,\"\",VLOOKUP(B42,#REF!,3,FALSE))","v":{"$error":"#REF!"}},30,{"$f":"VLOOKUP(B42,#REF!,6,FALSE)","v":{"$error":"#REF!"}},{"$f":"IF(C42=\"\",\"\",VLOOKUP(C42,#REF!,7,FALSE))","v":{"$error":"#REF!"}},{"$f":"IF(C42=\"\",\"\",IF((C42+NpZ+ZP)>2*NpZ,(((C42+NpZ+ZP)-2*NpZ)+NpZ),(C42+NpZ+ZP)))","v":{"$error":"#REF!"}},{"$f":"IF(E42=\"\",\"\",VLOOKUP(E42,#REF!,7,FALSE))","v":{"$error":"#REF!"}},{"$f":"IF(E42=\"\",\"\",IF((E42+NpZ+ZP)>3*NpZ,(((E42+NpZ+ZP)-2*NpZ)+NpZ),(E42+NpZ+ZP)))","v":{"$error":"#REF!"}},{"$f":"IF(G42=\"\",\"\",VLOOKUP(G42,#REF!,7,FALSE))","v":{"$error":"#REF!"}},{"$f":"IF(G42=\"\",\"\",IF((G42+NpZ+ZP)>4*NpZ,(((G42+NpZ+ZP)-2*NpZ)+NpZ),(G42+NpZ+ZP)))","v":{"$error":"#REF!"}},{"$f":"IF(I42=\"\",\"\",VLOOKUP(I42,#REF!,7,FALSE))","v":{"$error":"#REF!"}},{"$f":"IF(I42=\"\",\"\",IF((I42+NpZ+ZP)>5*NpZ,(((I42+NpZ+ZP)-2*NpZ)+NpZ),(I42+NpZ+ZP)))","v":{"$error":"#REF!"}},{"$f":"IF(K42=\"\",\"\",VLOOKUP(K42,#REF!,7,FALSE))","v":{"$error":"#REF!"}},{"$error":"#REF!"},{"$f":"IF(M42=\"\",\"\",IF(M42=M41,N41,ROW()-40))","v":{"$error":"#REF!"}}]
[{"$f":"IF(ISNA(VLOOKUP(B43,#REF!,3,FALSE))=TRUE,\"\",VLOOKUP(B43,#REF!,3,FALSE))","v":{"$error":"#REF!"}},12,{"$f":"VLOOKUP(B43,#REF!,6,FALSE)","v":{"$error":"#REF!"}},{"$f":"IF(C43=\"\",\"\",VLOOKUP(C43,#REF!,7,FALSE))","v":{"$error":"#REF!"}},{"$error":"#REF!"},{"$f":"IF(E43=\"\",\"\",VLOOKUP(E43,#REF!,7,FALSE))","v":{"$error":"#REF!"}},{"$error":"#REF!"},{"$f":"IF(G43=\"\",\"\",VLOOKUP(G43,#REF!,7,FALSE))","v":{"$error":"#REF!"}},{"$error":"#REF!"},{"$f":"IF(I43=\"\",\"\",VLOOKUP(I43,#REF!,7,FALSE))","v":{"$error":"#REF!"}},{"$error":"#REF!"},{"$f":"IF(K43=\"\",\"\",VLOOKUP(K43,#REF!,7,FALSE))","v":{"$error":"#REF!"}},{"$error":"#REF!"},{"$error":"#REF!"}]
[{"$f":"IF(ISNA(VLOOKUP(B44,#REF!,3,FALSE))=TRUE,\"\",VLOOKUP(B44,#REF!,3,FALSE))","v":{"$error":"#REF!"}},9,{"$f":"VLOOKUP(B44,#REF!,6,FALSE)","v":{"$error":"#REF!"}},{"$f":"IF(C44=\"\",\"\",VLOOKUP(C44,#REF!,7,FALSE))","v":{"$error":"#REF!"}},{"$error":"#REF!"},{"$f":"IF(E44=\"\",\"\",VLOOKUP(E44,#REF!,7,FALSE))","v":{"$error":"#REF!"}},{"$error":"#REF!"},{"$f":"IF(G44=\"\",\"\",VLOOKUP(G44,#REF!,7,FALSE))","v":{"$error":"#REF!"}},{"$error":"#REF!"},{"$f":"IF(I44=\"\",\"\",VLOOKUP(I44,#REF!,7,FALSE))","v":{"$error":"#REF!"}},{"$error":"#REF!"},{"$f":"IF(K44=\"\",\"\",VLOOKUP(K44,#REF!,7,FALSE))","v":{"$error":"#REF!"}},{"$error":"#REF!"},{"$f":"IF(M44=\"\",\"\",IF(M44=M43,N43,ROW()-40))","v":{"$error":"#REF!"}}]
[{"$f":"IF(ISNA(VLOOKUP(B45,#REF!,3,FALSE))=TRUE,\"\",VLOOKUP(B45,#REF!,3,FALSE))","v":{"$error":"#REF!"}},20,{"$f":"VLOOKUP(B45,#REF!,6,FALSE)","v":{"$error":"#REF!"}},{"$f":"IF(C45=\"\",\"\",VLOOKUP(C45,#REF!,7,FALSE))","v":{"$error":"#REF!"}},{"$error":"#REF!"},{"$f":"IF(E45=\"\",\"\",VLOOKUP(E45,#REF!,7,FALSE))","v":{"$error":"#REF!"}},{"$error":"#REF!"},{"$f":"IF(G45=\"\",\"\",VLOOKUP(G45,#REF!,7,FALSE))","v":{"$error":"#REF!"}},{"$error":"#REF!"},{"$f":"IF(I45=\"\",\"\",VLOOKUP(I45,#REF!,7,FALSE))","v":{"$error":"#REF!"}},{"$error":"#REF!"},{"$f":"IF(K45=\"\",\"\",VLOOKUP(K45,#REF!,7,FALSE))","v":{"$error":"#REF!"}},{"$error":"#REF!"},{"$error":"#REF!"}]
[{"$f":"IF(ISNA(VLOOKUP(B46,#REF!,3,FALSE))=TRUE,\"\",VLOOKUP(B46,#REF!,3,FALSE))","v":{"$error":"#REF!"}},10,{"$f":"VLOOKUP(B46,#REF!,6,FALSE)","v":{"$error":"#REF!"}},{"$f":"IF(C46=\"\",\"\",VLOOKUP(C46,#REF!,7,FALSE))","v":{"$error":"#REF!"}},{"$error":"#REF!"},{"$f":"IF(E46=\"\",\"\",VLOOKUP(E46,#REF!,7,FALSE))","v":{"$error":"#REF!"}},{"$error":"#REF!"},{"$f":"IF(G46=\"\",\"\",VLOOKUP(G46,#REF!,7,FALSE))","v":{"$error":"#REF!"}},{"$error":"#REF!"},{"$f":"IF(I46=\"\",\"\",VLOOKUP(I46,#REF!,7,FALSE))","v":{"$error":"#REF!"}},{"$error":"#REF!"},{"$f":"IF(K46=\"\",\"\",VLOOKUP(K46,#REF!,7,FALSE))","v":{"$error":"#REF!"}},{"$error":"#REF!"},{"$error":"#REF!"}]
[{"$f":"IF(ISNA(VLOOKUP(B47,#REF!,3,FALSE))=TRUE,\"\",VLOOKUP(B47,#REF!,3,FALSE))","v":{"$error":"#REF!"}},2,{"$f":"VLOOKUP(B47,#REF!,6,FALSE)","v":{"$error":"#REF!"}},{"$f":"IF(C47=\"\",\"\",VLOOKUP(C47,#REF!,7,FALSE))","v":{"$error":"#REF!"}},{"$error":"#REF!"},{"$f":"IF(E47=\"\",\"\",VLOOKUP(E47,#REF!,7,FALSE))","v":{"$error":"#REF!"}},{"$error":"#REF!"},{"$f":"IF(G47=\"\",\"\",VLOOKUP(G47,#REF!,7,FALSE))","v":{"$error":"#REF!"}},{"$error":"#REF!"},{"$f":"IF(I47=\"\",\"\",VLOOKUP(I47,#REF!,7,FALSE))","v":{"$error":"#REF!"}},{"$error":"#REF!"},{"$f":"IF(K47=\"\",\"\",VLOOKUP(K47,#REF!,7,FALSE))","v":{"$error":"#REF!"}},{"$error":"#REF!"},{"$error":"#REF!"}]
[{"$f":"IF(ISNA(VLOOKUP(B48,#REF!,3,FALSE))=TRUE,\"\",VLOOKUP(B48,#REF!,3,FALSE))","v":{"$error":"#REF!"}},27,{"$f":"VLOOKUP(B48,#REF!,6,FALSE)","v":{"$error":"#REF!"}},{"$f":"IF(C48=\"\",\"\",VLOOKUP(C48,#REF!,7,FALSE))","v":{"$error":"#REF!"}},{"$error":"#REF!"},{"$f":"IF(E48=\"\",\"\",VLOOKUP(E48,#REF!,7,FALSE))","v":{"$error":"#REF!"}},{"$error":"#REF!"},{"$f":"IF(G48=\"\",\"\",VLOOKUP(G48,#REF!,7,FALSE))","v":{"$error":"#REF!"}},{"$error":"#REF!"},{"$f":"IF(I48=\"\",\"\",VLOOKUP(I48,#REF!,7,FALSE))","v":{"$error":"#REF!"}},{"$error":"#REF!"},{"$f":"IF(K48=\"\",\"\",VLOOKUP(K48,#REF!,7,FALSE))","v":{"$error":"#REF!"}},{"$error":"#REF!"},{"$error":"#REF!"}]
[{"$f":"IF(ISNA(VLOOKUP(B49,#REF!,3,FALSE))=TRUE,\"\",VLOOKUP(B49,#REF!,3,FALSE))","v":{"$error":"#REF!"}},22,{"$f":"VLOOKUP(B49,#REF!,6,FALSE)","v":{"$error":"#REF!"}},{"$f":"IF(C49=\"\",\"\",VLOOKUP(C49,#REF!,7,FALSE))","v":{"$error":"#REF!"}},{"$error":"#REF!"},{"$f":"IF(E49=\"\",\"\",VLOOKUP(E49,#REF!,7,FALSE))","v":{"$error":"#REF!"}},{"$error":"#REF!"},{"$f":"IF(G49=\"\",\"\",VLOOKUP(G49,#REF!,7,FALSE))","v":{"$error":"#REF!"}},{"$error":"#REF!"},{"$f":"IF(I49=\"\",\"\",VLOOKUP(I49,#REF!,7,FALSE))","v":{"$error":"#REF!"}},{"$error":"#REF!"},{"$f":"IF(K49=\"\",\"\",VLOOKUP(K49,#REF!,7,FALSE))","v":{"$error":"#REF!"}},{"$error":"#REF!"},{"$error":"#REF!"}]
[{"$f":"IF(ISNA(VLOOKUP(B50,#REF!,3,FALSE))=TRUE,\"\",VLOOKUP(B50,#REF!,3,FALSE))","v":{"$error":"#REF!"}},15,{"$f":"VLOOKUP(B50,#REF!,6,FALSE)","v":{"$error":"#REF!"}},{"$f":"IF(C50=\"\",\"\",VLOOKUP(C50,#REF!,7,FALSE))","v":{"$error":"#REF!"}},{"$error":"#REF!"},{"$f":"IF(E50=\"\",\"\",VLOOKUP(E50,#REF!,7,FALSE))","v":{"$error":"#REF!"}},{"$error":"#REF!"},{"$f":"IF(G50=\"\",\"\",VLOOKUP(G50,#REF!,7,FALSE))","v":{"$error":"#REF!"}},{"$error":"#REF!"},{"$f":"IF(I50=\"\",\"\",VLOOKUP(I50,#REF!,7,FALSE))","v":{"$error":"#REF!"}},{"$error":"#REF!"},{"$f":"IF(K50=\"\",\"\",VLOOKUP(K50,#REF!,7,FALSE))","v":{"$error":"#REF!"}},{"$error":"#REF!"},{"$error":"#REF!"}]
[{"$f":"IF(ISNA(VLOOKUP(B51,#REF!,3,FALSE))=TRUE,\"\",VLOOKUP(B51,#REF!,3,FALSE))","v":{"$error":"#REF!"}},24,{"$f":"VLOOKUP(B51,#REF!,6,FALSE)","v":{"$error":"#REF!"}},{"$f":"IF(C51=\"\",\"\",VLOOKUP(C51,#REF!,7,FALSE))","v":{"$error":"#REF!"}},{"$error":"#REF!"},{"$f":"IF(E51=\"\",\"\",VLOOKUP(E51,#REF!,7,FALSE))","v":{"$error":"#REF!"}},{"$error":"#REF!"},{"$f":"IF(G51=\"\",\"\",VLOOKUP(G51,#REF!,7,FALSE))","v":{"$error":"#REF!"}},{"$error":"#REF!"},{"$f":"IF(I51=\"\",\"\",VLOOKUP(I51,#REF!,7,FALSE))","v":{"$error":"#REF!"}},{"$error":"#REF!"},{"$f":"IF(K51=\"\",\"\",VLOOKUP(K51,#REF!,7,FALSE))","v":{"$error":"#REF!"}},{"$error":"#REF!"},{"$error":"#REF!"}]
[{"$f":"IF(ISNA(VLOOKUP(B52,#REF!,3,FALSE))=TRUE,\"\",VLOOKUP(B52,#REF!,3,FALSE))","v":{"$error":"#REF!"}},1,{"$f":"VLOOKUP(B52,#REF!,6,FALSE)","v":{"$error":"#REF!"}},{"$f":"IF(C52=\"\",\"\",VLOOKUP(C52,#REF!,7,FALSE))","v":{"$error":"#REF!"}},{"$error":"#REF!"},{"$f":"IF(E52=\"\",\"\",VLOOKUP(E52,#REF!,7,FALSE))","v":{"$error":"#REF!"}},{"$error":"#REF!"},{"$f":"IF(G52=\"\",\"\",VLOOKUP(G52,#REF!,7,FALSE))","v":{"$error":"#REF!"}},{"$error":"#REF!"},{"$f":"IF(I52=\"\",\"\",VLOOKUP(I52,#REF!,7,FALSE))","v":{"$error":"#REF!"}},{"$error":"#REF!"},{"$f":"IF(K52=\"\",\"\",VLOOKUP(K52,#REF!,7,FALSE))","v":{"$error":"#REF!"}},{"$error":"#REF!"},{"$error":"#REF!"}]
[{"$f":"IF(ISNA(VLOOKUP(B53,#REF!,3,FALSE))=TRUE,\"\",VLOOKUP(B53,#REF!,3,FALSE))","v":{"$error":"#REF!"}},29,{"$f":"VLOOKUP(B53,#REF!,6,FALSE)","v":{"$error":"#REF!"}},{"$f":"IF(C53=\"\",\"\",VLOOKUP(C53,#REF!,7,FALSE))","v":{"$error":"#REF!"}},{"$error":"#REF!"},{"$f":"IF(E53=\"\",\"\",VLOOKUP(E53,#REF!,7,FALSE))","v":{"$error":"#REF!"}},{"$error":"#REF!"},{"$f":"IF(G53=\"\",\"\",VLOOKUP(G53,#REF!,7,FALSE))","v":{"$error":"#REF!"}},{"$error":"#REF!"},{"$f":"IF(I53=\"\",\"\",VLOOKUP(I53,#REF!,7,FALSE))","v":{"$error":"#REF!"}},{"$error":"#REF!"},{"$f":"IF(K53=\"\",\"\",VLOOKUP(K53,#REF!,7,FALSE))","v":{"$error":"#REF!"}},{"$error":"#REF!"},{"$error":"#REF!"}]
[{"$f":"IF(ISNA(VLOOKUP(B54,#REF!,3,FALSE))=TRUE,\"\",VLOOKUP(B54,#REF!,3,FALSE))","v":{"$error":"#REF!"}},26,{"$f":"VLOOKUP(B54,#REF!,6,FALSE)","v":{"$error":"#REF!"}},{"$f":"IF(C54=\"\",\"\",VLOOKUP(C54,#REF!,7,FALSE))","v":{"$error":"#REF!"}},{"$error":"#REF!"},{"$f":"IF(E54=\"\",\"\",VLOOKUP(E54,#REF!,7,FALSE))","v":{"$error":"#REF!"}},{"$error":"#REF!"},{"$f":"IF(G54=\"\",\"\",VLOOKUP(G54,#REF!,7,FALSE))","v":{"$error":"#REF!"}},{"$error":"#REF!"},{"$f":"IF(I54=\"\",\"\",VLOOKUP(I54,#REF!,7,FALSE))","v":{"$error":"#REF!"}},{"$error":"#REF!"},{"$f":"IF(K54=\"\",\"\",VLOOKUP(K54,#REF!,7,FALSE))","v":{"$error":"#REF!"}},{"$error":"#REF!"},{"$error":"#REF!"}]
[{"$f":"IF(ISNA(VLOOKUP(B55,#REF!,3,FALSE))=TRUE,\"\",VLOOKUP(B55,#REF!,3,FALSE))","v":{"$error":"#REF!"}},14,{"$f":"VLOOKUP(B55,#REF!,6,FALSE)","v":{"$error":"#REF!"}},{"$f":"IF(C55=\"\",\"\",VLOOKUP(C55,#REF!,7,FALSE))","v":{"$error":"#REF!"}},{"$error":"#REF!"},{"$f":"IF(E55=\"\",\"\",VLOOKUP(E55,#REF!,7,FALSE))","v":{"$error":"#REF!"}},{"$error":"#REF!"},{"$f":"IF(G55=\"\",\"\",VLOOKUP(G55,#REF!,7,FALSE))","v":{"$error":"#REF!"}},{"$error":"#REF!"},{"$f":"IF(I55=\"\",\"\",VLOOKUP(I55,#REF!,7,FALSE))","v":{"$error":"#REF!"}},{"$error":"#REF!"},{"$f":"IF(K55=\"\",\"\",VLOOKUP(K55,#REF!,7,FALSE))","v":{"$error":"#REF!"}},{"$error":"#REF!"},{"$error":"#REF!"}]
[{"$f":"IF(ISNA(VLOOKUP(B56,#REF!,3,FALSE))=TRUE,\"\",VLOOKUP(B56,#REF!,3,FALSE))","v":{"$error":"#REF!"}},28,{"$f":"VLOOKUP(B56,#REF!,6,FALSE)","v":{"$error":"#REF!"}},{"$f":"IF(C56=\"\",\"\",VLOOKUP(C56,#REF!,7,FALSE))","v":{"$error":"#REF!"}},{"$error":"#REF!"},{"$f":"IF(E56=\"\",\"\",VLOOKUP(E56,#REF!,7,FALSE))","v":{"$error":"#REF!"}},{"$error":"#REF!"},{"$f":"IF(G56=\"\",\"\",VLOOKUP(G56,#REF!,7,FALSE))","v":{"$error":"#REF!"}},{"$error":"#REF!"},{"$f":"IF(I56=\"\",\"\",VLOOKUP(I56,#REF!,7,FALSE))","v":{"$error":"#REF!"}},{"$error":"#REF!"},{"$f":"IF(K56=\"\",\"\",VLOOKUP(K56,#REF!,7,FALSE))","v":{"$error":"#REF!"}},{"$error":"#REF!"},{"$error":"#REF!"}]
[{"$f":"IF(ISNA(VLOOKUP(B57,#REF!,3,FALSE))=TRUE,\"\",VLOOKUP(B57,#REF!,3,FALSE))","v":{"$error":"#REF!"}},4,{"$f":"VLOOKUP(B57,#REF!,6,FALSE)","v":{"$error":"#REF!"}},{"$f":"IF(C57=\"\",\"\",VLOOKUP(C57,#REF!,7,FALSE))","v":{"$error":"#REF!"}},{"$error":"#REF!"},{"$f":"IF(E57=\"\",\"\",VLOOKUP(E57,#REF!,7,FALSE))","v":{"$error":"#REF!"}},{"$error":"#REF!"},{"$f":"IF(G57=\"\",\"\",VLOOKUP(G57,#REF!,7,FALSE))","v":{"$error":"#REF!"}},{"$error":"#REF!"},{"$f":"IF(I57=\"\",\"\",VLOOKUP(I57,#REF!,7,FALSE))","v":{"$error":"#REF!"}},{"$error":"#REF!"},{"$f":"IF(K57=\"\",\"\",VLOOKUP(K57,#REF!,7,FALSE))","v":{"$error":"#REF!"}},{"$error":"#REF!"},{"$error":"#REF!"}]
[{"$f":"IF(ISNA(VLOOKUP(B58,#REF!,3,FALSE))=TRUE,\"\",VLOOKUP(B58,#REF!,3,FALSE))","v":{"$error":"#REF!"}},21,{"$f":"VLOOKUP(B58,#REF!,6,FALSE)","v":{"$error":"#REF!"}},{"$f":"IF(C58=\"\",\"\",VLOOKUP(C58,#REF!,7,FALSE))","v":{"$error":"#REF!"}},{"$error":"#REF!"},{"$f":"IF(E58=\"\",\"\",VLOOKUP(E58,#REF!,7,FALSE))","v":{"$error":"#REF!"}},{"$error":"#REF!"},{"$f":"IF(G58=\"\",\"\",VLOOKUP(G58,#REF!,7,FALSE))","v":{"$error":"#REF!"}},{"$error":"#REF!"},{"$f":"IF(I58=\"\",\"\",VLOOKUP(I58,#REF!,7,FALSE))","v":{"$error":"#REF!"}},{"$error":"#REF!"},{"$f":"IF(K58=\"\",\"\",VLOOKUP(K58,#REF!,7,FALSE))","v":{"$error":"#REF!"}},{"$error":"#REF!"},{"$error":"#REF!"}]
[{"$f":"IF(ISNA(VLOOKUP(B59,#REF!,3,FALSE))=TRUE,\"\",VLOOKUP(B59,#REF!,3,FALSE))","v":{"$error":"#REF!"}},17,{"$f":"VLOOKUP(B59,#REF!,6,FALSE)","v":{"$error":"#REF!"}},{"$f":"IF(C59=\"\",\"\",VLOOKUP(C59,#REF!,7,FALSE))","v":{"$error":"#REF!"}},{"$error":"#REF!"},{"$f":"IF(E59=\"\",\"\",VLOOKUP(E59,#REF!,7,FALSE))","v":{"$error":"#REF!"}},{"$error":"#REF!"},{"$f":"IF(G59=\"\",\"\",VLOOKUP(G59,#REF!,7,FALSE))","v":{"$error":"#REF!"}},{"$error":"#REF!"},{"$f":"IF(I59=\"\",\"\",VLOOKUP(I59,#REF!,7,FALSE))","v":{"$error":"#REF!"}},{"$error":"#REF!"},{"$f":"IF(K59=\"\",\"\",VLOOKUP(K59,#REF!,7,FALSE))","v":{"$error":"#REF!"}},{"$error":"#REF!"},{"$error":"#REF!"}]
[{"$f":"IF(ISNA(VLOOKUP(B60,#REF!,3,FALSE))=TRUE,\"\",VLOOKUP(B60,#REF!,3,FALSE))","v":{"$error":"#REF!"}},16,{"$f":"VLOOKUP(B60,#REF!,6,FALSE)","v":{"$error":"#REF!"}},{"$f":"IF(C60=\"\",\"\",VLOOKUP(C60,#REF!,7,FALSE))","v":{"$error":"#REF!"}},{"$error":"#REF!"},{"$f":"IF(E60=\"\",\"\",VLOOKUP(E60,#REF!,7,FALSE))","v":{"$error":"#REF!"}},{"$error":"#REF!"},{"$f":"IF(G60=\"\",\"\",VLOOKUP(G60,#REF!,7,FALSE))","v":{"$error":"#REF!"}},{"$error":"#REF!"},{"$f":"IF(I60=\"\",\"\",VLOOKUP(I60,#REF!,7,FALSE))","v":{"$error":"#REF!"}},{"$error":"#REF!"},{"$f":"IF(K60=\"\",\"\",VLOOKUP(K60,#REF!,7,FALSE))","v":{"$error":"#REF!"}},{"$error":"#REF!"},{"$error":"#REF!"}]
[{"$f":"IF(ISNA(VLOOKUP(B61,#REF!,3,FALSE))=TRUE,\"\",VLOOKUP(B61,#REF!,3,FALSE))","v":{"$error":"#REF!"}},25,{"$f":"VLOOKUP(B61,#REF!,6,FALSE)","v":{"$error":"#REF!"}},{"$f":"IF(C61=\"\",\"\",VLOOKUP(C61,#REF!,7,FALSE))","v":{"$error":"#REF!"}},{"$error":"#REF!"},{"$f":"IF(E61=\"\",\"\",VLOOKUP(E61,#REF!,7,FALSE))","v":{"$error":"#REF!"}},{"$error":"#REF!"},{"$f":"IF(G61=\"\",\"\",VLOOKUP(G61,#REF!,7,FALSE))","v":{"$error":"#REF!"}},{"$error":"#REF!"},{"$f":"IF(I61=\"\",\"\",VLOOKUP(I61,#REF!,7,FALSE))","v":{"$error":"#REF!"}},{"$error":"#REF!"},{"$f":"IF(K61=\"\",\"\",VLOOKUP(K61,#REF!,7,FALSE))","v":{"$error":"#REF!"}},{"$error":"#REF!"},{"$error":"#REF!"}]
[{"$f":"IF(ISNA(VLOOKUP(B62,#REF!,3,FALSE))=TRUE,\"\",VLOOKUP(B62,#REF!,3,FALSE))","v":{"$error":"#REF!"}},19,{"$f":"VLOOKUP(B62,#REF!,6,FALSE)","v":{"$error":"#REF!"}},{"$f":"IF(C62=\"\",\"\",VLOOKUP(C62,#REF!,7,FALSE))","v":{"$error":"#REF!"}},{"$error":"#REF!"},{"$f":"IF(E62=\"\",\"\",VLOOKUP(E62,#REF!,7,FALSE))","v":{"$error":"#REF!"}},{"$error":"#REF!"},{"$f":"IF(G62=\"\",\"\",VLOOKUP(G62,#REF!,7,FALSE))","v":{"$error":"#REF!"}},{"$error":"#REF!"},{"$f":"IF(I62=\"\",\"\",VLOOKUP(I62,#REF!,7,FALSE))","v":{"$error":"#REF!"}},{"$error":"#REF!"},{"$f":"IF(K62=\"\",\"\",VLOOKUP(K62,#REF!,7,FALSE))","v":{"$error":"#REF!"}},{"$f":"IF(B62=\"\",\"\",(D62+F62+H62+J62+L62))","v":{"$error":"#REF!"}},{"$error":"#REF!"}]
[{"$f":"IF(ISNA(VLOOKUP(B63,#REF!,3,FALSE))=TRUE,\"\",VLOOKUP(B63,#REF!,3,FALSE))","v":{"$error":"#REF!"}},3,{"$f":"VLOOKUP(B63,#REF!,6,FALSE)","v":{"$error":"#REF!"}},{"$f":"IF(C63=\"\",\"\",VLOOKUP(C63,#REF!,7,FALSE))","v":{"$error":"#REF!"}},{"$error":"#REF!"},{"$f":"IF(E63=\"\",\"\",VLOOKUP(E63,#REF!,7,FALSE))","v":{"$error":"#REF!"}},{"$error":"#REF!"},{"$f":"IF(G63=\"\",\"\",VLOOKUP(G63,#REF!,7,FALSE))","v":{"$error":"#REF!"}},{"$error":"#REF!"},{"$f":"IF(I63=\"\",\"\",VLOOKUP(I63,#REF!,7,FALSE))","v":{"$error":"#REF!"}},{"$error":"#REF!"},{"$f":"IF(K63=\"\",\"\",VLOOKUP(K63,#REF!,7,FALSE))","v":{"$error":"#REF!"}},{"$error":"#REF!"},{"$error":"#REF!"}]
[{"$f":"IF(ISNA(VLOOKUP(B64,#REF!,3,FALSE))=TRUE,\"\",VLOOKUP(B64,#REF!,3,FALSE))","v":{"$error":"#REF!"}},5,{"$f":"VLOOKUP(B64,#REF!,6,FALSE)","v":{"$error":"#REF!"}},{"$f":"IF(C64=\"\",\"\",VLOOKUP(C64,#REF!,7,FALSE))","v":{"$error":"#REF!"}},{"$error":"#REF!"},{"$f":"IF(E64=\"\",\"\",VLOOKUP(E64,#REF!,7,FALSE))","v":{"$error":"#REF!"}},{"$error":"#REF!"},{"$f":"IF(G64=\"\",\"\",VLOOKUP(G64,#REF!,7,FALSE))","v":{"$error":"#REF!"}},{"$error":"#REF!"},{"$f":"IF(I64=\"\",\"\",VLOOKUP(I64,#REF!,7,FALSE))","v":{"$error":"#REF!"}},{"$error":"#REF!"},{"$f":"IF(K64=\"\",\"\",VLOOKUP(K64,#REF!,7,FALSE))","v":{"$error":"#REF!"}},{"$error":"#REF!"},{"$error":"#REF!"}]
[{"$f":"IF(ISNA(VLOOKUP(B65,#REF!,3,FALSE))=TRUE,\"\",VLOOKUP(B65,#REF!,3,FALSE))","v":{"$error":"#REF!"}},6,{"$f":"VLOOKUP(B65,#REF!,6,FALSE)","v":{"$error":"#REF!"}},{"$f":"IF(C65=\"\",\"\",VLOOKUP(C65,#REF!,7,FALSE))","v":{"$error":"#REF!"}},{"$error":"#REF!"},{"$f":"IF(E65=\"\",\"\",VLOOKUP(E65,#REF!,7,FALSE))","v":{"$error":"#REF!"}},{"$error":"#REF!"},{"$f":"IF(G65=\"\",\"\",VLOOKUP(G65,#REF!,7,FALSE))","v":{"$error":"#REF!"}},{"$error":"#REF!"},{"$f":"IF(I65=\"\",\"\",VLOOKUP(I65,#REF!,7,FALSE))","v":{"$error":"#REF!"}},{"$error":"#REF!"},{"$f":"IF(K65=\"\",\"\",VLOOKUP(K65,#REF!,7,FALSE))","v":{"$error":"#REF!"}},{"$error":"#REF!"},{"$error":"#REF!"}]
[{"$f":"IF(ISNA(VLOOKUP(B66,#REF!,3,FALSE))=TRUE,\"\",VLOOKUP(B66,#REF!,3,FALSE))","v":{"$error":"#REF!"}},7,{"$f":"VLOOKUP(B66,#REF!,6,FALSE)","v":{"$error":"#REF!"}},{"$f":"IF(C66=\"\",\"\",VLOOKUP(C66,#REF!,7,FALSE))","v":{"$error":"#REF!"}},{"$error":"#REF!"},{"$f":"IF(E66=\"\",\"\",VLOOKUP(E66,#REF!,7,FALSE))","v":{"$error":"#REF!"}},{"$error":"#REF!"},{"$f":"IF(G66=\"\",\"\",VLOOKUP(G66,#REF!,7,FALSE))","v":{"$error":"#REF!"}},{"$error":"#REF!"},{"$f":"IF(I66=\"\",\"\",VLOOKUP(I66,#REF!,7,FALSE))","v":{"$error":"#REF!"}},{"$error":"#REF!"},{"$f":"IF(K66=\"\",\"\",VLOOKUP(K66,#REF!,7,FALSE))","v":{"$error":"#REF!"}},{"$error":"#REF!"},{"$error":"#REF!"}]
[{"$f":"IF(ISNA(VLOOKUP(B67,#REF!,3,FALSE))=TRUE,\"\",VLOOKUP(B67,#REF!,3,FALSE))","v":{"$error":"#REF!"}},8,{"$f":"VLOOKUP(B67,#REF!,6,FALSE)","v":{"$error":"#REF!"}},{"$f":"IF(C67=\"\",\"\",VLOOKUP(C67,#REF!,7,FALSE))","v":{"$error":"#REF!"}},{"$error":"#REF!"},{"$f":"IF(E67=\"\",\"\",VLOOKUP(E67,#REF!,7,FALSE))","v":{"$error":"#REF!"}},{"$error":"#REF!"},{"$f":"IF(G67=\"\",\"\",VLOOKUP(G67,#REF!,7,FALSE))","v":{"$error":"#REF!"}},{"$error":"#REF!"},{"$f":"IF(I67=\"\",\"\",VLOOKUP(I67,#REF!,7,FALSE))","v":{"$error":"#REF!"}},{"$error":"#REF!"},{"$f":"IF(K67=\"\",\"\",VLOOKUP(K67,#REF!,7,FALSE))","v":{"$error":"#REF!"}},{"$error":"#REF!"},{"$error":"#REF!"}]
[{"$f":"IF(ISNA(VLOOKUP(B68,#REF!,3,FALSE))=TRUE,\"\",VLOOKUP(B68,#REF!,3,FALSE))","v":{"$error":"#REF!"}},13,{"$f":"VLOOKUP(B68,#REF!,6,FALSE)","v":{"$error":"#REF!"}},{"$f":"IF(C68=\"\",\"\",VLOOKUP(C68,#REF!,7,FALSE))","v":{"$error":"#REF!"}},{"$error":"#REF!"},{"$f":"IF(E68=\"\",\"\",VLOOKUP(E68,#REF!,7,FALSE))","v":{"$error":"#REF!"}},{"$error":"#REF!"},{"$f":"IF(G68=\"\",\"\",VLOOKUP(G68,#REF!,7,FALSE))","v":{"$error":"#REF!"}},{"$error":"#REF!"},{"$f":"IF(I68=\"\",\"\",VLOOKUP(I68,#REF!,7,FALSE))","v":{"$error":"#REF!"}},{"$error":"#REF!"},{"$f":"IF(K68=\"\",\"\",VLOOKUP(K68,#REF!,7,FALSE))","v":{"$error":"#REF!"}},{"$error":"#REF!"},{"$error":"#REF!"}]
[{"$f":"IF(ISNA(VLOOKUP(B69,#REF!,3,FALSE))=TRUE,\"\",VLOOKUP(B69,#REF!,3,FALSE))","v":{"$error":"#REF!"}},18,{"$f":"VLOOKUP(B69,#REF!,6,FALSE)","v":{"$error":"#REF!"}},{"$f":"IF(C69=\"\",\"\",VLOOKUP(C69,#REF!,7,FALSE))","v":{"$error":"#REF!"}},{"$error":"#REF!"},{"$f":"IF(E69=\"\",\"\",VLOOKUP(E69,#REF!,7,FALSE))","v":{"$error":"#REF!"}},{"$error":"#REF!"},{"$f":"IF(G69=\"\",\"\",VLOOKUP(G69,#REF!,7,FALSE))","v":{"$error":"#REF!"}},{"$error":"#REF!"},{"$f":"IF(I69=\"\",\"\",VLOOKUP(I69,#REF!,7,FALSE))","v":{"$error":"#REF!"}},{"$error":"#REF!"},{"$f":"IF(K69=\"\",\"\",VLOOKUP(K69,#REF!,7,FALSE))","v":{"$error":"#REF!"}},{"$error":"#REF!"},{"$error":"#REF!"}]
[{"$f":"IF(ISNA(VLOOKUP(B70,#REF!,3,FALSE))=TRUE,\"\",VLOOKUP(B70,#REF!,3,FALSE))","v":{"$error":"#REF!"}},23,{"$f":"VLOOKUP(B70,#REF!,6,FALSE)","v":{"$error":"#REF!"}},{"$f":"IF(C70=\"\",\"\",VLOOKUP(C70,#REF!,7,FALSE))","v":{"$error":"#REF!"}},{"$error":"#REF!"},{"$f":"IF(E70=\"\",\"\",VLOOKUP(E70,#REF!,7,FALSE))","v":{"$error":"#REF!"}},{"$error":"#REF!"},{"$f":"IF(G70=\"\",\"\",VLOOKUP(G70,#REF!,7,FALSE))","v":{"$error":"#REF!"}},{"$error":"#REF!"},{"$f":"IF(I70=\"\",\"\",VLOOKUP(I70,#REF!,7,FALSE))","v":{"$error":"#REF!"}},{"$error":"#REF!"},{"$f":"IF(K70=\"\",\"\",VLOOKUP(K70,#REF!,7,FALSE))","v":{"$error":"#REF!"}},{"$error":"#REF!"},{"$error":"#REF!"}]
["Day 2 Zone Winner",null,"A. PRICE",null,"DAVE READ",null,"FRANCIS JONES",null,"SIMON DRAYTON",null,"CRAIG BUY"]
["Day 2 Zone Winner",null,null,null,"A. HUTCHINGS"]
["Day 2 Zone Second",null,"IAN DAVIS",null,null,null,"BRADLEY BONE",null,"JOE ARCH",null,"ALLAN SMITH"]
["Day 2 Zone Third",null,"MARK SHARMAN",null,"RICHARD POTTS",null,"IAN BELLFIELD",null,"MARK VERINDER",null,"JAMES BROWN"]
["Day 2 Zone Third",null,"GERRY BELL"]
["SAMF 2006 National Sea League Final  -  Final Positions"]
["Team Name","Team No. ","Day 1 Points","Day 2 Points","Total Points","Overall Position"]
[]
[{"$f":"IF(ISNA(VLOOKUP(B79,#REF!,3,FALSE))=TRUE,\"\",VLOOKUP(B79,#REF!,3,FALSE))","v":{"$error":"#REF!"}},12,{"$f":"VLOOKUP(B79,$B$4:$M$32,12,FALSE)","v":{"$error":"#REF!"}},{"$f":"VLOOKUP(B79,$B$41:$M$70,12,FALSE)","v":{"$error":"#REF!"}},{"$f":"IF(B79=\"\",\"\",(C79+D79))","v":{"$error":"#REF!"}},{"$f":"IF(E79=\"\",\"\",IF(E79=E78,F78,ROW()-78))","v":{"$error":"#REF!"}}]
[{"$f":"IF(ISNA(VLOOKUP(B80,#REF!,3,FALSE))=TRUE,\"\",VLOOKUP(B80,#REF!,3,FALSE))","v":{"$error":"#REF!"}},11,{"$error":"#REF!"},{"$error":"#REF!"},{"$error":"#REF!"},{"$f":"IF(E80=\"\",\"\",IF(E80=E79,F79,ROW()-78))","v":{"$error":"#REF!"}}]
[{"$f":"IF(ISNA(VLOOKUP(B81,#REF!,3,FALSE))=TRUE,\"\",VLOOKUP(B81,#REF!,3,FALSE))","v":{"$error":"#REF!"}},9,{"$error":"#REF!"},{"$error":"#REF!"},{"$error":"#REF!"},{"$error":"#REF!"}]
[{"$f":"IF(ISNA(VLOOKUP(B82,#REF!,3,FALSE))=TRUE,\"\",VLOOKUP(B82,#REF!,3,FALSE))","v":{"$error":"#REF!"}},30,{"$error":"#REF!"},{"$error":"#REF!"},{"$error":"#REF!"},{"$error":"#REF!"}]
[{"$f":"IF(ISNA(VLOOKUP(B83,#REF!,3,FALSE))=TRUE,\"\",VLOOKUP(B83,#REF!,3,FALSE))","v":{"$error":"#REF!"}},10,{"$error":"#REF!"},{"$error":"#REF!"},{"$error":"#REF!"},{"$error":"#REF!"}]
[{"$f":"IF(ISNA(VLOOKUP(B84,#REF!,3,FALSE))=TRUE,\"\",VLOOKUP(B84,#REF!,3,FALSE))","v":{"$error":"#REF!"}},20,{"$error":"#REF!"},{"$error":"#REF!"},{"$error":"#REF!"},{"$error":"#REF!"}]
[{"$f":"IF(ISNA(VLOOKUP(B85,#REF!,3,FALSE))=TRUE,\"\",VLOOKUP(B85,#REF!,3,FALSE))","v":{"$error":"#REF!"}},27,{"$error":"#REF!"},{"$error":"#REF!"},{"$error":"#REF!"},{"$error":"#REF!"}]
[{"$f":"IF(ISNA(VLOOKUP(B86,#REF!,3,FALSE))=TRUE,\"\",VLOOKUP(B86,#REF!,3,FALSE))","v":{"$error":"#REF!"}},22,{"$error":"#REF!"},{"$error":"#REF!"},{"$error":"#REF!"},{"$error":"#REF!"}]
[{"$f":"IF(ISNA(VLOOKUP(B87,#REF!,3,FALSE))=TRUE,\"\",VLOOKUP(B87,#REF!,3,FALSE))","v":{"$error":"#REF!"}},26,{"$error":"#REF!"},{"$error":"#REF!"},{"$error":"#REF!"},{"$error":"#REF!"}]
[{"$f":"IF(ISNA(VLOOKUP(B88,#REF!,3,FALSE))=TRUE,\"\",VLOOKUP(B88,#REF!,3,FALSE))","v":{"$error":"#REF!"}},2,{"$error":"#REF!"},{"$error":"#REF!"},{"$error":"#REF!"},{"$error":"#REF!"}]
[{"$f":"IF(ISNA(VLOOKUP(B89,#REF!,3,FALSE))=TRUE,\"\",VLOOKUP(B89,#REF!,3,FALSE))","v":{"$error":"#REF!"}},4,{"$error":"#REF!"},{"$error":"#REF!"},{"$error":"#REF!"},{"$error":"#REF!"}]
[{"$f":"IF(ISNA(VLOOKUP(B90,#REF!,3,FALSE))=TRUE,\"\",VLOOKUP(B90,#REF!,3,FALSE))","v":{"$error":"#REF!"}},21,{"$error":"#REF!"},{"$error":"#REF!"},{"$error":"#REF!"},{"$error":"#REF!"}]
[{"$f":"IF(ISNA(VLOOKUP(B91,#REF!,3,FALSE))=TRUE,\"\",VLOOKUP(B91,#REF!,3,FALSE))","v":{"$error":"#REF!"}},1,{"$f":"VLOOKUP(B91,$B$4:$M$32,12,FALSE)","v":{"$error":"#REF!"}},{"$f":"VLOOKUP(B91,$B$41:$M$70,12,FALSE)","v":{"$error":"#REF!"}},{"$f":"IF(B91=\"\",\"\",(C91+D91))","v":{"$error":"#REF!"}},{"$error":"#REF!"}]
[{"$f":"IF(ISNA(VLOOKUP(B92,#REF!,3,FALSE))=TRUE,\"\",VLOOKUP(B92,#REF!,3,FALSE))","v":{"$error":"#REF!"}},28,{"$error":"#REF!"},{"$error":"#REF!"},{"$error":"#REF!"},{"$error":"#REF!"}]
[{"$f":"IF(ISNA(VLOOKUP(B93,#REF!,3,FALSE))=TRUE,\"\",VLOOKUP(B93,#REF!,3,FALSE))","v":{"$error":"#REF!"}},29,{"$error":"#REF!"},{"$f":"VLOOKUP(B93,$B$41:$M$70,12,FALSE)","v":{"$error":"#REF!"}},{"$f":"IF(B93=\"\",\"\",(C93+D93))","v":{"$error":"#REF!"}},{"$error":"#REF!"}]
[{"$f":"IF(ISNA(VLOOKUP(B94,#REF!,3,FALSE))=TRUE,\"\",VLOOKUP(B94,#REF!,3,FALSE))","v":{"$error":"#REF!"}},25,{"$error":"#REF!"},{"$error":"#REF!"},{"$error":"#REF!"},{"$error":"#REF!"}]
[{"$f":"IF(ISNA(VLOOKUP(B95,#REF!,3,FALSE))=TRUE,\"\",VLOOKUP(B95,#REF!,3,FALSE))","v":{"$error":"#REF!"}},17,{"$error":"#REF!"},{"$error":"#REF!"},{"$error":"#REF!"},{"$error":"#REF!"}]
[{"$f":"IF(ISNA(VLOOKUP(B96,#REF!,3,FALSE))=TRUE,\"\",VLOOKUP(B96,#REF!,3,FALSE))","v":{"$error":"#REF!"}},24,{"$error":"#REF!"},{"$error":"#REF!"},{"$error":"#REF!"},{"$error":"#REF!"}]
[{"$f":"IF(ISNA(VLOOKUP(B97,#REF!,3,FALSE))=TRUE,\"\",VLOOKUP(B97,#REF!,3,FALSE))","v":{"$error":"#REF!"}},15,{"$error":"#REF!"},{"$error":"#REF!"},{"$error":"#REF!"},{"$error":"#REF!"}]
[{"$f":"IF(ISNA(VLOOKUP(B98,#REF!,3,FALSE))=TRUE,\"\",VLOOKUP(B98,#REF!,3,FALSE))","v":{"$error":"#REF!"}},14,{"$error":"#REF!"},{"$error":"#REF!"},{"$error":"#REF!"},{"$error":"#REF!"}]
[{"$f":"IF(ISNA(VLOOKUP(B99,#REF!,3,FALSE))=TRUE,\"\",VLOOKUP(B99,#REF!,3,FALSE))","v":{"$error":"#REF!"}},16,{"$error":"#REF!"},{"$error":"#REF!"},{"$error":"#REF!"},{"$error":"#REF!"}]
[{"$f":"IF(ISNA(VLOOKUP(B100,#REF!,3,FALSE))=TRUE,\"\",VLOOKUP(B100,#REF!,3,FALSE))","v":{"$error":"#REF!"}},6,{"$error":"#REF!"},{"$error":"#REF!"},{"$error":"#REF!"},{"$error":"#REF!"}]
[{"$f":"IF(ISNA(VLOOKUP(B101,#REF!,3,FALSE))=TRUE,\"\",VLOOKUP(B101,#REF!,3,FALSE))","v":{"$error":"#REF!"}},19,{"$error":"#REF!"},{"$error":"#REF!"},{"$error":"#REF!"},{"$error":"#REF!"}]
[{"$f":"IF(ISNA(VLOOKUP(B102,#REF!,3,FALSE))=TRUE,\"\",VLOOKUP(B102,#REF!,3,FALSE))","v":{"$error":"#REF!"}},23,{"$error":"#REF!"},{"$error":"#REF!"},{"$error":"#REF!"},{"$error":"#REF!"}]
[{"$f":"IF(ISNA(VLOOKUP(B103,#REF!,3,FALSE))=TRUE,\"\",VLOOKUP(B103,#REF!,3,FALSE))","v":{"$error":"#REF!"}},18,{"$error":"#REF!"},{"$error":"#REF!"},{"$error":"#REF!"},{"$error":"#REF!"}]
[{"$f":"IF(ISNA(VLOOKUP(B104,#REF!,3,FALSE))=TRUE,\"\",VLOOKUP(B104,#REF!,3,FALSE))","v":{"$error":"#REF!"}},7,{"$error":"#REF!"},{"$error":"#REF!"},{"$error":"#REF!"},{"$error":"#REF!"}]
[{"$f":"IF(ISNA(VLOOKUP(B105,#REF!,3,FALSE))=TRUE,\"\",VLOOKUP(B105,#REF!,3,FALSE))","v":{"$error":"#REF!"}},3,{"$error":"#REF!"},{"$error":"#REF!"},{"$error":"#REF!"},{"$error":"#REF!"}]
[{"$f":"IF(ISNA(VLOOKUP(B106,#REF!,3,FALSE))=TRUE,\"\",VLOOKUP(B106,#REF!,3,FALSE))","v":{"$error":"#REF!"}},5,{"$error":"#REF!"},{"$error":"#REF!"},{"$error":"#REF!"},{"$error":"#REF!"}]
[{"$f":"IF(ISNA(VLOOKUP(B107,#REF!,3,FALSE))=TRUE,\"\",VLOOKUP(B107,#REF!,3,FALSE))","v":{"$error":"#REF!"}},8,{"$error":"#REF!"},{"$f":"VLOOKUP(B107,$B$41:$M$70,12,FALSE)","v":{"$error":"#REF!"}},{"$f":"IF(B107=\"\",\"\",(C107+D107))","v":{"$error":"#REF!"}},{"$error":"#REF!"}]
[{"$f":"IF(ISNA(VLOOKUP(B108,#REF!,3,FALSE))=TRUE,\"\",VLOOKUP(B108,#REF!,3,FALSE))","v":{"$error":"#REF!"}},13,{"$f":"VLOOKUP(B108,$B$4:$M$33,12,FALSE)","v":{"$error":"#REF!"}},{"$f":"VLOOKUP(B108,$B$41:$M$70,12,FALSE)","v":{"$error":"#REF!"}},{"$f":"IF(B108=\"\",\"\",(C108+D108))","v":{"$error":"#REF!"}},{"$error":"#REF!"}]
[{"$f":"IF(ISNA(VLOOKUP(B109,#REF!,2,FALSE))=TRUE,\"\",VLOOKUP(B109,#REF!,2,FALSE))","v":{"$error":"#REF!"}}]

{"sheet":"Final team results","index":1,"n_rows":31,"n_cols":6,"rows_kept":31,"cut":false,"hidden":true,"merged":[[1,5,2,5],[1,4,2,4],[1,0,2,0],[1,1,2,1],[1,2,2,2],[1,3,2,3]]}
["SAMF 2006 National Sea League Final  -  Final Positions"]
["Team Name","Team No. ","Day 1 Points","Day 2 Points","Total Points","Overall Position"]
[]
[{"$f":"'Auto Team results'!A79","v":{"$error":"#REF!"}},{"$f":"'Auto Team results'!B79","v":12},{"$f":"'Auto Team results'!C79","v":{"$error":"#REF!"}},{"$f":"'Auto Team results'!D79","v":{"$error":"#REF!"}},{"$f":"IF(B4=\"\",\"\",(C4+D4))","v":{"$error":"#REF!"}},{"$f":"IF(E4=\"\",\"\",IF(E4=E3,F3,ROW()-3))","v":{"$error":"#REF!"}}]
[{"$f":"'Auto Team results'!A80","v":{"$error":"#REF!"}},{"$f":"'Auto Team results'!B80","v":11},{"$f":"'Auto Team results'!C80","v":{"$error":"#REF!"}},{"$f":"'Auto Team results'!D80","v":{"$error":"#REF!"}},{"$f":"IF(B5=\"\",\"\",(C5+D5))","v":{"$error":"#REF!"}},{"$f":"IF(E5=\"\",\"\",IF(E5=E4,F4,ROW()-3))","v":{"$error":"#REF!"}}]
[{"$f":"'Auto Team results'!A81","v":{"$error":"#REF!"}},{"$f":"'Auto Team results'!B81","v":9},{"$f":"'Auto Team results'!C81","v":{"$error":"#REF!"}},{"$f":"'Auto Team results'!D81","v":{"$error":"#REF!"}},{"$error":"#REF!"},{"$error":"#REF!"}]
[{"$f":"'Auto Team results'!A82","v":{"$error":"#REF!"}},{"$f":"'Auto Team results'!B82","v":30},{"$f":"'Auto Team results'!C82","v":{"$error":"#REF!"}},{"$f":"'Auto Team results'!D82","v":{"$error":"#REF!"}},{"$error":"#REF!"},{"$error":"#REF!"}]
[{"$f":"'Auto Team results'!A83","v":{"$error":"#REF!"}},{"$f":"'Auto Team results'!B83","v":10},{"$f":"'Auto Team results'!C83","v":{"$error":"#REF!"}},{"$f":"'Auto Team results'!D83","v":{"$error":"#REF!"}},{"$error":"#REF!"},{"$error":"#REF!"}]
[{"$f":"'Auto Team results'!A84","v":{"$error":"#REF!"}},{"$f":"'Auto Team results'!B84","v":20},{"$f":"'Auto Team results'!C84","v":{"$error":"#REF!"}},{"$f":"'Auto Team results'!D84","v":{"$error":"#REF!"}},{"$error":"#REF!"},{"$error":"#REF!"}]
[{"$f":"'Auto Team results'!A85","v":{"$error":"#REF!"}},{"$f":"'Auto Team results'!B85","v":27},{"$f":"'Auto Team results'!C85","v":{"$error":"#REF!"}},{"$f":"'Auto Team results'!D85","v":{"$error":"#REF!"}},{"$error":"#REF!"},{"$error":"#REF!"}]
[{"$f":"'Auto Team results'!A86","v":{"$error":"#REF!"}},{"$f":"'Auto Team results'!B86","v":22},{"$f":"'Auto Team results'!C86","v":{"$error":"#REF!"}},{"$f":"'Auto Team results'!D86","v":{"$error":"#REF!"}},{"$error":"#REF!"},{"$error":"#REF!"}]
[{"$f":"'Auto Team results'!A87","v":{"$error":"#REF!"}},{"$f":"'Auto Team results'!B87","v":26},{"$f":"'Auto Team results'!C87","v":{"$error":"#REF!"}},{"$f":"'Auto Team results'!D87","v":{"$error":"#REF!"}},{"$error":"#REF!"},{"$error":"#REF!"}]
[{"$f":"'Auto Team results'!A88","v":{"$error":"#REF!"}},{"$f":"'Auto Team results'!B88","v":2},{"$f":"'Auto Team results'!C88","v":{"$error":"#REF!"}},{"$f":"'Auto Team results'!D88","v":{"$error":"#REF!"}},{"$error":"#REF!"},{"$error":"#REF!"}]
[{"$f":"'Auto Team results'!A89","v":{"$error":"#REF!"}},{"$f":"'Auto Team results'!B89","v":4},{"$f":"'Auto Team results'!C89","v":{"$error":"#REF!"}},{"$f":"'Auto Team results'!D89","v":{"$error":"#REF!"}},{"$error":"#REF!"},{"$error":"#REF!"}]
[{"$f":"'Auto Team results'!A90","v":{"$error":"#REF!"}},{"$f":"'Auto Team results'!B90","v":21},{"$f":"'Auto Team results'!C90","v":{"$error":"#REF!"}},{"$f":"'Auto Team results'!D90","v":{"$error":"#REF!"}},{"$error":"#REF!"},{"$error":"#REF!"}]
[{"$f":"'Auto Team results'!A91","v":{"$error":"#REF!"}},{"$f":"'Auto Team results'!B91","v":1},{"$f":"'Auto Team results'!C91","v":{"$error":"#REF!"}},{"$f":"'Auto Team results'!D91","v":{"$error":"#REF!"}},{"$error":"#REF!"},{"$error":"#REF!"}]
[{"$f":"'Auto Team results'!A92","v":{"$error":"#REF!"}},{"$f":"'Auto Team results'!B92","v":28},{"$f":"'Auto Team results'!C92","v":{"$error":"#REF!"}},{"$f":"'Auto Team results'!D92","v":{"$error":"#REF!"}},{"$error":"#REF!"},{"$error":"#REF!"}]
[{"$f":"'Auto Team results'!A93","v":{"$error":"#REF!"}},{"$f":"'Auto Team results'!B93","v":29},{"$f":"'Auto Team results'!C93","v":{"$error":"#REF!"}},{"$f":"'Auto Team results'!D93","v":{"$error":"#REF!"}},{"$error":"#REF!"},{"$error":"#REF!"}]
[{"$f":"'Auto Team results'!A94","v":{"$error":"#REF!"}},{"$f":"'Auto Team results'!B94","v":25},{"$f":"'Auto Team results'!C94","v":{"$error":"#REF!"}},{"$f":"'Auto Team results'!D94","v":{"$error":"#REF!"}},{"$error":"#REF!"},{"$error":"#REF!"}]
[{"$f":"'Auto Team results'!A95","v":{"$error":"#REF!"}},{"$f":"'Auto Team results'!B95","v":17},{"$f":"'Auto Team results'!C95","v":{"$error":"#REF!"}},{"$f":"'Auto Team results'!D95","v":{"$error":"#REF!"}},{"$error":"#REF!"},{"$error":"#REF!"}]
[{"$f":"'Auto Team results'!A96","v":{"$error":"#REF!"}},{"$f":"'Auto Team results'!B96","v":24},{"$f":"'Auto Team results'!C96","v":{"$error":"#REF!"}},{"$f":"'Auto Team results'!D96","v":{"$error":"#REF!"}},{"$error":"#REF!"},{"$error":"#REF!"}]
[{"$f":"'Auto Team results'!A97","v":{"$error":"#REF!"}},{"$f":"'Auto Team results'!B97","v":15},{"$f":"'Auto Team results'!C97","v":{"$error":"#REF!"}},{"$f":"'Auto Team results'!D97","v":{"$error":"#REF!"}},{"$error":"#REF!"},{"$error":"#REF!"}]
[{"$f":"'Auto Team results'!A98","v":{"$error":"#REF!"}},{"$f":"'Auto Team results'!B98","v":14},{"$f":"'Auto Team results'!C98","v":{"$error":"#REF!"}},{"$f":"'Auto Team results'!D98","v":{"$error":"#REF!"}},{"$error":"#REF!"},{"$error":"#REF!"}]
[{"$f":"'Auto Team results'!A99","v":{"$error":"#REF!"}},{"$f":"'Auto Team results'!B99","v":16},{"$f":"'Auto Team results'!C99","v":{"$error":"#REF!"}},{"$f":"'Auto Team results'!D99","v":{"$error":"#REF!"}},{"$error":"#REF!"},{"$error":"#REF!"}]
[{"$f":"'Auto Team results'!A100","v":{"$error":"#REF!"}},{"$f":"'Auto Team results'!B100","v":6},{"$f":"'Auto Team results'!C100","v":{"$error":"#REF!"}},{"$f":"'Auto Team results'!D100","v":{"$error":"#REF!"}},{"$error":"#REF!"},{"$error":"#REF!"}]
[{"$f":"'Auto Team results'!A101","v":{"$error":"#REF!"}},{"$f":"'Auto Team results'!B101","v":19},{"$f":"'Auto Team results'!C101","v":{"$error":"#REF!"}},{"$f":"'Auto Team results'!D101","v":{"$error":"#REF!"}},{"$error":"#REF!"},{"$error":"#REF!"}]
[{"$f":"'Auto Team results'!A102","v":{"$error":"#REF!"}},{"$f":"'Auto Team results'!B102","v":23},{"$f":"'Auto Team results'!C102","v":{"$error":"#REF!"}},{"$f":"'Auto Team results'!D102","v":{"$error":"#REF!"}},{"$error":"#REF!"},{"$error":"#REF!"}]
[{"$f":"'Auto Team results'!A103","v":{"$error":"#REF!"}},{"$f":"'Auto Team results'!B103","v":18},{"$f":"'Auto Team results'!C103","v":{"$error":"#REF!"}},{"$f":"'Auto Team results'!D103","v":{"$error":"#REF!"}},{"$error":"#REF!"},{"$error":"#REF!"}]
[{"$f":"'Auto Team results'!A104","v":{"$error":"#REF!"}},{"$f":"'Auto Team results'!B104","v":7},{"$f":"'Auto Team results'!C104","v":{"$error":"#REF!"}},{"$f":"'Auto Team results'!D104","v":{"$error":"#REF!"}},{"$f":"IF(B29=\"\",\"\",(C29+D29))","v":{"$error":"#REF!"}},{"$f":"IF(E29=\"\",\"\",IF(E29=E28,F28,ROW()-3))","v":{"$error":"#REF!"}}]
[{"$f":"'Auto Team results'!A105","v":{"$error":"#REF!"}},{"$f":"'Auto Team results'!B105","v":3},{"$f":"'Auto Team results'!C105","v":{"$error":"#REF!"}},{"$f":"'Auto Team results'!D105","v":{"$error":"#REF!"}},{"$f":"IF(B30=\"\",\"\",(C30+D30))","v":{"$error":"#REF!"}},{"$f":"IF(E30=\"\",\"\",IF(E30=E29,F29,ROW()-3))","v":{"$error":"#REF!"}}]
[{"$f":"'Auto Team results'!A106","v":{"$error":"#REF!"}},{"$f":"'Auto Team results'!B106","v":5},{"$f":"'Auto Team results'!C106","v":{"$error":"#REF!"}},{"$f":"'Auto Team results'!D106","v":{"$error":"#REF!"}},{"$f":"IF(B31=\"\",\"\",(C31+D31))","v":{"$error":"#REF!"}},{"$f":"IF(E31=\"\",\"\",IF(E31=E30,F30,ROW()-3))","v":{"$error":"#REF!"}}]

{"sheet":"Bass Festival ","index":2,"n_rows":109,"n_cols":9,"rows_kept":109,"cut":false,"hidden":false,"merged":[[1,8,2,8],[0,1,0,3],[0,4,0,8],[1,0,2,0],[1,1,2,1],[1,2,2,2],[1,3,2,3],[1,4,2,4],[1,5,2,5],[1,6,2,6],[1,7,2,7]]}
[null,"BASS FESTIVAL 2019",null,null,"Overall - Final Positions"]
["Overall Number","Angler Name","Angler No","Total No. Fish","Total No. Fish Points","Day 1 Points","Day 2 Points","Total Points","Overall Position"]
[null,{"$error":"#N/A"}]
[1,"HUTSON, Garry",113,16,703,2.0000037162287709,1.0000023037758887,2.9929600200046598,1]
[2,"WRIGHT, Dave",33,25,666,2.0000022066287126,1.000004693293284,2.9933218999219964,2]
[3,"AKESTER, Jack",16,28,643,2.0000052064351537,1.0000022162629374,2.993549422698091,3]
[4,"LINDFIELD, Bill",86,29,580,1.0000027016074564,2.0000047587322736,2.9941784603397301,4]
[5,"RANDELL, Henry",1,25,557,2.0000032775064729,1.0000039660506068,2.9944122435570795,5]
[6,"TURNER, Cameron",11,30,674,2.0000025370407957,2.0000035696437495,3.9932361066845443,6]
[7,"TUCK, Rob",109,36,861,4.0000029662148133,1.0000019075596589,4.9913588737744723,7]
[8,"CLEMENT, Alby",65,30,744,4.0000036884036589,1.000002113360666,4.9925358017643253,8]
[9,"ADAMS, Stephen",68,28,611,3.0000031729914962,2.0000033770093206,4.9938685500008173,9]
[10,"MEDLER, Gary",26,16,605,3.0000028321391148,2.0000039671519816,4.9939407992910967,10]
[11,"SMITH, George",114,19,1047,1.0000010739292926,5.0000086184607433,5.9895206923900357,11]
[12,"BOWELL, Ian",93,24,690,1.0000019719976336,5.0000054603035933,5.9930834323012272,12]
[13,"CUTLER, Neil",92,37,675,2.0000019036378518,4.0000066640010665,5.9932215676389182,13]
[14,"SPALL, Chris",4,27,478,3.0000044035404465,3.0000039812086952,5.9952013847491417,14]
[15,"HUGHES, Gary",87,26,627,3.0000021450021448,4.0000062088662611,6.9937123538684061,15]
[16,"ELLIOTT, Nathan",24,41,605,1.0000020148291424,6.0000091667430562,6.9939201815721983,16]
[17,"CANNELL, Chris",43,19,600,4.0000026032853464,3.0000046283439787,6.9939882316293254,17]
[18,"BUY, Craig",119,23,480,1.0000027308973729,6.0000087680841734,6.9951884989815465,18]
[19,"BURT, Richard",19,28,441,3.0000036335888955,4.0000060215571747,6.9955716551460698,19]
[20,"ADAMS, Lee",22,19,430,5.0000038296568627,2.0000059147098836,6.9956907443667466,20]
[21,"RUSSELL, Shane",25,27,907,1.0000013137324453,7.0000068455640747,7.9909111592965196,21]
[22,"DRIVER, Ed",49,24,541,5.0000027237566051,3.0000057438253878,7.9945744675819919,22]
[23,"GASCOIGNE, Robert",5,27,537,7.0000053717232484,1.0000028481102787,7.9946112198335264,23]
[24,"CRAWFORD, Vince",76,19,319,3.0000048049202381,5.0000090033312325,7.9968048082514702,24]
[25,"PROVINS, Colin",100,40,874,1.0000012717468716,8.000011353315168,8.9912326250620396,25]
[26,"WOODS, Graham",39,13,546,8.0000042538710225,1.0000032149172158,8.99453446878824,26]
[27,"WATTS, Mike",46,37,492,7.0000070886793786,2.0000028465698834,8.9950529352492605,27]
[28,"SHAUL, Jimmy",94,26,464,6.0000044238000445,3.0000041979765752,8.9953426217766186,28]
[29,"KINGDON, Adam",20,24,436,1.0000031434678738,8.0000084659668129,8.9956276094346865,29]
[30,"STORER, Paul",7,24,381,5.0000061690314617,4.0000045632928725,8.9961767323243347,30]
[31,"DIAPER, Greg",3,13,331,5.0000065333856005,4.00000561576908,8.9966891491546814,31]
[32,"SELF, Bevan",8,17,340,5.0000039665225495,5.0000113558937089,9.9965983224162596,32]
[33,"FRARY, Charlie",120,22,379,9.0000064871878038,2.0000044430621586,10.996198930249962,33]
[34,"DAWBER, Simon",116,20,279,8.000012339585389,3.0000050464271295,10.997207386012521,34]
[35,"ELEY, Kevin",82,30,440,4.0000026790976797,8.0000149164677801,11.995587595565459,35]
[36,"WARD, Mark",59,20,428,10.000005462093075,2.0000040796344649,11.995709541727541,36]
[37,"HURCOMBE, Mark",58,21,376,9.0000055515461064,3.0000050999592003,11.996229651505306,37]
[38,"BENNETT, Rick",41,24,319,6.0000068446269674,6.0000057756728662,11.996798620299835,38]
[39,"BRADSHAW, Craig",117,9,271,4.0000048768593022,8.0000151423379773,11.997301019197279,39]
[40,"HUTCHINSON (BP), Dave",90,19,399,2.0000029572674847,11.000016382699869,12.996010339967354,40]
[41,"HIPPERSON, Richard",77,32,386,7.000003714158372,6.0000085411684321,12.996120255326806,41]
[42,"THORPE, Doug",104,15,343,6.0000039827943281,7.0000108613011838,12.996569844095513,42]
[43,"BANHAM, Jason",15,23,340,9.0000084709868702,4.0000045008551623,12.996589971842033,43]
[44,"STEBBINGS, Robert",38,22,326,9.0000056795592656,4.0000066600066599,12.996730339565927,44]
[45,"EAGLE, Dan",91,11,294,7.0000070896845088,6.0000065333856005,12.997062623070109,45]
[46,"STONE, Barry",79,28,273,6.0000053711462025,7.0000114810562568,12.99725885220246,46]
[47,"McKENZIE, Brian",112,28,355,6.0000035309487663,8.000013875398917,13.996439406347683,47]
[48,"GREEN, Kevin",105,24,335,8.0000077477337879,6.0000048503662029,13.996638598099992,48]
[49,"BORDIANU, Adrian",103,14,238,5.0000075723156145,9.0000094268476616,13.997622999163275,49]
[50,"BATTLE, Ian",51,14,206,4.0000066631130062,10.000017838030681,13.997950501143688,50]
[51,"CHAMBERLAIN, Darren",21,23,306,8.000004758279406,7.0000104090767152,14.996932167356121,51]
[52,"SMITH, Andy",31,14,256,12.000010628122011,3.0000061709348969,14.997442799056907,52]
[53,"SMITH, Leon",70,13,221,3.0000057110222729,12.00002172496198,14.997804435984255,53]
[54,"BURR, Dave",30,12,220,4.0000060953309768,11.000017838030681,14.997811933361657,54]
[55,"HARRISON, Paul",96,18,319,13.000009704968944,3.0000046266308873,15.996806331599831,55]
[56,"NANGLE, Karl",44,21,319,4.0000037996808269,12.000017847581653,15.996810647262478,56]
[57,"SMITH, John",13,18,315,7.0000042170961079,9.0000128122998078,15.996849029395916,57]
[58,"TEMPLE, Billy",73,16,308,9.000004345558839,7.0000128139415683,15.996921159500408,58]
[59,"BETTINSON, Charles",115,27,270,11.00001921229587,5.0000045825313899,15.99729679482726,59]
[60,"LITTLEWOOD, Stuart",14,20,239,10.00000636334712,6.0000121876904329,15.997608551037553,60]
[61,"PRICE, Ben",34,14,238,10.000006407381303,6.0000121847203607,15.997624592101664,61]
[62,"GROSSMAN, Martin",67,9,232,11.000010199918401,5.0000074599030215,15.997688659821424,62]
[63,"NELSON, Ian",53,7,202,6.0000095201827879,10.0000103060909,15.997992826273686,63]
[64,"TOPPING, Mike",40,12,198,9.0000083998320033,7.0000126470216264,15.998029046853629,64]
[65,"BRIGHTON, Tarrick",89,27,304,2.0000032865547048,15,16.996936286554707,65]
[66,"JACOBS, Richard",106,15,306,12.000007747733788,5.0000056471651231,16.996938394898908,66]
[67,"WALLIS, Craig",101,20,268,12.000006574189731,5.000008614006374,16.997315188196104,67]
[68,"SMITH, Adele",62,16,221,6.000007087172218,11.000012490632026,16.997793577804245,68]
[69,"ALDOUS, David",50,13,414,3.0000024147006981,15,17.9958494147007,69]
[70,"WHITE, Alan",54,15,205,14.000011896264573,4.0000082583202579,17.99795515458483,70]
[71,"BENNINGTON, Tom",69,12,184,7.0000118990956688,11.000009992006396,17.998169891102062,71]
[72,"HARVEY, Mark",80,7,281,5.0000038017031629,14.000055463117027,18.997242264820191,72]
[73,"THOMAS, Tony",18,12,254,7.000005432715815,12.000014275517488,18.997467708233302,73]
[74,"AUSTIN, John",74,16,223,12.000019215987702,7.000005843852267,18.997779059839971,74]
[75,"HARVEY, Paul ",75,12,192,10.00000734861846,9.0000178443968597,18.998093193015318,75]
[76,"BANCROFT, Dave",17,14,177,11.000019988007196,8.0000078672016368,18.998243855208834,76]
[77,"SHORTHOUSE, Dave",118,14,166,9.0000151446312291,10.000009989012087,18.998351133643315,77]
[78,"McCOY, Ken",52,9,140,11.000083263946712,8.0000078076202374,18.99868207156695,78]
[79,"DIAPER, Barry",36,16,264,7.0000046702783489,13.000019984012789,19.99736865429114,79]
[80,"WOODS, Becky",63,14,238,11.000006707807888,9.0000112283853575,19.997623936193246,80]
[81,"SHARMAN, Mark",108,15,227,5.0000044023772841,15,19.997719402377285,81]
[82,"ADAMS, Graham",12,15,184,10.000006488029586,10.000033311125916,19.998184799155499,82]
[83,"HADDOCK, Roy",45,10,136,10.00001514004542,10.000014275517488,19.998659415562908,83]
[84,"DRAYTON, Simon",37,18,241,14.000011896264573,7.0000063645621182,20.997590260826691,84]
[85,"BROCK, Peter",42,17,226,6.0000044214528891,15,20.99772742145289,85]
[86,"DENHOLM, Paul",9,17,213,8.0000056776244826,13.000026997840173,20.997885675464655,86]
[87,"NICHOLSON, Steven",6,9,176,13.000011230907457,8.0000114876507755,20.998253718558235,87]
[88,"FRARY, June",32,14,174,12.000007744733582,9.0000222123500659,20.998275957083646,88]
[89,"LING, Richard",81,12,134,12.000047573739296,9.0000088417329795,20.998704415472275,89]
[90,"JARMAN, Wayne",47,15,195,11.000005913310863,11.000038402457758,21.998079315768617,90]
[91,"HARVEY, John",111,9,148,8.0000079327304459,14.000045392646392,21.99856432537684,91]
[92,"HART, Paul",72,12,141,12.000011353315168,10.000018853695325,21.998608207010491,92]
[93,"LAY-FLURRIE, Matt",71,12,130,13.000011224604332,9.0000243724104312,21.998723597014763,93]
[94,"BENNINGTON, Graham",57,7,88,10.000022716946843,12.000022701475595,21.999158418422439,94]
[95,"FATTIZZO, Tony",60,14,254,8.0000039348390644,15,22.997449934839064,95]
[96,"SMART, Neil",107,18,187,8.0000058085501866,15.000066577896138,22.998184386446326,96]
[97,"SHAUL, Keith",98,10,150,10.000012489072063,13.00001427959446,22.998516768666523,97]
[98,"DOY, Alan",88,8,101,13.0000333000333,10.000014074595356,22.999029374628655,98]
[99,"PARROTT, Ade",95,9,150,9.0000066626690653,15,23.998497662669067,99]
[100,"RUSH, Billy",64,11,156,11.000007087674534,13.000066577896138,23.998502665570673,100]
[101,"KING, Simon",78,3,66,15,9.0000151446312291,23.999352144631228,101]
[102,"CREASEY, Shaun",61,6,50,14.000023781212843,11.000124843945068,24.999642625157914,102]
[103,"GOOCH, Mark",56,10,197,11.000006489292668,15.000023255813954,25.998049745106623,103]
[104,"CARTER, John",66,9,104,14.000012039489526,12.000047551117451,25.999010590606979,104]
[105,"THORBURN, Paul",55,3,118,13.000008472422266,15,27.998825472422265,105]
[106,"LAMBERT, Ian",35,0,0,15,15,30,106]

{"sheet":"Ladies Champs","index":3,"n_rows":11,"n_cols":9,"rows_kept":11,"cut":false,"hidden":false,"merged":[[1,8,2,8],[0,1,0,3],[0,4,0,8],[1,0,2,0],[1,1,2,1],[1,2,2,2],[1,3,2,3],[1,4,2,4],[1,5,2,5],[1,6,2,6],[1,7,2,7]]}
[null,"UK LADIES CHAMPIONSHIPS 2019",null,null,"Overall - Final Positions"]
["Overall Number","Angler Name","Angler No","Total No. Fish","Total No. Fish Points","Day 1 Points","Day 2 Points","Total Points","Overall Position"]
[null,{"$error":"#N/A"}]
[1,"LAWN, Kimberley",23,19,477,2.000003935768262,1.0000044820940344,2.995219417862296,1]
[2,"LINDFIELD, Heather",83,30,427,1.0000035945363048,3.0000067069081156,3.99571030144442,2]
[3,"METCALFE, Wendy",84,14,357,4.0000056163998874,2.0000055837846893,5.9964272001845771,3]
[4,"JARMAN, Rachael",85,25,285,3.0000048033046736,7.0000129769011163,9.9971427802057882,4]
[5,"WOODS, Becky",63,14,238,5.0000067078078887,5.0000112283853584,9.9976239361932464,5]
[6,"SMITH, Adele",62,16,221,6.000007087172218,6.0000124906320256,11.997793577804243,6]
[7,"BROWN, Kay",102,10,124,8.0001426533523539,4.0000085404389782,11.998901193791333,7]
[8,"FRARY, June",32,14,174,7.0000077447335816,8.0000222123500659,14.998275957083647,8]

{"sheet":"Juniors","index":4,"n_rows":8,"n_cols":9,"rows_kept":8,"cut":false,"hidden":false,"merged":[[1,0,2,0],[1,1,2,1],[1,2,2,2],[1,3,2,3],[1,4,2,4],[0,1,0,3],[0,4,0,8],[1,5,2,5],[1,6,2,6],[1,7,2,7],[1,8,2,8]]}
[null,"NORTH NORFOLK JUNIORS TOURNAMENT 2019",null,null,"Overall - Final Positions"]
["Overall Number","Angler Name","Angler No","Total No. Fish","Total No. Fish Points","Day 1 Points","Day 2 Points","Total Points","Overall Position"]
[null,{"$error":"#N/A"}]
[1,"SHAUL, Jimmy",94,26,464,1,2,3,1]
[2,"BANHAM, Mark",29,23,438,3,1,4,2]
[3,"ALDOUS, Brayden",10,14,308,2,3,5,3]
[4,"BRADSHAW, Daine",27,7,123,4,5,9,4]
[5,"TOPPING, Jack",110,6,153,5,4,9,4]

{"sheet":"Shannock Quads","index":5,"n_rows":15,"n_cols":8,"rows_kept":15,"cut":false,"hidden":false,"merged":[[0,1,0,3],[0,4,0,7],[1,0,2,0],[1,1,2,1],[1,2,2,2],[1,3,2,3],[1,4,2,4],[1,5,2,5]]}
[null,"SHANNOCK QUADS 2019",null,null,"Overall (Teams)"]
["Team Count","Overall Position","Team No.","Team Name","No. Fish","Fish Points","Weight"]
[null,null,null,null,null,null,"lbs","oz"]
[1,1,2,"TEAM BREAKAWAY",115,2393,49,13.666666666666666]
[2,2,8,"ASSO ANYFISH ANYWHERE",74,2310,48,2]
[3,3,4,"THE POD BASHERS",99,1979,41,3.6666666666666665]
[4,4,3,"BIRDS TACKLE",75,1648,34,5.333333333333333]
[5,5,7,"IPSWICH SEA ANGLERS 1",89,1446,30,2]
[6,6,6,"HARTIES ODD BODS",65,1117,23,4.333333333333333]
[7,7,9,"NORTH NORFOLK LADS",73,1081,22,8.3333333333333339]
[8,8,5,"IPSWICH SEA ANGLERS 2",47,1026,21,6]
[9,9,10,"THE JUNIORS",43,899,18,11.666666666666666]
[10,10,12,"STUART GUNS & TACKLE",49,804,16,12]
[11,11,1,"ITALCANNA",38,524,10,14.666666666666666]
[12,12,11,"GOOCHIE'S TEAM",25,424,8,13.333333333333334]

{"sheet":"Mystery Pairs","index":6,"n_rows":55,"n_cols":11,"rows_kept":55,"cut":false,"hidden":false,"merged":[[1,10,2,10],[0,1,0,3],[1,7,2,7],[0,4,0,10],[1,0,2,0],[1,1,2,1],[1,2,2,2],[1,3,2,3],[1,6,2,6],[1,4,2,4],[1,5,2,5]]}
[null,"BASS FESTIVAL      MYSTERY PAIRS 2019",null,null,"Overall (Pairs)"]
["Team Count","Overall Position","Team No.","Team Name","Day 1 Zone Points","Day 2 Zone Points","Total No. Fish","Total Fish Points","Total Weight",null,"Total Zone Points"]
[null,null,null,null,null,null,null,null,"lbs","oz"]
[1,1,9,"CUTLER, Neil & GASCOIGNE, Robert",10,5,69,1189,24,12.333333333333334,14.988041000000001]
[2,2,1,"SMITH, George & WATTS, Mike",10,7,61,1529,31,13.666666666666666,16.984649000000001]
[3,3,19,"ADAMS, Stephen & FRARY, Charlie",13,4,48,843,17,9,16.991522]
[4,4,15,"HUTSON, Garry & HARRISON, Paul",16,4,36,697,14,8.3333333333333339,19.992993999999999]
[5,5,21,"SPALL, Chris & TEMPLE, Billy",12,11,37,831,17,5,22.991652999999999]
[6,6,26,"TUCK, Rob & GREEN, Kevin",14,9,37,672,14,0,22.993243]
[7,7,3,"RUSSELL, Shane & BANHAM, Jason",12,13,47,1188,24,12,24.988073]
[8,8,4,"BOWELL, Ian & PRICE, Ben",12,14,28,801,16,11,25.991962000000001]
[9,9,18,"MEDLER, Gary & WOODS, Becky",15,11,28,753,15,11,25.992442]
[10,10,11,"TURNER, Cameron & SHORTHOUSE, Dave",12,14,34,613,12,12.333333333333334,25.993836000000002]
[11,11,13,"RANDELL, Henry & BANCROFT, Dave",15,11,32,578,12,0.66666666666666663,25.994187999999998]
[12,12,46,"SHAUL, Jimmy & STEBBINGS, Robert",17,9,27,552,11,8,25.994453]
[13,13,6,"LINDFIELD, Bill & DOY, Alan",14,12,30,543,11,5,25.994540000000001]
[14,14,17,"ALDOUS, David & WOODS, Graham",11,16,40,1176,24,8,26.988200000000003]
[15,15,24,"CANNELL, Chris & BETTINSON, Charles",17,10,47,1088,22,10.666666666666666,26.989073000000001]
[16,16,16,"HUGHES, Gary & THOMAS, Tony",11,16,54,938,19,8.6666666666666661,26.990566000000001]
[17,17,33,"SELF, Bevan & GROSSMAN, Martin",16,11,23,581,12,1.6666666666666667,26.994167000000001]
[18,18,10,"WRIGHT, Dave & BENNINGTON, Graham",13,15,31,694,14,7.333333333333333,27.993029]
[19,19,7,"BUY, Craig & ADAMS, Graham",12,16,40,629,13,1.6666666666666667,27.993670000000002]
[20,20,23,"AKESTER, Jack & SHAUL, Keith",14,14,25,459,9,9,27.995384999999999]
[21,21,45,"SMITH, John & WARD, Mark",18,11,40,917,19,1.6666666666666667,28.990790000000001]
[22,22,20,"BURT, Richard & HARVEY, John",11,18,44,703,14,10.333333333333334,28.992926000000001]
[23,23,38,"McKENZIE, Brian & CHAMBERLAIN, Darren",14,15,49,633,13,3,28.993621000000001]
[24,24,44,"HIPPERSON, Richard & LITTLEWOOD, Stuart",17,13,55,731,15,3.6666666666666665,29.992635]
[25,25,32,"ADAMS, Lee & FRARY, June",18,12,32,524,10,14.666666666666666,29.994727999999999]
[26,26,37,"BATTLE, Ian & HURCOMBE, Mark",14,17,36,692,14,6.666666666666667,30.993043999999998]
[27,27,42,"BENNETT, Rick & WHITE, Alan",21,10,34,467,9,11.666666666666666,30.995296]
[28,28,47,"DIAPER, Barry & DAWBER, Simon",16,16,55,1017,21,3,31.989775000000002]
[29,29,5,"ELLIOTT, Nathan & LING, Richard",15,17,56,801,16,11,31.991934000000001]
[30,30,30,"DRIVER, Ed & DRAYTON, Simon",20,12,44,765,15,15,31.992305999999999]
[31,31,49,"DIAPER, Greg & AUSTIN, John",21,11,22,376,7,13.333333333333334,31.996217999999999]
[32,32,2,"PROVINS, Colin & PARROTT, Ade",10,23,49,1036,21,9.3333333333333339,32.989591000000004]
[33,33,22,"CRAWFORD, Vince & LAY-FLURRIE, Matt",17,17,31,430,8,15.333333333333334,33.995668999999999]
[34,34,51,"NELSON, Ian & JACOBS, Richard",20,15,24,722,15,0.66666666666666663,34.992756]
[35,35,8,"KINGDON, Adam & GOOCH, Mark",12,23,27,586,12,3.3333333333333335,34.994112999999999]
[36,36,34,"SHARMAN, Mark & SMITH, Andy",17,18,31,561,11,11,34.994359000000003]
[37,37,27,"CLEMENT, Alby & LAMBERT, Ian",19,16,12,271,5,10.333333333333334,34.997278000000001]
[38,38,48,"STONE, Barry & HADDOCK, Roy",19,17,43,472,9,13.333333333333334,35.995237000000003]
[39,39,25,"ELEY, Kevin & JARMAN, Wayne",16,21,71,919,19,2.3333333333333335,36.990739000000005]
[40,40,29,"BRADSHAW, Craig & HARVEY, Paul ",14,23,28,748,15,9.3333333333333339,36.992491999999999]
[41,41,14,"BRIGHTON, Tarrick & McCOY, Ken",14,23,50,617,12,13.666666666666666,36.993780000000001]
[42,42,12,"HUTCHINSON (BP), Dave & HART, Paul",14,23,30,545,11,5.666666666666667,36.994519999999994]
[43,43,28,"NANGLE, Karl & BENNINGTON, Tom",12,25,37,529,11,0.33333333333333331,36.994672999999999]
[44,44,50,"EAGLE, Dan & SMART, Neil",16,21,33,502,10,7.333333333333333,36.994946999999996]
[45,45,36,"STORER, Paul & THORBURN, Paul",19,19,16,321,6,11,37.996773999999995]
[46,46,41,"BURR, Dave & DENHOLM, Paul",15,24,23,377,7,13.666666666666666,38.996206999999998]
[47,47,31,"HARVEY, Mark & NICHOLSON, Steven",18,22,19,527,10,15.666666666666666,39.994710999999995]
[48,48,43,"BORDIANU, Adrian & RUSH, Billy",18,22,23,504,10,8,39.994937]
[49,49,40,"BROCK, Peter & TOPPING, Mike",15,25,32,442,9,3.3333333333333335,39.995547999999999]
[50,50,39,"THORPE, Doug & CREASEY, Shaun",20,20,20,381,7,15,39.996169999999999]
[51,51,52,"FATTIZZO, Tony & SMITH, Adele",16,26,47,681,14,3,41.993142999999996]
[52,52,35,"SMITH, Leon & CARTER, John",20,24,29,366,7,10,43.996310999999999]

{"sheet":"Heaviest Bass","index":7,"n_rows":55,"n_cols":10,"rows_kept":55,"cut":false,"hidden":false,"merged":[[54,2,54,9],[0,2,0,4],[0,5,0,9],[1,9,2,9],[1,0,2,0],[1,1,2,1],[1,2,2,2],[1,3,2,3],[1,4,2,4],[1,5,2,5],[1,8,2,8]]}
[null,null,"NORTH NORFOLK BASS FESTIVAL 2019",null,null,"Overall Heaviest Bass"]
["Overall Number","Individual No.","Angler Name","Angler No.","Peg","Fish Points","Weight",null,"Day","Position"]
[null,null,null,null,null,null,"lbs","oz"]
[1,1,"HARVEY, Mark","80-1",38,200,4,2.6666666666666665,"Day 1",1]
[2,2,"BOWELL, Ian","93-1",43,174,3,10,"Day 1",2]
[3,3,"ALDOUS, David","50-1",65,174,3,10,"Day 1",2]
[4,4,"GASCOIGNE, Robert","5-2",11,174,3,10,"Day 2",2]
[5,5,"LINDFIELD, Bill","86-1",1,166,3,7.333333333333333,"Day 1",5]
[6,6,"ELLIOTT, Nathan","24-1",83,166,3,7.333333333333333,"Day 1",5]
[7,7,"HUTCHINSON (BP), Dave","90-1",105,166,3,7.333333333333333,"Day 1",5]
[8,8,"WOODS, Graham","39-2",47,166,3,7.333333333333333,"Day 2",5]
[9,9,"MEDLER, Gary","26-1",37,158,3,4.666666666666667,"Day 1",9]
[10,10,"CANNELL, Chris","43-2",54,158,3,4.666666666666667,"Day 2",9]
[11,11,"SHAUL, Jimmy","94-1",44,129,2,11,"Day 1",11]
[12,12,"SMITH, George","114-1",66,129,2,11,"Day 1",11]
[13,13,"RUSSELL, Shane","25-1",29,122,2,8.6666666666666661,"Day 1",13]
[14,14,"KINGDON, Adam","20-1",60,122,2,8.6666666666666661,"Day 1",13]
[15,15,"HUGHES, Gary","87-2",30,122,2,8.6666666666666661,"Day 2",13]
[16,16,"WOODS, Graham","39-1",74,116,2,6.666666666666667,"Day 1",16]
[17,17,"ADAMS, Lee","22-1",76,104,2,2.6666666666666665,"Day 1",17]
[18,18,"CLEMENT, Alby","65-1",85,104,2,2.6666666666666665,"Day 1",17]
[19,19,"CANNELL, Chris","43-1",61,98,2,0.66666666666666663,"Day 1",19]
[20,20,"BUY, Craig","119-1",97,92,1,14.666666666666666,"Day 1",20]
[21,21,"BRADSHAW, Craig","117-1",11,86,1,12.666666666666666,"Day 1",21]
[22,22,"METCALFE, Wendy","84-1",59,86,1,12.666666666666666,"Day 1",21]
[23,23,"HUTSON, Garry","113-1",3,74,1,8.6666666666666661,"Day 1",23]
[24,24,"LINDFIELD, Heather","83-1",30,74,1,8.6666666666666661,"Day 1",23]
[25,25,"BURR, Dave","30-1",26,68,1,6.666666666666667,"Day 1",25]
[26,26,"CUTLER, Neil","92-1",114,63,1,5,"Day 1",26]
[27,27,"GREEN, Kevin","105-1",16,59,1,3.6666666666666665,"Day 1",27]
[28,28,"SMITH, Adele","62-1",21,59,1,3.6666666666666665,"Day 1",27]
[29,29,"DIAPER, Greg","3-1",25,59,1,3.6666666666666665,"Day 1",27]
[30,30,"AKESTER, Jack","16-1",27,59,1,3.6666666666666665,"Day 1",27]
[31,31,"STEBBINGS, Robert","38-1",36,59,1,3.6666666666666665,"Day 1",27]
[32,32,"WRIGHT, Dave","33-1",62,59,1,3.6666666666666665,"Day 1",27]
[33,33,"ALDOUS, Brayden","10-1",64,59,1,3.6666666666666665,"Day 1",27]
[34,34,"PROVINS, Colin","100-1",117,59,1,3.6666666666666665,"Day 1",27]
[35,35,"SMITH, John","13-1",67,55,1,2.3333333333333335,"Day 1",35]
[36,36,"HURCOMBE, Mark","58-1",78,55,1,2.3333333333333335,"Day 1",35]
[37,37,"HARVEY, John","111-1",14,51,1,1,"Day 1",37]
[38,38,"THOMAS, Tony","18-1",40,51,1,1,"Day 1",37]
[39,39,"TUCK, Rob","109-1",42,51,1,1,"Day 1",37]
[40,40,"WARD, Mark","59-1",63,51,1,1,"Day 1",37]
[41,41,"BURT, Richard","19-1",86,51,1,1,"Day 1",37]
[42,42,"HARRISON, Paul","96-1",41,47,0,15.666666666666666,"Day 1",42]
[43,43,"LAWN, Kimberley","23-1",45,47,0,15.666666666666666,"Day 1",42]
[44,44,"SPALL, Chris","4-1",46,47,0,15.666666666666666,"Day 1",42]
[45,45,"DAWBER, Simon","116-1",53,47,0,15.666666666666666,"Day 1",42]
[46,46,"BRADSHAW, Daine","27-1",12,43,0,14.333333333333334,"Day 1",46]
[47,47,"BENNETT, Rick","41-1",15,40,0,13.333333333333334,"Day 1",47]
[48,48,"CRAWFORD, Vince","76-1",8,34,0,11.333333333333334,"Day 1",48]
[49,49,"BANHAM, Mark","29-1",22,22,0,7.333333333333333,"Day 1",49]
[50,50,"BANHAM, Jason","15-1",23,20,0,6.666666666666667,"Day 1",50]
[]
[null,null,"( PLEASE NOTE … SOME SMALLER FISH WERE NOT ENTERED AND WILL THEREFORE NOT APPEAR IN THIS REPORT )"]

{"sheet":"Heaviest Catch","index":8,"n_rows":224,"n_cols":10,"rows_kept":224,"cut":false,"hidden":false,"merged":[[1,0,2,0],[1,1,2,1],[1,2,2,2],[1,3,2,3],[1,4,2,4],[1,5,2,5],[1,8,2,8],[1,9,2,9],[0,2,0,4],[0,5,0,9]]}
[null,null,"NORTH NORFOLK BASS FESTIVAL 2019",null,null,"Overall Heaviest Catch"]
["Overall Number","Individual No.","Angler Name","Angler No.","Peg","Fish Points","Weight",null,"Day","Position"]
[null,null,null,null,null,null,"lbs","oz"]
[1,1,"SMITH, George","114-1",66,931,19,6.333333333333333,"Day 1",1]
[2,2,"PROVINS, Colin","100-1",117,786,16,6,"Day 1",2]
[3,3,"RUSSELL, Shane","25-1",29,761,15,13.666666666666666,"Day 1",3]
[4,4,"CUTLER, Neil","92-1",114,525,10,15,"Day 1",4]
[5,5,"TUCK, Rob","109-2",81,524,10,14.666666666666666,"Day 2",5]
[6,6,"BOWELL, Ian","93-1",43,507,10,9,"Day 1",6]
[7,7,"ELLIOTT, Nathan","24-1",83,496,10,5.333333333333333,"Day 1",7]
[8,8,"CLEMENT, Alby","65-2",20,473,9,13.666666666666666,"Day 2",8]
[9,9,"HUGHES, Gary","87-1",119,466,9,11.333333333333334,"Day 1",9]
[10,10,"WRIGHT, Dave","33-1",62,453,9,7,"Day 1",10]
[11,11,"AKESTER, Jack","16-2",109,451,9,6.333333333333333,"Day 2",11]
[12,12,"HUTSON, Garry","113-2",61,434,9,0.66666666666666663,"Day 2",12]
[13,13,"ALDOUS, David","50-1",65,414,8,10,"Day 1",13]
[14,14,"TURNER, Cameron","11-1",31,394,8,3.3333333333333335,"Day 1",14]
[15,15,"CANNELL, Chris","43-1",61,384,8,0,"Day 1",15]
[16,16,"ELEY, Kevin","82-1",120,373,7,12.333333333333334,"Day 1",16]
[17,17,"LINDFIELD, Bill","86-1",1,370,7,11.333333333333334,"Day 1",17]
[18,18,"DRIVER, Ed","49-1",107,367,7,10.333333333333334,"Day 1",18]
[19,19,"BUY, Craig","119-1",97,366,7,10,"Day 1",19]
[20,20,"MEDLER, Gary","26-1",37,353,7,5.666666666666667,"Day 1",20]
[21,21,"GASCOIGNE, Robert","5-2",11,351,7,5,"Day 2",21]
[22,22,"WATTS, Mike","46-2",120,351,7,5,"Day 2",21]
[23,23,"HUTCHINSON (BP), Dave","90-1",105,338,7,0.66666666666666663,"Day 1",23]
[24,24,"TUCK, Rob","109-1",42,337,7,0.33333333333333331,"Day 1",24]
[25,25,"KINGDON, Adam","20-1",60,318,6,10,"Day 1",25]
[26,26,"ADAMS, Stephen","68-1",94,315,6,9,"Day 1",26]
[27,27,"WOODS, Graham","39-2",47,311,6,7.666666666666667,"Day 2",27]
[28,28,"RANDELL, Henry","1-1",48,305,6,5.666666666666667,"Day 1",28]
[29,29,"BRIGHTON, Tarrick","89-1",82,304,6,5.333333333333333,"Day 1",29]
[30,30,"ADAMS, Stephen","68-2",46,296,6,2.6666666666666665,"Day 2",30]
[31,31,"McKENZIE, Brian","112-1",118,283,5,14.333333333333334,"Day 1",31]
[32,32,"TURNER, Cameron","11-2",86,280,5,13.333333333333334,"Day 2",32]
[33,33,"LINDFIELD, Heather","83-1",30,278,5,12.666666666666666,"Day 1",33]
[34,34,"BURT, Richard","19-1",86,275,5,11.666666666666666,"Day 1",34]
[35,35,"CLEMENT, Alby","65-1",85,271,5,10.333333333333334,"Day 1",35]
[36,36,"HUTSON, Garry","113-1",3,269,5,9.6666666666666661,"Day 1",36]
[37,37,"HIPPERSON, Richard","77-1",115,269,5,9.6666666666666661,"Day 1",36]
[38,38,"HARVEY, Mark","80-1",38,263,5,7.666666666666667,"Day 1",38]
[39,39,"NANGLE, Karl","44-1",99,263,5,7.666666666666667,"Day 1",38]
[40,40,"ADAMS, Lee","22-1",76,261,5,7,"Day 1",40]
[41,41,"LAWN, Kimberley","23-1",45,254,5,4.666666666666667,"Day 1",41]
[42,42,"FATTIZZO, Tony","60-1",111,254,5,4.666666666666667,"Day 1",41]
[43,43,"SELF, Bevan","8-1",68,252,5,4,"Day 1",43]
[44,44,"MEDLER, Gary","26-2",67,252,5,4,"Day 2",43]
[45,45,"RANDELL, Henry","1-2",100,252,5,4,"Day 2",43]
[46,46,"BANHAM, Mark","29-2",113,252,5,4,"Day 2",43]
[47,47,"THORPE, Doug","104-1",70,251,5,3.6666666666666665,"Day 1",47]
[48,48,"SPALL, Chris","4-2",89,251,5,3.6666666666666665,"Day 2",47]
[49,49,"WARD, Mark","59-2",2,245,5,1.6666666666666667,"Day 2",49]
[50,50,"SHAUL, Jimmy","94-2",116,238,4,15.333333333333334,"Day 2",50]
[51,51,"SMITH, John","13-1",67,237,4,15,"Day 1",51]
[52,52,"WOODS, Graham","39-1",74,235,4,14.333333333333334,"Day 1",52]
[53,53,"TEMPLE, Billy","73-1",72,230,4,12.666666666666666,"Day 1",53]
[54,54,"SPALL, Chris","4-1",46,227,4,11.666666666666666,"Day 1",54]
[55,55,"SHARMAN, Mark","108-1",98,227,4,11.666666666666666,"Day 1",54]
[56,56,"SHAUL, Jimmy","94-1",44,226,4,11.333333333333334,"Day 1",56]
[57,57,"BROCK, Peter","42-1",77,226,4,11.333333333333334,"Day 1",56]
[58,58,"FRARY, Charlie","120-2",22,225,4,11,"Day 2",58]
[59,59,"LAWN, Kimberley","23-2",115,223,4,10.333333333333334,"Day 2",59]
[60,60,"BANHAM, Jason","15-2",112,222,4,10,"Day 2",60]
[61,61,"STORER, Paul","7-2",80,219,4,9,"Day 2",61]
[62,62,"BETTINSON, Charles","115-2",119,218,4,8.6666666666666661,"Day 2",62]
[63,63,"CANNELL, Chris","43-2",54,216,4,8,"Day 2",63]
[64,64,"HARRISON, Paul","96-2",65,216,4,8,"Day 2",63]
[65,65,"DIAPER, Barry","36-1",81,214,4,7.333333333333333,"Day 1",65]
[66,66,"WRIGHT, Dave","33-2",36,213,4,7,"Day 2",66]
[67,67,"CHAMBERLAIN, Darren","21-1",84,210,4,6,"Day 1",67]
[68,68,"LINDFIELD, Bill","86-2",93,210,4,6,"Day 2",67]
[69,69,"CRAWFORD, Vince","76-1",8,208,4,5.333333333333333,"Day 1",69]
[70,70,"JARMAN, Rachael","85-1",100,208,4,5.333333333333333,"Day 1",69]
[71,71,"GREEN, Kevin","105-2",111,206,4,4.666666666666667,"Day 2",71]
[72,72,"BRADSHAW, Craig","117-1",11,205,4,4.333333333333333,"Day 1",72]
[73,73,"DAWBER, Simon","116-2",95,198,4,2,"Day 2",73]
[74,74,"HURCOMBE, Mark","58-2",23,196,4,1.3333333333333333,"Day 2",74]
[75,75,"AKESTER, Jack","16-1",27,192,4,0,"Day 1",75]
[76,76,"ALDOUS, Brayden","10-1",64,191,3,15.666666666666666,"Day 1",76]
[77,77,"BANHAM, Mark","29-1",22,186,3,14,"Day 1",77]
[78,78,"GASCOIGNE, Robert","5-1",91,186,3,14,"Day 1",77]
[79,79,"STONE, Barry","79-1",92,186,3,14,"Day 1",77]
[80,80,"THOMAS, Tony","18-1",40,184,3,13.333333333333334,"Day 1",80]
[81,81,"WARD, Mark","59-1",63,183,3,13,"Day 1",81]
[82,82,"BOWELL, Ian","93-2",88,183,3,13,"Day 2",81]
[83,83,"HURCOMBE, Mark","58-1",78,180,3,12,"Day 1",83]
[84,84,"METCALFE, Wendy","84-2",104,179,3,11.666666666666666,"Day 2",84]
[85,85,"METCALFE, Wendy","84-1",59,178,3,11.333333333333334,"Day 1",85]
[86,86,"DIAPER, Greg","3-2",74,178,3,11.333333333333334,"Day 2",85]
[87,87,"JACOBS, Richard","106-2",72,177,3,11,"Day 2",87]
[88,88,"DENHOLM, Paul","9-1",34,176,3,10.666666666666666,"Day 1",88]
[89,89,"STEBBINGS, Robert","38-1",36,176,3,10.666666666666666,"Day 1",88]
[90,90,"SMITH, Leon","70-1",28,175,3,10.333333333333334,"Day 1",90]
[91,91,"DRIVER, Ed","49-2",10,174,3,10,"Day 2",91]
[92,92,"BENNETT, Rick","41-2",82,173,3,9.6666666666666661,"Day 2",92]
[93,93,"SMART, Neil","107-1",95,172,3,9.3333333333333339,"Day 1",93]
[94,94,"AUSTIN, John","74-2",83,171,3,9,"Day 2",94]
[95,95,"JARMAN, Wayne","47-1",69,169,3,8.3333333333333339,"Day 1",95]
[96,96,"ADAMS, Lee","22-2",34,169,3,8.3333333333333339,"Day 2",95]
[97,97,"BURT, Richard","19-2",57,166,3,7.333333333333333,"Day 2",97]
[98,98,"BURR, Dave","30-1",26,164,3,6.666666666666667,"Day 1",98]
[99,99,"STORER, Paul","7-1",9,162,3,6,"Day 1",99]
[100,100,"SMITH, Andy","31-2",37,162,3,6,"Day 2",99]
[101,101,"HUGHES, Gary","87-2",30,161,3,5.666666666666667,"Day 2",101]
[102,102,"LITTLEWOOD, Stuart","14-1",90,157,3,4.333333333333333,"Day 1",102]
[103,103,"DRAYTON, Simon","37-2",107,157,3,4.333333333333333,"Day 2",102]
[104,104,"PRICE, Ben","34-1",33,156,3,4,"Day 1",104]
[105,105,"GOOCH, Mark","56-1",88,154,3,3.3333333333333335,"Day 1",105]
[106,106,"ADAMS, Graham","12-1",93,154,3,3.3333333333333335,"Day 1",105]
[107,107,"FRARY, Charlie","120-1",102,154,3,3.3333333333333335,"Day 1",105]
[108,108,"DIAPER, Greg","3-1",25,153,3,3,"Day 1",108]
[109,109,"EAGLE, Dan","91-2",62,153,3,3,"Day 2",108]
[110,110,"WALLIS, Craig","101-1",71,152,3,2.6666666666666665,"Day 1",110]
[111,111,"BATTLE, Ian","51-1",57,150,3,2,"Day 1",111]
[112,112,"PARROTT, Ade","95-1",112,150,3,2,"Day 1",111]
[113,113,"CUTLER, Neil","92-2",35,150,3,2,"Day 2",111]
[114,114,"STEBBINGS, Robert","38-2",92,150,3,2,"Day 2",111]
[115,115,"WOODS, Becky","63-1",35,149,3,1.6666666666666667,"Day 1",115]
[116,116,"LINDFIELD, Heather","83-2",94,149,3,1.6666666666666667,"Day 2",115]
[117,117,"BENNETT, Rick","41-1",15,146,3,0.66666666666666663,"Day 1",117]
[118,118,"RUSSELL, Shane","25-2",69,146,3,0.66666666666666663,"Day 2",117]
[119,119,"EAGLE, Dan","91-1",10,141,2,15,"Day 1",119]
[120,120,"SMITH, Adele","62-1",21,141,2,15,"Day 1",119]
[121,121,"WATTS, Mike","46-1",24,141,2,15,"Day 1",119]
[122,122,"RUSH, Billy","64-1",101,141,2,15,"Day 1",119]
[123,123,"HARVEY, Paul ","75-1",116,136,2,13.333333333333334,"Day 1",123]
[124,124,"GROSSMAN, Martin","67-2",19,134,2,12.666666666666666,"Day 2",124]
[125,125,"BORDIANU, Adrian","103-1",54,132,2,12,"Day 1",125]
[126,126,"GREEN, Kevin","105-1",16,129,2,11,"Day 1",126]
[127,127,"JACOBS, Richard","106-1",32,129,2,11,"Day 1",126]
[128,128,"FRARY, June","32-1",103,129,2,11,"Day 1",126]
[129,129,"McCOY, Ken","52-2",63,128,2,10.666666666666666,"Day 2",129]
[130,130,"BANCROFT, Dave","17-2",114,127,2,10.333333333333334,"Day 2",130]
[131,131,"HARVEY, John","111-1",14,126,2,10,"Day 1",131]
[132,132,"WHITE, Alan","54-2",4,121,2,8.3333333333333339,"Day 2",132]
[133,133,"TOPPING, Mike","40-1",6,119,2,7.666666666666667,"Day 1",133]
[134,134,"BANHAM, Jason","15-1",23,118,2,7.333333333333333,"Day 1",134]
[135,135,"THORBURN, Paul","55-1",73,118,2,7.333333333333333,"Day 1",134]
[136,136,"KINGDON, Adam","20-2",78,118,2,7.333333333333333,"Day 2",134]
[137,137,"HIPPERSON, Richard","77-2",27,117,2,7,"Day 2",137]
[138,138,"ALDOUS, Brayden","10-2",41,117,2,7,"Day 2",137]
[139,139,"BROWN, Kay","102-2",103,117,2,7,"Day 2",137]
[140,140,"WALLIS, Craig","101-2",15,116,2,6.666666666666667,"Day 2",140]
[141,141,"SMITH, George","114-2",56,116,2,6.666666666666667,"Day 2",140]
[142,142,"BUY, Craig","119-2",55,114,2,6,"Day 2",142]
[143,143,"LING, Richard","81-2",108,113,2,5.666666666666667,"Day 2",143]
[144,144,"CRAWFORD, Vince","76-2",91,111,2,5,"Day 2",144]
[145,145,"ELLIOTT, Nathan","24-2",3,109,2,4.333333333333333,"Day 2",145]
[146,146,"BORDIANU, Adrian","103-2",66,106,2,3.3333333333333335,"Day 2",146]
[147,147,"NELSON, Ian","53-1",47,105,2,3,"Day 1",147]
[148,148,"HARRISON, Paul","96-1",41,103,2,2.3333333333333335,"Day 1",148]
[149,149,"SHORTHOUSE, Dave","118-2",106,100,2,1.3333333333333333,"Day 2",149]
[150,150,"BENNINGTON, Tom","69-2",117,100,2,1.3333333333333333,"Day 2",149]
[151,151,"GROSSMAN, Martin","67-1",110,98,2,0.66666666666666663,"Day 1",151]
[152,152,"NELSON, Ian","53-2",68,97,2,0.33333333333333331,"Day 2",152]
[153,153,"CHAMBERLAIN, Darren","21-2",48,96,2,0,"Day 2",153]
[154,154,"SMITH, Andy","31-1",106,94,1,15.333333333333334,"Day 1",154]
[155,155,"THORPE, Doug","104-2",8,92,1,14.666666666666666,"Day 2",155]
[156,156,"BRADSHAW, Daine","27-1",12,89,1,13.666666666666666,"Day 1",156]
[157,157,"LAY-FLURRIE, Matt","71-1",96,89,1,13.666666666666666,"Day 1",156]
[158,158,"NICHOLSON, Steven","6-1",109,89,1,13.666666666666666,"Day 1",156]
[159,159,"WOODS, Becky","63-2",76,89,1,13.666666666666666,"Day 2",156]
[160,160,"HART, Paul","72-1",89,88,1,13.333333333333334,"Day 1",160]
[161,161,"SELF, Bevan","8-2",38,88,1,13.333333333333334,"Day 2",160]
[162,162,"PROVINS, Colin","100-2",59,88,1,13.333333333333334,"Day 2",160]
[163,163,"STONE, Barry","79-2",28,87,1,13,"Day 2",163]
[164,164,"NICHOLSON, Steven","6-2",29,87,1,13,"Day 2",163]
[165,165,"DRAYTON, Simon","37-1",39,84,1,12,"Day 1",165]
[166,166,"BENNINGTON, Tom","69-1",55,84,1,12,"Day 1",165]
[167,167,"WHITE, Alan","54-1",75,84,1,12,"Day 1",165]
[168,168,"CARTER, John","66-1",104,83,1,11.666666666666666,"Day 1",168]
[169,169,"LITTLEWOOD, Stuart","14-2",40,82,1,11.333333333333334,"Day 2",169]
[170,170,"PRICE, Ben","34-2",99,82,1,11.333333333333334,"Day 2",169]
[171,171,"DAWBER, Simon","116-1",53,81,1,11,"Day 1",171]
[172,172,"SHAUL, Keith","98-1",2,80,1,10.666666666666666,"Day 1",172]
[173,173,"SMITH, Adele","62-2",70,80,1,10.666666666666666,"Day 2",172]
[174,174,"TOPPING, Mike","40-2",97,79,1,10.333333333333334,"Day 2",174]
[175,175,"TEMPLE, Billy","73-2",45,78,1,10,"Day 2",175]
[176,176,"SMITH, John","13-2",58,78,1,10,"Day 2",175]
[177,177,"TOPPING, Jack","110-2",98,78,1,10,"Day 2",175]
[178,178,"JARMAN, Rachael","85-2",33,77,1,9.6666666666666661,"Day 2",178]
[179,179,"TOPPING, Jack","110-1",5,75,1,9,"Day 1",179]
[180,180,"McKENZIE, Brian","112-2",1,72,1,8,"Day 2",180]
[181,181,"DOY, Alan","88-2",60,71,1,7.666666666666667,"Day 2",181]
[182,182,"THOMAS, Tony","18-2",73,70,1,7.333333333333333,"Day 2",182]
[183,183,"SHAUL, Keith","98-2",75,70,1,7.333333333333333,"Day 2",182]
[184,184,"HADDOCK, Roy","45-2",90,70,1,7.333333333333333,"Day 2",182]
[185,185,"MILLS, Rodney","48-2",18,67,1,6.333333333333333,"Day 2",185]
[186,186,"ELEY, Kevin","82-2",39,67,1,6.333333333333333,"Day 2",185]
[187,187,"HADDOCK, Roy","45-1",18,66,1,6,"Day 1",187]
[188,188,"SHORTHOUSE, Dave","118-1",52,66,1,6,"Day 1",187]
[189,189,"BRADSHAW, Craig","117-2",101,66,1,6,"Day 2",187]
[190,190,"KING, Simon","78-2",105,66,1,6,"Day 2",187]
[191,191,"HUTCHINSON (BP), Dave","90-2",50,61,1,4.333333333333333,"Day 2",191]
[192,192,"HARVEY, Paul ","75-2",43,56,1,2.6666666666666665,"Day 2",192]
[193,193,"NANGLE, Karl","44-2",53,56,1,2.6666666666666665,"Day 2",192]
[194,194,"BURR, Dave","30-2",84,56,1,2.6666666666666665,"Day 2",192]
[195,195,"BATTLE, Ian","51-2",96,56,1,2.6666666666666665,"Day 2",192]
[196,196,"HART, Paul","72-2",31,53,1,1.6666666666666667,"Day 2",196]
[197,197,"BETTINSON, Charles","115-1",4,52,1,1.3333333333333333,"Day 1",197]
[198,198,"AUSTIN, John","74-1",7,52,1,1.3333333333333333,"Day 1",197]
[199,199,"BANCROFT, Dave","17-1",19,50,1,0.66666666666666663,"Day 1",199]
[200,200,"DIAPER, Barry","36-2",52,50,1,0.66666666666666663,"Day 2",199]
[201,201,"SMITH, Leon","70-2",79,46,0,15.333333333333334,"Day 2",201]
[202,202,"FRARY, June","32-2",21,45,0,15,"Day 2",202]
[203,203,"BENNINGTON, Graham","57-1",56,44,0,14.666666666666666,"Day 1",203]
[204,204,"BENNINGTON, Graham","57-2",118,44,0,14.666666666666666,"Day 2",203]
[205,205,"GOOCH, Mark","56-2",49,43,0,14.333333333333334,"Day 2",205]
[206,206,"CREASEY, Shaun","61-1",108,42,0,14,"Day 1",206]
[207,207,"LAY-FLURRIE, Matt","71-2",9,41,0,13.666666666666666,"Day 2",207]
[208,208,"DENHOLM, Paul","9-2",87,37,0,12.333333333333334,"Day 2",208]
[209,209,"BRADSHAW, Daine","27-2",102,34,0,11.333333333333334,"Day 2",209]
[210,210,"DOY, Alan","88-1",87,30,0,10,"Day 1",210]
[211,211,"ADAMS, Graham","12-2",7,30,0,10,"Day 2",210]
[212,212,"JARMAN, Wayne","47-2",13,26,0,8.6666666666666661,"Day 2",212]
[213,213,"HARVEY, John","111-2",64,22,0,7.333333333333333,"Day 2",213]
[214,214,"LING, Richard","81-1",20,21,0,7,"Day 1",214]
[215,215,"CARTER, John","66-2",12,21,0,7,"Day 2",214]
[216,216,"HARVEY, Mark","80-2",77,18,0,6,"Day 2",216]
[217,217,"RUSH, Billy","64-2",14,15,0,5,"Day 2",217]
[218,218,"SMART, Neil","107-2",51,15,0,5,"Day 2",217]
[219,219,"McCOY, Ken","52-1",50,12,0,4,"Day 1",219]
[220,220,"CREASEY, Shaun","61-2",32,8,0,2.6666666666666665,"Day 2",220]
[221,221,"BROWN, Kay","102-1",58,7,0,2.3333333333333335,"Day 1",221]

{"sheet":"Day 1 Zones-All","index":9,"n_rows":262,"n_cols":9,"rows_kept":262,"cut":false,"hidden":false,"merged":[[231,1,231,4],[231,5,231,8],[232,0,233,0],[232,1,233,1],[232,2,233,2],[232,3,233,3],[232,4,233,4],[232,7,233,7],[232,8,233,8],[198,1,198,4],[198,5,198,8],[199,0,200,0],[199,1,200,1],[199,2,200,2],[199,3,200,3],[199,4,200,4],[199,7,200,7],[199,8,200,8],[165,1,165,4],[165,5,165,8],[166,0,167,0],[166,1,167,1],[166,2,167,2],[166,3,167,3],[166,4,167,4],[166,7,167,7],[166,8,167,8],[132,1,132,4],[132,5,132,8],[133,0,134,0],[133,1,134,1],[133,2,134,2],[133,3,134,3],[133,4,134,4],[133,7,134,7],[133,8,134,8],[99,1,99,4],[99,5,99,8],[100,0,101,0],[100,1,101,1],[100,2,101,2],[100,3,101,3],[100,4,101,4],[100,7,101,7],[100,8,101,8],[66,1,66,4],[66,5,66,8],[67,0,68,0],[67,1,68,1],[67,2,68,2],[67,3,68,3],[67,4,68,4],[67,7,68,7],[67,8,68,8],[33,1,33,4],[33,5,33,8],[34,0,35,0],[34,1,35,1],[34,2,35,2],[34,3,35,3],[34,4,35,4],[34,7,35,7],[34,8,35,8],[0,1,0,4],[0,5,0,8],[1,0,2,0],[1,1,2,1],[1,2,2,2],[1,3,2,3],[1,4,2,4],[1,7,2,7],[1,8,2,8]]}
[null,"NORTH NORFOLK BASS FESTIVAL 2019",null,null,null,"Day 1  ZONE A"]
["Zone Number","Peg","Name","No. Fish","Total Weight Points","Weight",null,"Optional Pools","Zone Position"]
[null,null,null,null,null,"(lbs)","(ozs)"]
[1,1,"LINDFIELD, Bill",15,370,7,11.333333333333334,"X",1]
[2,3,"HUTSON, Garry",9,269,5,9.6666666666666661,"X",2]
[3,8,"CRAWFORD, Vince",12,208,4,5.333333333333333,"X",3]
[4,11,"BRADSHAW, Craig",5,205,4,4.333333333333333,"X",4]
[5,9,"STORER, Paul",10,162,3,6,"X",5]
[6,15,"BENNETT, Rick",10,146,3,0.66666666666666663,"X",6]
[7,10,"EAGLE, Dan",5,141,2,15,"X",7]
[8,14,"HARVEY, John",6,126,2,10,"X",8]
[9,6,"TOPPING, Mike",5,119,2,7.666666666666667,"X",9]
[10,12,"BRADSHAW, Daine",5,89,1,13.666666666666666,"",10]
[11,2,"SHAUL, Keith",7,80,1,10.666666666666666,"X",11]
[12,5,"TOPPING, Jack",4,75,1,9,"",12]
[13,4,"BETTINSON, Charles",5,52,1,1.3333333333333333,"X",13]
[14,7,"AUSTIN, John",4,52,1,1.3333333333333333,"X",14]
[15,13,"KING, Simon",0,0,0,0,"",15]
[16,"","","","","","","",""]
[17,"","","","","","","",""]
[18,"","","","","","","",""]
[19,"","","","","","","",""]
[20,"","","","","","","",""]
[21,"","","","","","","",""]
[22,"","","","","","","",""]
[23,"","","","","","","",""]
[24,"","","","","","","",""]
[25,"","","","","","","",""]
[26,"","","","","","","",""]
[27,"","","","","","","",""]
[28,"","","","","","","",""]
[29,"","","","","","","",""]
[30,"","","","","","","",""]
[null,"NORTH NORFOLK BASS FESTIVAL 2019",null,null,null,"Day 1  ZONE B"]
["Zone Number","Peg","Name","No. Fish","Total Weight Points","Weight",null,"Optional Pools","Zone Position"]
[null,null,null,null,null,"(lbs)","(ozs)"]
[1,29,"RUSSELL, Shane",19,761,15,13.666666666666666,"X",1]
[2,30,"LINDFIELD, Heather",20,278,5,12.666666666666666,"",2]
[3,27,"AKESTER, Jack",7,192,4,0,"X",3]
[4,22,"BANHAM, Mark",10,186,3,14,"",4]
[5,28,"SMITH, Leon",10,175,3,10.333333333333334,"X",5]
[6,26,"BURR, Dave",6,164,3,6.666666666666667,"X",6]
[7,25,"DIAPER, Greg",6,153,3,3,"X",7]
[8,21,"SMITH, Adele",10,141,2,15,"X",8]
[9,24,"WATTS, Mike",7,141,2,15,"X",9]
[10,16,"GREEN, Kevin",7,129,2,11,"X",10]
[11,23,"BANHAM, Jason",5,118,2,7.333333333333333,"X",11]
[12,18,"HADDOCK, Roy",5,66,1,6,"X",12]
[13,19,"BANCROFT, Dave",3,50,1,0.66666666666666663,"X",13]
[14,20,"LING, Richard",2,21,0,7,"X",14]
[15,17,"DID NOT FISH 3",0,0,0,0,"",15]
[16,"","","","","","","",""]
[17,"","","","","","","",""]
[18,"","","","","","","",""]
[19,"","","","","","","",""]
[20,"","","","","","","",""]
[21,"","","","","","","",""]
[22,"","","","","","","",""]
[23,"","","","","","","",""]
[24,"","","","","","","",""]
[25,"","","","","","","",""]
[26,"","","","","","","",""]
[27,"","","","","","","",""]
[28,"","","","","","","",""]
[29,"","","","","","","",""]
[30,"","","","","","","",""]
[null,"NORTH NORFOLK BASS FESTIVAL 2019",null,null,null,"Day 1  ZONE C"]
["Zone Number","Peg","Name","No. Fish","Total Weight Points","Weight",null,"Optional Pools","Zone Position"]
[null,null,null,null,null,"(lbs)","(ozs)"]
[1,43,"BOWELL, Ian",10,507,10,9,"X",1]
[2,31,"TURNER, Cameron",16,394,8,3.3333333333333335,"X",2]
[3,37,"MEDLER, Gary",9,353,7,5.666666666666667,"X",3]
[4,42,"TUCK, Rob",13,337,7,0.33333333333333331,"X",4]
[5,38,"HARVEY, Mark",4,263,5,7.666666666666667,"X",5]
[6,45,"LAWN, Kimberley",8,254,5,4.666666666666667,"",6]
[7,44,"SHAUL, Jimmy",5,226,4,11.333333333333334,"X",7]
[8,40,"THOMAS, Tony",7,184,3,13.333333333333334,"X",8]
[9,34,"DENHOLM, Paul",13,176,3,10.666666666666666,"X",9]
[10,36,"STEBBINGS, Robert",7,176,3,10.666666666666666,"X",10]
[11,33,"PRICE, Ben",7,156,3,4,"X",11]
[12,35,"WOODS, Becky",8,149,3,1.6666666666666667,"X",12]
[13,32,"JACOBS, Richard",7,129,2,11,"X",13]
[14,41,"HARRISON, Paul",4,103,2,2.3333333333333335,"X",14]
[15,39,"DRAYTON, Simon",6,84,1,12,"X",15]
[16,"","","","","","","",""]
[17,"","","","","","","",""]
[18,"","","","","","","",""]
[19,"","","","","","","",""]
[20,"","","","","","","",""]
[21,"","","","","","","",""]
[22,"","","","","","","",""]
[23,"","","","","","","",""]
[24,"","","","","","","",""]
[25,"","","","","","","",""]
[26,"","","","","","","",""]
[27,"","","","","","","",""]
[28,"","","","","","","",""]
[29,"","","","","","","",""]
[30,"","","","","","","",""]
[null,"NORTH NORFOLK BASS FESTIVAL 2019",null,null,null,"Day 1  ZONE D"]
["Zone Number","Peg","Name","No. Fish","Total Weight Points","Weight",null,"Optional Pools","Zone Position"]
[null,null,null,null,null,"(lbs)","(ozs)"]
[1,60,"KINGDON, Adam",12,318,6,10,"X",1]
[2,48,"RANDELL, Henry",11,305,6,5.666666666666667,"X",2]
[3,46,"SPALL, Chris",9,227,4,11.666666666666666,"X",3]
[4,59,"METCALFE, Wendy",5,178,3,11.333333333333334,"",4]
[5,57,"BATTLE, Ian",8,150,3,2,"X",5]
[6,54,"BORDIANU, Adrian",6,132,2,12,"X",6]
[7,47,"NELSON, Ian",4,105,2,3,"X",7]
[8,55,"BENNINGTON, Tom",4,84,1,12,"X",8]
[9,53,"DAWBER, Simon",4,81,1,11,"X",9]
[10,52,"SHORTHOUSE, Dave",3,66,1,6,"X",10]
[11,56,"BENNINGTON, Graham",2,44,0,14.666666666666666,"X",11]
[12,50,"McCOY, Ken",1,12,0,4,"X",12]
[13,58,"BROWN, Kay",1,7,0,2.3333333333333335,"",13]
[14,49,"LAMBERT, Ian",0,0,0,0,"X",15]
[15,51,"DID NOT FISH 4",0,0,0,0,"",15]
[16,"","","","","","","",""]
[17,"","","","","","","",""]
[18,"","","","","","","",""]
[19,"","","","","","","",""]
[20,"","","","","","","",""]
[21,"","","","","","","",""]
[22,"","","","","","","",""]
[23,"","","","","","","",""]
[24,"","","","","","","",""]
[25,"","","","","","","",""]
[26,"","","","","","","",""]
[27,"","","","","","","",""]
[28,"","","","","","","",""]
[29,"","","","","","","",""]
[30,"","","","","","","",""]
[null,"NORTH NORFOLK BASS FESTIVAL 2019",null,null,null,"Day 1  ZONE E"]
["Zone Number","Peg","Name","No. Fish","Total Weight Points","Weight",null,"Optional Pools","Zone Position"]
[null,null,null,null,null,"(lbs)","(ozs)"]
[1,66,"SMITH, George",16,931,19,6.333333333333333,"X",1]
[2,62,"WRIGHT, Dave",18,453,9,7,"X",2]
[3,65,"ALDOUS, David",13,414,8,10,"X",3]
[4,61,"CANNELL, Chris",13,384,8,0,"X",4]
[5,68,"SELF, Bevan",11,252,5,4,"X",5]
[6,70,"THORPE, Doug",8,251,5,3.6666666666666665,"X",6]
[7,67,"SMITH, John",13,237,4,15,"X",7]
[8,74,"WOODS, Graham",8,235,4,14.333333333333334,"X",8]
[9,72,"TEMPLE, Billy",12,230,4,12.666666666666666,"X",9]
[10,64,"ALDOUS, Brayden",8,191,3,15.666666666666666,"",10]
[11,63,"WARD, Mark",8,183,3,13,"X",11]
[12,69,"JARMAN, Wayne",11,169,3,8.3333333333333339,"X",12]
[13,71,"WALLIS, Craig",11,152,3,2.6666666666666665,"",13]
[14,73,"THORBURN, Paul",3,118,2,7.333333333333333,"X",14]
[15,75,"WHITE, Alan",6,84,1,12,"X",15]
[16,"","","","","","","",""]
[17,"","","","","","","",""]
[18,"","","","","","","",""]
[19,"","","","","","","",""]
[20,"","","","","","","",""]
[21,"","","","","","","",""]
[22,"","","","","","","",""]
[23,"","","","","","","",""]
[24,"","","","","","","",""]
[25,"","","","","","","",""]
[26,"","","","","","","",""]
[27,"","","","","","","",""]
[28,"","","","","","","",""]
[29,"","","","","","","",""]
[30,"","","","","","","",""]
[null,"NORTH NORFOLK BASS FESTIVAL 2019",null,null,null,"Day 1  ZONE F"]
["Zone Number","Peg","Name","No. Fish","Total Weight Points","Weight",null,"Optional Pools","Zone Position"]
[null,null,null,null,null,"(lbs)","(ozs)"]
[1,83,"ELLIOTT, Nathan",32,496,10,5.333333333333333,"X",1]
[2,82,"BRIGHTON, Tarrick",27,304,6,5.333333333333333,"X",2]
[3,86,"BURT, Richard",21,275,5,11.666666666666666,"X",3]
[4,85,"CLEMENT, Alby",12,271,5,10.333333333333334,"X",4]
[5,76,"ADAMS, Lee",12,261,5,7,"X",5]
[6,77,"BROCK, Peter",17,226,4,11.333333333333334,"X",6]
[7,81,"DIAPER, Barry",12,214,4,7.333333333333333,"X",7]
[8,84,"CHAMBERLAIN, Darren",16,210,4,6,"X",8]
[9,78,"HURCOMBE, Mark",13,180,3,12,"X",9]
[10,90,"LITTLEWOOD, Stuart",15,157,3,4.333333333333333,"X",10]
[11,88,"GOOCH, Mark",10,154,3,3.3333333333333335,"X",11]
[12,89,"HART, Paul",8,88,1,13.333333333333334,"X",12]
[13,87,"DOY, Alan",3,30,0,10,"X",13]
[14,79,"DID NOT FISH 1",0,0,0,0,"",15]
[15,80,"DID NOT FISH 2",0,0,0,0,"",15]
[16,"","","","","","","",""]
[17,"","","","","","","",""]
[18,"","","","","","","",""]
[19,"","","","","","","",""]
[20,"","","","","","","",""]
[21,"","","","","","","",""]
[22,"","","","","","","",""]
[23,"","","","","","","",""]
[24,"","","","","","","",""]
[25,"","","","","","","",""]
[26,"","","","","","","",""]
[27,"","","","","","","",""]
[28,"","","","","","","",""]
[29,"","","","","","","",""]
[30,"","","","","","","",""]
[null,"NORTH NORFOLK BASS FESTIVAL 2019",null,null,null,"Day 1  ZONE G"]
["Zone Number","Peg","Name","No. Fish","Total Weight Points","Weight",null,"Optional Pools","Zone Position"]
[null,null,null,null,null,"(lbs)","(ozs)"]
[1,97,"BUY, Craig",18,366,7,10,"X",1]
[2,105,"HUTCHINSON (BP), Dave",15,338,7,0.66666666666666663,"X",2]
[3,94,"ADAMS, Stephen",16,315,6,9,"X",3]
[4,99,"NANGLE, Karl",18,263,5,7.666666666666667,"X",4]
[5,98,"SHARMAN, Mark",15,227,4,11.666666666666666,"X",5]
[6,100,"JARMAN, Rachael",19,208,4,5.333333333333333,"",6]
[7,92,"STONE, Barry",18,186,3,14,"X",7]
[8,91,"GASCOIGNE, Robert",16,186,3,14,"X",8]
[9,95,"SMART, Neil",16,172,3,9.3333333333333339,"X",9]
[10,102,"FRARY, Charlie",15,154,3,3.3333333333333335,"X",10]
[11,93,"ADAMS, Graham",13,154,3,3.3333333333333335,"X",11]
[12,101,"RUSH, Billy",9,141,2,15,"X",12]
[13,103,"FRARY, June",12,129,2,11,"X",13]
[14,96,"LAY-FLURRIE, Matt",9,89,1,13.666666666666666,"X",14]
[15,104,"CARTER, John",6,83,1,11.666666666666666,"X",15]
[16,"","","","","","","",""]
[17,"","","","","","","",""]
[18,"","","","","","","",""]
[19,"","","","","","","",""]
[20,"","","","","","","",""]
[21,"","","","","","","",""]
[22,"","","","","","","",""]
[23,"","","","","","","",""]
[24,"","","","","","","",""]
[25,"","","","","","","",""]
[26,"","","","","","","",""]
[27,"","","","","","","",""]
[28,"","","","","","","",""]
[29,"","","","","","","",""]
[30,"","","","","","","",""]
[null,"NORTH NORFOLK BASS FESTIVAL 2019",null,null,null,"Day 1  ZONE H"]
["Zone Number","Peg","Name","No. Fish","Total Weight Points","Weight",null,"Optional Pools","Zone Position"]
[null,null,null,null,null,"(lbs)","(ozs)"]
[1,117,"PROVINS, Colin",32,786,16,6,"X",1]
[2,114,"CUTLER, Neil",31,525,10,15,"X",2]
[3,119,"HUGHES, Gary",20,466,9,11.333333333333334,"X",3]
[4,120,"ELEY, Kevin",26,373,7,12.333333333333334,"X",4]
[5,107,"DRIVER, Ed",14,367,7,10.333333333333334,"X",5]
[6,118,"McKENZIE, Brian",21,283,5,14.333333333333334,"X",6]
[7,115,"HIPPERSON, Richard",24,269,5,9.6666666666666661,"X",7]
[8,111,"FATTIZZO, Tony",14,254,5,4.666666666666667,"X",8]
[9,112,"PARROTT, Ade",9,150,3,2,"X",9]
[10,116,"HARVEY, Paul ",8,136,2,13.333333333333334,"X",10]
[11,110,"GROSSMAN, Martin",4,98,2,0.66666666666666663,"X",11]
[12,106,"SMITH, Andy",9,94,1,15.333333333333334,"X",12]
[13,109,"NICHOLSON, Steven",4,89,1,13.666666666666666,"X",13]
[14,108,"CREASEY, Shaun",5,42,0,14,"X",14]
[15,113,"MILLS, Rodney",0,0,0,0,"",15]
[16,"","","","","","","",""]
[17,"","","","","","","",""]
[18,"","","","","","","",""]
[19,"","","","","","","",""]
[20,"","","","","","","",""]
[21,"","","","","","","",""]
[22,"","","","","","","",""]
[23,"","","","","","","",""]
[24,"","","","","","","",""]
[25,"","","","","","","",""]
[26,"","","","","","","",""]
[27,"","","","","","","",""]
[28,"","","","","","","",""]

{"sheet":"Day 2 Zones-All","index":10,"n_rows":262,"n_cols":9,"rows_kept":262,"cut":false,"hidden":false,"merged":[[231,1,231,4],[231,5,231,8],[232,0,233,0],[232,1,233,1],[232,2,233,2],[232,3,233,3],[232,4,233,4],[232,7,233,7],[232,8,233,8],[198,1,198,4],[198,5,198,8],[199,0,200,0],[199,1,200,1],[199,2,200,2],[199,3,200,3],[199,4,200,4],[199,7,200,7],[199,8,200,8],[165,1,165,4],[165,5,165,8],[166,0,167,0],[166,1,167,1],[166,2,167,2],[166,3,167,3],[166,4,167,4],[166,7,167,7],[166,8,167,8],[132,1,132,4],[132,5,132,8],[133,0,134,0],[133,1,134,1],[133,2,134,2],[133,3,134,3],[133,4,134,4],[133,7,134,7],[133,8,134,8],[99,1,99,4],[99,5,99,8],[100,0,101,0],[100,1,101,1],[100,2,101,2],[100,3,101,3],[100,4,101,4],[100,7,101,7],[100,8,101,8],[66,1,66,4],[66,5,66,8],[67,0,68,0],[67,1,68,1],[67,2,68,2],[67,3,68,3],[67,4,68,4],[67,7,68,7],[67,8,68,8],[33,1,33,4],[33,5,33,8],[34,0,35,0],[34,1,35,1],[34,2,35,2],[34,3,35,3],[34,4,35,4],[34,7,35,7],[34,8,35,8],[0,1,0,4],[0,5,0,8],[1,0,2,0],[1,1,2,1],[1,2,2,2],[1,3,2,3],[1,4,2,4],[1,7,2,7],[1,8,2,8]]}
[null,"NORTH NORFOLK BASS FESTIVAL 2019",null,null,null,"Day 2  ZONE A"]
["Zone Number","Peg","Name","No. Fish","Total Weight Points","Weight",null,"Optional Pools","Zone Position"]
[null,null,null,null,null,"(lbs)","(ozs)"]
[1,11,"GASCOIGNE, Robert",11,351,7,5,"X",1]
[2,2,"WARD, Mark",12,245,5,1.6666666666666667,"X",2]
[3,10,"DRIVER, Ed",10,174,3,10,"X",3]
[4,4,"WHITE, Alan",9,121,2,8.3333333333333339,"X",4]
[5,15,"WALLIS, Craig",9,116,2,6.666666666666667,"",5]
[6,3,"ELLIOTT, Nathan",9,109,2,4.333333333333333,"X",6]
[7,8,"THORPE, Doug",7,92,1,14.666666666666666,"X",7]
[8,1,"McKENZIE, Brian",7,72,1,8,"X",8]
[9,9,"LAY-FLURRIE, Matt",3,41,0,13.666666666666666,"X",9]
[10,7,"ADAMS, Graham",2,30,0,10,"X",10]
[11,13,"JARMAN, Wayne",4,26,0,8.6666666666666661,"X",11]
[12,12,"CARTER, John",3,21,0,7,"X",12]
[13,14,"RUSH, Billy",2,15,0,5,"X",13]
[14,5,"DID NOT FISH 1",0,0,0,0,"",15]
[15,6,"DID NOT FISH 2",0,0,0,0,"",15]
[16,"","","","","","","",""]
[17,"","","","","","","",""]
[18,"","","","","","","",""]
[19,"","","","","","","",""]
[20,"","","","","","","",""]
[21,"","","","","","","",""]
[22,"","","","","","","",""]
[23,"","","","","","","",""]
[24,"","","","","","","",""]
[25,"","","","","","","",""]
[26,"","","","","","","",""]
[27,"","","","","","","",""]
[28,"","","","","","","",""]
[29,"","","","","","","",""]
[30,"","","","","","","",""]
[null,"NORTH NORFOLK BASS FESTIVAL 2019",null,null,null,"Day 2  ZONE B"]
["Zone Number","Peg","Name","No. Fish","Total Weight Points","Weight",null,"Optional Pools","Zone Position"]
[null,null,null,null,null,"(lbs)","(ozs)"]
[1,20,"CLEMENT, Alby",18,473,9,13.666666666666666,"X",1]
[2,22,"FRARY, Charlie",7,225,4,11,"X",2]
[3,23,"HURCOMBE, Mark",8,196,4,1.3333333333333333,"X",3]
[4,30,"HUGHES, Gary",6,161,3,5.666666666666667,"X",4]
[5,19,"GROSSMAN, Martin",5,134,2,12.666666666666666,"X",5]
[6,27,"HIPPERSON, Richard",8,117,2,7,"X",6]
[7,28,"STONE, Barry",10,87,1,13,"X",7]
[8,29,"NICHOLSON, Steven",5,87,1,13,"X",8]
[9,18,"MILLS, Rodney",7,67,1,6.333333333333333,"X",9]
[10,21,"FRARY, June",2,45,0,15,"X",10]
[11,16,"THORBURN, Paul",0,0,0,0,"X",15]
[12,17,"BRIGHTON, Tarrick",0,0,0,0,"X",15]
[13,24,"FATTIZZO, Tony",0,0,0,0,"X",15]
[14,25,"PARROTT, Ade",0,0,0,0,"X",15]
[15,26,"SHARMAN, Mark",0,0,0,0,"X",15]
[16,"","","","","","","",""]
[17,"","","","","","","",""]
[18,"","","","","","","",""]
[19,"","","","","","","",""]
[20,"","","","","","","",""]
[21,"","","","","","","",""]
[22,"","","","","","","",""]
[23,"","","","","","","",""]
[24,"","","","","","","",""]
[25,"","","","","","","",""]
[26,"","","","","","","",""]
[27,"","","","","","","",""]
[28,"","","","","","","",""]
[29,"","","","","","","",""]
[30,"","","","","","","",""]
[null,"NORTH NORFOLK BASS FESTIVAL 2019",null,null,null,"Day 2  ZONE C"]
["Zone Number","Peg","Name","No. Fish","Total Weight Points","Weight",null,"Optional Pools","Zone Position"]
[null,null,null,null,null,"(lbs)","(ozs)"]
[1,36,"WRIGHT, Dave",7,213,4,7,"X",1]
[2,34,"ADAMS, Lee",7,169,3,8.3333333333333339,"X",2]
[3,37,"SMITH, Andy",5,162,3,6,"X",3]
[4,35,"CUTLER, Neil",6,150,3,2,"X",4]
[5,41,"ALDOUS, Brayden",6,117,2,7,"",5]
[6,38,"SELF, Bevan",6,88,1,13.333333333333334,"X",6]
[7,40,"LITTLEWOOD, Stuart",5,82,1,11.333333333333334,"X",7]
[8,45,"TEMPLE, Billy",4,78,1,10,"X",8]
[9,33,"JARMAN, Rachael",6,77,1,9.6666666666666661,"",9]
[10,39,"ELEY, Kevin",4,67,1,6.333333333333333,"X",10]
[11,43,"HARVEY, Paul ",4,56,1,2.6666666666666665,"X",11]
[12,31,"HART, Paul",4,53,1,1.6666666666666667,"X",12]
[13,32,"CREASEY, Shaun",1,8,0,2.6666666666666665,"X",13]
[14,42,"ALDOUS, David",0,0,0,0,"X",15]
[15,44,"BROCK, Peter",0,0,0,0,"X",15]
[16,"","","","","","","",""]
[17,"","","","","","","",""]
[18,"","","","","","","",""]
[19,"","","","","","","",""]
[20,"","","","","","","",""]
[21,"","","","","","","",""]
[22,"","","","","","","",""]
[23,"","","","","","","",""]
[24,"","","","","","","",""]
[25,"","","","","","","",""]
[26,"","","","","","","",""]
[27,"","","","","","","",""]
[28,"","","","","","","",""]
[29,"","","","","","","",""]
[30,"","","","","","","",""]
[null,"NORTH NORFOLK BASS FESTIVAL 2019",null,null,null,"Day 2  ZONE D"]
["Zone Number","Peg","Name","No. Fish","Total Weight Points","Weight",null,"Optional Pools","Zone Position"]
[null,null,null,null,null,"(lbs)","(ozs)"]
[1,47,"WOODS, Graham",5,311,6,7.666666666666667,"X",1]
[2,46,"ADAMS, Stephen",12,296,6,2.6666666666666665,"X",2]
[3,54,"CANNELL, Chris",6,216,4,8,"X",3]
[4,57,"BURT, Richard",7,166,3,7.333333333333333,"X",4]
[5,56,"SMITH, George",3,116,2,6.666666666666667,"X",5]
[6,55,"BUY, Craig",5,114,2,6,"X",6]
[7,48,"CHAMBERLAIN, Darren",7,96,2,0,"X",7]
[8,59,"PROVINS, Colin",8,88,1,13.333333333333334,"X",8]
[9,58,"SMITH, John",5,78,1,10,"X",9]
[10,60,"DOY, Alan",5,71,1,7.666666666666667,"X",10]
[11,50,"HUTCHINSON (BP), Dave",4,61,1,4.333333333333333,"X",11]
[12,53,"NANGLE, Karl",3,56,1,2.6666666666666665,"X",12]
[13,52,"DIAPER, Barry",4,50,1,0.66666666666666663,"X",13]
[14,49,"GOOCH, Mark",0,43,0,14.333333333333334,"X",15]
[15,51,"SMART, Neil",2,15,0,5,"X",15]
[16,"","","","","","","",""]
[17,"","","","","","","",""]
[18,"","","","","","","",""]
[19,"","","","","","","",""]
[20,"","","","","","","",""]
[21,"","","","","","","",""]
[22,"","","","","","","",""]
[23,"","","","","","","",""]
[24,"","","","","","","",""]
[25,"","","","","","","",""]
[26,"","","","","","","",""]
[27,"","","","","","","",""]
[28,"","","","","","","",""]
[29,"","","","","","","",""]
[30,"","","","","","","",""]
[null,"NORTH NORFOLK BASS FESTIVAL 2019",null,null,null,"Day 2  ZONE E"]
["Zone Number","Peg","Name","No. Fish","Total Weight Points","Weight",null,"Optional Pools","Zone Position"]
[null,null,null,null,null,"(lbs)","(ozs)"]
[1,61,"HUTSON, Garry",7,434,9,0.66666666666666663,"X",1]
[2,67,"MEDLER, Gary",7,252,5,4,"X",2]
[3,65,"HARRISON, Paul",14,216,4,8,"X",3]
[4,74,"DIAPER, Greg",7,178,3,11.333333333333334,"X",4]
[5,72,"JACOBS, Richard",8,177,3,11,"X",5]
[6,62,"EAGLE, Dan",6,153,3,3,"X",6]
[7,69,"RUSSELL, Shane",8,146,3,0.66666666666666663,"X",7]
[8,63,"McCOY, Ken",8,128,2,10.666666666666666,"X",8]
[9,66,"BORDIANU, Adrian",8,106,2,3.3333333333333335,"X",9]
[10,68,"NELSON, Ian",3,97,2,0.33333333333333331,"X",10]
[11,70,"SMITH, Adele",6,80,1,10.666666666666666,"X",11]
[12,73,"THOMAS, Tony",5,70,1,7.333333333333333,"X",12]
[13,75,"SHAUL, Keith",3,70,1,7.333333333333333,"X",13]
[14,64,"HARVEY, John",3,22,0,7.333333333333333,"X",14]
[15,71,"LAMBERT, Ian",0,0,0,0,"X",15]
[16,"","","","","","","",""]
[17,"","","","","","","",""]
[18,"","","","","","","",""]
[19,"","","","","","","",""]
[20,"","","","","","","",""]
[21,"","","","","","","",""]
[22,"","","","","","","",""]
[23,"","","","","","","",""]
[24,"","","","","","","",""]
[25,"","","","","","","",""]
[26,"","","","","","","",""]
[27,"","","","","","","",""]
[28,"","","","","","","",""]
[29,"","","","","","","",""]
[30,"","","","","","","",""]
[null,"NORTH NORFOLK BASS FESTIVAL 2019",null,null,null,"Day 2  ZONE F"]
["Zone Number","Peg","Name","No. Fish","Total Weight Points","Weight",null,"Optional Pools","Zone Position"]
[null,null,null,null,null,"(lbs)","(ozs)"]
[1,81,"TUCK, Rob",23,524,10,14.666666666666666,"X",1]
[2,86,"TURNER, Cameron",14,280,5,13.333333333333334,"X",2]
[3,89,"SPALL, Chris",18,251,5,3.6666666666666665,"X",3]
[4,80,"STORER, Paul",14,219,4,9,"X",4]
[5,88,"BOWELL, Ian",14,183,3,13,"X",5]
[6,82,"BENNETT, Rick",14,173,3,9.6666666666666661,"X",6]
[7,83,"AUSTIN, John",12,171,3,9,"X",7]
[8,78,"KINGDON, Adam",12,118,2,7.333333333333333,"X",8]
[9,76,"WOODS, Becky",6,89,1,13.666666666666666,"X",9]
[10,90,"HADDOCK, Roy",5,70,1,7.333333333333333,"X",10]
[11,84,"BURR, Dave",6,56,1,2.6666666666666665,"X",11]
[12,79,"SMITH, Leon",3,46,0,15.333333333333334,"X",12]
[13,87,"DENHOLM, Paul",4,37,0,12.333333333333334,"X",13]
[14,77,"HARVEY, Mark",3,18,0,6,"X",14]
[15,85,"DID NOT FISH 4",0,0,0,0,"",15]
[16,"","","","","","","",""]
[17,"","","","","","","",""]
[18,"","","","","","","",""]
[19,"","","","","","","",""]
[20,"","","","","","","",""]
[21,"","","","","","","",""]
[22,"","","","","","","",""]
[23,"","","","","","","",""]
[24,"","","","","","","",""]
[25,"","","","","","","",""]
[26,"","","","","","","",""]
[27,"","","","","","","",""]
[28,"","","","","","","",""]
[29,"","","","","","","",""]
[30,"","","","","","","",""]
[null,"NORTH NORFOLK BASS FESTIVAL 2019",null,null,null,"Day 2  ZONE G"]
["Zone Number","Peg","Name","No. Fish","Total Weight Points","Weight",null,"Optional Pools","Zone Position"]
[null,null,null,null,null,"(lbs)","(ozs)"]
[1,100,"RANDELL, Henry",14,252,5,4,"X",1]
[2,93,"LINDFIELD, Bill",14,210,4,6,"X",2]
[3,95,"DAWBER, Simon",16,198,4,2,"X",3]
[4,104,"METCALFE, Wendy",9,179,3,11.666666666666666,"",4]
[5,92,"STEBBINGS, Robert",15,150,3,2,"X",5]
[6,94,"LINDFIELD, Heather",10,149,3,1.6666666666666667,"",6]
[7,103,"BROWN, Kay",9,117,2,7,"",7]
[8,91,"CRAWFORD, Vince",7,111,2,5,"X",8]
[9,99,"PRICE, Ben",7,82,1,11.333333333333334,"X",9]
[10,97,"TOPPING, Mike",7,79,1,10.333333333333334,"X",10]
[11,98,"TOPPING, Jack",2,78,1,10,"",11]
[12,101,"BRADSHAW, Craig",4,66,1,6,"X",12]
[13,105,"KING, Simon",3,66,1,6,"",13]
[14,96,"BATTLE, Ian",6,56,1,2.6666666666666665,"X",14]
[15,102,"BRADSHAW, Daine",2,34,0,11.333333333333334,"",15]
[16,"","","","","","","",""]
[17,"","","","","","","",""]
[18,"","","","","","","",""]
[19,"","","","","","","",""]
[20,"","","","","","","",""]
[21,"","","","","","","",""]
[22,"","","","","","","",""]
[23,"","","","","","","",""]
[24,"","","","","","","",""]
[25,"","","","","","","",""]
[26,"","","","","","","",""]
[27,"","","","","","","",""]
[28,"","","","","","","",""]
[29,"","","","","","","",""]
[30,"","","","","","","",""]
[null,"NORTH NORFOLK BASS FESTIVAL 2019",null,null,null,"Day 2  ZONE H"]
["Zone Number","Peg","Name","No. Fish","Total Weight Points","Weight",null,"Optional Pools","Zone Position"]
[null,null,null,null,null,"(lbs)","(ozs)"]
[1,109,"AKESTER, Jack",21,451,9,6.333333333333333,"X",1]
[2,120,"WATTS, Mike",30,351,7,5,"X",2]
[3,113,"BANHAM, Mark",13,252,5,4,"",3]
[4,116,"SHAUL, Jimmy",21,238,4,15.333333333333334,"X",4]
[5,115,"LAWN, Kimberley",11,223,4,10.333333333333334,"",5]
[6,112,"BANHAM, Jason",18,222,4,10,"X",6]
[7,119,"BETTINSON, Charles",22,218,4,8.6666666666666661,"X",7]
[8,111,"GREEN, Kevin",17,206,4,4.666666666666667,"X",8]
[9,107,"DRAYTON, Simon",12,157,3,4.333333333333333,"X",9]
[10,114,"BANCROFT, Dave",11,127,2,10.333333333333334,"X",10]
[11,108,"LING, Richard",10,113,2,5.666666666666667,"X",11]
[12,106,"SHORTHOUSE, Dave",11,100,2,1.3333333333333333,"X",12]
[13,117,"BENNINGTON, Tom",8,100,2,1.3333333333333333,"X",13]
[14,118,"BENNINGTON, Graham",5,44,0,14.666666666666666,"X",14]
[15,110,"DID NOT FISH 3",0,0,0,0,"",15]
[16,"","","","","","","",""]
[17,"","","","","","","",""]
[18,"","","","","","","",""]
[19,"","","","","","","",""]
[20,"","","","","","","",""]
[21,"","","","","","","",""]
[22,"","","","","","","",""]
[23,"","","","","","","",""]
[24,"","","","","","","",""]
[25,"","","","","","","",""]
[26,"","","","","","","",""]
[27,"","","","","","","",""]
[28,"","","","","","","",""]

{"sheet":"Day 1 Zones-Bass Fest","index":11,"n_rows":134,"n_cols":10,"rows_kept":134,"cut":false,"hidden":false,"merged":[[117,1,117,4],[117,5,117,9],[118,0,119,0],[118,1,119,1],[118,2,119,2],[118,3,119,3],[118,4,119,4],[118,7,119,7],[118,8,119,8],[118,9,119,9],[99,1,99,4],[99,5,99,9],[100,0,101,0],[100,1,101,1],[100,2,101,2],[100,3,101,3],[100,4,101,4],[100,7,101,7],[100,8,101,8],[100,9,101,9],[83,1,83,4],[83,5,83,9],[84,0,85,0],[84,1,85,1],[84,2,85,2],[84,3,85,3],[84,4,85,4],[84,7,85,7],[84,8,85,8],[84,9,85,9],[65,1,65,4],[65,5,65,9],[66,0,67,0],[66,1,67,1],[66,2,67,2],[66,3,67,3],[66,4,67,4],[66,7,67,7],[66,8,67,8],[66,9,67,9],[50,1,50,4],[50,5,50,9],[51,0,52,0],[51,1,52,1],[51,2,52,2],[51,3,52,3],[51,4,52,4],[51,7,52,7],[51,8,52,8],[51,9,52,9],[32,1,32,4],[32,5,32,9],[33,0,34,0],[33,1,34,1],[33,2,34,2],[33,3,34,3],[33,4,34,4],[33,7,34,7],[33,8,34,8],[33,9,34,9],[17,1,17,4],[17,5,17,9],[18,0,19,0],[18,1,19,1],[18,2,19,2],[18,3,19,3],[18,4,19,4],[18,7,19,7],[18,8,19,8],[18,9,19,9],[0,1,0,4],[0,5,0,9],[1,0,2,0],[1,1,2,1],[1,2,2,2],[1,3,2,3],[1,4,2,4],[1,7,2,7],[1,8,2,8],[1,9,2,9]]}
[null,"NORTH NORFOLK BASS FESTIVAL 2019",null,null,null,"Day 1  ZONE A"]
["Zone Number","Peg","Name","No. Fish","Total Weight Points","Weight",null,"Optional Pools","Day 1 Points ","Zone Position"]
[null,null,null,null,null,"(lbs)","(ozs)"]
[1,1,"LINDFIELD, Bill",15,370,7,11.333333333333334,"X",1,1]
[2,3,"HUTSON, Garry",9,269,5,9.6666666666666661,"X",2,2]
[3,8,"CRAWFORD, Vince",12,208,4,5.333333333333333,"X",3,3]
[4,11,"BRADSHAW, Craig",5,205,4,4.333333333333333,"X",4,4]
[5,9,"STORER, Paul",10,162,3,6,"X",5,5]
[6,15,"BENNETT, Rick",10,146,3,0.66666666666666663,"X",6,6]
[7,10,"EAGLE, Dan",5,141,2,15,"X",7,7]
[8,14,"HARVEY, John",6,126,2,10,"X",8,8]
[9,6,"TOPPING, Mike",5,119,2,7.666666666666667,"X",9,9]
[10,2,"SHAUL, Keith",7,80,1,10.666666666666666,"X",11,10]
[11,4,"BETTINSON, Charles",5,52,1,1.3333333333333333,"X",13,11]
[12,7,"AUSTIN, John",4,52,1,1.3333333333333333,"X",14,12]
[13,13,"KING, Simon",0,0,0,0,"",15,15]
[]
[null,"NORTH NORFOLK BASS FESTIVAL 2019",null,null,null,"Day 1  ZONE B"]
["Zone Number","Peg","Name","No. Fish","Total Weight Points","Weight",null,"Optional Pools","Day 1 Points ","Zone Position"]
[null,null,null,null,null,"(lbs)","(ozs)"]
[1,29,"RUSSELL, Shane",19,761,15,13.666666666666666,"X",1,1]
[2,27,"AKESTER, Jack",7,192,4,0,"X",3,2]
[3,28,"SMITH, Leon",10,175,3,10.333333333333334,"X",5,3]
[4,26,"BURR, Dave",6,164,3,6.666666666666667,"X",6,4]
[5,25,"DIAPER, Greg",6,153,3,3,"X",7,5]
[6,21,"SMITH, Adele",10,141,2,15,"X",8,6]
[7,24,"WATTS, Mike",7,141,2,15,"X",9,7]
[8,16,"GREEN, Kevin",7,129,2,11,"X",10,8]
[9,23,"BANHAM, Jason",5,118,2,7.333333333333333,"X",11,9]
[10,18,"HADDOCK, Roy",5,66,1,6,"X",12,10]
[11,19,"BANCROFT, Dave",3,50,1,0.66666666666666663,"X",13,11]
[12,20,"LING, Richard",2,21,0,7,"X",14,12]
[null,"NORTH NORFOLK BASS FESTIVAL 2019",null,null,null,"Day 1  ZONE C"]
["Zone Number","Peg","Name","No. Fish","Total Weight Points","Weight",null,"Optional Pools","Day 1 Points ","Zone Position"]
[null,null,null,null,null,"(lbs)","(ozs)"]
[1,43,"BOWELL, Ian",10,507,10,9,"X",1,1]
[2,31,"TURNER, Cameron",16,394,8,3.3333333333333335,"X",2,2]
[3,37,"MEDLER, Gary",9,353,7,5.666666666666667,"X",3,3]
[4,42,"TUCK, Rob",13,337,7,0.33333333333333331,"X",4,4]
[5,38,"HARVEY, Mark",4,263,5,7.666666666666667,"X",5,5]
[6,44,"SHAUL, Jimmy",5,226,4,11.333333333333334,"X",7,6]
[7,40,"THOMAS, Tony",7,184,3,13.333333333333334,"X",8,7]
[8,34,"DENHOLM, Paul",13,176,3,10.666666666666666,"X",9,8]
[9,36,"STEBBINGS, Robert",7,176,3,10.666666666666666,"X",10,9]
[10,33,"PRICE, Ben",7,156,3,4,"X",11,10]
[11,35,"WOODS, Becky",8,149,3,1.6666666666666667,"X",12,11]
[12,32,"JACOBS, Richard",7,129,2,11,"X",13,12]
[13,41,"HARRISON, Paul",4,103,2,2.3333333333333335,"X",14,13]
[14,39,"DRAYTON, Simon",6,84,1,12,"X",15,14]
[]
[null,"NORTH NORFOLK BASS FESTIVAL 2019",null,null,null,"Day 1  ZONE D"]
["Zone Number","Peg","Name","No. Fish","Total Weight Points","Weight",null,"Optional Pools","Day 1 Points ","Zone Position"]
[null,null,null,null,null,"(lbs)","(ozs)"]
[1,60,"KINGDON, Adam",12,318,6,10,"X",1,1]
[2,48,"RANDELL, Henry",11,305,6,5.666666666666667,"X",2,2]
[3,46,"SPALL, Chris",9,227,4,11.666666666666666,"X",3,3]
[4,57,"BATTLE, Ian",8,150,3,2,"X",5,4]
[5,54,"BORDIANU, Adrian",6,132,2,12,"X",6,5]
[6,47,"NELSON, Ian",4,105,2,3,"X",7,6]
[7,55,"BENNINGTON, Tom",4,84,1,12,"X",8,7]
[8,53,"DAWBER, Simon",4,81,1,11,"X",9,8]
[9,52,"SHORTHOUSE, Dave",3,66,1,6,"X",10,9]
[10,56,"BENNINGTON, Graham",2,44,0,14.666666666666666,"X",11,10]
[11,50,"McCOY, Ken",1,12,0,4,"X",12,11]
[12,49,"LAMBERT, Ian",0,0,0,0,"X",15,15]
[null,"NORTH NORFOLK BASS FESTIVAL 2019",null,null,null,"Day 1  ZONE E"]
["Zone Number","Peg","Name","No. Fish","Total Weight Points","Weight",null,"Optional Pools","Day 1 Points ","Zone Position"]
[null,null,null,null,null,"(lbs)","(ozs)"]
[1,66,"SMITH, George",16,931,19,6.333333333333333,"X",1,1]
[2,62,"WRIGHT, Dave",18,453,9,7,"X",2,2]
[3,65,"ALDOUS, David",13,414,8,10,"X",3,3]
[4,61,"CANNELL, Chris",13,384,8,0,"X",4,4]
[5,68,"SELF, Bevan",11,252,5,4,"X",5,5]
[6,70,"THORPE, Doug",8,251,5,3.6666666666666665,"X",6,6]
[7,67,"SMITH, John",13,237,4,15,"X",7,7]
[8,74,"WOODS, Graham",8,235,4,14.333333333333334,"X",8,8]
[9,72,"TEMPLE, Billy",12,230,4,12.666666666666666,"X",9,9]
[10,63,"WARD, Mark",8,183,3,13,"X",11,10]
[11,69,"JARMAN, Wayne",11,169,3,8.3333333333333339,"X",12,11]
[12,71,"WALLIS, Craig",11,152,3,2.6666666666666665,"",13,12]
[13,73,"THORBURN, Paul",3,118,2,7.333333333333333,"X",14,13]
[14,75,"WHITE, Alan",6,84,1,12,"X",15,14]
[]
[null,"NORTH NORFOLK BASS FESTIVAL 2019",null,null,null,"Day 1  ZONE F"]
["Zone Number","Peg","Name","No. Fish","Total Weight Points","Weight",null,"Optional Pools","Day 1 Points ","Zone Position"]
[null,null,null,null,null,"(lbs)","(ozs)"]
[1,83,"ELLIOTT, Nathan",32,496,10,5.333333333333333,"X",1,1]
[2,82,"BRIGHTON, Tarrick",27,304,6,5.333333333333333,"X",2,2]
[3,86,"BURT, Richard",21,275,5,11.666666666666666,"X",3,3]
[4,85,"CLEMENT, Alby",12,271,5,10.333333333333334,"X",4,4]
[5,76,"ADAMS, Lee",12,261,5,7,"X",5,5]
[6,77,"BROCK, Peter",17,226,4,11.333333333333334,"X",6,6]
[7,81,"DIAPER, Barry",12,214,4,7.333333333333333,"X",7,7]
[8,84,"CHAMBERLAIN, Darren",16,210,4,6,"X",8,8]
[9,78,"HURCOMBE, Mark",13,180,3,12,"X",9,9]
[10,90,"LITTLEWOOD, Stuart",15,157,3,4.333333333333333,"X",10,10]
[11,88,"GOOCH, Mark",10,154,3,3.3333333333333335,"X",11,11]
[12,89,"HART, Paul",8,88,1,13.333333333333334,"X",12,12]
[13,87,"DOY, Alan",3,30,0,10,"X",13,13]
[null,"NORTH NORFOLK BASS FESTIVAL 2019",null,null,null,"Day 1  ZONE G"]
["Zone Number","Peg","Name","No. Fish","Total Weight Points","Weight",null,"Optional Pools","Day 1 Points ","Zone Position"]
[null,null,null,null,null,"(lbs)","(ozs)"]
[1,97,"BUY, Craig",18,366,7,10,"X",1,1]
[2,105,"HUTCHINSON (BP), Dave",15,338,7,0.66666666666666663,"X",2,2]
[3,94,"ADAMS, Stephen",16,315,6,9,"X",3,3]
[4,99,"NANGLE, Karl",18,263,5,7.666666666666667,"X",4,4]
[5,98,"SHARMAN, Mark",15,227,4,11.666666666666666,"X",5,5]
[6,92,"STONE, Barry",18,186,3,14,"X",7,6]
[7,91,"GASCOIGNE, Robert",16,186,3,14,"X",8,7]
[8,95,"SMART, Neil",16,172,3,9.3333333333333339,"X",9,8]
[9,102,"FRARY, Charlie",15,154,3,3.3333333333333335,"X",10,9]
[10,93,"ADAMS, Graham",13,154,3,3.3333333333333335,"X",11,10]
[11,101,"RUSH, Billy",9,141,2,15,"X",12,11]
[12,103,"FRARY, June",12,129,2,11,"X",13,12]
[13,96,"LAY-FLURRIE, Matt",9,89,1,13.666666666666666,"X",14,13]
[14,104,"CARTER, John",6,83,1,11.666666666666666,"X",15,14]
[]
[null,"NORTH NORFOLK BASS FESTIVAL 2019",null,null,null,"Day 1  ZONE H"]
["Zone Number","Peg","Name","No. Fish","Total Weight Points","Weight",null,"Optional Pools","Day 1 Points ","Zone Position"]
[null,null,null,null,null,"(lbs)","(ozs)"]
[1,117,"PROVINS, Colin",32,786,16,6,"X",1,1]
[2,114,"CUTLER, Neil",31,525,10,15,"X",2,2]
[3,119,"HUGHES, Gary",20,466,9,11.333333333333334,"X",3,3]
[4,120,"ELEY, Kevin",26,373,7,12.333333333333334,"X",4,4]
[5,107,"DRIVER, Ed",14,367,7,10.333333333333334,"X",5,5]
[6,118,"McKENZIE, Brian",21,283,5,14.333333333333334,"X",6,6]
[7,115,"HIPPERSON, Richard",24,269,5,9.6666666666666661,"X",7,7]
[8,111,"FATTIZZO, Tony",14,254,5,4.666666666666667,"X",8,8]
[9,112,"PARROTT, Ade",9,150,3,2,"X",9,9]
[10,116,"HARVEY, Paul ",8,136,2,13.333333333333334,"X",10,10]
[11,110,"GROSSMAN, Martin",4,98,2,0.66666666666666663,"X",11,11]
[12,106,"SMITH, Andy",9,94,1,15.333333333333334,"X",12,12]
[13,109,"NICHOLSON, Steven",4,89,1,13.666666666666666,"X",13,13]
[14,108,"CREASEY, Shaun",5,42,0,14,"X",14,14]

{"sheet":"Day 2 Zones-Bast Fest","index":12,"n_rows":135,"n_cols":10,"rows_kept":135,"cut":false,"hidden":false,"merged":[[120,1,120,4],[120,5,120,9],[121,0,122,0],[121,1,122,1],[121,2,122,2],[121,3,122,3],[121,4,122,4],[121,7,122,7],[121,8,122,8],[121,9,122,9],[106,1,106,4],[106,5,106,9],[107,0,108,0],[107,1,108,1],[107,2,108,2],[107,3,108,3],[107,4,108,4],[107,7,108,7],[107,8,108,8],[107,9,108,9],[89,1,89,4],[89,5,89,9],[90,0,91,0],[90,1,91,1],[90,2,91,2],[90,3,91,3],[90,4,91,4],[90,7,91,7],[90,8,91,8],[90,9,91,9],[70,1,70,4],[70,5,70,9],[71,0,72,0],[71,1,72,1],[71,2,72,2],[71,3,72,3],[71,4,72,4],[71,7,72,7],[71,8,72,8],[71,9,72,9],[52,1,52,4],[52,5,52,9],[53,0,54,0],[53,1,54,1],[53,2,54,2],[53,3,54,3],[53,4,54,4],[53,7,54,7],[53,8,54,8],[53,9,54,9],[35,1,35,4],[35,5,35,9],[36,0,37,0],[36,1,37,1],[36,2,37,2],[36,3,37,3],[36,4,37,4],[36,7,37,7],[36,8,37,8],[36,9,37,9],[17,1,17,4],[17,5,17,9],[18,0,19,0],[18,1,19,1],[18,2,19,2],[18,3,19,3],[18,4,19,4],[18,7,19,7],[18,8,19,8],[18,9,19,9],[0,1,0,4],[0,5,0,9],[1,0,2,0],[1,1,2,1],[1,2,2,2],[1,3,2,3],[1,4,2,4],[1,7,2,7],[1,8,2,8],[1,9,2,9]]}
[null,"NORTH NORFOLK BASS FESTIVAL 2019",null,null,null,"Day 2  ZONE A"]
["Zone Number","Peg","Name","No. Fish","Total Weight Points","Weight",null,"Optional Pools","Day 2 Points ","Zone Position"]
[null,null,null,null,null,"(lbs)","(ozs)"]
[1,11,"GASCOIGNE, Robert",11,351,7,5,"X",1,1]
[2,2,"WARD, Mark",12,245,5,1.6666666666666667,"X",2,2]
[3,10,"DRIVER, Ed",10,174,3,10,"X",3,3]
[4,4,"WHITE, Alan",9,121,2,8.3333333333333339,"X",4,4]
[5,15,"WALLIS, Craig",9,116,2,6.666666666666667,"",5,5]
[6,3,"ELLIOTT, Nathan",9,109,2,4.333333333333333,"X",6,6]
[7,8,"THORPE, Doug",7,92,1,14.666666666666666,"X",7,7]
[8,1,"McKENZIE, Brian",7,72,1,8,"X",8,8]
[9,9,"LAY-FLURRIE, Matt",3,41,0,13.666666666666666,"X",9,9]
[10,7,"ADAMS, Graham",2,30,0,10,"X",10,10]
[11,13,"JARMAN, Wayne",4,26,0,8.6666666666666661,"X",11,11]
[12,12,"CARTER, John",3,21,0,7,"X",12,12]
[13,14,"RUSH, Billy",2,15,0,5,"X",13,13]
[]
[null,"NORTH NORFOLK BASS FESTIVAL 2019",null,null,null,"Day 2  ZONE B"]
["Zone Number","Peg","Name","No. Fish","Total Weight Points","Weight",null,"Optional Pools","Day 2 Points ","Zone Position"]
[null,null,null,null,null,"(lbs)","(ozs)"]
[1,20,"CLEMENT, Alby",18,473,9,13.666666666666666,"X",1,1]
[2,22,"FRARY, Charlie",7,225,4,11,"X",2,2]
[3,23,"HURCOMBE, Mark",8,196,4,1.3333333333333333,"X",3,3]
[4,30,"HUGHES, Gary",6,161,3,5.666666666666667,"X",4,4]
[5,19,"GROSSMAN, Martin",5,134,2,12.666666666666666,"X",5,5]
[6,27,"HIPPERSON, Richard",8,117,2,7,"X",6,6]
[7,28,"STONE, Barry",10,87,1,13,"X",7,7]
[8,29,"NICHOLSON, Steven",5,87,1,13,"X",8,8]
[9,21,"FRARY, June",2,45,0,15,"X",10,9]
[10,16,"THORBURN, Paul",0,0,0,0,"X",15,15]
[11,17,"BRIGHTON, Tarrick",0,0,0,0,"X",15,15]
[12,24,"FATTIZZO, Tony",0,0,0,0,"X",15,15]
[13,25,"PARROTT, Ade",0,0,0,0,"X",15,15]
[14,26,"SHARMAN, Mark",0,0,0,0,"X",15,15]
[15]
[null,"NORTH NORFOLK BASS FESTIVAL 2019",null,null,null,"Day 2  ZONE C"]
["Zone Number","Peg","Name","No. Fish","Total Weight Points","Weight",null,"Optional Pools","Day 2 Points ","Zone Position"]
[null,null,null,null,null,"(lbs)","(ozs)"]
[1,36,"WRIGHT, Dave",7,213,4,7,"X",1,1]
[2,34,"ADAMS, Lee",7,169,3,8.3333333333333339,"X",2,2]
[3,37,"SMITH, Andy",5,162,3,6,"X",3,3]
[4,35,"CUTLER, Neil",6,150,3,2,"X",4,4]
[5,38,"SELF, Bevan",6,88,1,13.333333333333334,"X",6,5]
[6,40,"LITTLEWOOD, Stuart",5,82,1,11.333333333333334,"X",7,6]
[7,45,"TEMPLE, Billy",4,78,1,10,"X",8,7]
[8,39,"ELEY, Kevin",4,67,1,6.333333333333333,"X",10,8]
[9,43,"HARVEY, Paul ",4,56,1,2.6666666666666665,"X",11,9]
[10,31,"HART, Paul",4,53,1,1.6666666666666667,"X",12,10]
[11,32,"CREASEY, Shaun",1,8,0,2.6666666666666665,"X",13,11]
[12,42,"ALDOUS, David",0,0,0,0,"X",15,15]
[13,44,"BROCK, Peter",0,0,0,0,"X",15,15]
[]
[null,"NORTH NORFOLK BASS FESTIVAL 2019",null,null,null,"Day 2  ZONE D"]
["Zone Number","Peg","Name","No. Fish","Total Weight Points","Weight",null,"Optional Pools","Day 2 Points ","Zone Position"]
[null,null,null,null,null,"(lbs)","(ozs)"]
[1,47,"WOODS, Graham",5,311,6,7.666666666666667,"X",1,1]
[2,46,"ADAMS, Stephen",12,296,6,2.6666666666666665,"X",2,2]
[3,54,"CANNELL, Chris",6,216,4,8,"X",3,3]
[4,57,"BURT, Richard",7,166,3,7.333333333333333,"X",4,4]
[5,56,"SMITH, George",3,116,2,6.666666666666667,"X",5,5]
[6,55,"BUY, Craig",5,114,2,6,"X",6,6]
[7,48,"CHAMBERLAIN, Darren",7,96,2,0,"X",7,7]
[8,59,"PROVINS, Colin",8,88,1,13.333333333333334,"X",8,8]
[9,58,"SMITH, John",5,78,1,10,"X",9,9]
[10,60,"DOY, Alan",5,71,1,7.666666666666667,"X",10,10]
[11,50,"HUTCHINSON (BP), Dave",4,61,1,4.333333333333333,"X",11,11]
[12,53,"NANGLE, Karl",3,56,1,2.6666666666666665,"X",12,12]
[13,52,"DIAPER, Barry",4,50,1,0.66666666666666663,"X",13,13]
[14,49,"GOOCH, Mark",0,43,0,14.333333333333334,"X",15,15]
[15,51,"SMART, Neil",2,15,0,5,"X",15,15]
[null,"NORTH NORFOLK BASS FESTIVAL 2019",null,null,null,"Day 2  ZONE E"]
["Zone Number","Peg","Name","No. Fish","Total Weight Points","Weight",null,"Optional Pools","Day 2 Points ","Zone Position"]
[null,null,null,null,null,"(lbs)","(ozs)"]
[1,61,"HUTSON, Garry",7,434,9,0.66666666666666663,"X",1,1]
[2,67,"MEDLER, Gary",7,252,5,4,"X",2,2]
[3,65,"HARRISON, Paul",14,216,4,8,"X",3,3]
[4,74,"DIAPER, Greg",7,178,3,11.333333333333334,"X",4,4]
[5,72,"JACOBS, Richard",8,177,3,11,"X",5,5]
[6,62,"EAGLE, Dan",6,153,3,3,"X",6,6]
[7,69,"RUSSELL, Shane",8,146,3,0.66666666666666663,"X",7,7]
[8,63,"McCOY, Ken",8,128,2,10.666666666666666,"X",8,8]
[9,66,"BORDIANU, Adrian",8,106,2,3.3333333333333335,"X",9,9]
[10,68,"NELSON, Ian",3,97,2,0.33333333333333331,"X",10,10]
[11,70,"SMITH, Adele",6,80,1,10.666666666666666,"X",11,11]
[12,73,"THOMAS, Tony",5,70,1,7.333333333333333,"X",12,12]
[13,75,"SHAUL, Keith",3,70,1,7.333333333333333,"X",13,13]
[14,64,"HARVEY, John",3,22,0,7.333333333333333,"X",14,14]
[15,71,"LAMBERT, Ian",0,0,0,0,"X",15,15]
[]
[null,"NORTH NORFOLK BASS FESTIVAL 2019",null,null,null,"Day 2  ZONE F"]
["Zone Number","Peg","Name","No. Fish","Total Weight Points","Weight",null,"Optional Pools","Day 2 Points ","Zone Position"]
[null,null,null,null,null,"(lbs)","(ozs)"]
[1,81,"TUCK, Rob",23,524,10,14.666666666666666,"X",1,1]
[2,86,"TURNER, Cameron",14,280,5,13.333333333333334,"X",2,2]
[3,89,"SPALL, Chris",18,251,5,3.6666666666666665,"X",3,3]
[4,80,"STORER, Paul",14,219,4,9,"X",4,4]
[5,88,"BOWELL, Ian",14,183,3,13,"X",5,5]
[6,82,"BENNETT, Rick",14,173,3,9.6666666666666661,"X",6,6]
[7,83,"AUSTIN, John",12,171,3,9,"X",7,7]
[8,78,"KINGDON, Adam",12,118,2,7.333333333333333,"X",8,8]
[9,76,"WOODS, Becky",6,89,1,13.666666666666666,"X",9,9]
[10,90,"HADDOCK, Roy",5,70,1,7.333333333333333,"X",10,10]
[11,84,"BURR, Dave",6,56,1,2.6666666666666665,"X",11,11]
[12,79,"SMITH, Leon",3,46,0,15.333333333333334,"X",12,12]
[13,87,"DENHOLM, Paul",4,37,0,12.333333333333334,"X",13,13]
[14,77,"HARVEY, Mark",3,18,0,6,"X",14,14]
[null,"NORTH NORFOLK BASS FESTIVAL 2019",null,null,null,"Day 2  ZONE G"]
["Zone Number","Peg","Name","No. Fish","Total Weight Points","Weight",null,"Optional Pools","Day 2 Points ","Zone Position"]
[null,null,null,null,null,"(lbs)","(ozs)"]
[1,100,"RANDELL, Henry",14,252,5,4,"X",1,1]
[2,93,"LINDFIELD, Bill",14,210,4,6,"X",2,2]
[3,95,"DAWBER, Simon",16,198,4,2,"X",3,3]
[4,92,"STEBBINGS, Robert",15,150,3,2,"X",5,4]
[5,91,"CRAWFORD, Vince",7,111,2,5,"X",8,5]
[6,99,"PRICE, Ben",7,82,1,11.333333333333334,"X",9,6]
[7,97,"TOPPING, Mike",7,79,1,10.333333333333334,"X",10,7]
[8,101,"BRADSHAW, Craig",4,66,1,6,"X",12,8]
[9,105,"KING, Simon",3,66,1,6,"",13,9]
[10,96,"BATTLE, Ian",6,56,1,2.6666666666666665,"X",14,10]
[]
[null,"NORTH NORFOLK BASS FESTIVAL 2019",null,null,null,"Day 2  ZONE H"]
["Zone Number","Peg","Name","No. Fish","Total Weight Points","Weight",null,"Optional Pools","Day 2 Points ","Zone Position"]
[null,null,null,null,null,"(lbs)","(ozs)"]
[1,109,"AKESTER, Jack",21,451,9,6.333333333333333,"X",1,1]
[2,120,"WATTS, Mike",30,351,7,5,"X",2,2]
[3,116,"SHAUL, Jimmy",21,238,4,15.333333333333334,"X",4,3]
[4,112,"BANHAM, Jason",18,222,4,10,"X",6,4]
[5,119,"BETTINSON, Charles",22,218,4,8.6666666666666661,"X",7,5]
[6,111,"GREEN, Kevin",17,206,4,4.666666666666667,"X",8,6]
[7,107,"DRAYTON, Simon",12,157,3,4.333333333333333,"X",9,7]
[8,114,"BANCROFT, Dave",11,127,2,10.333333333333334,"X",10,8]
[9,108,"LING, Richard",10,113,2,5.666666666666667,"X",11,9]
[10,106,"SHORTHOUSE, Dave",11,100,2,1.3333333333333333,"X",12,10]
[11,117,"BENNINGTON, Tom",8,100,2,1.3333333333333333,"X",13,11]
[12,118,"BENNINGTON, Graham",5,44,0,14.666666666666666,"X",14,12]

{"sheet":"Day 1 Zones-Pools","index":13,"n_rows":132,"n_cols":10,"rows_kept":132,"cut":false,"hidden":false,"merged":[[115,1,115,4],[115,5,115,9],[116,0,117,0],[116,1,117,1],[116,2,117,2],[116,3,117,3],[116,4,117,4],[116,7,117,7],[116,8,117,8],[116,9,117,9],[97,1,97,4],[97,5,97,9],[98,0,99,0],[98,1,99,1],[98,2,99,2],[98,3,99,3],[98,4,99,4],[98,7,99,7],[98,8,99,8],[98,9,99,9],[81,1,81,4],[81,5,81,9],[82,0,83,0],[82,1,83,1],[82,2,83,2],[82,3,83,3],[82,4,83,4],[82,7,83,7],[82,8,83,8],[82,9,83,9],[64,1,64,4],[64,5,64,9],[65,0,66,0],[65,1,66,1],[65,2,66,2],[65,3,66,3],[65,4,66,4],[65,7,66,7],[65,8,66,8],[65,9,66,9],[49,1,49,4],[49,5,49,9],[50,0,51,0],[50,1,51,1],[50,2,51,2],[50,3,51,3],[50,4,51,4],[50,7,51,7],[50,8,51,8],[50,9,51,9],[31,1,31,4],[31,5,31,9],[32,0,33,0],[32,1,33,1],[32,2,33,2],[32,3,33,3],[32,4,33,4],[32,7,33,7],[32,8,33,8],[32,9,33,9],[16,1,16,4],[16,5,16,9],[17,0,18,0],[17,1,18,1],[17,2,18,2],[17,3,18,3],[17,4,18,4],[17,7,18,7],[17,8,18,8],[17,9,18,9],[0,1,0,4],[0,5,0,9],[1,0,2,0],[1,1,2,1],[1,2,2,2],[1,3,2,3],[1,4,2,4],[1,7,2,7],[1,8,2,8],[1,9,2,9]]}
[null,"NORTH NORFOLK BASS FESTIVAL 2019",null,null,null,"Day 1  ZONE A"]
["Zone Number","Peg","Name","No. Fish","Total Weight Points","Weight",null,"Optional Pools","Day 1 Points ","Zone Position"]
[null,null,null,null,null,"(lbs)","(ozs)"]
[1,1,"LINDFIELD, Bill",15,370,7,11.333333333333334,"X",1,1]
[2,3,"HUTSON, Garry",9,269,5,9.6666666666666661,"X",2,2]
[3,8,"CRAWFORD, Vince",12,208,4,5.333333333333333,"X",3,3]
[4,11,"BRADSHAW, Craig",5,205,4,4.333333333333333,"X",4,4]
[5,9,"STORER, Paul",10,162,3,6,"X",5,5]
[6,15,"BENNETT, Rick",10,146,3,0.66666666666666663,"X",6,6]
[7,10,"EAGLE, Dan",5,141,2,15,"X",7,7]
[8,14,"HARVEY, John",6,126,2,10,"X",8,8]
[9,6,"TOPPING, Mike",5,119,2,7.666666666666667,"X",9,9]
[10,2,"SHAUL, Keith",7,80,1,10.666666666666666,"X",11,10]
[11,4,"BETTINSON, Charles",5,52,1,1.3333333333333333,"X",13,11]
[12,7,"AUSTIN, John",4,52,1,1.3333333333333333,"X",14,12]
[30,"","","","","","","","",""]
[null,"NORTH NORFOLK BASS FESTIVAL 2019",null,null,null,"Day 1  ZONE B"]
["Zone Number","Peg","Name","No. Fish","Total Weight Points","Weight",null,"Optional Pools","Day 1 Points ","Zone Position"]
[null,null,null,null,null,"(lbs)","(ozs)"]
[1,29,"RUSSELL, Shane",19,761,15,13.666666666666666,"X",1,1]
[2,27,"AKESTER, Jack",7,192,4,0,"X",3,2]
[3,28,"SMITH, Leon",10,175,3,10.333333333333334,"X",5,3]
[4,26,"BURR, Dave",6,164,3,6.666666666666667,"X",6,4]
[5,25,"DIAPER, Greg",6,153,3,3,"X",7,5]
[6,21,"SMITH, Adele",10,141,2,15,"X",8,6]
[7,24,"WATTS, Mike",7,141,2,15,"X",9,7]
[8,16,"GREEN, Kevin",7,129,2,11,"X",10,8]
[9,23,"BANHAM, Jason",5,118,2,7.333333333333333,"X",11,9]
[10,18,"HADDOCK, Roy",5,66,1,6,"X",12,10]
[11,19,"BANCROFT, Dave",3,50,1,0.66666666666666663,"X",13,11]
[12,20,"LING, Richard",2,21,0,7,"X",14,12]
[null,"NORTH NORFOLK BASS FESTIVAL 2019",null,null,null,"Day 1  ZONE C"]
["Zone Number","Peg","Name","No. Fish","Total Weight Points","Weight",null,"Optional Pools","Day 1 Points ","Zone Position"]
[null,null,null,null,null,"(lbs)","(ozs)"]
[1,43,"BOWELL, Ian",10,507,10,9,"X",1,1]
[2,31,"TURNER, Cameron",16,394,8,3.3333333333333335,"X",2,2]
[3,37,"MEDLER, Gary",9,353,7,5.666666666666667,"X",3,3]
[4,42,"TUCK, Rob",13,337,7,0.33333333333333331,"X",4,4]
[5,38,"HARVEY, Mark",4,263,5,7.666666666666667,"X",5,5]
[6,44,"SHAUL, Jimmy",5,226,4,11.333333333333334,"X",7,6]
[7,40,"THOMAS, Tony",7,184,3,13.333333333333334,"X",8,7]
[8,34,"DENHOLM, Paul",13,176,3,10.666666666666666,"X",9,8]
[9,36,"STEBBINGS, Robert",7,176,3,10.666666666666666,"X",10,9]
[10,33,"PRICE, Ben",7,156,3,4,"X",11,10]
[11,35,"WOODS, Becky",8,149,3,1.6666666666666667,"X",12,11]
[12,32,"JACOBS, Richard",7,129,2,11,"X",13,12]
[13,41,"HARRISON, Paul",4,103,2,2.3333333333333335,"X",14,13]
[14,39,"DRAYTON, Simon",6,84,1,12,"X",15,14]
[null,"","","","","","","","",""]
[null,"NORTH NORFOLK BASS FESTIVAL 2019",null,null,null,"Day 1  ZONE D"]
["Zone Number","Peg","Name","No. Fish","Total Weight Points","Weight",null,"Optional Pools","Day 1 Points ","Zone Position"]
[null,null,null,null,null,"(lbs)","(ozs)"]
[1,60,"KINGDON, Adam",12,318,6,10,"X",1,1]
[2,48,"RANDELL, Henry",11,305,6,5.666666666666667,"X",2,2]
[3,46,"SPALL, Chris",9,227,4,11.666666666666666,"X",3,3]
[4,57,"BATTLE, Ian",8,150,3,2,"X",5,4]
[5,54,"BORDIANU, Adrian",6,132,2,12,"X",6,5]
[6,47,"NELSON, Ian",4,105,2,3,"X",7,6]
[7,55,"BENNINGTON, Tom",4,84,1,12,"X",8,7]
[8,53,"DAWBER, Simon",4,81,1,11,"X",9,8]
[9,52,"SHORTHOUSE, Dave",3,66,1,6,"X",10,9]
[10,56,"BENNINGTON, Graham",2,44,0,14.666666666666666,"X",11,10]
[11,50,"McCOY, Ken",1,12,0,4,"X",12,11]
[12,49,"LAMBERT, Ian",0,0,0,0,"X",15,15]
[null,"NORTH NORFOLK BASS FESTIVAL 2019",null,null,null,"Day 1  ZONE E"]
["Zone Number","Peg","Name","No. Fish","Total Weight Points","Weight",null,"Optional Pools","Day 1 Points ","Zone Position"]
[null,null,null,null,null,"(lbs)","(ozs)"]
[1,66,"SMITH, George",16,931,19,6.333333333333333,"X",1,1]
[2,62,"WRIGHT, Dave",18,453,9,7,"X",2,2]
[3,65,"ALDOUS, David",13,414,8,10,"X",3,3]
[4,61,"CANNELL, Chris",13,384,8,0,"X",4,4]
[5,68,"SELF, Bevan",11,252,5,4,"X",5,5]
[6,70,"THORPE, Doug",8,251,5,3.6666666666666665,"X",6,6]
[7,67,"SMITH, John",13,237,4,15,"X",7,7]
[8,74,"WOODS, Graham",8,235,4,14.333333333333334,"X",8,8]
[9,72,"TEMPLE, Billy",12,230,4,12.666666666666666,"X",9,9]
[10,63,"WARD, Mark",8,183,3,13,"X",11,10]
[11,69,"JARMAN, Wayne",11,169,3,8.3333333333333339,"X",12,11]
[12,73,"THORBURN, Paul",3,118,2,7.333333333333333,"X",14,12]
[13,75,"WHITE, Alan",6,84,1,12,"X",15,13]
[30,"","","","","","","","",""]
[null,"NORTH NORFOLK BASS FESTIVAL 2019",null,null,null,"Day 1  ZONE F"]
["Zone Number","Peg","Name","No. Fish","Total Weight Points","Weight",null,"Optional Pools","Day 1 Points ","Zone Position"]
[null,null,null,null,null,"(lbs)","(ozs)"]
[1,83,"ELLIOTT, Nathan",32,496,10,5.333333333333333,"X",1,1]
[2,82,"BRIGHTON, Tarrick",27,304,6,5.333333333333333,"X",2,2]
[3,86,"BURT, Richard",21,275,5,11.666666666666666,"X",3,3]
[4,85,"CLEMENT, Alby",12,271,5,10.333333333333334,"X",4,4]
[5,76,"ADAMS, Lee",12,261,5,7,"X",5,5]
[6,77,"BROCK, Peter",17,226,4,11.333333333333334,"X",6,6]
[7,81,"DIAPER, Barry",12,214,4,7.333333333333333,"X",7,7]
[8,84,"CHAMBERLAIN, Darren",16,210,4,6,"X",8,8]
[9,78,"HURCOMBE, Mark",13,180,3,12,"X",9,9]
[10,90,"LITTLEWOOD, Stuart",15,157,3,4.333333333333333,"X",10,10]
[11,88,"GOOCH, Mark",10,154,3,3.3333333333333335,"X",11,11]
[12,89,"HART, Paul",8,88,1,13.333333333333334,"X",12,12]
[13,87,"DOY, Alan",3,30,0,10,"X",13,13]
[null,"NORTH NORFOLK BASS FESTIVAL 2019",null,null,null,"Day 1  ZONE G"]
["Zone Number","Peg","Name","No. Fish","Total Weight Points","Weight",null,"Optional Pools","Day 1 Points ","Zone Position"]
[null,null,null,null,null,"(lbs)","(ozs)"]
[1,97,"BUY, Craig",18,366,7,10,"X",1,1]
[2,105,"HUTCHINSON (BP), Dave",15,338,7,0.66666666666666663,"X",2,2]
[3,94,"ADAMS, Stephen",16,315,6,9,"X",3,3]
[4,99,"NANGLE, Karl",18,263,5,7.666666666666667,"X",4,4]
[5,98,"SHARMAN, Mark",15,227,4,11.666666666666666,"X",5,5]
[6,92,"STONE, Barry",18,186,3,14,"X",7,6]
[7,91,"GASCOIGNE, Robert",16,186,3,14,"X",8,7]
[8,95,"SMART, Neil",16,172,3,9.3333333333333339,"X",9,8]
[9,102,"FRARY, Charlie",15,154,3,3.3333333333333335,"X",10,9]
[10,93,"ADAMS, Graham",13,154,3,3.3333333333333335,"X",11,10]
[11,101,"RUSH, Billy",9,141,2,15,"X",12,11]
[12,103,"FRARY, June",12,129,2,11,"X",13,12]
[13,96,"LAY-FLURRIE, Matt",9,89,1,13.666666666666666,"X",14,13]
[14,104,"CARTER, John",6,83,1,11.666666666666666,"X",15,14]
[30,"","","","","","","","",""]
[null,"NORTH NORFOLK BASS FESTIVAL 2019",null,null,null,"Day 1  ZONE H"]
["Zone Number","Peg","Name","No. Fish","Total Weight Points","Weight",null,"Optional Pools","Day 1 Points ","Zone Position"]
[null,null,null,null,null,"(lbs)","(ozs)"]
[1,117,"PROVINS, Colin",32,786,16,6,"X",1,1]
[2,114,"CUTLER, Neil",31,525,10,15,"X",2,2]
[3,119,"HUGHES, Gary",20,466,9,11.333333333333334,"X",3,3]
[4,120,"ELEY, Kevin",26,373,7,12.333333333333334,"X",4,4]
[5,107,"DRIVER, Ed",14,367,7,10.333333333333334,"X",5,5]
[6,118,"McKENZIE, Brian",21,283,5,14.333333333333334,"X",6,6]
[7,115,"HIPPERSON, Richard",24,269,5,9.6666666666666661,"X",7,7]
[8,111,"FATTIZZO, Tony",14,254,5,4.666666666666667,"X",8,8]
[9,112,"PARROTT, Ade",9,150,3,2,"X",9,9]
[10,116,"HARVEY, Paul ",8,136,2,13.333333333333334,"X",10,10]
[11,110,"GROSSMAN, Martin",4,98,2,0.66666666666666663,"X",11,11]
[12,106,"SMITH, Andy",9,94,1,15.333333333333334,"X",12,12]
[13,109,"NICHOLSON, Steven",4,89,1,13.666666666666666,"X",13,13]
[14,108,"CREASEY, Shaun",5,42,0,14,"X",14,14]

{"sheet":"Day 2 Zones-Pools","index":14,"n_rows":132,"n_cols":10,"rows_kept":132,"cut":false,"hidden":false,"merged":[[117,1,117,4],[117,5,117,9],[118,0,119,0],[118,1,119,1],[118,2,119,2],[118,3,119,3],[118,4,119,4],[118,7,119,7],[118,8,119,8],[118,9,119,9],[104,1,104,4],[104,5,104,9],[105,0,106,0],[105,1,106,1],[105,2,106,2],[105,3,106,3],[105,4,106,4],[105,7,106,7],[105,8,106,8],[105,9,106,9],[87,1,87,4],[87,5,87,9],[88,0,89,0],[88,1,89,1],[88,2,89,2],[88,3,89,3],[88,4,89,4],[88,7,89,7],[88,8,89,8],[88,9,89,9],[68,1,68,4],[68,5,68,9],[69,0,70,0],[69,1,70,1],[69,2,70,2],[69,3,70,3],[69,4,70,4],[69,7,70,7],[69,8,70,8],[69,9,70,9],[50,1,50,4],[50,5,50,9],[51,0,52,0],[51,1,52,1],[51,2,52,2],[51,3,52,3],[51,4,52,4],[51,7,52,7],[51,8,52,8],[51,9,52,9],[33,1,33,4],[33,5,33,9],[34,0,35,0],[34,1,35,1],[34,2,35,2],[34,3,35,3],[34,4,35,4],[34,7,35,7],[34,8,35,8],[34,9,35,9],[16,1,16,4],[16,5,16,9],[17,0,18,0],[17,1,18,1],[17,2,18,2],[17,3,18,3],[17,4,18,4],[17,7,18,7],[17,8,18,8],[17,9,18,9],[0,1,0,4],[0,5,0,9],[1,0,2,0],[1,1,2,1],[1,2,2,2],[1,3,2,3],[1,4,2,4],[1,7,2,7],[1,8,2,8],[1,9,2,9]]}
[null,"NORTH NORFOLK BASS FESTIVAL 2019",null,null,null,"Day 2  ZONE A"]
["Zone Number","Peg","Name","No. Fish","Total Weight Points","Weight",null,"Optional Pools","Day 2 Points ","Zone Position"]
[null,null,null,null,null,"(lbs)","(ozs)"]
[1,11,"GASCOIGNE, Robert",11,351,7,5,"X",1,1]
[2,2,"WARD, Mark",12,245,5,1.6666666666666667,"X",2,2]
[3,10,"DRIVER, Ed",10,174,3,10,"X",3,3]
[4,4,"WHITE, Alan",9,121,2,8.3333333333333339,"X",4,4]
[5,3,"ELLIOTT, Nathan",9,109,2,4.333333333333333,"X",6,5]
[6,8,"THORPE, Doug",7,92,1,14.666666666666666,"X",7,6]
[7,1,"McKENZIE, Brian",7,72,1,8,"X",8,7]
[8,9,"LAY-FLURRIE, Matt",3,41,0,13.666666666666666,"X",9,8]
[9,7,"ADAMS, Graham",2,30,0,10,"X",10,9]
[10,13,"JARMAN, Wayne",4,26,0,8.6666666666666661,"X",11,10]
[11,12,"CARTER, John",3,21,0,7,"X",12,11]
[12,14,"RUSH, Billy",2,15,0,5,"X",13,12]
[30,"","","","","","","","",""]
[null,"NORTH NORFOLK BASS FESTIVAL 2019",null,null,null,"Day 2  ZONE B"]
["Zone Number","Peg","Name","No. Fish","Total Weight Points","Weight",null,"Optional Pools","Day 2 Points ","Zone Position"]
[null,null,null,null,null,"(lbs)","(ozs)"]
[1,20,"CLEMENT, Alby",18,473,9,13.666666666666666,"X",1,1]
[2,22,"FRARY, Charlie",7,225,4,11,"X",2,2]
[3,23,"HURCOMBE, Mark",8,196,4,1.3333333333333333,"X",3,3]
[4,30,"HUGHES, Gary",6,161,3,5.666666666666667,"X",4,4]
[5,19,"GROSSMAN, Martin",5,134,2,12.666666666666666,"X",5,5]
[6,27,"HIPPERSON, Richard",8,117,2,7,"X",6,6]
[7,28,"STONE, Barry",10,87,1,13,"X",7,7]
[8,29,"NICHOLSON, Steven",5,87,1,13,"X",8,8]
[9,21,"FRARY, June",2,45,0,15,"X",10,9]
[10,16,"THORBURN, Paul",0,0,0,0,"X",15,15]
[11,17,"BRIGHTON, Tarrick",0,0,0,0,"X",15,15]
[12,24,"FATTIZZO, Tony",0,0,0,0,"X",15,15]
[13,25,"PARROTT, Ade",0,0,0,0,"X",15,15]
[14,26,"SHARMAN, Mark",0,0,0,0,"X",15,15]
[null,"NORTH NORFOLK BASS FESTIVAL 2019",null,null,null,"Day 2  ZONE C"]
["Zone Number","Peg","Name","No. Fish","Total Weight Points","Weight",null,"Optional Pools","Day 2 Points ","Zone Position"]
[null,null,null,null,null,"(lbs)","(ozs)"]
[1,36,"WRIGHT, Dave",7,213,4,7,"X",1,1]
[2,34,"ADAMS, Lee",7,169,3,8.3333333333333339,"X",2,2]
[3,37,"SMITH, Andy",5,162,3,6,"X",3,3]
[4,35,"CUTLER, Neil",6,150,3,2,"X",4,4]
[5,38,"SELF, Bevan",6,88,1,13.333333333333334,"X",6,5]
[6,40,"LITTLEWOOD, Stuart",5,82,1,11.333333333333334,"X",7,6]
[7,45,"TEMPLE, Billy",4,78,1,10,"X",8,7]
[8,39,"ELEY, Kevin",4,67,1,6.333333333333333,"X",10,8]
[9,43,"HARVEY, Paul ",4,56,1,2.6666666666666665,"X",11,9]
[10,31,"HART, Paul",4,53,1,1.6666666666666667,"X",12,10]
[11,32,"CREASEY, Shaun",1,8,0,2.6666666666666665,"X",13,11]
[12,42,"ALDOUS, David",0,0,0,0,"X",15,15]
[13,44,"BROCK, Peter",0,0,0,0,"X",15,15]
[30,"","","","","","","","",""]
[null,"NORTH NORFOLK BASS FESTIVAL 2019",null,null,null,"Day 2  ZONE D"]
["Zone Number","Peg","Name","No. Fish","Total Weight Points","Weight",null,"Optional Pools","Day 2 Points ","Zone Position"]
[null,null,null,null,null,"(lbs)","(ozs)"]
[1,47,"WOODS, Graham",5,311,6,7.666666666666667,"X",1,1]
[2,46,"ADAMS, Stephen",12,296,6,2.6666666666666665,"X",2,2]
[3,54,"CANNELL, Chris",6,216,4,8,"X",3,3]
[4,57,"BURT, Richard",7,166,3,7.333333333333333,"X",4,4]
[5,56,"SMITH, George",3,116,2,6.666666666666667,"X",5,5]
[6,55,"BUY, Craig",5,114,2,6,"X",6,6]
[7,48,"CHAMBERLAIN, Darren",7,96,2,0,"X",7,7]
[8,59,"PROVINS, Colin",8,88,1,13.333333333333334,"X",8,8]
[9,58,"SMITH, John",5,78,1,10,"X",9,9]
[10,60,"DOY, Alan",5,71,1,7.666666666666667,"X",10,10]
[11,50,"HUTCHINSON (BP), Dave",4,61,1,4.333333333333333,"X",11,11]
[12,53,"NANGLE, Karl",3,56,1,2.6666666666666665,"X",12,12]
[13,52,"DIAPER, Barry",4,50,1,0.66666666666666663,"X",13,13]
[14,49,"GOOCH, Mark",0,43,0,14.333333333333334,"X",15,15]
[15,51,"SMART, Neil",2,15,0,5,"X",15,15]
[null,"NORTH NORFOLK BASS FESTIVAL 2019",null,null,null,"Day 2  ZONE E"]
["Zone Number","Peg","Name","No. Fish","Total Weight Points","Weight",null,"Optional Pools","Day 2 Points ","Zone Position"]
[null,null,null,null,null,"(lbs)","(ozs)"]
[1,61,"HUTSON, Garry",7,434,9,0.66666666666666663,"X",1,1]
[2,67,"MEDLER, Gary",7,252,5,4,"X",2,2]
[3,65,"HARRISON, Paul",14,216,4,8,"X",3,3]
[4,74,"DIAPER, Greg",7,178,3,11.333333333333334,"X",4,4]
[5,72,"JACOBS, Richard",8,177,3,11,"X",5,5]
[6,62,"EAGLE, Dan",6,153,3,3,"X",6,6]
[7,69,"RUSSELL, Shane",8,146,3,0.66666666666666663,"X",7,7]
[8,63,"McCOY, Ken",8,128,2,10.666666666666666,"X",8,8]
[9,66,"BORDIANU, Adrian",8,106,2,3.3333333333333335,"X",9,9]
[10,68,"NELSON, Ian",3,97,2,0.33333333333333331,"X",10,10]
[11,70,"SMITH, Adele",6,80,1,10.666666666666666,"X",11,11]
[12,73,"THOMAS, Tony",5,70,1,7.333333333333333,"X",12,12]
[13,75,"SHAUL, Keith",3,70,1,7.333333333333333,"X",13,13]
[14,64,"HARVEY, John",3,22,0,7.333333333333333,"X",14,14]
[15,71,"LAMBERT, Ian",0,0,0,0,"X",15,15]
[30,"","","","","","","","",""]
[null,"NORTH NORFOLK BASS FESTIVAL 2019",null,null,null,"Day 2  ZONE F"]
["Zone Number","Peg","Name","No. Fish","Total Weight Points","Weight",null,"Optional Pools","Day 2 Points ","Zone Position"]
[null,null,null,null,null,"(lbs)","(ozs)"]
[1,81,"TUCK, Rob",23,524,10,14.666666666666666,"X",1,1]
[2,86,"TURNER, Cameron",14,280,5,13.333333333333334,"X",2,2]
[3,89,"SPALL, Chris",18,251,5,3.6666666666666665,"X",3,3]
[4,80,"STORER, Paul",14,219,4,9,"X",4,4]
[5,88,"BOWELL, Ian",14,183,3,13,"X",5,5]
[6,82,"BENNETT, Rick",14,173,3,9.6666666666666661,"X",6,6]
[7,83,"AUSTIN, John",12,171,3,9,"X",7,7]
[8,78,"KINGDON, Adam",12,118,2,7.333333333333333,"X",8,8]
[9,76,"WOODS, Becky",6,89,1,13.666666666666666,"X",9,9]
[10,90,"HADDOCK, Roy",5,70,1,7.333333333333333,"X",10,10]
[11,84,"BURR, Dave",6,56,1,2.6666666666666665,"X",11,11]
[12,79,"SMITH, Leon",3,46,0,15.333333333333334,"X",12,12]
[13,87,"DENHOLM, Paul",4,37,0,12.333333333333334,"X",13,13]
[14,77,"HARVEY, Mark",3,18,0,6,"X",14,14]
[null,"NORTH NORFOLK BASS FESTIVAL 2019",null,null,null,"Day 2  ZONE G"]
["Zone Number","Peg","Name","No. Fish","Total Weight Points","Weight",null,"Optional Pools","Day 2 Points ","Zone Position"]
[null,null,null,null,null,"(lbs)","(ozs)"]
[1,100,"RANDELL, Henry",14,252,5,4,"X",1,1]
[2,93,"LINDFIELD, Bill",14,210,4,6,"X",2,2]
[3,95,"DAWBER, Simon",16,198,4,2,"X",3,3]
[4,92,"STEBBINGS, Robert",15,150,3,2,"X",5,4]
[5,91,"CRAWFORD, Vince",7,111,2,5,"X",8,5]
[6,99,"PRICE, Ben",7,82,1,11.333333333333334,"X",9,6]
[7,97,"TOPPING, Mike",7,79,1,10.333333333333334,"X",10,7]
[8,101,"BRADSHAW, Craig",4,66,1,6,"X",12,8]
[9,96,"BATTLE, Ian",6,56,1,2.6666666666666665,"X",14,9]
[10,"","","","","","","","",""]
[null,"NORTH NORFOLK BASS FESTIVAL 2019",null,null,null,"Day 2  ZONE H"]
["Zone Number","Peg","Name","No. Fish","Total Weight Points","Weight",null,"Optional Pools","Day 2 Points ","Zone Position"]
[null,null,null,null,null,"(lbs)","(ozs)"]
[1,109,"AKESTER, Jack",21,451,9,6.333333333333333,"X",1,1]
[2,120,"WATTS, Mike",30,351,7,5,"X",2,2]
[3,116,"SHAUL, Jimmy",21,238,4,15.333333333333334,"X",4,3]
[4,112,"BANHAM, Jason",18,222,4,10,"X",6,4]
[5,119,"BETTINSON, Charles",22,218,4,8.6666666666666661,"X",7,5]
[6,111,"GREEN, Kevin",17,206,4,4.666666666666667,"X",8,6]
[7,107,"DRAYTON, Simon",12,157,3,4.333333333333333,"X",9,7]
[8,114,"BANCROFT, Dave",11,127,2,10.333333333333334,"X",10,8]
[9,108,"LING, Richard",10,113,2,5.666666666666667,"X",11,9]
[10,106,"SHORTHOUSE, Dave",11,100,2,1.3333333333333333,"X",12,10]
[11,117,"BENNINGTON, Tom",8,100,2,1.3333333333333333,"X",13,11]
[12,118,"BENNINGTON, Graham",5,44,0,14.666666666666666,"X",14,12]

{"sheet":"Day 1-All","index":15,"n_rows":109,"n_cols":12,"rows_kept":109,"cut":false,"hidden":false,"merged":[[1,9,2,9],[1,10,2,10],[0,0,0,4],[0,5,0,10],[1,0,2,0],[1,1,2,1],[1,2,2,2],[1,3,2,3],[1,4,2,4],[1,5,2,5],[1,6,2,6]]}
["BASS FESTIVAL 2019",null,null,null,null,"Day 1 (Individuals)"]
["Individual No.","Angler Name","Angler No.","Zone","Peg","No. Fish","Fish Points","Weight",null,"Day 1 Points","Day 1 Position"]
[null,null,null,null,null,null,null,"lbs","oz",null,null,3]
[1,"SMITH, George",114,"E",66,16,931,19,6.333333333333333,1.0000010739292926,1]
[2,"PROVINS, Colin",100,"H",117,32,786,16,6,1.0000012717468716,2]
[3,"RUSSELL, Shane",25,"B",29,19,761,15,13.666666666666666,1.0000013137324453,3]
[4,"BOWELL, Ian",93,"C",43,10,507,10,9,1.0000019719976336,4]
[5,"ELLIOTT, Nathan",24,"F",83,32,496,10,5.333333333333333,1.0000020148291424,5]
[6,"LINDFIELD, Bill",86,"A",1,15,370,7,11.333333333333334,1.0000027016074564,6]
[7,"BUY, Craig",119,"G",97,18,366,7,10,1.0000027308973729,7]
[8,"KINGDON, Adam",20,"D",60,12,318,6,10,1.0000031434678738,8]
[9,"CUTLER, Neil",92,"H",114,31,525,10,15,2.0000019036378518,9]
[10,"WRIGHT, Dave",33,"E",62,18,453,9,7,2.0000022066287126,10]
[11,"TURNER, Cameron",11,"C",31,16,394,8,3.3333333333333335,2.0000025370407957,11]
[12,"HUTCHINSON (BP), Dave",90,"G",105,15,338,7,0.66666666666666663,2.0000029572674847,12]
[13,"RANDELL, Henry",1,"D",48,11,305,6,5.666666666666667,2.0000032775064729,13]
[14,"BRIGHTON, Tarrick",89,"F",82,27,304,6,5.333333333333333,2.0000032865547048,14]
[15,"HUTSON, Garry",113,"A",3,9,269,5,9.6666666666666661,2.0000037162287709,15]
[16,"AKESTER, Jack",16,"B",27,7,192,4,0,2.0000052064351537,16]
[17,"HUGHES, Gary",87,"H",119,20,466,9,11.333333333333334,3.0000021450021448,17]
[18,"ALDOUS, David",50,"E",65,13,414,8,10,3.0000024147006981,18]
[19,"MEDLER, Gary",26,"C",37,9,353,7,5.666666666666667,3.0000028321391148,19]
[20,"ADAMS, Stephen",68,"G",94,16,315,6,9,3.0000031729914962,20]
[21,"BURT, Richard",19,"F",86,21,275,5,11.666666666666666,3.0000036335888955,21]
[22,"SPALL, Chris",4,"D",46,9,227,4,11.666666666666666,3.0000044035404465,22]
[23,"CRAWFORD, Vince",76,"A",8,12,208,4,5.333333333333333,3.0000048049202381,23]
[24,"SMITH, Leon",70,"B",28,10,175,3,10.333333333333334,3.0000057110222729,24]
[25,"CANNELL, Chris",43,"E",61,13,384,8,0,4.0000026032853464,25]
[26,"ELEY, Kevin",82,"H",120,26,373,7,12.333333333333334,4.0000026790976797,26]
[27,"TUCK, Rob",109,"C",42,13,337,7,0.33333333333333331,4.0000029662148133,27]
[28,"CLEMENT, Alby",65,"F",85,12,271,5,10.333333333333334,4.0000036884036589,28]
[29,"NANGLE, Karl",44,"G",99,18,263,5,7.666666666666667,4.0000037996808269,29]
[30,"BRADSHAW, Craig",117,"A",11,5,205,4,4.333333333333333,4.0000048768593022,30]
[31,"BURR, Dave",30,"B",26,6,164,3,6.666666666666667,4.0000060953309768,31]
[32,"BATTLE, Ian",51,"D",57,8,150,3,2,4.0000066631130062,32]
[33,"DRIVER, Ed",49,"H",107,14,367,7,10.333333333333334,5.0000027237566051,33]
[34,"HARVEY, Mark",80,"C",38,4,263,5,7.666666666666667,5.0000038017031629,34]
[35,"ADAMS, Lee",22,"F",76,12,261,5,7,5.0000038296568627,35]
[36,"SELF, Bevan",8,"E",68,11,252,5,4,5.0000039665225495,36]
[37,"SHARMAN, Mark",108,"G",98,15,227,4,11.666666666666666,5.0000044023772841,37]
[38,"STORER, Paul",7,"A",9,10,162,3,6,5.0000061690314617,38]
[39,"DIAPER, Greg",3,"B",25,6,153,3,3,5.0000065333856005,39]
[40,"BORDIANU, Adrian",103,"D",54,6,132,2,12,5.0000075723156145,40]
[41,"McKENZIE, Brian",112,"H",118,21,283,5,14.333333333333334,6.0000035309487663,41]
[42,"THORPE, Doug",104,"E",70,8,251,5,3.6666666666666665,6.0000039827943281,42]
[43,"BROCK, Peter",42,"F",77,17,226,4,11.333333333333334,6.0000044214528891,43]
[44,"SHAUL, Jimmy",94,"C",44,5,226,4,11.333333333333334,6.0000044238000445,44]
[45,"STONE, Barry",79,"G",92,18,186,3,14,6.0000053711462025,45]
[46,"BENNETT, Rick",41,"A",15,10,146,3,0.66666666666666663,6.0000068446269674,46]
[47,"SMITH, Adele",62,"B",21,10,141,2,15,6.000007087172218,47]
[48,"NELSON, Ian",53,"D",47,4,105,2,3,6.0000095201827879,48]
[49,"HIPPERSON, Richard",77,"H",115,24,269,5,9.6666666666666661,7.000003714158372,49]
[50,"SMITH, John",13,"E",67,13,237,4,15,7.0000042170961079,50]
[51,"DIAPER, Barry",36,"F",81,12,214,4,7.333333333333333,7.0000046702783489,51]
[52,"GASCOIGNE, Robert",5,"G",91,16,186,3,14,7.0000053717232484,52]
[53,"THOMAS, Tony",18,"C",40,7,184,3,13.333333333333334,7.000005432715815,53]
[54,"WATTS, Mike",46,"B",24,7,141,2,15,7.0000070886793786,54]
[55,"EAGLE, Dan",91,"A",10,5,141,2,15,7.0000070896845088,55]
[56,"BENNINGTON, Tom",69,"D",55,4,84,1,12,7.0000118990956688,56]
[57,"FATTIZZO, Tony",60,"H",111,14,254,5,4.666666666666667,8.0000039348390644,57]
[58,"WOODS, Graham",39,"E",74,8,235,4,14.333333333333334,8.0000042538710225,58]
[59,"CHAMBERLAIN, Darren",21,"F",84,16,210,4,6,8.000004758279406,59]
[60,"DENHOLM, Paul",9,"C",34,13,176,3,10.666666666666666,8.0000056776244826,60]
[61,"SMART, Neil",107,"G",95,16,172,3,9.3333333333333339,8.0000058085501866,61]
[62,"GREEN, Kevin",105,"B",16,7,129,2,11,8.0000077477337879,62]
[63,"HARVEY, John",111,"A",14,6,126,2,10,8.0000079327304459,63]
[64,"DAWBER, Simon",116,"D",53,4,81,1,11,8.000012339585389,64]
[65,"TEMPLE, Billy",73,"E",72,12,230,4,12.666666666666666,9.000004345558839,65]
[66,"HURCOMBE, Mark",58,"F",78,13,180,3,12,9.0000055515461064,66]
[67,"STEBBINGS, Robert",38,"C",36,7,176,3,10.666666666666666,9.0000056795592656,67]
[68,"FRARY, Charlie",120,"G",102,15,154,3,3.3333333333333335,9.0000064871878038,68]
[69,"PARROTT, Ade",95,"H",112,9,150,3,2,9.0000066626690653,69]
[70,"TOPPING, Mike",40,"A",6,5,119,2,7.666666666666667,9.0000083998320033,70]
[71,"BANHAM, Jason",15,"B",23,5,118,2,7.333333333333333,9.0000084709868702,71]
[72,"SHORTHOUSE, Dave",118,"D",52,3,66,1,6,9.0000151446312291,72]
[73,"WARD, Mark",59,"E",63,8,183,3,13,10.000005462093075,73]
[74,"LITTLEWOOD, Stuart",14,"F",90,15,157,3,4.333333333333333,10.00000636334712,74]
[75,"PRICE, Ben",34,"C",33,7,156,3,4,10.000006407381303,75]
[76,"ADAMS, Graham",12,"G",93,13,154,3,3.3333333333333335,10.000006488029586,76]
[77,"HARVEY, Paul ",75,"H",116,8,136,2,13.333333333333334,10.00000734861846,77]
[78,"SHAUL, Keith",98,"A",2,7,80,1,10.666666666666666,10.000012489072063,78]
[79,"HADDOCK, Roy",45,"B",18,5,66,1,6,10.00001514004542,79]
[80,"BENNINGTON, Graham",57,"D",56,2,44,0,14.666666666666666,10.000022716946843,80]
[81,"JARMAN, Wayne",47,"E",69,11,169,3,8.3333333333333339,11.000005913310863,81]
[82,"GOOCH, Mark",56,"F",88,10,154,3,3.3333333333333335,11.000006489292668,82]
[83,"WOODS, Becky",63,"C",35,8,149,3,1.6666666666666667,11.000006707807888,83]
[84,"RUSH, Billy",64,"G",101,9,141,2,15,11.000007087674534,84]
[85,"GROSSMAN, Martin",67,"H",110,4,98,2,0.66666666666666663,11.000010199918401,85]
[86,"BETTINSON, Charles",115,"A",4,5,52,1,1.3333333333333333,11.00001921229587,86]
[87,"BANCROFT, Dave",17,"B",19,3,50,1,0.66666666666666663,11.000019988007196,87]
[88,"McCOY, Ken",52,"D",50,1,12,0,4,11.000083263946712,88]
[89,"WALLIS, Craig",101,"E",71,11,152,3,2.6666666666666665,12.000006574189731,89]
[90,"FRARY, June",32,"G",103,12,129,2,11,12.000007744733582,90]
[91,"JACOBS, Richard",106,"C",32,7,129,2,11,12.000007747733788,91]
[92,"SMITH, Andy",31,"H",106,9,94,1,15.333333333333334,12.000010628122011,92]
[93,"HART, Paul",72,"F",89,8,88,1,13.333333333333334,12.000011353315168,93]
[94,"AUSTIN, John",74,"A",7,4,52,1,1.3333333333333333,12.000019215987702,94]
[95,"LING, Richard",81,"B",20,2,21,0,7,12.000047573739296,95]
[96,"THORBURN, Paul",55,"E",73,3,118,2,7.333333333333333,13.000008472422266,96]
[97,"HARRISON, Paul",96,"C",41,4,103,2,2.3333333333333335,13.000009704968944,97]
[98,"LAY-FLURRIE, Matt",71,"G",96,9,89,1,13.666666666666666,13.000011224604332,98]
[99,"NICHOLSON, Steven",6,"H",109,4,89,1,13.666666666666666,13.000011230907457,99]
[100,"DOY, Alan",88,"F",87,3,30,0,10,13.0000333000333,100]
[101,"DRAYTON, Simon",37,"C",39,6,84,1,12,14.000011896264573,101]
[102,"WHITE, Alan",54,"E",75,6,84,1,12,14.000011896264573,101]
[103,"CARTER, John",66,"G",104,6,83,1,11.666666666666666,14.000012039489526,103]
[104,"CREASEY, Shaun",61,"H",108,5,42,0,14,14.000023781212843,104]
[105,"KING, Simon",78,"A",13,0,0,0,0,15,105]
[106,"LAMBERT, Ian",35,"D",49,0,0,0,0,15,105]

{"sheet":"Day 2-All","index":16,"n_rows":109,"n_cols":11,"rows_kept":109,"cut":false,"hidden":false,"merged":[[1,9,2,9],[1,10,2,10],[0,0,0,4],[0,5,0,10],[1,0,2,0],[1,1,2,1],[1,2,2,2],[1,3,2,3],[1,4,2,4],[1,5,2,5],[1,6,2,6]]}
["BASS FESTIVAL 2019",null,null,null,null,"Day 2 (Individuals)"]
["Individual No.","Angler Name","Angler No.","Zone","Peg","No. Fish","Fish Points","Weight",null,"Day 2 Points","Day 2 Position"]
[null,null,null,null,null,null,null,"lbs","oz"]
[1,"TUCK, Rob",109,"F",81,23,524,10,14.666666666666666,1.0000019075596589,1]
[2,"CLEMENT, Alby",65,"B",20,18,473,9,13.666666666666666,1.000002113360666,2]
[3,"AKESTER, Jack",16,"H",109,21,451,9,6.333333333333333,1.0000022162629374,3]
[4,"HUTSON, Garry",113,"E",61,7,434,9,0.66666666666666663,1.0000023037758887,4]
[5,"GASCOIGNE, Robert",5,"A",11,11,351,7,5,1.0000028481102787,5]
[6,"WOODS, Graham",39,"D",47,5,311,6,7.666666666666667,1.0000032149172158,6]
[7,"RANDELL, Henry",1,"G",100,14,252,5,4,1.0000039660506068,7]
[8,"WRIGHT, Dave",33,"C",36,7,213,4,7,1.000004693293284,8]
[9,"WATTS, Mike",46,"H",120,30,351,7,5,2.0000028465698834,9]
[10,"ADAMS, Stephen",68,"D",46,12,296,6,2.6666666666666665,2.0000033770093206,10]
[11,"TURNER, Cameron",11,"F",86,14,280,5,13.333333333333334,2.0000035696437495,11]
[12,"MEDLER, Gary",26,"E",67,7,252,5,4,2.0000039671519816,12]
[13,"WARD, Mark",59,"A",2,12,245,5,1.6666666666666667,2.0000040796344649,13]
[14,"FRARY, Charlie",120,"B",22,7,225,4,11,2.0000044430621586,14]
[15,"LINDFIELD, Bill",86,"G",93,14,210,4,6,2.0000047587322736,15]
[16,"ADAMS, Lee",22,"C",34,7,169,3,8.3333333333333339,2.0000059147098836,16]
[17,"SPALL, Chris",4,"F",89,18,251,5,3.6666666666666665,3.0000039812086952,17]
[18,"SHAUL, Jimmy",94,"H",116,21,238,4,15.333333333333334,3.0000041979765752,18]
[19,"HARRISON, Paul",96,"E",65,14,216,4,8,3.0000046266308873,19]
[20,"CANNELL, Chris",43,"D",54,6,216,4,8,3.0000046283439787,20]
[21,"DAWBER, Simon",116,"G",95,16,198,4,2,3.0000050464271295,21]
[22,"HURCOMBE, Mark",58,"B",23,8,196,4,1.3333333333333333,3.0000050999592003,22]
[23,"DRIVER, Ed",49,"A",10,10,174,3,10,3.0000057438253878,23]
[24,"SMITH, Andy",31,"C",37,5,162,3,6,3.0000061709348969,24]
[25,"BANHAM, Jason",15,"H",112,18,222,4,10,4.0000045008551623,25]
[26,"STORER, Paul",7,"F",80,14,219,4,9,4.0000045632928725,26]
[27,"DIAPER, Greg",3,"E",74,7,178,3,11.333333333333334,4.00000561576908,27]
[28,"BURT, Richard",19,"D",57,7,166,3,7.333333333333333,4.0000060215571747,28]
[29,"HUGHES, Gary",87,"B",30,6,161,3,5.666666666666667,4.0000062088662611,29]
[30,"STEBBINGS, Robert",38,"G",92,15,150,3,2,4.0000066600066599,30]
[31,"CUTLER, Neil",92,"C",35,6,150,3,2,4.0000066640010665,31]
[32,"WHITE, Alan",54,"A",4,9,121,2,8.3333333333333339,4.0000082583202579,32]
[33,"BETTINSON, Charles",115,"H",119,22,218,4,8.6666666666666661,5.0000045825313899,33]
[34,"BOWELL, Ian",93,"F",88,14,183,3,13,5.0000054603035933,34]
[35,"JACOBS, Richard",106,"E",72,8,177,3,11,5.0000056471651231,35]
[36,"GROSSMAN, Martin",67,"B",19,5,134,2,12.666666666666666,5.0000074599030215,36]
[37,"WALLIS, Craig",101,"A",15,9,116,2,6.666666666666667,5.000008614006374,37]
[38,"SMITH, George",114,"D",56,3,116,2,6.666666666666667,5.0000086184607433,38]
[39,"CRAWFORD, Vince",76,"G",91,7,111,2,5,5.0000090033312325,39]
[40,"SELF, Bevan",8,"C",38,6,88,1,13.333333333333334,5.0000113558937089,40]
[41,"GREEN, Kevin",105,"H",111,17,206,4,4.666666666666667,6.0000048503662029,41]
[42,"BENNETT, Rick",41,"F",82,14,173,3,9.6666666666666661,6.0000057756728662,42]
[43,"EAGLE, Dan",91,"E",62,6,153,3,3,6.0000065333856005,43]
[44,"HIPPERSON, Richard",77,"B",27,8,117,2,7,6.0000085411684321,44]
[45,"BUY, Craig",119,"D",55,5,114,2,6,6.0000087680841734,45]
[46,"ELLIOTT, Nathan",24,"A",3,9,109,2,4.333333333333333,6.0000091667430562,46]
[47,"PRICE, Ben",34,"G",99,7,82,1,11.333333333333334,6.0000121847203607,47]
[48,"LITTLEWOOD, Stuart",14,"C",40,5,82,1,11.333333333333334,6.0000121876904329,48]
[49,"AUSTIN, John",74,"F",83,12,171,3,9,7.000005843852267,49]
[50,"DRAYTON, Simon",37,"H",107,12,157,3,4.333333333333333,7.0000063645621182,50]
[51,"RUSSELL, Shane",25,"E",69,8,146,3,0.66666666666666663,7.0000068455640747,51]
[52,"CHAMBERLAIN, Darren",21,"D",48,7,96,2,0,7.0000104090767152,52]
[53,"THORPE, Doug",104,"A",8,7,92,1,14.666666666666666,7.0000108613011838,53]
[54,"STONE, Barry",79,"B",28,10,87,1,13,7.0000114810562568,54]
[55,"TOPPING, Mike",40,"G",97,7,79,1,10.333333333333334,7.0000126470216264,55]
[56,"TEMPLE, Billy",73,"C",45,4,78,1,10,7.0000128139415683,56]
[57,"McCOY, Ken",52,"E",63,8,128,2,10.666666666666666,8.0000078076202374,57]
[58,"BANCROFT, Dave",17,"H",114,11,127,2,10.333333333333334,8.0000078672016368,58]
[59,"KINGDON, Adam",20,"F",78,12,118,2,7.333333333333333,8.0000084659668129,59]
[60,"PROVINS, Colin",100,"D",59,8,88,1,13.333333333333334,8.000011353315168,60]
[61,"NICHOLSON, Steven",6,"B",29,5,87,1,13,8.0000114876507755,61]
[62,"McKENZIE, Brian",112,"A",1,7,72,1,8,8.000013875398917,62]
[63,"ELEY, Kevin",82,"C",39,4,67,1,6.333333333333333,8.0000149164677801,63]
[64,"BRADSHAW, Craig",117,"G",101,4,66,1,6,8.0000151423379773,64]
[65,"LING, Richard",81,"H",108,10,113,2,5.666666666666667,9.0000088417329795,65]
[66,"BORDIANU, Adrian",103,"E",66,8,106,2,3.3333333333333335,9.0000094268476616,66]
[67,"WOODS, Becky",63,"F",76,6,89,1,13.666666666666666,9.0000112283853575,67]
[68,"SMITH, John",13,"D",58,5,78,1,10,9.0000128122998078,68]
[69,"KING, Simon",78,"G",105,3,66,1,6,9.0000151446312291,69]
[70,"HARVEY, Paul ",75,"C",43,4,56,1,2.6666666666666665,9.0000178443968597,70]
[71,"FRARY, June",32,"B",21,2,45,0,15,9.0000222123500659,71]
[72,"LAY-FLURRIE, Matt",71,"A",9,3,41,0,13.666666666666666,9.0000243724104312,72]
[73,"SHORTHOUSE, Dave",118,"H",106,11,100,2,1.3333333333333333,10.000009989012087,73]
[74,"NELSON, Ian",53,"E",68,3,97,2,0.33333333333333331,10.0000103060909,74]
[75,"DOY, Alan",88,"D",60,5,71,1,7.666666666666667,10.000014074595356,75]
[76,"HADDOCK, Roy",45,"F",90,5,70,1,7.333333333333333,10.000014275517488,76]
[77,"BATTLE, Ian",51,"G",96,6,56,1,2.6666666666666665,10.000017838030681,77]
[78,"HART, Paul",72,"C",31,4,53,1,1.6666666666666667,10.000018853695325,78]
[79,"ADAMS, Graham",12,"A",7,2,30,0,10,10.000033311125916,79]
[80,"BENNINGTON, Tom",69,"H",117,8,100,2,1.3333333333333333,11.000009992006396,80]
[81,"SMITH, Adele",62,"E",70,6,80,1,10.666666666666666,11.000012490632026,81]
[82,"HUTCHINSON (BP), Dave",90,"D",50,4,61,1,4.333333333333333,11.000016382699869,82]
[83,"BURR, Dave",30,"F",84,6,56,1,2.6666666666666665,11.000017838030681,83]
[84,"JARMAN, Wayne",47,"A",13,4,26,0,8.6666666666666661,11.000038402457758,84]
[85,"CREASEY, Shaun",61,"C",32,1,8,0,2.6666666666666665,11.000124843945068,85]
[86,"THOMAS, Tony",18,"E",73,5,70,1,7.333333333333333,12.000014275517488,86]
[87,"NANGLE, Karl",44,"D",53,3,56,1,2.6666666666666665,12.000017847581653,87]
[88,"SMITH, Leon",70,"F",79,3,46,0,15.333333333333334,12.00002172496198,88]
[89,"BENNINGTON, Graham",57,"H",118,5,44,0,14.666666666666666,12.000022701475595,89]
[90,"CARTER, John",66,"A",12,3,21,0,7,12.000047551117451,90]
[91,"SHAUL, Keith",98,"E",75,3,70,1,7.333333333333333,13.00001427959446,91]
[92,"DIAPER, Barry",36,"D",52,4,50,1,0.66666666666666663,13.000019984012789,92]
[93,"DENHOLM, Paul",9,"F",87,4,37,0,12.333333333333334,13.000026997840173,93]
[94,"RUSH, Billy",64,"A",14,2,15,0,5,13.000066577896138,94]
[95,"HARVEY, John",111,"E",64,3,22,0,7.333333333333333,14.000045392646392,95]
[96,"HARVEY, Mark",80,"F",77,3,18,0,6,14.000055463117027,96]
[97,"THORBURN, Paul",55,"B",16,0,0,0,0,15,97]
[98,"BRIGHTON, Tarrick",89,"B",17,0,0,0,0,15,97]
[99,"FATTIZZO, Tony",60,"B",24,0,0,0,0,15,97]
[100,"PARROTT, Ade",95,"B",25,0,0,0,0,15,97]
[101,"SHARMAN, Mark",108,"B",26,0,0,0,0,15,97]
[102,"ALDOUS, David",50,"C",42,0,0,0,0,15,97]
[103,"BROCK, Peter",42,"C",44,0,0,0,0,15,97]
[104,"LAMBERT, Ian",35,"E",71,0,0,0,0,15,97]
[105,"GOOCH, Mark",56,"D",49,0,43,0,14.333333333333334,15.000023255813954,105]
[106,"SMART, Neil",107,"D",51,2,15,0,5,15.000066577896138,106]

{"sheet":"Day 1-All Fish","index":17,"n_rows":118,"n_cols":10,"rows_kept":118,"cut":false,"hidden":false,"merged":[[1,0,2,0],[0,0,0,4],[0,5,0,9],[1,1,2,1],[1,2,2,2],[1,9,2,9],[1,3,2,3],[1,4,2,4],[1,5,2,5],[1,6,2,6]]}
["NORTH NORFOLK BASS FESTIVAL 2019",null,null,null,null,"Day 1 (All Fish)"]
["Individual No.","Angler Name","Angler No.","Zone","Peg","No. Fish","Fish Points","Weight",null,"Day 1 Position"]
[null,null,null,null,null,null,null,"lbs","oz"]
[1,"SMITH, George",114,"E",66,16,931,19,6.333333333333333,1]
[2,"PROVINS, Colin",100,"H",117,32,786,16,6,2]
[3,"RUSSELL, Shane",25,"B",29,19,761,15,13.666666666666666,3]
[4,"CUTLER, Neil",92,"H",114,31,525,10,15,4]
[5,"BOWELL, Ian",93,"C",43,10,507,10,9,5]
[6,"ELLIOTT, Nathan",24,"F",83,32,496,10,5.333333333333333,6]
[7,"HUGHES, Gary",87,"H",119,20,466,9,11.333333333333334,7]
[8,"WRIGHT, Dave",33,"E",62,18,453,9,7,8]
[9,"ALDOUS, David",50,"E",65,13,414,8,10,9]
[10,"TURNER, Cameron",11,"C",31,16,394,8,3.3333333333333335,10]
[11,"CANNELL, Chris",43,"E",61,13,384,8,0,11]
[12,"ELEY, Kevin",82,"H",120,26,373,7,12.333333333333334,12]
[13,"LINDFIELD, Bill",86,"A",1,15,370,7,11.333333333333334,13]
[14,"DRIVER, Ed",49,"H",107,14,367,7,10.333333333333334,14]
[15,"BUY, Craig",119,"G",97,18,366,7,10,15]
[16,"MEDLER, Gary",26,"C",37,9,353,7,5.666666666666667,16]
[17,"HUTCHINSON (BP), Dave",90,"G",105,15,338,7,0.66666666666666663,17]
[18,"TUCK, Rob",109,"C",42,13,337,7,0.33333333333333331,18]
[19,"KINGDON, Adam",20,"D",60,12,318,6,10,19]
[20,"ADAMS, Stephen",68,"G",94,16,315,6,9,20]
[21,"RANDELL, Henry",1,"D",48,11,305,6,5.666666666666667,21]
[22,"BRIGHTON, Tarrick",89,"F",82,27,304,6,5.333333333333333,22]
[23,"McKENZIE, Brian",112,"H",118,21,283,5,14.333333333333334,23]
[24,"LINDFIELD, Heather",83,"B",30,20,278,5,12.666666666666666,24]
[25,"BURT, Richard",19,"F",86,21,275,5,11.666666666666666,25]
[26,"CLEMENT, Alby",65,"F",85,12,271,5,10.333333333333334,26]
[27,"HIPPERSON, Richard",77,"H",115,24,269,5,9.6666666666666661,27]
[28,"HUTSON, Garry",113,"A",3,9,269,5,9.6666666666666661,28]
[29,"NANGLE, Karl",44,"G",99,18,263,5,7.666666666666667,29]
[30,"HARVEY, Mark",80,"C",38,4,263,5,7.666666666666667,30]
[31,"ADAMS, Lee",22,"F",76,12,261,5,7,31]
[32,"FATTIZZO, Tony",60,"H",111,14,254,5,4.666666666666667,32]
[33,"LAWN, Kimberley",23,"C",45,8,254,5,4.666666666666667,33]
[34,"SELF, Bevan",8,"E",68,11,252,5,4,34]
[35,"THORPE, Doug",104,"E",70,8,251,5,3.6666666666666665,35]
[36,"SMITH, John",13,"E",67,13,237,4,15,36]
[37,"WOODS, Graham",39,"E",74,8,235,4,14.333333333333334,37]
[38,"TEMPLE, Billy",73,"E",72,12,230,4,12.666666666666666,38]
[39,"SHARMAN, Mark",108,"G",98,15,227,4,11.666666666666666,39]
[40,"SPALL, Chris",4,"D",46,9,227,4,11.666666666666666,40]
[41,"BROCK, Peter",42,"F",77,17,226,4,11.333333333333334,41]
[42,"SHAUL, Jimmy",94,"C",44,5,226,4,11.333333333333334,42]
[43,"DIAPER, Barry",36,"F",81,12,214,4,7.333333333333333,43]
[44,"CHAMBERLAIN, Darren",21,"F",84,16,210,4,6,44]
[45,"JARMAN, Rachael",85,"G",100,19,208,4,5.333333333333333,45]
[46,"CRAWFORD, Vince",76,"A",8,12,208,4,5.333333333333333,46]
[47,"BRADSHAW, Craig",117,"A",11,5,205,4,4.333333333333333,47]
[48,"AKESTER, Jack",16,"B",27,7,192,4,0,48]
[49,"ALDOUS, Brayden",10,"E",64,8,191,3,15.666666666666666,49]
[50,"STONE, Barry",79,"G",92,18,186,3,14,50]
[51,"GASCOIGNE, Robert",5,"G",91,16,186,3,14,51]
[52,"BANHAM, Mark",29,"B",22,10,186,3,14,52]
[53,"THOMAS, Tony",18,"C",40,7,184,3,13.333333333333334,53]
[54,"WARD, Mark",59,"E",63,8,183,3,13,54]
[55,"HURCOMBE, Mark",58,"F",78,13,180,3,12,55]
[56,"METCALFE, Wendy",84,"D",59,5,178,3,11.333333333333334,56]
[57,"DENHOLM, Paul",9,"C",34,13,176,3,10.666666666666666,57]
[58,"STEBBINGS, Robert",38,"C",36,7,176,3,10.666666666666666,58]
[59,"SMITH, Leon",70,"B",28,10,175,3,10.333333333333334,59]
[60,"SMART, Neil",107,"G",95,16,172,3,9.3333333333333339,60]
[61,"JARMAN, Wayne",47,"E",69,11,169,3,8.3333333333333339,61]
[62,"BURR, Dave",30,"B",26,6,164,3,6.666666666666667,62]
[63,"STORER, Paul",7,"A",9,10,162,3,6,63]
[64,"LITTLEWOOD, Stuart",14,"F",90,15,157,3,4.333333333333333,64]
[65,"PRICE, Ben",34,"C",33,7,156,3,4,65]
[66,"FRARY, Charlie",120,"G",102,15,154,3,3.3333333333333335,66]
[67,"ADAMS, Graham",12,"G",93,13,154,3,3.3333333333333335,67]
[68,"GOOCH, Mark",56,"F",88,10,154,3,3.3333333333333335,68]
[69,"DIAPER, Greg",3,"B",25,6,153,3,3,69]
[70,"WALLIS, Craig",101,"E",71,11,152,3,2.6666666666666665,70]
[71,"PARROTT, Ade",95,"H",112,9,150,3,2,71]
[72,"BATTLE, Ian",51,"D",57,8,150,3,2,72]
[73,"WOODS, Becky",63,"C",35,8,149,3,1.6666666666666667,73]
[74,"BENNETT, Rick",41,"A",15,10,146,3,0.66666666666666663,74]
[75,"SMITH, Adele",62,"B",21,10,141,2,15,75]
[76,"RUSH, Billy",64,"G",101,9,141,2,15,76]
[77,"WATTS, Mike",46,"B",24,7,141,2,15,77]
[78,"EAGLE, Dan",91,"A",10,5,141,2,15,78]
[79,"HARVEY, Paul ",75,"H",116,8,136,2,13.333333333333334,79]
[80,"BORDIANU, Adrian",103,"D",54,6,132,2,12,80]
[81,"FRARY, June",32,"G",103,12,129,2,11,81]
[82,"GREEN, Kevin",105,"B",16,7,129,2,11,82]
[83,"JACOBS, Richard",106,"C",32,7,129,2,11,82]
[84,"HARVEY, John",111,"A",14,6,126,2,10,84]
[85,"TOPPING, Mike",40,"A",6,5,119,2,7.666666666666667,85]
[86,"BANHAM, Jason",15,"B",23,5,118,2,7.333333333333333,86]
[87,"THORBURN, Paul",55,"E",73,3,118,2,7.333333333333333,87]
[88,"NELSON, Ian",53,"D",47,4,105,2,3,88]
[89,"HARRISON, Paul",96,"C",41,4,103,2,2.3333333333333335,89]
[90,"GROSSMAN, Martin",67,"H",110,4,98,2,0.66666666666666663,90]
[91,"SMITH, Andy",31,"H",106,9,94,1,15.333333333333334,91]
[92,"LAY-FLURRIE, Matt",71,"G",96,9,89,1,13.666666666666666,92]
[93,"BRADSHAW, Daine",27,"A",12,5,89,1,13.666666666666666,93]
[94,"NICHOLSON, Steven",6,"H",109,4,89,1,13.666666666666666,94]
[95,"HART, Paul",72,"F",89,8,88,1,13.333333333333334,95]
[96,"DRAYTON, Simon",37,"C",39,6,84,1,12,96]
[97,"WHITE, Alan",54,"E",75,6,84,1,12,96]
[98,"BENNINGTON, Tom",69,"D",55,4,84,1,12,98]
[99,"CARTER, John",66,"G",104,6,83,1,11.666666666666666,99]
[100,"DAWBER, Simon",116,"D",53,4,81,1,11,100]
[101,"SHAUL, Keith",98,"A",2,7,80,1,10.666666666666666,101]
[102,"TOPPING, Jack",110,"A",5,4,75,1,9,102]
[103,"HADDOCK, Roy",45,"B",18,5,66,1,6,103]
[104,"SHORTHOUSE, Dave",118,"D",52,3,66,1,6,104]
[105,"BETTINSON, Charles",115,"A",4,5,52,1,1.3333333333333333,105]
[106,"AUSTIN, John",74,"A",7,4,52,1,1.3333333333333333,106]
[107,"BANCROFT, Dave",17,"B",19,3,50,1,0.66666666666666663,107]
[108,"BENNINGTON, Graham",57,"D",56,2,44,0,14.666666666666666,108]
[109,"CREASEY, Shaun",61,"H",108,5,42,0,14,109]
[110,"DOY, Alan",88,"F",87,3,30,0,10,110]
[111,"LING, Richard",81,"B",20,2,21,0,7,111]
[112,"McCOY, Ken",52,"D",50,1,12,0,4,112]
[113,"BROWN, Kay",102,"D",58,1,7,0,2.3333333333333335,113]
[114,"KING, Simon",78,"A",13,0,0,0,0,114]
[116,"LAMBERT, Ian",35,"D",49,0,0,0,0,114]

{"sheet":"Day 2-All Fish","index":18,"n_rows":119,"n_cols":10,"rows_kept":119,"cut":false,"hidden":false,"merged":[[0,0,0,4],[0,5,0,9],[1,0,2,0],[1,1,2,1],[1,2,2,2],[1,3,2,3],[1,4,2,4],[1,5,2,5],[1,6,2,6],[1,9,2,9]]}
["NORTH NORFOLK BASS FESTIVAL 2019",null,null,null,null,"Day 2 (All Fish)"]
["Individual No.","Angler Name","Angler No.","Zone","Peg","No. Fish","Fish Points","Weight",null,"Day 2 Position"]
[null,null,null,null,null,null,null,"lbs","oz"]
[1,"TUCK, Rob",109,"F",81,23,524,10,14.666666666666666,1]
[2,"CLEMENT, Alby",65,"B",20,18,473,9,13.666666666666666,2]
[3,"AKESTER, Jack",16,"H",109,21,451,9,6.333333333333333,3]
[4,"HUTSON, Garry",113,"E",61,7,434,9,0.66666666666666663,4]
[5,"WATTS, Mike",46,"H",120,30,351,7,5,5]
[6,"GASCOIGNE, Robert",5,"A",11,11,351,7,5,6]
[7,"WOODS, Graham",39,"D",47,5,311,6,7.666666666666667,7]
[8,"ADAMS, Stephen",68,"D",46,12,296,6,2.6666666666666665,8]
[9,"TURNER, Cameron",11,"F",86,14,280,5,13.333333333333334,9]
[10,"RANDELL, Henry",1,"G",100,14,252,5,4,10]
[11,"BANHAM, Mark",29,"H",113,13,252,5,4,11]
[12,"MEDLER, Gary",26,"E",67,7,252,5,4,12]
[13,"SPALL, Chris",4,"F",89,18,251,5,3.6666666666666665,13]
[14,"WARD, Mark",59,"A",2,12,245,5,1.6666666666666667,14]
[15,"SHAUL, Jimmy",94,"H",116,21,238,4,15.333333333333334,15]
[16,"FRARY, Charlie",120,"B",22,7,225,4,11,16]
[17,"LAWN, Kimberley",23,"H",115,11,223,4,10.333333333333334,17]
[18,"BANHAM, Jason",15,"H",112,18,222,4,10,18]
[19,"STORER, Paul",7,"F",80,14,219,4,9,19]
[20,"BETTINSON, Charles",115,"H",119,22,218,4,8.6666666666666661,20]
[21,"HARRISON, Paul",96,"E",65,14,216,4,8,21]
[22,"CANNELL, Chris",43,"D",54,6,216,4,8,22]
[23,"WRIGHT, Dave",33,"C",36,7,213,4,7,23]
[24,"LINDFIELD, Bill",86,"G",93,14,210,4,6,24]
[25,"GREEN, Kevin",105,"H",111,17,206,4,4.666666666666667,25]
[26,"DAWBER, Simon",116,"G",95,16,198,4,2,26]
[27,"HURCOMBE, Mark",58,"B",23,8,196,4,1.3333333333333333,27]
[28,"BOWELL, Ian",93,"F",88,14,183,3,13,28]
[29,"METCALFE, Wendy",84,"G",104,9,179,3,11.666666666666666,29]
[30,"DIAPER, Greg",3,"E",74,7,178,3,11.333333333333334,30]
[31,"JACOBS, Richard",106,"E",72,8,177,3,11,31]
[32,"DRIVER, Ed",49,"A",10,10,174,3,10,32]
[33,"BENNETT, Rick",41,"F",82,14,173,3,9.6666666666666661,33]
[34,"AUSTIN, John",74,"F",83,12,171,3,9,34]
[35,"ADAMS, Lee",22,"C",34,7,169,3,8.3333333333333339,35]
[36,"BURT, Richard",19,"D",57,7,166,3,7.333333333333333,36]
[37,"SMITH, Andy",31,"C",37,5,162,3,6,37]
[38,"HUGHES, Gary",87,"B",30,6,161,3,5.666666666666667,38]
[39,"DRAYTON, Simon",37,"H",107,12,157,3,4.333333333333333,39]
[40,"EAGLE, Dan",91,"E",62,6,153,3,3,40]
[41,"STEBBINGS, Robert",38,"G",92,15,150,3,2,41]
[42,"CUTLER, Neil",92,"C",35,6,150,3,2,42]
[43,"LINDFIELD, Heather",83,"G",94,10,149,3,1.6666666666666667,43]
[44,"RUSSELL, Shane",25,"E",69,8,146,3,0.66666666666666663,44]
[45,"GROSSMAN, Martin",67,"B",19,5,134,2,12.666666666666666,45]
[46,"McCOY, Ken",52,"E",63,8,128,2,10.666666666666666,46]
[47,"BANCROFT, Dave",17,"H",114,11,127,2,10.333333333333334,47]
[48,"WHITE, Alan",54,"A",4,9,121,2,8.3333333333333339,48]
[49,"KINGDON, Adam",20,"F",78,12,118,2,7.333333333333333,49]
[50,"BROWN, Kay",102,"G",103,9,117,2,7,50]
[51,"HIPPERSON, Richard",77,"B",27,8,117,2,7,51]
[52,"ALDOUS, Brayden",10,"C",41,6,117,2,7,52]
[53,"WALLIS, Craig",101,"A",15,9,116,2,6.666666666666667,53]
[54,"SMITH, George",114,"D",56,3,116,2,6.666666666666667,54]
[55,"BUY, Craig",119,"D",55,5,114,2,6,55]
[56,"LING, Richard",81,"H",108,10,113,2,5.666666666666667,56]
[57,"CRAWFORD, Vince",76,"G",91,7,111,2,5,57]
[58,"ELLIOTT, Nathan",24,"A",3,9,109,2,4.333333333333333,58]
[59,"BORDIANU, Adrian",103,"E",66,8,106,2,3.3333333333333335,59]
[60,"SHORTHOUSE, Dave",118,"H",106,11,100,2,1.3333333333333333,60]
[61,"BENNINGTON, Tom",69,"H",117,8,100,2,1.3333333333333333,61]
[62,"NELSON, Ian",53,"E",68,3,97,2,0.33333333333333331,62]
[63,"CHAMBERLAIN, Darren",21,"D",48,7,96,2,0,63]
[64,"THORPE, Doug",104,"A",8,7,92,1,14.666666666666666,64]
[65,"WOODS, Becky",63,"F",76,6,89,1,13.666666666666666,65]
[66,"PROVINS, Colin",100,"D",59,8,88,1,13.333333333333334,66]
[67,"SELF, Bevan",8,"C",38,6,88,1,13.333333333333334,67]
[68,"STONE, Barry",79,"B",28,10,87,1,13,68]
[69,"NICHOLSON, Steven",6,"B",29,5,87,1,13,69]
[70,"PRICE, Ben",34,"G",99,7,82,1,11.333333333333334,70]
[71,"LITTLEWOOD, Stuart",14,"C",40,5,82,1,11.333333333333334,71]
[72,"SMITH, Adele",62,"E",70,6,80,1,10.666666666666666,72]
[73,"TOPPING, Mike",40,"G",97,7,79,1,10.333333333333334,73]
[74,"SMITH, John",13,"D",58,5,78,1,10,74]
[75,"TEMPLE, Billy",73,"C",45,4,78,1,10,75]
[76,"TOPPING, Jack",110,"G",98,2,78,1,10,76]
[77,"JARMAN, Rachael",85,"C",33,6,77,1,9.6666666666666661,77]
[78,"McKENZIE, Brian",112,"A",1,7,72,1,8,78]
[79,"DOY, Alan",88,"D",60,5,71,1,7.666666666666667,79]
[80,"THOMAS, Tony",18,"E",73,5,70,1,7.333333333333333,80]
[81,"HADDOCK, Roy",45,"F",90,5,70,1,7.333333333333333,80]
[82,"SHAUL, Keith",98,"E",75,3,70,1,7.333333333333333,82]
[83,"MILLS, Rodney",48,"B",18,7,67,1,6.333333333333333,83]
[84,"ELEY, Kevin",82,"C",39,4,67,1,6.333333333333333,84]
[85,"BRADSHAW, Craig",117,"G",101,4,66,1,6,85]
[86,"KING, Simon",78,"G",105,3,66,1,6,86]
[87,"HUTCHINSON (BP), Dave",90,"D",50,4,61,1,4.333333333333333,87]
[88,"BURR, Dave",30,"F",84,6,56,1,2.6666666666666665,88]
[89,"BATTLE, Ian",51,"G",96,6,56,1,2.6666666666666665,88]
[90,"HARVEY, Paul ",75,"C",43,4,56,1,2.6666666666666665,90]
[91,"NANGLE, Karl",44,"D",53,3,56,1,2.6666666666666665,91]
[92,"HART, Paul",72,"C",31,4,53,1,1.6666666666666667,92]
[93,"DIAPER, Barry",36,"D",52,4,50,1,0.66666666666666663,93]
[94,"SMITH, Leon",70,"F",79,3,46,0,15.333333333333334,94]
[95,"FRARY, June",32,"B",21,2,45,0,15,95]
[96,"BENNINGTON, Graham",57,"H",118,5,44,0,14.666666666666666,96]
[97,"GOOCH, Mark",56,"D",49,0,43,0,14.333333333333334,97]
[98,"LAY-FLURRIE, Matt",71,"A",9,3,41,0,13.666666666666666,98]
[99,"DENHOLM, Paul",9,"F",87,4,37,0,12.333333333333334,99]
[100,"BRADSHAW, Daine",27,"G",102,2,34,0,11.333333333333334,100]
[101,"ADAMS, Graham",12,"A",7,2,30,0,10,101]
[102,"JARMAN, Wayne",47,"A",13,4,26,0,8.6666666666666661,102]
[103,"HARVEY, John",111,"E",64,3,22,0,7.333333333333333,103]
[104,"CARTER, John",66,"A",12,3,21,0,7,104]
[105,"HARVEY, Mark",80,"F",77,3,18,0,6,105]
[106,"RUSH, Billy",64,"A",14,2,15,0,5,106]
[107,"SMART, Neil",107,"D",51,2,15,0,5,106]
[108,"CREASEY, Shaun",61,"C",32,1,8,0,2.6666666666666665,108]
[111,"THORBURN, Paul",55,"B",16,0,0,0,0,109]
[112,"BRIGHTON, Tarrick",89,"B",17,0,0,0,0,109]
[113,"FATTIZZO, Tony",60,"B",24,0,0,0,0,109]
[114,"PARROTT, Ade",95,"B",25,0,0,0,0,109]
[115,"SHARMAN, Mark",108,"B",26,0,0,0,0,109]
[116,"ALDOUS, David",50,"C",42,0,0,0,0,109]
[117,"BROCK, Peter",42,"C",44,0,0,0,0,109]
[118,"LAMBERT, Ian",35,"E",71,0,0,0,0,109]

{"sheet":"Day 1-All Bass","index":19,"n_rows":85,"n_cols":10,"rows_kept":85,"cut":false,"hidden":false,"merged":[[1,9,2,9],[0,0,0,4],[0,5,0,9],[1,0,2,0],[1,1,2,1],[1,2,2,2],[1,3,2,3],[1,4,2,4],[1,5,2,5],[1,6,2,6]]}
["BASS FESTIVAL 2019",null,null,null,null,"Day 1 (Bass)"]
["Individual No.","Angler Name","Angler No.","Zone","Peg","No. Fish","Fish Points","Weight",null,"Day 1 Position"]
[null,null,null,null,null,null,null,"lbs","oz"]
[1,"RUSSELL, Shane",25,"B",29,13,653,13,9.6666666666666661,1]
[2,"SMITH, George",114,"E",66,8,423,8,13,2]
[3,"BOWELL, Ian",93,"C",43,5,306,6,6,3]
[4,"WRIGHT, Dave",33,"E",62,7,297,6,3,4]
[5,"CANNELL, Chris",43,"E",61,5,280,5,13.333333333333334,5]
[6,"CUTLER, Neil",92,"H",114,10,274,5,11.333333333333334,6]
[7,"MEDLER, Gary",26,"C",37,4,247,5,2.3333333333333335,7]
[8,"ELLIOTT, Nathan",24,"F",83,3,245,5,1.6666666666666667,8]
[9,"HUTCHINSON (BP), Dave",90,"G",105,3,227,4,11.666666666666666,9]
[10,"ALDOUS, David",50,"E",65,2,225,4,11,10]
[11,"LINDFIELD, Bill",86,"A",1,3,218,4,8.6666666666666661,11]
[12,"KINGDON, Adam",20,"D",60,3,212,4,6.666666666666667,12]
[13,"HARVEY, Mark",80,"C",38,1,200,4,2.6666666666666665,13]
[14,"TURNER, Cameron",11,"C",31,3,199,4,2.3333333333333335,14]
[15,"BRADSHAW, Craig",117,"A",11,3,185,3,13.666666666666666,15]
[16,"TUCK, Rob",109,"C",42,7,167,3,7.666666666666667,16]
[17,"HUTSON, Garry",113,"A",3,4,165,3,7,17]
[18,"WOODS, Graham",39,"E",74,2,159,3,5,18]
[19,"PROVINS, Colin",100,"H",117,4,152,3,2.6666666666666665,19]
[20,"RANDELL, Henry",1,"D",48,6,151,3,2.3333333333333335,20]
[21,"SHAUL, Jimmy",94,"C",44,2,151,3,2.3333333333333335,21]
[22,"ADAMS, Lee",22,"F",76,2,151,3,2.3333333333333335,21]
[23,"STEBBINGS, Robert",38,"C",36,3,140,2,14.666666666666666,23]
[24,"AKESTER, Jack",16,"B",27,3,138,2,14,24]
[25,"WARD, Mark",59,"E",63,4,134,2,12.666666666666666,25]
[26,"THOMAS, Tony",18,"C",40,3,109,2,4.333333333333333,26]
[27,"BUY, Craig",119,"G",97,2,108,2,4,27]
[28,"HIPPERSON, Richard",77,"H",115,5,105,2,3,28]
[29,"BURT, Richard",19,"F",86,4,105,2,3,29]
[30,"CLEMENT, Alby",65,"F",85,1,104,2,2.6666666666666665,30]
[31,"HARRISON, Paul",96,"C",41,4,103,2,2.3333333333333335,31]
[32,"GREEN, Kevin",105,"B",16,3,95,1,15.666666666666666,32]
[33,"DIAPER, Greg",3,"B",25,3,95,1,15.666666666666666,32]
[34,"HARVEY, John",111,"A",14,2,91,1,14.333333333333334,34]
[35,"BRIGHTON, Tarrick",89,"F",82,5,90,1,14,35]
[36,"THORPE, Doug",104,"E",70,1,86,1,12.666666666666666,36]
[37,"WOODS, Becky",63,"C",35,2,83,1,11.666666666666666,37]
[38,"HARVEY, Paul ",75,"H",116,2,79,1,10.333333333333334,38]
[39,"HURCOMBE, Mark",58,"F",78,2,77,1,9.6666666666666661,39]
[40,"SPALL, Chris",4,"D",46,3,76,1,9.3333333333333339,40]
[41,"NANGLE, Karl",44,"G",99,2,74,1,8.6666666666666661,41]
[42,"SMITH, John",13,"E",67,2,73,1,8.3333333333333339,42]
[43,"BENNETT, Rick",41,"A",15,2,71,1,7.666666666666667,43]
[44,"BURR, Dave",30,"B",26,1,68,1,6.666666666666667,44]
[45,"WALLIS, Craig",101,"E",71,3,66,1,6,45]
[46,"BATTLE, Ian",51,"D",57,2,62,1,4.666666666666667,46]
[47,"JARMAN, Wayne",47,"E",69,2,61,1,4.333333333333333,47]
[48,"SMITH, Adele",62,"B",21,1,59,1,3.6666666666666665,48]
[49,"DRIVER, Ed",49,"H",107,2,57,1,3,49]
[50,"BENNINGTON, Tom",69,"D",55,2,54,1,2,50]
[51,"PARROTT, Ade",95,"H",112,2,53,1,1.6666666666666667,51]
[52,"DAWBER, Simon",116,"D",53,1,47,0,15.666666666666666,52]
[53,"SHARMAN, Mark",108,"G",98,1,47,0,15.666666666666666,52]
[54,"CRAWFORD, Vince",76,"A",8,2,44,0,14.666666666666666,54]
[55,"JACOBS, Richard",106,"C",32,2,44,0,14.666666666666666,54]
[56,"GOOCH, Mark",56,"F",88,1,43,0,14.333333333333334,56]
[57,"STORER, Paul",7,"A",9,2,40,0,13.333333333333334,57]
[58,"BORDIANU, Adrian",103,"D",54,2,40,0,13.333333333333334,57]
[59,"FRARY, Charlie",120,"G",102,1,40,0,13.333333333333334,59]
[60,"FATTIZZO, Tony",60,"H",111,2,38,0,12.666666666666666,60]
[61,"GROSSMAN, Martin",67,"H",110,1,37,0,12.333333333333334,61]
[62,"BANHAM, Jason",15,"B",23,2,36,0,12,62]
[63,"DRAYTON, Simon",37,"C",39,2,36,0,12,62]
[64,"ELEY, Kevin",82,"H",120,2,34,0,11.333333333333334,64]
[65,"GASCOIGNE, Robert",5,"G",91,1,28,0,9.3333333333333339,65]
[66,"EAGLE, Dan",91,"A",10,1,25,0,8.3333333333333339,66]
[67,"WHITE, Alan",54,"E",75,1,25,0,8.3333333333333339,66]
[68,"AUSTIN, John",74,"A",7,1,22,0,7.333333333333333,68]
[69,"PRICE, Ben",34,"C",33,1,22,0,7.333333333333333,68]
[70,"SMART, Neil",107,"G",95,1,22,0,7.333333333333333,68]
[71,"SMITH, Leon",70,"B",28,1,20,0,6.666666666666667,71]
[72,"BENNINGTON, Graham",57,"D",56,1,20,0,6.666666666666667,71]
[73,"TEMPLE, Billy",73,"E",72,1,20,0,6.666666666666667,71]
[74,"STONE, Barry",79,"G",92,1,20,0,6.666666666666667,71]
[75,"ADAMS, Stephen",68,"G",94,1,20,0,6.666666666666667,71]
[76,"FRARY, June",32,"G",103,1,20,0,6.666666666666667,71]
[77,"CARTER, John",66,"G",104,1,20,0,6.666666666666667,71]
[78,"McKENZIE, Brian",112,"H",118,1,20,0,6.666666666666667,71]
[79,"BROCK, Peter",42,"F",77,1,18,0,6,79]
[80,"HADDOCK, Roy",45,"B",18,1,16,0,5.333333333333333,80]
[81,"SHORTHOUSE, Dave",118,"D",52,1,16,0,5.333333333333333,80]
[82,"SELF, Bevan",8,"E",68,1,16,0,5.333333333333333,80]

{"sheet":"Day 2-All Bass","index":20,"n_rows":63,"n_cols":10,"rows_kept":63,"cut":false,"hidden":false,"merged":[[0,0,0,4],[1,0,2,0],[1,1,2,1],[1,2,2,2],[1,3,2,3],[1,4,2,4],[1,9,2,9],[0,5,0,9],[1,5,2,5],[1,6,2,6]]}
["BASS FESTIVAL 2019",null,null,null,null,"Day 2 (Bass)"]
["Individual No.","Angler Name","Angler No.","Zone","Peg","No. Fish","Fish Points","Weight",null,"Day 2 Position"]
[null,null,null,null,null,null,null,"lbs","oz"]
[1,"TUCK, Rob",109,"F",81,9,354,7,6,1]
[2,"GASCOIGNE, Robert",5,"A",11,2,214,4,7.333333333333333,2]
[3,"WOODS, Graham",39,"D",47,2,213,4,7,3]
[4,"TURNER, Cameron",11,"F",86,5,204,4,4,4]
[5,"AKESTER, Jack",16,"H",109,5,172,3,9.3333333333333339,5]
[6,"CANNELL, Chris",43,"D",54,1,158,3,4.666666666666667,6]
[7,"DIAPER, Greg",3,"E",74,4,151,3,2.3333333333333335,7]
[8,"ADAMS, Stephen",68,"D",46,5,138,2,14,8]
[9,"HUGHES, Gary",87,"B",30,1,122,2,8.6666666666666661,9]
[10,"JACOBS, Richard",106,"E",72,3,121,2,8.3333333333333339,10]
[11,"RANDELL, Henry",1,"G",100,6,113,2,5.666666666666667,11]
[12,"BURT, Richard",19,"D",57,2,106,2,3.3333333333333335,12]
[13,"DRAYTON, Simon",37,"H",107,5,102,2,2,13]
[14,"BANHAM, Jason",15,"H",112,2,99,2,1,14]
[15,"SHAUL, Jimmy",94,"H",116,4,94,1,15.333333333333334,15]
[16,"RUSSELL, Shane",25,"E",69,3,93,1,15,16]
[17,"ADAMS, Lee",22,"C",34,2,90,1,14,17]
[18,"BOWELL, Ian",93,"F",88,3,89,1,13.666666666666666,18]
[19,"MEDLER, Gary",26,"E",67,1,86,1,12.666666666666666,19]
[20,"SMITH, Andy",31,"C",37,1,80,1,10.666666666666666,20]
[21,"BENNINGTON, Tom",69,"H",117,5,78,1,10,21]
[22,"DAWBER, Simon",116,"G",95,4,78,1,10,22]
[23,"EAGLE, Dan",91,"E",62,2,75,1,9,23]
[24,"CUTLER, Neil",92,"C",35,1,74,1,8.6666666666666661,24]
[25,"WARD, Mark",59,"A",2,2,61,1,4.333333333333333,25]
[26,"ELLIOTT, Nathan",24,"A",3,3,60,1,4,26]
[27,"HUTSON, Garry",113,"E",61,2,56,1,2.6666666666666665,27]
[28,"BENNETT, Rick",41,"F",82,2,56,1,2.6666666666666665,27]
[29,"HURCOMBE, Mark",58,"B",23,1,55,1,2.3333333333333335,29]
[30,"LINDFIELD, Bill",86,"G",93,1,55,1,2.3333333333333335,29]
[31,"HIPPERSON, Richard",77,"B",27,1,51,1,1,31]
[32,"GOOCH, Mark",56,"D",49,1,43,0,14.333333333333334,32]
[33,"BRADSHAW, Craig",117,"G",101,2,42,0,14,33]
[34,"McCOY, Ken",52,"E",63,2,40,0,13.333333333333334,34]
[35,"GREEN, Kevin",105,"H",111,2,40,0,13.333333333333334,34]
[36,"WATTS, Mike",46,"H",120,2,40,0,13.333333333333334,34]
[37,"SPALL, Chris",4,"F",89,2,38,0,12.666666666666666,37]
[38,"STEBBINGS, Robert",38,"G",92,2,36,0,12,38]
[39,"WOODS, Becky",63,"F",76,1,34,0,11.333333333333334,39]
[40,"LAY-FLURRIE, Matt",71,"A",9,1,25,0,8.3333333333333339,40]
[41,"BUY, Craig",119,"D",55,1,25,0,8.3333333333333339,40]
[42,"HARRISON, Paul",96,"E",65,1,25,0,8.3333333333333339,40]
[43,"AUSTIN, John",74,"F",83,1,25,0,8.3333333333333339,40]
[44,"DIAPER, Barry",36,"D",52,1,22,0,7.333333333333333,44]
[45,"KINGDON, Adam",20,"F",78,1,22,0,7.333333333333333,44]
[46,"SMITH, Leon",70,"F",79,1,22,0,7.333333333333333,44]
[47,"LITTLEWOOD, Stuart",14,"C",40,1,20,0,6.666666666666667,47]
[48,"TEMPLE, Billy",73,"C",45,1,20,0,6.666666666666667,47]
[49,"CRAWFORD, Vince",76,"G",91,1,20,0,6.666666666666667,47]
[50,"LING, Richard",81,"H",108,1,20,0,6.666666666666667,47]
[51,"BETTINSON, Charles",115,"H",119,1,20,0,6.666666666666667,47]
[52,"SELF, Bevan",8,"C",38,1,18,0,6,52]
[53,"BORDIANU, Adrian",103,"E",66,1,18,0,6,52]
[54,"SHAUL, Keith",98,"E",75,1,18,0,6,52]
[55,"BANCROFT, Dave",17,"H",114,1,18,0,6,52]
[56,"McKENZIE, Brian",112,"A",1,1,16,0,5.333333333333333,56]
[57,"WALLIS, Craig",101,"A",15,1,16,0,5.333333333333333,56]
[58,"HADDOCK, Roy",45,"F",90,1,16,0,5.333333333333333,56]
[59,"PRICE, Ben",34,"G",99,1,16,0,5.333333333333333,56]
[60,"FRARY, Charlie",120,"B",22,1,13,0,4.333333333333333,60]

{"sheet":"Day 1-All Flattie","index":21,"n_rows":106,"n_cols":13,"rows_kept":106,"cut":false,"hidden":false,"merged":[[0,11,0,12],[1,11,2,11],[1,12,2,12],[1,9,2,9],[0,0,0,4],[0,5,0,9],[1,0,2,0],[1,1,2,1],[1,2,2,2],[1,3,2,3],[1,4,2,4],[1,5,2,5],[1,6,2,6]]}
["BASS FESTIVAL 2019",null,null,null,null,"Day 1 (Flattie)",null,null,null,null,null,"Winners table extract detail"]
["Individual No.","Angler Name","Angler No.","Zone","Peg","No. Fish","Fish Points","Weight",null,"Day 1 Position",null,"Overall Position","Angler No"]
[null,null,null,null,null,null,null,"lbs","oz"]
[1,"PROVINS, Colin",100,"H",117,25,280,5,13.333333333333334,1,null,1,100]
[2,"ELEY, Kevin",82,"H",120,23,261,5,7,2,null,2,82]
[3,"ELLIOTT, Nathan",24,"F",83,29,251,5,3.6666666666666665,3,null,3,24]
[4,"ADAMS, Stephen",68,"G",94,14,221,4,9.6666666666666661,4,null,4,68]
[5,"BRIGHTON, Tarrick",89,"F",82,22,214,4,7.333333333333333,5,null,5,89]
[6,"CHAMBERLAIN, Darren",21,"F",84,16,210,4,6,6,null,6,21]
[7,"BROCK, Peter",42,"F",77,16,208,4,5.333333333333333,7,null,7,42]
[8,"TURNER, Cameron",11,"C",31,13,195,4,1,8,null,8,11]
[9,"NANGLE, Karl",44,"G",99,16,189,3,15,9,null,9,44]
[10,"ALDOUS, David",50,"E",65,11,189,3,15,10,null,10,50]
[11,"SHARMAN, Mark",108,"G",98,14,180,3,12,11,null,11,108]
[12,"DENHOLM, Paul",9,"C",34,13,176,3,10.666666666666666,12,null,12,9]
[13,"DRIVER, Ed",49,"H",107,11,174,3,10,13,null,13,49]
[14,"CUTLER, Neil",92,"H",114,18,173,3,9.6666666666666661,14,null,14,92]
[15,"LINDFIELD, Bill",86,"A",1,12,172,3,9.3333333333333339,15,null,15,86]
[16,"BURT, Richard",19,"F",86,17,170,3,8.6666666666666661,16,null,16,19]
[17,"TUCK, Rob",109,"C",42,6,170,3,8.6666666666666661,17,null,17,109]
[18,"CLEMENT, Alby",65,"F",85,11,167,3,7.666666666666667,18,null,18,65]
[19,"STONE, Barry",79,"G",92,17,166,3,7.333333333333333,19,null,19,79]
[20,"HIPPERSON, Richard",77,"H",115,19,164,3,6.666666666666667,20,null,20,77]
[21,"SMITH, John",13,"E",67,11,164,3,6.666666666666667,21,null,21,13]
[22,"CRAWFORD, Vince",76,"A",8,10,164,3,6.666666666666667,22,null,22,76]
[23,"GASCOIGNE, Robert",5,"G",91,15,158,3,4.666666666666667,23,null,23,5]
[24,"LITTLEWOOD, Stuart",14,"F",90,15,157,3,4.333333333333333,24,null,24,14]
[25,"SMITH, Leon",70,"B",28,9,155,3,3.6666666666666665,25,null,25,70]
[26,"ADAMS, Graham",12,"G",93,13,154,3,3.3333333333333335,26,null,26,12]
[27,"RANDELL, Henry",1,"D",48,5,154,3,3.3333333333333335,27,null,27,1]
[28,"McKENZIE, Brian",112,"H",118,17,153,3,3,28,null,28,112]
[29,"SPALL, Chris",4,"D",46,6,151,3,2.3333333333333335,29,null,29,4]
[30,"WRIGHT, Dave",33,"E",62,10,146,3,0.66666666666666663,30,null,30,33]
[31,"SMITH, George",114,"E",66,7,146,3,0.66666666666666663,31,null,31,114]
[32,"HUGHES, Gary",87,"H",119,15,145,3,0.33333333333333331,32,null,32,87]
[33,"SMART, Neil",107,"G",95,14,143,2,15.666666666666666,33,null,33,107]
[34,"RUSH, Billy",64,"G",101,9,141,2,15,34,null,34,64]
[35,"WATTS, Mike",46,"B",24,7,141,2,15,35,null,35,46]
[36,"BUY, Craig",119,"G",97,14,140,2,14.666666666666666,36,null,36,119]
[37,"TEMPLE, Billy",73,"E",72,10,136,2,13.333333333333334,37,null,37,73]
[38,"STORER, Paul",7,"A",9,8,122,2,8.6666666666666661,38,null,38,7]
[39,"BOWELL, Ian",93,"C",43,4,122,2,8.6666666666666661,39,null,39,93]
[40,"DIAPER, Barry",36,"F",81,11,120,2,8,40,null,40,36]
[41,"SELF, Bevan",8,"E",68,9,120,2,8,41,null,41,8]
[42,"TOPPING, Mike",40,"A",6,5,119,2,7.666666666666667,42,null,42,40]
[43,"THORPE, Doug",104,"E",70,6,118,2,7.333333333333333,43,null,43,104]
[44,"THORBURN, Paul",55,"E",73,3,118,2,7.333333333333333,44,null,44,55]
[45,"EAGLE, Dan",91,"A",10,4,116,2,6.666666666666667,45,null,45,91]
[46,"FRARY, Charlie",120,"G",102,14,114,2,6,46,null,46,120]
[47,"HUTCHINSON (BP), Dave",90,"G",105,12,111,2,5,47,null,47,90]
[48,"GOOCH, Mark",56,"F",88,9,111,2,5,48,null,48,56]
[49,"ADAMS, Lee",22,"F",76,10,110,2,4.666666666666667,49,null,49,22]
[50,"FRARY, June",32,"G",103,11,109,2,4.333333333333333,50,null,50,32]
[51,"JARMAN, Wayne",47,"E",69,9,108,2,4,51,null,51,47]
[52,"RUSSELL, Shane",25,"B",29,6,108,2,4,52,null,52,25]
[53,"KINGDON, Adam",20,"D",60,9,106,2,3.3333333333333335,53,null,53,20]
[54,"MEDLER, Gary",26,"C",37,5,106,2,3.3333333333333335,54,null,54,26]
[55,"NELSON, Ian",53,"D",47,4,105,2,3,55,null,55,53]
[56,"CANNELL, Chris",43,"E",61,8,104,2,2.6666666666666665,56,null,56,43]
[57,"PRICE, Ben",34,"C",33,5,104,2,2.6666666666666665,57,null,57,34]
[58,"HURCOMBE, Mark",58,"F",78,11,103,2,2.3333333333333335,58,null,58,58]
[59,"PARROTT, Ade",95,"H",112,7,97,2,0.33333333333333331,59,null,59,95]
[60,"FATTIZZO, Tony",60,"H",111,9,96,2,0,60,null,60,60]
[61,"BURR, Dave",30,"B",26,5,96,2,0,61,null,61,30]
[62,"SMITH, Andy",31,"H",106,9,94,1,15.333333333333334,62,null,62,31]
[63,"HUTSON, Garry",113,"A",3,5,92,1,14.666666666666666,63,null,63,113]
[64,"LAY-FLURRIE, Matt",71,"G",96,9,89,1,13.666666666666666,64,null,64,71]
[65,"NICHOLSON, Steven",6,"H",109,4,89,1,13.666666666666666,65,null,65,6]
[66,"HART, Paul",72,"F",89,8,88,1,13.333333333333334,66,null,66,72]
[67,"BATTLE, Ian",51,"D",57,6,88,1,13.333333333333334,67,null,67,51]
[68,"WALLIS, Craig",101,"E",71,8,86,1,12.666666666666666,68,null,68,101]
[69,"JACOBS, Richard",106,"C",32,5,85,1,12.333333333333334,69,null,69,106]
[70,"BORDIANU, Adrian",103,"D",54,3,85,1,12.333333333333334,70,null,70,103]
[71,"SMITH, Adele",62,"B",21,9,82,1,11.333333333333334,71,null,71,62]
[72,"BANHAM, Jason",15,"B",23,3,82,1,11.333333333333334,72,null,72,15]
[73,"SHAUL, Keith",98,"A",2,7,80,1,10.666666666666666,73,null,73,98]
[74,"WOODS, Graham",39,"E",74,6,76,1,9.3333333333333339,74,null,74,39]
[75,"THOMAS, Tony",18,"C",40,4,75,1,9,75,null,75,18]
[76,"SHAUL, Jimmy",94,"C",44,3,75,1,9,76,null,76,94]
[77,"BENNETT, Rick",41,"A",15,7,69,1,7,77,null,77,41]
[78,"WOODS, Becky",63,"C",35,6,66,1,6,78,null,78,63]
[79,"HARVEY, Mark",80,"C",38,3,63,1,5,79,null,79,80]
[80,"WHITE, Alan",54,"E",75,5,59,1,3.6666666666666665,80,null,80,54]
[81,"DIAPER, Greg",3,"B",25,3,58,1,3.3333333333333335,81,null,81,3]
[82,"AKESTER, Jack",16,"B",27,4,54,1,2,82,null,82,16]
[83,"BETTINSON, Charles",115,"A",4,5,52,1,1.3333333333333333,83,null,83,115]
[84,"HADDOCK, Roy",45,"B",18,4,50,1,0.66666666666666663,84,null,84,45]
[85,"BANCROFT, Dave",17,"B",19,3,50,1,0.66666666666666663,85,null,85,17]
[86,"SHORTHOUSE, Dave",118,"D",52,2,50,1,0.66666666666666663,86,null,86,118]
[87,"WARD, Mark",59,"E",63,4,49,1,0.33333333333333331,87,null,87,59]
[88,"DRAYTON, Simon",37,"C",39,4,48,1,0,88,null,88,37]
[89,"HARVEY, Paul ",75,"H",116,6,47,0,15.666666666666666,89,null,89,75]
[90,"CARTER, John",66,"G",104,4,47,0,15.666666666666666,90,null,90,66]
[91,"CREASEY, Shaun",61,"H",108,5,42,0,14,91,null,91,61]
[92,"STEBBINGS, Robert",38,"C",36,4,36,0,12,92,null,92,38]
[93,"HARVEY, John",111,"A",14,4,35,0,11.666666666666666,93,null,93,111]
[94,"GREEN, Kevin",105,"B",16,4,34,0,11.333333333333334,94,null,94,105]
[95,"DAWBER, Simon",116,"D",53,3,34,0,11.333333333333334,95,null,95,116]
[96,"AUSTIN, John",74,"A",7,3,30,0,10,96,null,96,74]
[97,"DOY, Alan",88,"F",87,3,30,0,10,96,null,96,88]
[98,"BENNINGTON, Tom",69,"D",55,2,30,0,10,98,null,98,69]
[99,"GROSSMAN, Martin",67,"H",110,2,26,0,8.6666666666666661,99,null,99,67]
[100,"BENNINGTON, Graham",57,"D",56,1,24,0,8,100,null,100,57]
[101,"LING, Richard",81,"B",20,2,21,0,7,101,null,101,81]
[102,"BRADSHAW, Craig",117,"A",11,2,20,0,6.666666666666667,102,null,102,117]
[103,"McCOY, Ken",52,"D",50,1,12,0,4,103,null,103,52]

{"sheet":"Day 2-All Flattie","index":22,"n_rows":100,"n_cols":10,"rows_kept":100,"cut":false,"hidden":false,"merged":[[0,0,0,4],[1,0,2,0],[1,1,2,1],[1,2,2,2],[1,3,2,3],[1,4,2,4],[1,9,2,9],[0,5,0,9],[1,5,2,5],[1,6,2,6]]}
["BASS FESTIVAL 2018",null,null,null,null,"Day 2 (Flattie)"]
["Individual No.","Angler Name","Angler No.","Zone","Peg","No. Fish","Fish Points","Weight",null,"Day 2 Position"]
[null,null,null,null,null,null,null,"lbs","oz"]
[1,"CLEMENT, Alby",65,"B",20,18,473,9,13.666666666666666,1]
[2,"WATTS, Mike",46,"H",120,24,240,5,0,2]
[3,"SPALL, Chris",4,"F",89,16,213,4,7,3]
[4,"WRIGHT, Dave",33,"C",36,7,213,4,7,4]
[5,"FRARY, Charlie",120,"B",22,6,212,4,6.666666666666667,5]
[6,"STORER, Paul",7,"F",80,13,211,4,6.333333333333333,6]
[7,"BETTINSON, Charles",115,"H",119,21,198,4,2,7]
[8,"HARRISON, Paul",96,"E",65,13,191,3,15.666666666666666,8]
[9,"WARD, Mark",59,"A",2,10,184,3,13.333333333333334,9]
[10,"DRIVER, Ed",49,"A",10,10,174,3,10,10]
[11,"GREEN, Kevin",105,"H",111,15,166,3,7.333333333333333,11]
[12,"ADAMS, Stephen",68,"D",46,7,158,3,4.666666666666667,12]
[13,"LINDFIELD, Bill",86,"G",93,13,155,3,3.6666666666666665,13]
[14,"TUCK, Rob",109,"F",81,12,146,3,0.66666666666666663,14]
[15,"AUSTIN, John",74,"F",83,11,146,3,0.66666666666666663,15]
[16,"SHAUL, Jimmy",94,"H",116,17,144,3,0,16]
[17,"AKESTER, Jack",16,"H",109,14,144,3,0,17]
[18,"HURCOMBE, Mark",58,"B",23,7,141,2,15,18]
[19,"RANDELL, Henry",1,"G",100,8,139,2,14.333333333333334,19]
[20,"GASCOIGNE, Robert",5,"A",11,9,137,2,13.666666666666666,20]
[21,"GROSSMAN, Martin",67,"B",19,5,134,2,12.666666666666666,21]
[22,"DAWBER, Simon",116,"G",95,12,128,2,10.666666666666666,22]
[23,"BANHAM, Jason",15,"H",112,13,123,2,9,23]
[24,"WHITE, Alan",54,"A",4,9,121,2,8.3333333333333339,24]
[25,"BENNETT, Rick",41,"F",82,12,117,2,7,25]
[26,"SMITH, George",114,"D",56,3,116,2,6.666666666666667,26]
[27,"BANCROFT, Dave",17,"H",114,10,109,2,4.333333333333333,27]
[28,"STEBBINGS, Robert",38,"G",92,12,107,2,3.6666666666666665,28]
[29,"SHORTHOUSE, Dave",118,"H",106,11,100,2,1.3333333333333333,29]
[30,"WALLIS, Craig",101,"A",15,8,100,2,1.3333333333333333,30]
[31,"WOODS, Graham",39,"D",47,3,98,2,0.66666666666666663,31]
[32,"NELSON, Ian",53,"E",68,3,97,2,0.33333333333333331,32]
[33,"KINGDON, Adam",20,"F",78,11,96,2,0,33]
[34,"CHAMBERLAIN, Darren",21,"D",48,7,96,2,0,34]
[35,"BOWELL, Ian",93,"F",88,11,94,1,15.333333333333334,35]
[36,"THORPE, Doug",104,"A",8,7,92,1,14.666666666666666,36]
[37,"CRAWFORD, Vince",76,"G",91,6,91,1,14.333333333333334,37]
[38,"BUY, Craig",119,"D",55,4,89,1,13.666666666666666,38]
[39,"LING, Richard",81,"H",108,8,88,1,13.333333333333334,39]
[40,"BORDIANU, Adrian",103,"E",66,7,88,1,13.333333333333334,40]
[41,"McCOY, Ken",52,"E",63,6,88,1,13.333333333333334,41]
[42,"STONE, Barry",79,"B",28,10,87,1,13,42]
[43,"NICHOLSON, Steven",6,"B",29,5,87,1,13,43]
[44,"PROVINS, Colin",100,"D",59,7,82,1,11.333333333333334,44]
[45,"SMITH, Andy",31,"C",37,4,82,1,11.333333333333334,45]
[46,"SMITH, Adele",62,"E",70,6,80,1,10.666666666666666,46]
[47,"TOPPING, Mike",40,"G",97,7,79,1,10.333333333333334,47]
[48,"ADAMS, Lee",22,"C",34,5,79,1,10.333333333333334,48]
[49,"SMITH, John",13,"D",58,5,78,1,10,49]
[50,"EAGLE, Dan",91,"E",62,4,78,1,10,50]
[51,"TURNER, Cameron",11,"F",86,9,76,1,9.3333333333333339,51]
[52,"CUTLER, Neil",92,"C",35,5,76,1,9.3333333333333339,52]
[53,"HUTSON, Garry",113,"E",61,4,72,1,8,53]
[54,"DOY, Alan",88,"D",60,5,71,1,7.666666666666667,54]
[55,"SELF, Bevan",8,"C",38,5,70,1,7.333333333333333,55]
[56,"ELEY, Kevin",82,"C",39,4,67,1,6.333333333333333,56]
[57,"HIPPERSON, Richard",77,"B",27,7,66,1,6,57]
[58,"MEDLER, Gary",26,"E",67,5,66,1,6,58]
[59,"KING, Simon",78,"G",105,3,66,1,6,59]
[60,"LITTLEWOOD, Stuart",14,"C",40,4,62,1,4.666666666666667,60]
[61,"THOMAS, Tony",18,"E",73,4,62,1,4.666666666666667,60]
[62,"HUTCHINSON (BP), Dave",90,"D",50,4,61,1,4.333333333333333,62]
[63,"BURT, Richard",19,"D",57,5,60,1,4,63]
[64,"CANNELL, Chris",43,"D",54,5,58,1,3.3333333333333335,64]
[65,"TEMPLE, Billy",73,"C",45,3,58,1,3.3333333333333335,65]
[66,"McKENZIE, Brian",112,"A",1,6,56,1,2.6666666666666665,66]
[67,"BURR, Dave",30,"F",84,6,56,1,2.6666666666666665,66]
[68,"JACOBS, Richard",106,"E",72,5,56,1,2.6666666666666665,68]
[69,"HARVEY, Paul ",75,"C",43,4,56,1,2.6666666666666665,69]
[70,"NANGLE, Karl",44,"D",53,3,56,1,2.6666666666666665,70]
[71,"DRAYTON, Simon",37,"H",107,7,55,1,2.3333333333333335,71]
[72,"WOODS, Becky",63,"F",76,5,55,1,2.3333333333333335,72]
[73,"PRICE, Ben",34,"G",99,5,54,1,2,73]
[74,"HADDOCK, Roy",45,"F",90,4,54,1,2,74]
[75,"RUSSELL, Shane",25,"E",69,5,53,1,1.6666666666666667,75]
[76,"HART, Paul",72,"C",31,4,53,1,1.6666666666666667,76]
[77,"SHAUL, Keith",98,"E",75,2,52,1,1.3333333333333333,77]
[78,"ELLIOTT, Nathan",24,"A",3,6,49,1,0.33333333333333331,78]
[79,"FRARY, June",32,"B",21,2,45,0,15,79]
[80,"BENNINGTON, Graham",57,"H",118,5,44,0,14.666666666666666,80]
[81,"BATTLE, Ian",51,"G",96,4,40,0,13.333333333333334,81]
[82,"HUGHES, Gary",87,"B",30,5,39,0,13,82]
[83,"DENHOLM, Paul",9,"F",87,4,37,0,12.333333333333334,83]
[84,"ADAMS, Graham",12,"A",7,2,30,0,10,84]
[85,"DIAPER, Barry",36,"D",52,3,28,0,9.3333333333333339,85]
[86,"DIAPER, Greg",3,"E",74,3,27,0,9,86]
[87,"JARMAN, Wayne",47,"A",13,4,26,0,8.6666666666666661,87]
[88,"SMITH, Leon",70,"F",79,2,24,0,8,88]
[89,"BRADSHAW, Craig",117,"G",101,2,24,0,8,88]
[90,"BENNINGTON, Tom",69,"H",117,3,22,0,7.333333333333333,90]
[91,"CARTER, John",66,"A",12,3,21,0,7,91]
[92,"LAY-FLURRIE, Matt",71,"A",9,2,16,0,5.333333333333333,92]
[93,"RUSH, Billy",64,"A",14,2,15,0,5,93]
[94,"SMART, Neil",107,"D",51,2,15,0,5,93]
[95,"HARVEY, John",111,"E",64,2,14,0,4.666666666666667,95]
[96,"CREASEY, Shaun",61,"C",32,1,8,0,2.6666666666666665,96]
[97,"HARVEY, Mark",80,"F",77,1,6,0,2,97]

{"sheet":"Day 1-Ladies","index":23,"n_rows":11,"n_cols":11,"rows_kept":11,"cut":false,"hidden":false,"merged":[[0,1,0,4],[0,5,0,10],[1,0,2,0],[1,1,2,1],[1,2,2,2],[1,3,2,3],[1,4,2,4],[1,5,2,5],[1,6,2,6],[1,9,2,9],[1,10,2,10]]}
[null,"UK LADIES CHAMPIONSHIPS 2019",null,null,null,"Day 1 (Individuals)"]
["Individual No.","Angler Name","Angler No.","Zone","Peg","No. Fish","Fish Points","Weight",null,"Day 1 Points","Day 1 Position"]
[null,null,null,null,null,null,null,"lbs","oz"]
[1,"LINDFIELD, Heather",83,"B",30,20,278,5,12.666666666666666,1,1]
[2,"LAWN, Kimberley",23,"C",45,8,254,5,4.666666666666667,2,2]
[3,"JARMAN, Rachael",85,"G",100,19,208,4,5.333333333333333,3,3]
[4,"METCALFE, Wendy",84,"D",59,5,178,3,11.333333333333334,4,4]
[5,"WOODS, Becky",63,"C",35,8,149,3,1.6666666666666667,5,5]
[6,"SMITH, Adele",62,"B",21,10,141,2,15,6,6]
[7,"FRARY, June",32,"G",103,12,129,2,11,7,7]
[8,"BROWN, Kay",102,"D",58,1,7,0,2.3333333333333335,8,8]

{"sheet":"Day 2-Ladies","index":24,"n_rows":11,"n_cols":11,"rows_kept":11,"cut":false,"hidden":false,"merged":[[0,1,0,4],[0,5,0,10],[1,0,2,0],[1,1,2,1],[1,2,2,2],[1,3,2,3],[1,4,2,4],[1,5,2,5],[1,6,2,6],[1,9,2,9],[1,10,2,10]]}
[null,"UK LADIES CHAMPIONSHIPS 2019",null,null,null,"Day 2 (Individuals)"]
["Individual No.","Angler Name","Angler No.","Zone","Peg","No. Fish","Fish Points","Weight",null,"Day 2 Points","Day 2 Position"]
[null,null,null,null,null,null,null,"lbs","oz"]
[1,"LAWN, Kimberley",23,"H",115,11,223,4,10.333333333333334,1,1]
[2,"METCALFE, Wendy",84,"G",104,9,179,3,11.666666666666666,2,2]
[3,"LINDFIELD, Heather",83,"G",94,10,149,3,1.6666666666666667,3,3]
[4,"BROWN, Kay",102,"G",103,9,117,2,7,4,4]
[5,"WOODS, Becky",63,"F",76,6,89,1,13.666666666666666,5,5]
[6,"SMITH, Adele",62,"E",70,6,80,1,10.666666666666666,6,6]
[7,"JARMAN, Rachael",85,"C",33,6,77,1,9.6666666666666661,7,7]
[8,"FRARY, June",32,"B",21,2,45,0,15,8,8]

{"sheet":"Day 1-Juniors","index":25,"n_rows":8,"n_cols":10,"rows_kept":8,"cut":false,"hidden":false,"merged":[[1,0,2,0],[1,1,2,1],[1,2,2,2],[1,3,2,3],[1,4,2,4],[1,9,2,9],[0,1,0,4],[0,5,0,9],[1,5,2,5],[1,6,2,6]]}
[null,"NORTH NORFOLK JUNIORS TOURNAMENT 2019",null,null,null,"Day 1 (Juniors)"]
["Individual No.","Angler Name","Angler No.","Zone","Peg","No. Fish","Fish Points","Weight",null,"Day 1 Position"]
[null,null,null,null,null,null,null,"lbs","oz"]
[1,"SHAUL, Jimmy",94,"C",44,5,226,4,11.333333333333334,1]
[2,"ALDOUS, Brayden",10,"E",64,8,191,3,15.666666666666666,2]
[3,"BANHAM, Mark",29,"B",22,10,186,3,14,3]
[4,"BRADSHAW, Daine",27,"A",12,5,89,1,13.666666666666666,4]
[5,"TOPPING, Jack",110,"A",5,4,75,1,9,5]

{"sheet":"Day 2-Juniors","index":26,"n_rows":8,"n_cols":10,"rows_kept":8,"cut":false,"hidden":false,"merged":[[1,0,2,0],[1,1,2,1],[1,2,2,2],[1,3,2,3],[1,4,2,4],[1,9,2,9],[0,1,0,4],[0,5,0,9],[1,5,2,5],[1,6,2,6]]}
[null,"NORTH NORFOLK JUNIORS TOURNAMENT 2019",null,null,null,"Day 2 (Juniors)"]
["Individual No.","Angler Name","Angler No.","Zone","Peg","No. Fish","Fish Points","Weight",null,"Day 2 Position"]
[null,null,null,null,null,null,null,"lbs","oz"]
[1,"BANHAM, Mark",29,"H",113,13,252,5,4,1]
[2,"SHAUL, Jimmy",94,"H",116,21,238,4,15.333333333333334,2]
[3,"ALDOUS, Brayden",10,"C",41,6,117,2,7,3]
[4,"TOPPING, Jack",110,"G",98,2,78,1,10,4]
[5,"BRADSHAW, Daine",27,"G",102,2,34,0,11.333333333333334,5]

{"sheet":"Day 1-Shannock Quads","index":27,"n_rows":15,"n_cols":8,"rows_kept":15,"cut":false,"hidden":false,"merged":[[1,0,2,0],[0,1,0,3],[1,1,2,1],[0,4,0,7],[1,2,2,2],[1,3,2,3],[1,4,2,4],[1,5,2,5]]}
[null,"SHANNOCK QUADS 2019",null,null,"Day 1 (Teams)"]
["Team Count","Day 1 Position","Team No.","Team Name","No. Fish","Fish Points","Weight"]
[null,null,null,null,null,null,"lbs","oz"]
[1,1,8,"ASSO ANYFISH ANYWHERE",49,1547,32,3.6666666666666665]
[2,2,2,"TEAM BREAKAWAY",68,1293,26,15]
[3,3,4,"THE POD BASHERS",68,1189,24,12.333333333333334]
[4,4,3,"BIRDS TACKLE",37,969,20,3]
[5,5,7,"IPSWICH SEA ANGLERS 1",59,816,17,0]
[6,6,5,"IPSWICH SEA ANGLERS 2",29,769,16,0.33333333333333331]
[7,7,6,"HARTIES ODD BODS",36,617,12,13.666666666666666]
[8,8,9,"NORTH NORFOLK LADS",21,454,9,7.333333333333333]
[9,9,10,"THE JUNIORS",22,452,9,6.666666666666667]
[10,10,12,"STUART GUNS & TACKLE",16,403,8,6.333333333333333]
[11,11,11,"GOOCHIE'S TEAM",25,381,7,15]
[12,12,1,"ITALCANNA",18,272,5,10.666666666666666]

{"sheet":"Day 2-Shannock Quads","index":28,"n_rows":15,"n_cols":8,"rows_kept":15,"cut":false,"hidden":false,"merged":[[1,0,2,0],[1,1,2,1],[1,2,2,2],[1,3,2,3],[1,4,2,4],[0,1,0,3],[0,4,0,7],[1,5,2,5]]}
[null,"SHANNOCK QUADS 2019",null,null,"Day 2 (Teams)"]
["Team Count","Day 2 Position","Team No.","Team Name","No. Fish","Fish Points","Weight"]
[null,null,null,null,null,null,"lbs","oz"]
[1,1,2,"TEAM BREAKAWAY",47,1100,22,14.666666666666666]
[2,2,4,"THE POD BASHERS",31,790,16,7.333333333333333]
[3,3,8,"ASSO ANYFISH ANYWHERE",25,763,15,14.333333333333334]
[4,4,3,"BIRDS TACKLE",38,679,14,2.3333333333333335]
[5,5,7,"IPSWICH SEA ANGLERS 1",30,630,13,2]
[6,6,9,"NORTH NORFOLK LADS",52,627,13,1]
[7,7,6,"HARTIES ODD BODS",29,500,10,6.666666666666667]
[8,8,10,"THE JUNIORS",21,447,9,5]
[9,9,12,"STUART GUNS & TACKLE",33,401,8,5.666666666666667]
[10,10,5,"IPSWICH SEA ANGLERS 2",18,257,5,5.666666666666667]
[11,11,1,"ITALCANNA",20,252,5,4]
[12,12,11,"GOOCHIE'S TEAM",0,43,0,14.333333333333334]

{"sheet":"Day 1-Heaviest Bass","index":29,"n_rows":51,"n_cols":9,"rows_kept":51,"cut":false,"hidden":false,"merged":[[50,1,50,8],[1,0,2,0],[1,2,2,2],[1,1,2,1],[1,4,2,4],[1,3,2,3],[1,7,2,7],[1,8,2,8],[0,4,0,8],[0,1,0,3]]}
[null,"OVERALL 2019",null,null,"Day 1 - Heaviest Bass"]
["Individual No.","Angler Name","Angler No.","Peg","Fish Points","Weight",null,"Species","Day 1 Position"]
[null,null,null,null,null,"lbs","oz"]
[1,"HARVEY, Mark",80,38,200,4,2.6666666666666665,"Bass",1]
[2,"BOWELL, Ian",93,43,174,3,10,"Bass",2]
[3,"ALDOUS, David",50,65,174,3,10,"Bass",2]
[4,"LINDFIELD, Bill",86,1,166,3,7.333333333333333,"Bass",4]
[5,"ELLIOTT, Nathan",24,83,166,3,7.333333333333333,"Bass",4]
[6,"HUTCHINSON (BP), Dave",90,105,166,3,7.333333333333333,"Bass",4]
[7,"MEDLER, Gary",26,37,158,3,4.666666666666667,"Bass",7]
[8,"SHAUL, Jimmy",94,44,129,2,11,"Bass",8]
[9,"SMITH, George",114,66,129,2,11,"Bass",8]
[10,"RUSSELL, Shane",25,29,122,2,8.6666666666666661,"Bass",10]
[11,"KINGDON, Adam",20,60,122,2,8.6666666666666661,"Bass",10]
[12,"WOODS, Graham",39,74,116,2,6.666666666666667,"Bass",12]
[13,"ADAMS, Lee",22,76,104,2,2.6666666666666665,"Bass",13]
[14,"CLEMENT, Alby",65,85,104,2,2.6666666666666665,"Bass",13]
[15,"CANNELL, Chris",43,61,98,2,0.66666666666666663,"Bass",15]
[16,"BUY, Craig",119,97,92,1,14.666666666666666,"Bass",16]
[17,"BRADSHAW, Craig",117,11,86,1,12.666666666666666,"Bass",17]
[18,"METCALFE, Wendy",84,59,86,1,12.666666666666666,"Bass",17]
[19,"HUTSON, Garry",113,3,74,1,8.6666666666666661,"Bass",19]
[20,"LINDFIELD, Heather",83,30,74,1,8.6666666666666661,"Bass",19]
[21,"BURR, Dave",30,26,68,1,6.666666666666667,"Bass",21]
[22,"CUTLER, Neil",92,114,63,1,5,"Bass",22]
[23,"GREEN, Kevin",105,16,59,1,3.6666666666666665,"Bass",23]
[24,"SMITH, Adele",62,21,59,1,3.6666666666666665,"Bass",23]
[25,"DIAPER, Greg",3,25,59,1,3.6666666666666665,"Bass",23]
[26,"AKESTER, Jack",16,27,59,1,3.6666666666666665,"Bass",23]
[27,"STEBBINGS, Robert",38,36,59,1,3.6666666666666665,"Bass",23]
[28,"WRIGHT, Dave",33,62,59,1,3.6666666666666665,"Bass",23]
[29,"ALDOUS, Brayden",10,64,59,1,3.6666666666666665,"Bass",23]
[30,"PROVINS, Colin",100,117,59,1,3.6666666666666665,"Bass",23]
[31,"SMITH, John",13,67,55,1,2.3333333333333335,"Bass",31]
[32,"HURCOMBE, Mark",58,78,55,1,2.3333333333333335,"Bass",31]
[33,"HARVEY, John",111,14,51,1,1,"Bass",33]
[34,"THOMAS, Tony",18,40,51,1,1,"Bass",33]
[35,"TUCK, Rob",109,42,51,1,1,"Bass",33]
[36,"WARD, Mark",59,63,51,1,1,"Bass",33]
[37,"BURT, Richard",19,86,51,1,1,"Bass",33]
[38,"HARRISON, Paul",96,41,47,0,15.666666666666666,"Bass",38]
[39,"LAWN, Kimberley",23,45,47,0,15.666666666666666,"Bass",38]
[40,"SPALL, Chris",4,46,47,0,15.666666666666666,"Bass",38]
[41,"DAWBER, Simon",116,53,47,0,15.666666666666666,"Bass",38]
[42,"BRADSHAW, Daine",27,12,43,0,14.333333333333334,"Bass",42]
[43,"BENNETT, Rick",41,15,40,0,13.333333333333334,"Bass",43]
[44,"CRAWFORD, Vince",76,8,34,0,11.333333333333334,"Bass",44]
[45,"BANHAM, Mark",29,22,22,0,7.333333333333333,"Bass",45]
[46,"BANHAM, Jason",15,23,20,0,6.666666666666667,"Bass",46]
[]
[null,"( PLEASE NOTE … SOME SMALLER FISH WERE NOT ENTERED AND WILL THEREFORE NOT APPEAR IN THIS REPORT )"]

{"sheet":"Day 2-Heaviest Bass","index":30,"n_rows":9,"n_cols":12,"rows_kept":9,"cut":false,"hidden":false,"merged":[[8,1,8,8],[1,0,2,0],[1,1,2,1],[1,2,2,2],[1,3,2,3],[1,4,2,4],[0,10,0,11],[1,10,2,10],[1,11,2,11],[0,1,0,3],[0,4,0,8],[1,7,2,7],[1,8,2,8]]}
[null,"OVERALL 2019",null,null,"Day 2 - Heaviest Bass",null,null,null,null,null,"Winners table extract detail"]
["Individual No.","Angler Name","Angler No.","Peg","Fish Points","Weight",null,"Species","Day 2 Position",null,"Overall Position","Angler No"]
[null,null,null,null,null,"lbs","oz"]
[1,"GASCOIGNE, Robert",5,11,174,3,10,"Bass",1,null,1,5]
[2,"WOODS, Graham",39,47,166,3,7.333333333333333,"Bass",2,null,2,39]
[3,"CANNELL, Chris",43,54,158,3,4.666666666666667,"Bass",3,null,3,43]
[4,"HUGHES, Gary",87,30,122,2,8.6666666666666661,"Bass",4,null,4,87]
[]
[null,"( PLEASE NOTE … SOME SMALLER FISH WERE NOT ENTERED AND WILL THEREFORE NOT APPEAR IN THIS REPORT )"]

{"sheet":"Day 1-Heaviest Flattie","index":31,"n_rows":28,"n_cols":9,"rows_kept":28,"cut":false,"hidden":false,"merged":[[27,1,27,8],[1,0,2,0],[1,1,2,1],[1,2,2,2],[1,3,2,3],[1,4,2,4],[0,1,0,3],[0,4,0,8],[1,7,2,7],[1,8,2,8]]}
[null,"BASS FESTIVAL 2019",null,null,"Day 1 - Heaviest Flattie"]
["Individual No.","Angler Name","Angler No.","Peg","Fish Points","Weight",null,"Species","Day 1 Position"]
[null,null,null,null,null,"lbs","oz"]
[1,"TOPPING, Mike",40,6,60,1,4,"Flounder",1]
[2,"BANHAM, Jason",15,23,60,1,4,"Flounder",1]
[3,"DRIVER, Ed",49,107,60,1,4,"Flounder",1]
[4,"BOWELL, Ian",93,43,52,1,1.3333333333333333,"Flounder",4]
[5,"WATTS, Mike",46,24,48,1,0,"Flounder",5]
[6,"SMITH, George",114,66,48,1,0,"Flounder",5]
[7,"RUSH, Billy",64,101,48,1,0,"Flounder",5]
[8,"HUTSON, Garry",113,3,44,0,14.666666666666666,"Flounder",8]
[9,"EAGLE, Dan",91,10,44,0,14.666666666666666,"Flounder",8]
[10,"RUSSELL, Shane",25,29,44,0,14.666666666666666,"Flounder",8]
[11,"CRAWFORD, Vince",76,8,40,0,13.333333333333334,"Flounder",11]
[12,"BURR, Dave",30,26,40,0,13.333333333333334,"Flounder",11]
[13,"SMITH, John",13,67,40,0,13.333333333333334,"Flounder",11]
[14,"PARROTT, Ade",95,112,40,0,13.333333333333334,"Flounder",11]
[15,"DIAPER, Greg",3,25,36,0,12,"Flounder",15]
[16,"MEDLER, Gary",26,37,36,0,12,"Flounder",15]
[17,"SPALL, Chris",4,46,36,0,12,"Flounder",15]
[18,"ELEY, Kevin",82,120,32,0,10.666666666666666,"Flounder",18]
[19,"LINDFIELD, Bill",86,1,28,0,9.3333333333333339,"Flounder",19]
[20,"SHAUL, Keith",98,2,24,0,8,"Dab",20]
[21,"AKESTER, Jack",16,27,24,0,8,"Dab",20]
[22,"CUTLER, Neil",92,114,24,0,8,"Flounder",20]
[23,"BRADSHAW, Craig",117,11,12,0,4,"Dab",23]
[]
[null,"( PLEASE NOTE … SOME SMALLER FISH WERE NOT ENTERED AND WILL THEREFORE NOT APPEAR IN THIS REPORT )"]

{"sheet":"Day 2-Heaviest Flattie","index":32,"n_rows":17,"n_cols":9,"rows_kept":17,"cut":false,"hidden":false,"merged":[[16,1,16,8],[1,0,2,0],[1,1,2,1],[1,2,2,2],[1,3,2,3],[1,4,2,4],[0,1,0,3],[0,4,0,8],[1,7,2,7],[1,8,2,8]]}
[null,"BASS FESTIVAL 2019",null,null,"Day 2 - Heaviest Flattie"]
["Individual No.","Angler Name","Angler No.","Peg","Fish Points","Weight",null,"Species","Day 2 Position"]
[null,null,null,null,null,"lbs","oz"]
[1,"SPALL, Chris",4,89,64,1,5.333333333333333,"Flounder",1]
[2,"WRIGHT, Dave",33,36,56,1,2.6666666666666665,"Flounder",2]
[3,"GASCOIGNE, Robert",5,11,52,1,1.3333333333333333,"Flounder",3]
[4,"SMITH, George",114,56,52,1,1.3333333333333333,"Flounder",3]
[5,"CLEMENT, Alby",65,20,48,1,0,"Flounder",5]
[6,"BUY, Craig",119,55,48,1,0,"Flounder",5]
[7,"KING, Simon",78,105,48,1,0,"Flounder",5]
[8,"DRIVER, Ed",49,10,44,0,14.666666666666666,"Flounder",8]
[9,"GROSSMAN, Martin",67,19,44,0,14.666666666666666,"Flounder",8]
[10,"STORER, Paul",7,80,44,0,14.666666666666666,"Flounder",8]
[11,"FRARY, Charlie",120,22,40,0,13.333333333333334,"Flounder",11]
[12,"NELSON, Ian",53,68,40,0,13.333333333333334,"Flounder",11]
[]
[null,"( PLEASE NOTE … SOME SMALLER FISH WERE NOT ENTERED AND WILL THEREFORE NOT APPEAR IN THIS REPORT )"]

{"sheet":"Final Individual results","index":33,"n_rows":103,"n_cols":17,"rows_kept":103,"cut":false,"hidden":true,"merged":[[1,16,2,16],[1,10,2,10],[1,7,2,7],[1,6,2,6],[1,0,2,0],[1,4,2,4],[1,5,2,5],[1,1,2,1],[1,2,2,2],[1,3,2,3],[0,0,0,7],[1,15,2,15],[1,11,2,11],[1,12,2,12],[1,13,2,13],[1,14,2,14]]}
["HSAC North Norfolk Bass Festival 2013  -  Final Positions ",null,null,null,null,null,null,null,null,null,"Individuals data extraction calculations"]
["Angler Name","Angler No","Total No. Fish","Total No. Fish Points","Day 1 Points","Day 2 Points","Total Points","Overall Position",null,null,"Overall Position","Angler No","Total No. Fish","Total No. Fish Points","Day 1 Points","Day 2 Points","Total Points"]
[]
[{"$f":"VLOOKUP($B4,#REF!,2,FALSE)","v":{"$error":"#N/A"}},{"$f":"VLOOKUP($H4,$K$4:$Q$300,2,FALSE)","v":{"$error":"#N/A"}},{"$f":"VLOOKUP($H4,$K$4:$Q$300,3,FALSE)","v":{"$error":"#N/A"}},{"$f":"VLOOKUP($H4,$K$4:$Q$300,4,FALSE)","v":{"$error":"#N/A"}},{"$f":"VLOOKUP($H4,$K$4:$Q$300,5,FALSE)","v":{"$error":"#N/A"}},{"$f":"VLOOKUP($H4,$K$4:$Q$300,6,FALSE)","v":{"$error":"#N/A"}},{"$f":"VLOOKUP($H4,$K$4:$Q$300,7,FALSE)","v":{"$error":"#N/A"}},{"$f":"IF(ISERROR(H3+1)=TRUE,1,H3+1)","v":1},null,null,{"$f":"IF(Q4=NpZ*NoZ*2,NpZ*NoZ,RANK(Q4,Q$4:Q$300,1))","v":{"$error":"#REF!"}},1,{"$f":"IF(ISNA(VLOOKUP($L4,'Day 1-All Fish'!$C$3:$G$265,4,FALSE)+VLOOKUP($L4,#REF!,4,FALSE))=TRUE,\"\",VLOOKUP($L4,'Day 1-All Fish'!$C$3:$G$265,4,FALSE)+VLOOKUP($L4,#REF!,4,FALSE))","v":{"$error":"#REF!"}},{"$f":"IF(ISNA(VLOOKUP($L4,'Day 1-All Fish'!$C$3:$G$265,5,FALSE)+VLOOKUP($L4,#REF!,5,FALSE))=TRUE,\"\",VLOOKUP($L4,'Day 1-All Fish'!$C$3:$G$265,5,FALSE)+VLOOKUP($L4,#REF!,5,FALSE))","v":{"$error":"#REF!"}},{"$f":"IF(ISNA(VLOOKUP($L4,'Day 1-All Fish'!$C$3:$J$265,8,FALSE))=TRUE,\"\",VLOOKUP($L4,'Day 1-All Fish'!$C$3:$J$265,8,FALSE))","v":21},{"$f":"IF(ISNA(VLOOKUP($L4,#REF!,8,FALSE))=TRUE,\"\",VLOOKUP($L4,#REF!,8,FALSE))","v":{"$error":"#REF!"}},{"$f":"IF(OR(M4=\"\",M4=0),NpZ*2,(O4+P4)-N4/100000-M4/1000000)","v":{"$error":"#REF!"}}]
[{"$f":"VLOOKUP($B5,#REF!,2,FALSE)","v":{"$error":"#N/A"}},{"$error":"#N/A"},{"$error":"#N/A"},{"$error":"#N/A"},{"$error":"#N/A"},{"$error":"#N/A"},{"$error":"#N/A"},{"$f":"IF(ISERROR(H4+1)=TRUE,1,H4+1)","v":2},null,null,{"$error":"#REF!"},2,{"$f":"IF(ISNA(VLOOKUP($L5,'Day 1-All Fish'!$C$3:$G$265,4,FALSE)+VLOOKUP($L5,#REF!,4,FALSE))=TRUE,\"\",VLOOKUP($L5,'Day 1-All Fish'!$C$3:$G$265,4,FALSE)+VLOOKUP($L5,#REF!,4,FALSE))","v":""},{"$f":"IF(ISNA(VLOOKUP($L5,'Day 1-All Fish'!$C$3:$G$265,5,FALSE)+VLOOKUP($L5,#REF!,5,FALSE))=TRUE,\"\",VLOOKUP($L5,'Day 1-All Fish'!$C$3:$G$265,5,FALSE)+VLOOKUP($L5,#REF!,5,FALSE))","v":""},{"$f":"IF(ISNA(VLOOKUP($L5,'Day 1-All Fish'!$C$3:$J$265,8,FALSE))=TRUE,\"\",VLOOKUP($L5,'Day 1-All Fish'!$C$3:$J$265,8,FALSE))","v":""},{"$f":"IF(ISNA(VLOOKUP($L5,#REF!,8,FALSE))=TRUE,\"\",VLOOKUP($L5,#REF!,8,FALSE))","v":{"$error":"#REF!"}},{"$error":"#REF!"}]
[{"$f":"VLOOKUP($B6,#REF!,2,FALSE)","v":{"$error":"#N/A"}},{"$error":"#N/A"},{"$error":"#N/A"},{"$error":"#N/A"},{"$error":"#N/A"},{"$error":"#N/A"},{"$error":"#N/A"},3,null,null,{"$error":"#REF!"},3,{"$f":"IF(ISNA(VLOOKUP($L6,'Day 1-All Fish'!$C$3:$G$265,4,FALSE)+VLOOKUP($L6,#REF!,4,FALSE))=TRUE,\"\",VLOOKUP($L6,'Day 1-All Fish'!$C$3:$G$265,4,FALSE)+VLOOKUP($L6,#REF!,4,FALSE))","v":{"$error":"#REF!"}},{"$f":"IF(ISNA(VLOOKUP($L6,'Day 1-All Fish'!$C$3:$G$265,5,FALSE)+VLOOKUP($L6,#REF!,5,FALSE))=TRUE,\"\",VLOOKUP($L6,'Day 1-All Fish'!$C$3:$G$265,5,FALSE)+VLOOKUP($L6,#REF!,5,FALSE))","v":{"$error":"#REF!"}},{"$f":"IF(ISNA(VLOOKUP($L6,'Day 1-All Fish'!$C$3:$J$265,8,FALSE))=TRUE,\"\",VLOOKUP($L6,'Day 1-All Fish'!$C$3:$J$265,8,FALSE))","v":69},{"$f":"IF(ISNA(VLOOKUP($L6,#REF!,8,FALSE))=TRUE,\"\",VLOOKUP($L6,#REF!,8,FALSE))","v":{"$error":"#REF!"}},{"$error":"#REF!"}]
[{"$f":"VLOOKUP($B7,#REF!,2,FALSE)","v":{"$error":"#N/A"}},{"$error":"#N/A"},{"$error":"#N/A"},{"$error":"#N/A"},{"$error":"#N/A"},{"$error":"#N/A"},{"$error":"#N/A"},4,null,null,{"$error":"#REF!"},4,{"$f":"IF(ISNA(VLOOKUP($L7,'Day 1-All Fish'!$C$3:$G$265,4,FALSE)+VLOOKUP($L7,#REF!,4,FALSE))=TRUE,\"\",VLOOKUP($L7,'Day 1-All Fish'!$C$3:$G$265,4,FALSE)+VLOOKUP($L7,#REF!,4,FALSE))","v":{"$error":"#REF!"}},{"$f":"IF(ISNA(VLOOKUP($L7,'Day 1-All Fish'!$C$3:$G$265,5,FALSE)+VLOOKUP($L7,#REF!,5,FALSE))=TRUE,\"\",VLOOKUP($L7,'Day 1-All Fish'!$C$3:$G$265,5,FALSE)+VLOOKUP($L7,#REF!,5,FALSE))","v":{"$error":"#REF!"}},{"$f":"IF(ISNA(VLOOKUP($L7,'Day 1-All Fish'!$C$3:$J$265,8,FALSE))=TRUE,\"\",VLOOKUP($L7,'Day 1-All Fish'!$C$3:$J$265,8,FALSE))","v":40},{"$f":"IF(ISNA(VLOOKUP($L7,#REF!,8,FALSE))=TRUE,\"\",VLOOKUP($L7,#REF!,8,FALSE))","v":{"$error":"#REF!"}},{"$error":"#REF!"}]
[{"$f":"VLOOKUP($B8,#REF!,2,FALSE)","v":{"$error":"#N/A"}},{"$error":"#N/A"},{"$error":"#N/A"},{"$error":"#N/A"},{"$error":"#N/A"},{"$error":"#N/A"},{"$error":"#N/A"},5,null,null,{"$error":"#REF!"},5,{"$f":"IF(ISNA(VLOOKUP($L8,'Day 1-All Fish'!$C$3:$G$265,4,FALSE)+VLOOKUP($L8,#REF!,4,FALSE))=TRUE,\"\",VLOOKUP($L8,'Day 1-All Fish'!$C$3:$G$265,4,FALSE)+VLOOKUP($L8,#REF!,4,FALSE))","v":{"$error":"#REF!"}},{"$f":"IF(ISNA(VLOOKUP($L8,'Day 1-All Fish'!$C$3:$G$265,5,FALSE)+VLOOKUP($L8,#REF!,5,FALSE))=TRUE,\"\",VLOOKUP($L8,'Day 1-All Fish'!$C$3:$G$265,5,FALSE)+VLOOKUP($L8,#REF!,5,FALSE))","v":{"$error":"#REF!"}},{"$f":"IF(ISNA(VLOOKUP($L8,'Day 1-All Fish'!$C$3:$J$265,8,FALSE))=TRUE,\"\",VLOOKUP($L8,'Day 1-All Fish'!$C$3:$J$265,8,FALSE))","v":51},{"$f":"IF(ISNA(VLOOKUP($L8,#REF!,8,FALSE))=TRUE,\"\",VLOOKUP($L8,#REF!,8,FALSE))","v":{"$error":"#REF!"}},{"$error":"#REF!"}]
[{"$f":"VLOOKUP($B9,#REF!,2,FALSE)","v":{"$error":"#N/A"}},{"$error":"#N/A"},{"$error":"#N/A"},{"$error":"#N/A"},{"$error":"#N/A"},{"$error":"#N/A"},{"$error":"#N/A"},6,null,null,{"$error":"#REF!"},6,{"$f":"IF(ISNA(VLOOKUP($L9,'Day 1-All Fish'!$C$3:$G$265,4,FALSE)+VLOOKUP($L9,#REF!,4,FALSE))=TRUE,\"\",VLOOKUP($L9,'Day 1-All Fish'!$C$3:$G$265,4,FALSE)+VLOOKUP($L9,#REF!,4,FALSE))","v":{"$error":"#REF!"}},{"$f":"IF(ISNA(VLOOKUP($L9,'Day 1-All Fish'!$C$3:$G$265,5,FALSE)+VLOOKUP($L9,#REF!,5,FALSE))=TRUE,\"\",VLOOKUP($L9,'Day 1-All Fish'!$C$3:$G$265,5,FALSE)+VLOOKUP($L9,#REF!,5,FALSE))","v":{"$error":"#REF!"}},{"$f":"IF(ISNA(VLOOKUP($L9,'Day 1-All Fish'!$C$3:$J$265,8,FALSE))=TRUE,\"\",VLOOKUP($L9,'Day 1-All Fish'!$C$3:$J$265,8,FALSE))","v":94},{"$f":"IF(ISNA(VLOOKUP($L9,#REF!,8,FALSE))=TRUE,\"\",VLOOKUP($L9,#REF!,8,FALSE))","v":{"$error":"#REF!"}},{"$error":"#REF!"}]
[{"$f":"VLOOKUP($B10,#REF!,2,FALSE)","v":{"$error":"#N/A"}},{"$error":"#N/A"},{"$error":"#N/A"},{"$error":"#N/A"},{"$error":"#N/A"},{"$error":"#N/A"},{"$error":"#N/A"},7,null,null,{"$error":"#REF!"},7,{"$f":"IF(ISNA(VLOOKUP($L10,'Day 1-All Fish'!$C$3:$G$265,4,FALSE)+VLOOKUP($L10,#REF!,4,FALSE))=TRUE,\"\",VLOOKUP($L10,'Day 1-All Fish'!$C$3:$G$265,4,FALSE)+VLOOKUP($L10,#REF!,4,FALSE))","v":{"$error":"#REF!"}},{"$f":"IF(ISNA(VLOOKUP($L10,'Day 1-All Fish'!$C$3:$G$265,5,FALSE)+VLOOKUP($L10,#REF!,5,FALSE))=TRUE,\"\",VLOOKUP($L10,'Day 1-All Fish'!$C$3:$G$265,5,FALSE)+VLOOKUP($L10,#REF!,5,FALSE))","v":{"$error":"#REF!"}},{"$f":"IF(ISNA(VLOOKUP($L10,'Day 1-All Fish'!$C$3:$J$265,8,FALSE))=TRUE,\"\",VLOOKUP($L10,'Day 1-All Fish'!$C$3:$J$265,8,FALSE))","v":63},{"$f":"IF(ISNA(VLOOKUP($L10,#REF!,8,FALSE))=TRUE,\"\",VLOOKUP($L10,#REF!,8,FALSE))","v":{"$error":"#REF!"}},{"$error":"#REF!"}]
[{"$f":"VLOOKUP($B11,#REF!,2,FALSE)","v":{"$error":"#N/A"}},{"$error":"#N/A"},{"$error":"#N/A"},{"$error":"#N/A"},{"$error":"#N/A"},{"$error":"#N/A"},{"$error":"#N/A"},8,null,null,{"$error":"#REF!"},8,{"$f":"IF(ISNA(VLOOKUP($L11,'Day 1-All Fish'!$C$3:$G$265,4,FALSE)+VLOOKUP($L11,#REF!,4,FALSE))=TRUE,\"\",VLOOKUP($L11,'Day 1-All Fish'!$C$3:$G$265,4,FALSE)+VLOOKUP($L11,#REF!,4,FALSE))","v":{"$error":"#REF!"}},{"$f":"IF(ISNA(VLOOKUP($L11,'Day 1-All Fish'!$C$3:$G$265,5,FALSE)+VLOOKUP($L11,#REF!,5,FALSE))=TRUE,\"\",VLOOKUP($L11,'Day 1-All Fish'!$C$3:$G$265,5,FALSE)+VLOOKUP($L11,#REF!,5,FALSE))","v":{"$error":"#REF!"}},{"$f":"IF(ISNA(VLOOKUP($L11,'Day 1-All Fish'!$C$3:$J$265,8,FALSE))=TRUE,\"\",VLOOKUP($L11,'Day 1-All Fish'!$C$3:$J$265,8,FALSE))","v":34},{"$f":"IF(ISNA(VLOOKUP($L11,#REF!,8,FALSE))=TRUE,\"\",VLOOKUP($L11,#REF!,8,FALSE))","v":{"$error":"#REF!"}},{"$error":"#REF!"}]
[{"$f":"VLOOKUP($B12,#REF!,2,FALSE)","v":{"$error":"#N/A"}},{"$error":"#N/A"},{"$error":"#N/A"},{"$error":"#N/A"},{"$error":"#N/A"},{"$error":"#N/A"},{"$error":"#N/A"},9,null,null,{"$error":"#REF!"},9,{"$f":"IF(ISNA(VLOOKUP($L12,'Day 1-All Fish'!$C$3:$G$265,4,FALSE)+VLOOKUP($L12,#REF!,4,FALSE))=TRUE,\"\",VLOOKUP($L12,'Day 1-All Fish'!$C$3:$G$265,4,FALSE)+VLOOKUP($L12,#REF!,4,FALSE))","v":{"$error":"#REF!"}},{"$f":"IF(ISNA(VLOOKUP($L12,'Day 1-All Fish'!$C$3:$G$265,5,FALSE)+VLOOKUP($L12,#REF!,5,FALSE))=TRUE,\"\",VLOOKUP($L12,'Day 1-All Fish'!$C$3:$G$265,5,FALSE)+VLOOKUP($L12,#REF!,5,FALSE))","v":{"$error":"#REF!"}},{"$f":"IF(ISNA(VLOOKUP($L12,'Day 1-All Fish'!$C$3:$J$265,8,FALSE))=TRUE,\"\",VLOOKUP($L12,'Day 1-All Fish'!$C$3:$J$265,8,FALSE))","v":57},{"$f":"IF(ISNA(VLOOKUP($L12,#REF!,8,FALSE))=TRUE,\"\",VLOOKUP($L12,#REF!,8,FALSE))","v":{"$error":"#REF!"}},{"$error":"#REF!"}]
[{"$f":"VLOOKUP($B13,#REF!,2,FALSE)","v":{"$error":"#N/A"}},{"$error":"#N/A"},{"$error":"#N/A"},{"$error":"#N/A"},{"$error":"#N/A"},{"$error":"#N/A"},{"$error":"#N/A"},10,null,null,{"$error":"#REF!"},10,{"$f":"IF(ISNA(VLOOKUP($L13,'Day 1-All Fish'!$C$3:$G$265,4,FALSE)+VLOOKUP($L13,#REF!,4,FALSE))=TRUE,\"\",VLOOKUP($L13,'Day 1-All Fish'!$C$3:$G$265,4,FALSE)+VLOOKUP($L13,#REF!,4,FALSE))","v":{"$error":"#REF!"}},{"$f":"IF(ISNA(VLOOKUP($L13,'Day 1-All Fish'!$C$3:$G$265,5,FALSE)+VLOOKUP($L13,#REF!,5,FALSE))=TRUE,\"\",VLOOKUP($L13,'Day 1-All Fish'!$C$3:$G$265,5,FALSE)+VLOOKUP($L13,#REF!,5,FALSE))","v":{"$error":"#REF!"}},{"$f":"IF(ISNA(VLOOKUP($L13,'Day 1-All Fish'!$C$3:$J$265,8,FALSE))=TRUE,\"\",VLOOKUP($L13,'Day 1-All Fish'!$C$3:$J$265,8,FALSE))","v":49},{"$f":"IF(ISNA(VLOOKUP($L13,#REF!,8,FALSE))=TRUE,\"\",VLOOKUP($L13,#REF!,8,FALSE))","v":{"$error":"#REF!"}},{"$error":"#REF!"}]
[{"$f":"VLOOKUP($B14,#REF!,2,FALSE)","v":{"$error":"#N/A"}},{"$error":"#N/A"},{"$error":"#N/A"},{"$error":"#N/A"},{"$error":"#N/A"},{"$error":"#N/A"},{"$error":"#N/A"},11,null,null,{"$error":"#REF!"},11,{"$f":"IF(ISNA(VLOOKUP($L14,'Day 1-All Fish'!$C$3:$G$265,4,FALSE)+VLOOKUP($L14,#REF!,4,FALSE))=TRUE,\"\",VLOOKUP($L14,'Day 1-All Fish'!$C$3:$G$265,4,FALSE)+VLOOKUP($L14,#REF!,4,FALSE))","v":{"$error":"#REF!"}},{"$f":"IF(ISNA(VLOOKUP($L14,'Day 1-All Fish'!$C$3:$G$265,5,FALSE)+VLOOKUP($L14,#REF!,5,FALSE))=TRUE,\"\",VLOOKUP($L14,'Day 1-All Fish'!$C$3:$G$265,5,FALSE)+VLOOKUP($L14,#REF!,5,FALSE))","v":{"$error":"#REF!"}},{"$f":"IF(ISNA(VLOOKUP($L14,'Day 1-All Fish'!$C$3:$J$265,8,FALSE))=TRUE,\"\",VLOOKUP($L14,'Day 1-All Fish'!$C$3:$J$265,8,FALSE))","v":10},{"$f":"IF(ISNA(VLOOKUP($L14,#REF!,8,FALSE))=TRUE,\"\",VLOOKUP($L14,#REF!,8,FALSE))","v":{"$error":"#REF!"}},{"$error":"#REF!"}]
[{"$f":"VLOOKUP($B15,#REF!,2,FALSE)","v":{"$error":"#N/A"}},{"$error":"#N/A"},{"$error":"#N/A"},{"$error":"#N/A"},{"$error":"#N/A"},{"$error":"#N/A"},{"$error":"#N/A"},12,null,null,{"$error":"#REF!"},12,{"$f":"IF(ISNA(VLOOKUP($L15,'Day 1-All Fish'!$C$3:$G$265,4,FALSE)+VLOOKUP($L15,#REF!,4,FALSE))=TRUE,\"\",VLOOKUP($L15,'Day 1-All Fish'!$C$3:$G$265,4,FALSE)+VLOOKUP($L15,#REF!,4,FALSE))","v":{"$error":"#REF!"}},{"$f":"IF(ISNA(VLOOKUP($L15,'Day 1-All Fish'!$C$3:$G$265,5,FALSE)+VLOOKUP($L15,#REF!,5,FALSE))=TRUE,\"\",VLOOKUP($L15,'Day 1-All Fish'!$C$3:$G$265,5,FALSE)+VLOOKUP($L15,#REF!,5,FALSE))","v":{"$error":"#REF!"}},{"$f":"IF(ISNA(VLOOKUP($L15,'Day 1-All Fish'!$C$3:$J$265,8,FALSE))=TRUE,\"\",VLOOKUP($L15,'Day 1-All Fish'!$C$3:$J$265,8,FALSE))","v":67},{"$f":"IF(ISNA(VLOOKUP($L15,#REF!,8,FALSE))=TRUE,\"\",VLOOKUP($L15,#REF!,8,FALSE))","v":{"$error":"#REF!"}},{"$error":"#REF!"}]
[{"$f":"VLOOKUP($B16,#REF!,2,FALSE)","v":{"$error":"#N/A"}},{"$error":"#N/A"},{"$error":"#N/A"},{"$error":"#N/A"},{"$error":"#N/A"},{"$error":"#N/A"},{"$error":"#N/A"},13,null,null,{"$error":"#REF!"},13,{"$f":"IF(ISNA(VLOOKUP($L16,'Day 1-All Fish'!$C$3:$G$265,4,FALSE)+VLOOKUP($L16,#REF!,4,FALSE))=TRUE,\"\",VLOOKUP($L16,'Day 1-All Fish'!$C$3:$G$265,4,FALSE)+VLOOKUP($L16,#REF!,4,FALSE))","v":{"$error":"#REF!"}},{"$f":"IF(ISNA(VLOOKUP($L16,'Day 1-All Fish'!$C$3:$G$265,5,FALSE)+VLOOKUP($L16,#REF!,5,FALSE))=TRUE,\"\",VLOOKUP($L16,'Day 1-All Fish'!$C$3:$G$265,5,FALSE)+VLOOKUP($L16,#REF!,5,FALSE))","v":{"$error":"#REF!"}},{"$f":"IF(ISNA(VLOOKUP($L16,'Day 1-All Fish'!$C$3:$J$265,8,FALSE))=TRUE,\"\",VLOOKUP($L16,'Day 1-All Fish'!$C$3:$J$265,8,FALSE))","v":36},{"$f":"IF(ISNA(VLOOKUP($L16,#REF!,8,FALSE))=TRUE,\"\",VLOOKUP($L16,#REF!,8,FALSE))","v":{"$error":"#REF!"}},{"$error":"#REF!"}]
[{"$f":"VLOOKUP($B17,#REF!,2,FALSE)","v":{"$error":"#N/A"}},{"$error":"#N/A"},{"$error":"#N/A"},{"$error":"#N/A"},{"$error":"#N/A"},{"$error":"#N/A"},{"$error":"#N/A"},14,null,null,{"$error":"#REF!"},14,{"$f":"IF(ISNA(VLOOKUP($L17,'Day 1-All Fish'!$C$3:$G$265,4,FALSE)+VLOOKUP($L17,#REF!,4,FALSE))=TRUE,\"\",VLOOKUP($L17,'Day 1-All Fish'!$C$3:$G$265,4,FALSE)+VLOOKUP($L17,#REF!,4,FALSE))","v":{"$error":"#REF!"}},{"$f":"IF(ISNA(VLOOKUP($L17,'Day 1-All Fish'!$C$3:$G$265,5,FALSE)+VLOOKUP($L17,#REF!,5,FALSE))=TRUE,\"\",VLOOKUP($L17,'Day 1-All Fish'!$C$3:$G$265,5,FALSE)+VLOOKUP($L17,#REF!,5,FALSE))","v":{"$error":"#REF!"}},{"$f":"IF(ISNA(VLOOKUP($L17,'Day 1-All Fish'!$C$3:$J$265,8,FALSE))=TRUE,\"\",VLOOKUP($L17,'Day 1-All Fish'!$C$3:$J$265,8,FALSE))","v":64},{"$f":"IF(ISNA(VLOOKUP($L17,#REF!,8,FALSE))=TRUE,\"\",VLOOKUP($L17,#REF!,8,FALSE))","v":{"$error":"#REF!"}},{"$error":"#REF!"}]
[{"$f":"VLOOKUP($B18,#REF!,2,FALSE)","v":{"$error":"#N/A"}},{"$error":"#N/A"},{"$error":"#N/A"},{"$error":"#N/A"},{"$error":"#N/A"},{"$error":"#N/A"},{"$error":"#N/A"},15,null,null,{"$error":"#REF!"},15,{"$f":"IF(ISNA(VLOOKUP($L18,'Day 1-All Fish'!$C$3:$G$265,4,FALSE)+VLOOKUP($L18,#REF!,4,FALSE))=TRUE,\"\",VLOOKUP($L18,'Day 1-All Fish'!$C$3:$G$265,4,FALSE)+VLOOKUP($L18,#REF!,4,FALSE))","v":{"$error":"#REF!"}},{"$f":"IF(ISNA(VLOOKUP($L18,'Day 1-All Fish'!$C$3:$G$265,5,FALSE)+VLOOKUP($L18,#REF!,5,FALSE))=TRUE,\"\",VLOOKUP($L18,'Day 1-All Fish'!$C$3:$G$265,5,FALSE)+VLOOKUP($L18,#REF!,5,FALSE))","v":{"$error":"#REF!"}},{"$f":"IF(ISNA(VLOOKUP($L18,'Day 1-All Fish'!$C$3:$J$265,8,FALSE))=TRUE,\"\",VLOOKUP($L18,'Day 1-All Fish'!$C$3:$J$265,8,FALSE))","v":86},{"$f":"IF(ISNA(VLOOKUP($L18,#REF!,8,FALSE))=TRUE,\"\",VLOOKUP($L18,#REF!,8,FALSE))","v":{"$error":"#REF!"}},{"$error":"#REF!"}]
[{"$f":"VLOOKUP($B19,#REF!,2,FALSE)","v":{"$error":"#N/A"}},{"$error":"#N/A"},{"$error":"#N/A"},{"$error":"#N/A"},{"$error":"#N/A"},{"$error":"#N/A"},{"$error":"#N/A"},16,null,null,{"$error":"#REF!"},16,{"$f":"IF(ISNA(VLOOKUP($L19,'Day 1-All Fish'!$C$3:$G$265,4,FALSE)+VLOOKUP($L19,#REF!,4,FALSE))=TRUE,\"\",VLOOKUP($L19,'Day 1-All Fish'!$C$3:$G$265,4,FALSE)+VLOOKUP($L19,#REF!,4,FALSE))","v":{"$error":"#REF!"}},{"$f":"IF(ISNA(VLOOKUP($L19,'Day 1-All Fish'!$C$3:$G$265,5,FALSE)+VLOOKUP($L19,#REF!,5,FALSE))=TRUE,\"\",VLOOKUP($L19,'Day 1-All Fish'!$C$3:$G$265,5,FALSE)+VLOOKUP($L19,#REF!,5,FALSE))","v":{"$error":"#REF!"}},{"$f":"IF(ISNA(VLOOKUP($L19,'Day 1-All Fish'!$C$3:$J$265,8,FALSE))=TRUE,\"\",VLOOKUP($L19,'Day 1-All Fish'!$C$3:$J$265,8,FALSE))","v":48},{"$f":"IF(ISNA(VLOOKUP($L19,#REF!,8,FALSE))=TRUE,\"\",VLOOKUP($L19,#REF!,8,FALSE))","v":{"$error":"#REF!"}},{"$error":"#REF!"}]
[{"$f":"VLOOKUP($B20,#REF!,2,FALSE)","v":{"$error":"#N/A"}},{"$error":"#N/A"},{"$error":"#N/A"},{"$error":"#N/A"},{"$error":"#N/A"},{"$error":"#N/A"},{"$error":"#N/A"},17,null,null,{"$error":"#REF!"},17,{"$f":"IF(ISNA(VLOOKUP($L20,'Day 1-All Fish'!$C$3:$G$265,4,FALSE)+VLOOKUP($L20,#REF!,4,FALSE))=TRUE,\"\",VLOOKUP($L20,'Day 1-All Fish'!$C$3:$G$265,4,FALSE)+VLOOKUP($L20,#REF!,4,FALSE))","v":{"$error":"#REF!"}},{"$f":"IF(ISNA(VLOOKUP($L20,'Day 1-All Fish'!$C$3:$G$265,5,FALSE)+VLOOKUP($L20,#REF!,5,FALSE))=TRUE,\"\",VLOOKUP($L20,'Day 1-All Fish'!$C$3:$G$265,5,FALSE)+VLOOKUP($L20,#REF!,5,FALSE))","v":{"$error":"#REF!"}},{"$f":"IF(ISNA(VLOOKUP($L20,'Day 1-All Fish'!$C$3:$J$265,8,FALSE))=TRUE,\"\",VLOOKUP($L20,'Day 1-All Fish'!$C$3:$J$265,8,FALSE))","v":107},{"$f":"IF(ISNA(VLOOKUP($L20,#REF!,8,FALSE))=TRUE,\"\",VLOOKUP($L20,#REF!,8,FALSE))","v":{"$error":"#REF!"}},{"$error":"#REF!"}]
[{"$f":"VLOOKUP($B21,#REF!,2,FALSE)","v":{"$error":"#N/A"}},{"$error":"#N/A"},{"$error":"#N/A"},{"$error":"#N/A"},{"$error":"#N/A"},{"$error":"#N/A"},{"$error":"#N/A"},18,null,null,{"$error":"#REF!"},18,{"$f":"IF(ISNA(VLOOKUP($L21,'Day 1-All Fish'!$C$3:$G$265,4,FALSE)+VLOOKUP($L21,#REF!,4,FALSE))=TRUE,\"\",VLOOKUP($L21,'Day 1-All Fish'!$C$3:$G$265,4,FALSE)+VLOOKUP($L21,#REF!,4,FALSE))","v":{"$error":"#REF!"}},{"$f":"IF(ISNA(VLOOKUP($L21,'Day 1-All Fish'!$C$3:$G$265,5,FALSE)+VLOOKUP($L21,#REF!,5,FALSE))=TRUE,\"\",VLOOKUP($L21,'Day 1-All Fish'!$C$3:$G$265,5,FALSE)+VLOOKUP($L21,#REF!,5,FALSE))","v":{"$error":"#REF!"}},{"$f":"IF(ISNA(VLOOKUP($L21,'Day 1-All Fish'!$C$3:$J$265,8,FALSE))=TRUE,\"\",VLOOKUP($L21,'Day 1-All Fish'!$C$3:$J$265,8,FALSE))","v":53},{"$f":"IF(ISNA(VLOOKUP($L21,#REF!,8,FALSE))=TRUE,\"\",VLOOKUP($L21,#REF!,8,FALSE))","v":{"$error":"#REF!"}},{"$error":"#REF!"}]
[{"$f":"VLOOKUP($B22,#REF!,2,FALSE)","v":{"$error":"#N/A"}},{"$error":"#N/A"},{"$error":"#N/A"},{"$error":"#N/A"},{"$error":"#N/A"},{"$error":"#N/A"},{"$error":"#N/A"},19,null,null,{"$error":"#REF!"},19,{"$f":"IF(ISNA(VLOOKUP($L22,'Day 1-All Fish'!$C$3:$G$265,4,FALSE)+VLOOKUP($L22,#REF!,4,FALSE))=TRUE,\"\",VLOOKUP($L22,'Day 1-All Fish'!$C$3:$G$265,4,FALSE)+VLOOKUP($L22,#REF!,4,FALSE))","v":{"$error":"#REF!"}},{"$f":"IF(ISNA(VLOOKUP($L22,'Day 1-All Fish'!$C$3:$G$265,5,FALSE)+VLOOKUP($L22,#REF!,5,FALSE))=TRUE,\"\",VLOOKUP($L22,'Day 1-All Fish'!$C$3:$G$265,5,FALSE)+VLOOKUP($L22,#REF!,5,FALSE))","v":{"$error":"#REF!"}},{"$f":"IF(ISNA(VLOOKUP($L22,'Day 1-All Fish'!$C$3:$J$265,8,FALSE))=TRUE,\"\",VLOOKUP($L22,'Day 1-All Fish'!$C$3:$J$265,8,FALSE))","v":25},{"$f":"IF(ISNA(VLOOKUP($L22,#REF!,8,FALSE))=TRUE,\"\",VLOOKUP($L22,#REF!,8,FALSE))","v":{"$error":"#REF!"}},{"$error":"#REF!"}]
[{"$f":"VLOOKUP($B23,#REF!,2,FALSE)","v":{"$error":"#N/A"}},{"$error":"#N/A"},{"$error":"#N/A"},{"$error":"#N/A"},{"$error":"#N/A"},{"$error":"#N/A"},{"$error":"#N/A"},20,null,null,{"$error":"#REF!"},20,{"$f":"IF(ISNA(VLOOKUP($L23,'Day 1-All Fish'!$C$3:$G$265,4,FALSE)+VLOOKUP($L23,#REF!,4,FALSE))=TRUE,\"\",VLOOKUP($L23,'Day 1-All Fish'!$C$3:$G$265,4,FALSE)+VLOOKUP($L23,#REF!,4,FALSE))","v":{"$error":"#REF!"}},{"$f":"IF(ISNA(VLOOKUP($L23,'Day 1-All Fish'!$C$3:$G$265,5,FALSE)+VLOOKUP($L23,#REF!,5,FALSE))=TRUE,\"\",VLOOKUP($L23,'Day 1-All Fish'!$C$3:$G$265,5,FALSE)+VLOOKUP($L23,#REF!,5,FALSE))","v":{"$error":"#REF!"}},{"$f":"IF(ISNA(VLOOKUP($L23,'Day 1-All Fish'!$C$3:$J$265,8,FALSE))=TRUE,\"\",VLOOKUP($L23,'Day 1-All Fish'!$C$3:$J$265,8,FALSE))","v":19},{"$f":"IF(ISNA(VLOOKUP($L23,#REF!,8,FALSE))=TRUE,\"\",VLOOKUP($L23,#REF!,8,FALSE))","v":{"$error":"#REF!"}},{"$error":"#REF!"}]
[{"$f":"VLOOKUP($B24,#REF!,2,FALSE)","v":{"$error":"#N/A"}},{"$error":"#N/A"},{"$error":"#N/A"},{"$error":"#N/A"},{"$error":"#N/A"},{"$error":"#N/A"},{"$error":"#N/A"},21,null,null,{"$error":"#REF!"},21,{"$f":"IF(ISNA(VLOOKUP($L24,'Day 1-All Fish'!$C$3:$G$265,4,FALSE)+VLOOKUP($L24,#REF!,4,FALSE))=TRUE,\"\",VLOOKUP($L24,'Day 1-All Fish'!$C$3:$G$265,4,FALSE)+VLOOKUP($L24,#REF!,4,FALSE))","v":{"$error":"#REF!"}},{"$f":"IF(ISNA(VLOOKUP($L24,'Day 1-All Fish'!$C$3:$G$265,5,FALSE)+VLOOKUP($L24,#REF!,5,FALSE))=TRUE,\"\",VLOOKUP($L24,'Day 1-All Fish'!$C$3:$G$265,5,FALSE)+VLOOKUP($L24,#REF!,5,FALSE))","v":{"$error":"#REF!"}},{"$f":"IF(ISNA(VLOOKUP($L24,'Day 1-All Fish'!$C$3:$J$265,8,FALSE))=TRUE,\"\",VLOOKUP($L24,'Day 1-All Fish'!$C$3:$J$265,8,FALSE))","v":44},{"$f":"IF(ISNA(VLOOKUP($L24,#REF!,8,FALSE))=TRUE,\"\",VLOOKUP($L24,#REF!,8,FALSE))","v":{"$error":"#REF!"}},{"$error":"#REF!"}]
[{"$f":"VLOOKUP($B25,#REF!,2,FALSE)","v":{"$error":"#N/A"}},{"$error":"#N/A"},{"$error":"#N/A"},{"$error":"#N/A"},{"$error":"#N/A"},{"$error":"#N/A"},{"$error":"#N/A"},22,null,null,{"$error":"#REF!"},22,{"$f":"IF(ISNA(VLOOKUP($L25,'Day 1-All Fish'!$C$3:$G$265,4,FALSE)+VLOOKUP($L25,#REF!,4,FALSE))=TRUE,\"\",VLOOKUP($L25,'Day 1-All Fish'!$C$3:$G$265,4,FALSE)+VLOOKUP($L25,#REF!,4,FALSE))","v":{"$error":"#REF!"}},{"$f":"IF(ISNA(VLOOKUP($L25,'Day 1-All Fish'!$C$3:$G$265,5,FALSE)+VLOOKUP($L25,#REF!,5,FALSE))=TRUE,\"\",VLOOKUP($L25,'Day 1-All Fish'!$C$3:$G$265,5,FALSE)+VLOOKUP($L25,#REF!,5,FALSE))","v":{"$error":"#REF!"}},{"$f":"IF(ISNA(VLOOKUP($L25,'Day 1-All Fish'!$C$3:$J$265,8,FALSE))=TRUE,\"\",VLOOKUP($L25,'Day 1-All Fish'!$C$3:$J$265,8,FALSE))","v":31},{"$f":"IF(ISNA(VLOOKUP($L25,#REF!,8,FALSE))=TRUE,\"\",VLOOKUP($L25,#REF!,8,FALSE))","v":{"$error":"#REF!"}},{"$error":"#REF!"}]
[{"$f":"VLOOKUP($B26,#REF!,2,FALSE)","v":{"$error":"#N/A"}},{"$error":"#N/A"},{"$error":"#N/A"},{"$error":"#N/A"},{"$error":"#N/A"},{"$error":"#N/A"},{"$error":"#N/A"},23,null,null,{"$error":"#REF!"},23,{"$f":"IF(ISNA(VLOOKUP($L26,'Day 1-All Fish'!$C$3:$G$265,4,FALSE)+VLOOKUP($L26,#REF!,4,FALSE))=TRUE,\"\",VLOOKUP($L26,'Day 1-All Fish'!$C$3:$G$265,4,FALSE)+VLOOKUP($L26,#REF!,4,FALSE))","v":{"$error":"#REF!"}},{"$f":"IF(ISNA(VLOOKUP($L26,'Day 1-All Fish'!$C$3:$G$265,5,FALSE)+VLOOKUP($L26,#REF!,5,FALSE))=TRUE,\"\",VLOOKUP($L26,'Day 1-All Fish'!$C$3:$G$265,5,FALSE)+VLOOKUP($L26,#REF!,5,FALSE))","v":{"$error":"#REF!"}},{"$f":"IF(ISNA(VLOOKUP($L26,'Day 1-All Fish'!$C$3:$J$265,8,FALSE))=TRUE,\"\",VLOOKUP($L26,'Day 1-All Fish'!$C$3:$J$265,8,FALSE))","v":33},{"$f":"IF(ISNA(VLOOKUP($L26,#REF!,8,FALSE))=TRUE,\"\",VLOOKUP($L26,#REF!,8,FALSE))","v":{"$error":"#REF!"}},{"$error":"#REF!"}]
[{"$f":"VLOOKUP($B27,#REF!,2,FALSE)","v":{"$error":"#N/A"}},{"$error":"#N/A"},{"$error":"#N/A"},{"$error":"#N/A"},{"$error":"#N/A"},{"$error":"#N/A"},{"$error":"#N/A"},24,null,null,{"$error":"#REF!"},24,{"$f":"IF(ISNA(VLOOKUP($L27,'Day 1-All Fish'!$C$3:$G$265,4,FALSE)+VLOOKUP($L27,#REF!,4,FALSE))=TRUE,\"\",VLOOKUP($L27,'Day 1-All Fish'!$C$3:$G$265,4,FALSE)+VLOOKUP($L27,#REF!,4,FALSE))","v":{"$error":"#REF!"}},{"$f":"IF(ISNA(VLOOKUP($L27,'Day 1-All Fish'!$C$3:$G$265,5,FALSE)+VLOOKUP($L27,#REF!,5,FALSE))=TRUE,\"\",VLOOKUP($L27,'Day 1-All Fish'!$C$3:$G$265,5,FALSE)+VLOOKUP($L27,#REF!,5,FALSE))","v":{"$error":"#REF!"}},{"$f":"IF(ISNA(VLOOKUP($L27,'Day 1-All Fish'!$C$3:$J$265,8,FALSE))=TRUE,\"\",VLOOKUP($L27,'Day 1-All Fish'!$C$3:$J$265,8,FALSE))","v":6},{"$f":"IF(ISNA(VLOOKUP($L27,#REF!,8,FALSE))=TRUE,\"\",VLOOKUP($L27,#REF!,8,FALSE))","v":{"$error":"#REF!"}},{"$error":"#REF!"}]
[{"$f":"VLOOKUP($B28,#REF!,2,FALSE)","v":{"$error":"#N/A"}},{"$error":"#N/A"},{"$error":"#N/A"},{"$error":"#N/A"},{"$error":"#N/A"},{"$error":"#N/A"},{"$error":"#N/A"},25,null,null,{"$error":"#REF!"},25,{"$f":"IF(ISNA(VLOOKUP($L28,'Day 1-All Fish'!$C$3:$G$265,4,FALSE)+VLOOKUP($L28,#REF!,4,FALSE))=TRUE,\"\",VLOOKUP($L28,'Day 1-All Fish'!$C$3:$G$265,4,FALSE)+VLOOKUP($L28,#REF!,4,FALSE))","v":{"$error":"#REF!"}},{"$f":"IF(ISNA(VLOOKUP($L28,'Day 1-All Fish'!$C$3:$G$265,5,FALSE)+VLOOKUP($L28,#REF!,5,FALSE))=TRUE,\"\",VLOOKUP($L28,'Day 1-All Fish'!$C$3:$G$265,5,FALSE)+VLOOKUP($L28,#REF!,5,FALSE))","v":{"$error":"#REF!"}},{"$f":"IF(ISNA(VLOOKUP($L28,'Day 1-All Fish'!$C$3:$J$265,8,FALSE))=TRUE,\"\",VLOOKUP($L28,'Day 1-All Fish'!$C$3:$J$265,8,FALSE))","v":3},{"$f":"IF(ISNA(VLOOKUP($L28,#REF!,8,FALSE))=TRUE,\"\",VLOOKUP($L28,#REF!,8,FALSE))","v":{"$error":"#REF!"}},{"$error":"#REF!"}]
[{"$f":"VLOOKUP($B29,#REF!,2,FALSE)","v":{"$error":"#N/A"}},{"$error":"#N/A"},{"$error":"#N/A"},{"$error":"#N/A"},{"$error":"#N/A"},{"$error":"#N/A"},{"$error":"#N/A"},26,null,null,{"$error":"#REF!"},26,{"$f":"IF(ISNA(VLOOKUP($L29,'Day 1-All Fish'!$C$3:$G$265,4,FALSE)+VLOOKUP($L29,#REF!,4,FALSE))=TRUE,\"\",VLOOKUP($L29,'Day 1-All Fish'!$C$3:$G$265,4,FALSE)+VLOOKUP($L29,#REF!,4,FALSE))","v":{"$error":"#REF!"}},{"$f":"IF(ISNA(VLOOKUP($L29,'Day 1-All Fish'!$C$3:$G$265,5,FALSE)+VLOOKUP($L29,#REF!,5,FALSE))=TRUE,\"\",VLOOKUP($L29,'Day 1-All Fish'!$C$3:$G$265,5,FALSE)+VLOOKUP($L29,#REF!,5,FALSE))","v":{"$error":"#REF!"}},{"$f":"IF(ISNA(VLOOKUP($L29,'Day 1-All Fish'!$C$3:$J$265,8,FALSE))=TRUE,\"\",VLOOKUP($L29,'Day 1-All Fish'!$C$3:$J$265,8,FALSE))","v":16},{"$f":"IF(ISNA(VLOOKUP($L29,#REF!,8,FALSE))=TRUE,\"\",VLOOKUP($L29,#REF!,8,FALSE))","v":{"$error":"#REF!"}},{"$error":"#REF!"}]
[{"$f":"VLOOKUP($B30,#REF!,2,FALSE)","v":{"$error":"#N/A"}},{"$error":"#N/A"},{"$error":"#N/A"},{"$error":"#N/A"},{"$error":"#N/A"},{"$error":"#N/A"},{"$error":"#N/A"},27,null,null,{"$error":"#REF!"},27,{"$f":"IF(ISNA(VLOOKUP($L30,'Day 1-All Fish'!$C$3:$G$265,4,FALSE)+VLOOKUP($L30,#REF!,4,FALSE))=TRUE,\"\",VLOOKUP($L30,'Day 1-All Fish'!$C$3:$G$265,4,FALSE)+VLOOKUP($L30,#REF!,4,FALSE))","v":{"$error":"#REF!"}},{"$f":"IF(ISNA(VLOOKUP($L30,'Day 1-All Fish'!$C$3:$G$265,5,FALSE)+VLOOKUP($L30,#REF!,5,FALSE))=TRUE,\"\",VLOOKUP($L30,'Day 1-All Fish'!$C$3:$G$265,5,FALSE)+VLOOKUP($L30,#REF!,5,FALSE))","v":{"$error":"#REF!"}},{"$f":"IF(ISNA(VLOOKUP($L30,'Day 1-All Fish'!$C$3:$J$265,8,FALSE))=TRUE,\"\",VLOOKUP($L30,'Day 1-All Fish'!$C$3:$J$265,8,FALSE))","v":93},{"$f":"IF(ISNA(VLOOKUP($L30,#REF!,8,FALSE))=TRUE,\"\",VLOOKUP($L30,#REF!,8,FALSE))","v":{"$error":"#REF!"}},{"$error":"#REF!"}]
[{"$f":"VLOOKUP($B31,#REF!,2,FALSE)","v":{"$error":"#N/A"}},{"$error":"#N/A"},{"$error":"#N/A"},{"$error":"#N/A"},{"$error":"#N/A"},{"$error":"#N/A"},{"$error":"#N/A"},28,null,null,{"$error":"#REF!"},28,{"$f":"IF(ISNA(VLOOKUP($L31,'Day 1-All Fish'!$C$3:$G$265,4,FALSE)+VLOOKUP($L31,#REF!,4,FALSE))=TRUE,\"\",VLOOKUP($L31,'Day 1-All Fish'!$C$3:$G$265,4,FALSE)+VLOOKUP($L31,#REF!,4,FALSE))","v":""},{"$f":"IF(ISNA(VLOOKUP($L31,'Day 1-All Fish'!$C$3:$G$265,5,FALSE)+VLOOKUP($L31,#REF!,5,FALSE))=TRUE,\"\",VLOOKUP($L31,'Day 1-All Fish'!$C$3:$G$265,5,FALSE)+VLOOKUP($L31,#REF!,5,FALSE))","v":""},{"$f":"IF(ISNA(VLOOKUP($L31,'Day 1-All Fish'!$C$3:$J$265,8,FALSE))=TRUE,\"\",VLOOKUP($L31,'Day 1-All Fish'!$C$3:$J$265,8,FALSE))","v":""},{"$f":"IF(ISNA(VLOOKUP($L31,#REF!,8,FALSE))=TRUE,\"\",VLOOKUP($L31,#REF!,8,FALSE))","v":{"$error":"#REF!"}},{"$error":"#REF!"}]
[{"$f":"VLOOKUP($B32,#REF!,2,FALSE)","v":{"$error":"#N/A"}},{"$error":"#N/A"},{"$error":"#N/A"},{"$error":"#N/A"},{"$error":"#N/A"},{"$error":"#N/A"},{"$error":"#N/A"},29,null,null,{"$error":"#REF!"},29,{"$f":"IF(ISNA(VLOOKUP($L32,'Day 1-All Fish'!$C$3:$G$265,4,FALSE)+VLOOKUP($L32,#REF!,4,FALSE))=TRUE,\"\",VLOOKUP($L32,'Day 1-All Fish'!$C$3:$G$265,4,FALSE)+VLOOKUP($L32,#REF!,4,FALSE))","v":{"$error":"#REF!"}},{"$f":"IF(ISNA(VLOOKUP($L32,'Day 1-All Fish'!$C$3:$G$265,5,FALSE)+VLOOKUP($L32,#REF!,5,FALSE))=TRUE,\"\",VLOOKUP($L32,'Day 1-All Fish'!$C$3:$G$265,5,FALSE)+VLOOKUP($L32,#REF!,5,FALSE))","v":{"$error":"#REF!"}},{"$f":"IF(ISNA(VLOOKUP($L32,'Day 1-All Fish'!$C$3:$J$265,8,FALSE))=TRUE,\"\",VLOOKUP($L32,'Day 1-All Fish'!$C$3:$J$265,8,FALSE))","v":52},{"$f":"IF(ISNA(VLOOKUP($L32,#REF!,8,FALSE))=TRUE,\"\",VLOOKUP($L32,#REF!,8,FALSE))","v":{"$error":"#REF!"}},{"$error":"#REF!"}]
[{"$f":"VLOOKUP($B33,#REF!,2,FALSE)","v":{"$error":"#N/A"}},{"$error":"#N/A"},{"$error":"#N/A"},{"$error":"#N/A"},{"$error":"#N/A"},{"$error":"#N/A"},{"$error":"#N/A"},30,null,null,{"$error":"#REF!"},30,{"$f":"IF(ISNA(VLOOKUP($L33,'Day 1-All Fish'!$C$3:$G$265,4,FALSE)+VLOOKUP($L33,#REF!,4,FALSE))=TRUE,\"\",VLOOKUP($L33,'Day 1-All Fish'!$C$3:$G$265,4,FALSE)+VLOOKUP($L33,#REF!,4,FALSE))","v":{"$error":"#REF!"}},{"$f":"IF(ISNA(VLOOKUP($L33,'Day 1-All Fish'!$C$3:$G$265,5,FALSE)+VLOOKUP($L33,#REF!,5,FALSE))=TRUE,\"\",VLOOKUP($L33,'Day 1-All Fish'!$C$3:$G$265,5,FALSE)+VLOOKUP($L33,#REF!,5,FALSE))","v":{"$error":"#REF!"}},{"$f":"IF(ISNA(VLOOKUP($L33,'Day 1-All Fish'!$C$3:$J$265,8,FALSE))=TRUE,\"\",VLOOKUP($L33,'Day 1-All Fish'!$C$3:$J$265,8,FALSE))","v":62},{"$f":"IF(ISNA(VLOOKUP($L33,#REF!,8,FALSE))=TRUE,\"\",VLOOKUP($L33,#REF!,8,FALSE))","v":{"$error":"#REF!"}},{"$error":"#REF!"}]
[{"$f":"VLOOKUP($B34,#REF!,2,FALSE)","v":{"$error":"#N/A"}},{"$error":"#N/A"},{"$error":"#N/A"},{"$error":"#N/A"},{"$error":"#N/A"},{"$error":"#N/A"},{"$error":"#N/A"},31,null,null,{"$error":"#REF!"},31,{"$f":"IF(ISNA(VLOOKUP($L34,'Day 1-All Fish'!$C$3:$G$265,4,FALSE)+VLOOKUP($L34,#REF!,4,FALSE))=TRUE,\"\",VLOOKUP($L34,'Day 1-All Fish'!$C$3:$G$265,4,FALSE)+VLOOKUP($L34,#REF!,4,FALSE))","v":{"$error":"#REF!"}},{"$f":"IF(ISNA(VLOOKUP($L34,'Day 1-All Fish'!$C$3:$G$265,5,FALSE)+VLOOKUP($L34,#REF!,5,FALSE))=TRUE,\"\",VLOOKUP($L34,'Day 1-All Fish'!$C$3:$G$265,5,FALSE)+VLOOKUP($L34,#REF!,5,FALSE))","v":{"$error":"#REF!"}},{"$f":"IF(ISNA(VLOOKUP($L34,'Day 1-All Fish'!$C$3:$J$265,8,FALSE))=TRUE,\"\",VLOOKUP($L34,'Day 1-All Fish'!$C$3:$J$265,8,FALSE))","v":91},{"$f":"IF(ISNA(VLOOKUP($L34,#REF!,8,FALSE))=TRUE,\"\",VLOOKUP($L34,#REF!,8,FALSE))","v":{"$error":"#REF!"}},{"$error":"#REF!"}]
[{"$f":"VLOOKUP($B35,#REF!,2,FALSE)","v":{"$error":"#N/A"}},{"$error":"#N/A"},{"$error":"#N/A"},{"$error":"#N/A"},{"$error":"#N/A"},{"$error":"#N/A"},{"$error":"#N/A"},32,null,null,{"$error":"#REF!"},32,{"$f":"IF(ISNA(VLOOKUP($L35,'Day 1-All Fish'!$C$3:$G$265,4,FALSE)+VLOOKUP($L35,#REF!,4,FALSE))=TRUE,\"\",VLOOKUP($L35,'Day 1-All Fish'!$C$3:$G$265,4,FALSE)+VLOOKUP($L35,#REF!,4,FALSE))","v":{"$error":"#REF!"}},{"$f":"IF(ISNA(VLOOKUP($L35,'Day 1-All Fish'!$C$3:$G$265,5,FALSE)+VLOOKUP($L35,#REF!,5,FALSE))=TRUE,\"\",VLOOKUP($L35,'Day 1-All Fish'!$C$3:$G$265,5,FALSE)+VLOOKUP($L35,#REF!,5,FALSE))","v":{"$error":"#REF!"}},{"$f":"IF(ISNA(VLOOKUP($L35,'Day 1-All Fish'!$C$3:$J$265,8,FALSE))=TRUE,\"\",VLOOKUP($L35,'Day 1-All Fish'!$C$3:$J$265,8,FALSE))","v":81},{"$f":"IF(ISNA(VLOOKUP($L35,#REF!,8,FALSE))=TRUE,\"\",VLOOKUP($L35,#REF!,8,FALSE))","v":{"$error":"#REF!"}},{"$error":"#REF!"}]
[{"$f":"VLOOKUP($B36,#REF!,2,FALSE)","v":{"$error":"#N/A"}},{"$f":"VLOOKUP($H36,$K$4:$Q$300,2,FALSE)","v":{"$error":"#N/A"}},{"$f":"VLOOKUP($H36,$K$4:$Q$300,3,FALSE)","v":{"$error":"#N/A"}},{"$f":"VLOOKUP($H36,$K$4:$Q$300,4,FALSE)","v":{"$error":"#N/A"}},{"$f":"VLOOKUP($H36,$K$4:$Q$300,5,FALSE)","v":{"$error":"#N/A"}},{"$f":"VLOOKUP($H36,$K$4:$Q$300,6,FALSE)","v":{"$error":"#N/A"}},{"$f":"VLOOKUP($H36,$K$4:$Q$300,7,FALSE)","v":{"$error":"#N/A"}},33,null,null,{"$f":"IF(Q36=NpZ*NoZ*2,NpZ*NoZ,RANK(Q36,Q$4:Q$300,1))","v":{"$error":"#REF!"}},33,{"$f":"IF(ISNA(VLOOKUP($L36,'Day 1-All Fish'!$C$3:$G$265,4,FALSE)+VLOOKUP($L36,#REF!,4,FALSE))=TRUE,\"\",VLOOKUP($L36,'Day 1-All Fish'!$C$3:$G$265,4,FALSE)+VLOOKUP($L36,#REF!,4,FALSE))","v":{"$error":"#REF!"}},{"$f":"IF(ISNA(VLOOKUP($L36,'Day 1-All Fish'!$C$3:$G$265,5,FALSE)+VLOOKUP($L36,#REF!,5,FALSE))=TRUE,\"\",VLOOKUP($L36,'Day 1-All Fish'!$C$3:$G$265,5,FALSE)+VLOOKUP($L36,#REF!,5,FALSE))","v":{"$error":"#REF!"}},{"$f":"IF(ISNA(VLOOKUP($L36,'Day 1-All Fish'!$C$3:$J$265,8,FALSE))=TRUE,\"\",VLOOKUP($L36,'Day 1-All Fish'!$C$3:$J$265,8,FALSE))","v":8},{"$f":"IF(ISNA(VLOOKUP($L36,#REF!,8,FALSE))=TRUE,\"\",VLOOKUP($L36,#REF!,8,FALSE))","v":{"$error":"#REF!"}},{"$f":"IF(OR(M36=\"\",M36=0),NpZ*2,(O36+P36)-N36/100000-M36/1000000)","v":{"$error":"#REF!"}}]
[{"$f":"VLOOKUP($B37,#REF!,2,FALSE)","v":{"$error":"#N/A"}},{"$error":"#N/A"},{"$error":"#N/A"},{"$error":"#N/A"},{"$error":"#N/A"},{"$error":"#N/A"},{"$error":"#N/A"},34,null,null,{"$error":"#REF!"},34,{"$f":"IF(ISNA(VLOOKUP($L37,'Day 1-All Fish'!$C$3:$G$265,4,FALSE)+VLOOKUP($L37,#REF!,4,FALSE))=TRUE,\"\",VLOOKUP($L37,'Day 1-All Fish'!$C$3:$G$265,4,FALSE)+VLOOKUP($L37,#REF!,4,FALSE))","v":{"$error":"#REF!"}},{"$f":"IF(ISNA(VLOOKUP($L37,'Day 1-All Fish'!$C$3:$G$265,5,FALSE)+VLOOKUP($L37,#REF!,5,FALSE))=TRUE,\"\",VLOOKUP($L37,'Day 1-All Fish'!$C$3:$G$265,5,FALSE)+VLOOKUP($L37,#REF!,5,FALSE))","v":{"$error":"#REF!"}},{"$f":"IF(ISNA(VLOOKUP($L37,'Day 1-All Fish'!$C$3:$J$265,8,FALSE))=TRUE,\"\",VLOOKUP($L37,'Day 1-All Fish'!$C$3:$J$265,8,FALSE))","v":65},{"$f":"IF(ISNA(VLOOKUP($L37,#REF!,8,FALSE))=TRUE,\"\",VLOOKUP($L37,#REF!,8,FALSE))","v":{"$error":"#REF!"}},{"$error":"#REF!"}]
[{"$f":"VLOOKUP($B38,#REF!,2,FALSE)","v":{"$error":"#N/A"}},{"$error":"#N/A"},{"$error":"#N/A"},{"$error":"#N/A"},{"$error":"#N/A"},{"$error":"#N/A"},{"$error":"#N/A"},35,null,null,{"$error":"#REF!"},35,{"$f":"IF(ISNA(VLOOKUP($L38,'Day 1-All Fish'!$C$3:$G$265,4,FALSE)+VLOOKUP($L38,#REF!,4,FALSE))=TRUE,\"\",VLOOKUP($L38,'Day 1-All Fish'!$C$3:$G$265,4,FALSE)+VLOOKUP($L38,#REF!,4,FALSE))","v":{"$error":"#REF!"}},{"$f":"IF(ISNA(VLOOKUP($L38,'Day 1-All Fish'!$C$3:$G$265,5,FALSE)+VLOOKUP($L38,#REF!,5,FALSE))=TRUE,\"\",VLOOKUP($L38,'Day 1-All Fish'!$C$3:$G$265,5,FALSE)+VLOOKUP($L38,#REF!,5,FALSE))","v":{"$error":"#REF!"}},{"$f":"IF(ISNA(VLOOKUP($L38,'Day 1-All Fish'!$C$3:$J$265,8,FALSE))=TRUE,\"\",VLOOKUP($L38,'Day 1-All Fish'!$C$3:$J$265,8,FALSE))","v":114},{"$f":"IF(ISNA(VLOOKUP($L38,#REF!,8,FALSE))=TRUE,\"\",VLOOKUP($L38,#REF!,8,FALSE))","v":{"$error":"#REF!"}},{"$error":"#REF!"}]
[{"$f":"VLOOKUP($B39,#REF!,2,FALSE)","v":{"$error":"#N/A"}},{"$error":"#N/A"},{"$error":"#N/A"},{"$error":"#N/A"},{"$error":"#N/A"},{"$error":"#N/A"},{"$error":"#N/A"},36,null,null,{"$error":"#REF!"},36,{"$f":"IF(ISNA(VLOOKUP($L39,'Day 1-All Fish'!$C$3:$G$265,4,FALSE)+VLOOKUP($L39,#REF!,4,FALSE))=TRUE,\"\",VLOOKUP($L39,'Day 1-All Fish'!$C$3:$G$265,4,FALSE)+VLOOKUP($L39,#REF!,4,FALSE))","v":{"$error":"#REF!"}},{"$f":"IF(ISNA(VLOOKUP($L39,'Day 1-All Fish'!$C$3:$G$265,5,FALSE)+VLOOKUP($L39,#REF!,5,FALSE))=TRUE,\"\",VLOOKUP($L39,'Day 1-All Fish'!$C$3:$G$265,5,FALSE)+VLOOKUP($L39,#REF!,5,FALSE))","v":{"$error":"#REF!"}},{"$f":"IF(ISNA(VLOOKUP($L39,'Day 1-All Fish'!$C$3:$J$265,8,FALSE))=TRUE,\"\",VLOOKUP($L39,'Day 1-All Fish'!$C$3:$J$265,8,FALSE))","v":43},{"$f":"IF(ISNA(VLOOKUP($L39,#REF!,8,FALSE))=TRUE,\"\",VLOOKUP($L39,#REF!,8,FALSE))","v":{"$error":"#REF!"}},{"$error":"#REF!"}]
[{"$f":"VLOOKUP($B40,#REF!,2,FALSE)","v":{"$error":"#N/A"}},{"$error":"#N/A"},{"$error":"#N/A"},{"$error":"#N/A"},{"$error":"#N/A"},{"$error":"#N/A"},{"$error":"#N/A"},37,null,null,{"$error":"#REF!"},37,{"$f":"IF(ISNA(VLOOKUP($L40,'Day 1-All Fish'!$C$3:$G$265,4,FALSE)+VLOOKUP($L40,#REF!,4,FALSE))=TRUE,\"\",VLOOKUP($L40,'Day 1-All Fish'!$C$3:$G$265,4,FALSE)+VLOOKUP($L40,#REF!,4,FALSE))","v":{"$error":"#REF!"}},{"$f":"IF(ISNA(VLOOKUP($L40,'Day 1-All Fish'!$C$3:$G$265,5,FALSE)+VLOOKUP($L40,#REF!,5,FALSE))=TRUE,\"\",VLOOKUP($L40,'Day 1-All Fish'!$C$3:$G$265,5,FALSE)+VLOOKUP($L40,#REF!,5,FALSE))","v":{"$error":"#REF!"}},{"$f":"IF(ISNA(VLOOKUP($L40,'Day 1-All Fish'!$C$3:$J$265,8,FALSE))=TRUE,\"\",VLOOKUP($L40,'Day 1-All Fish'!$C$3:$J$265,8,FALSE))","v":96},{"$f":"IF(ISNA(VLOOKUP($L40,#REF!,8,FALSE))=TRUE,\"\",VLOOKUP($L40,#REF!,8,FALSE))","v":{"$error":"#REF!"}},{"$error":"#REF!"}]
[{"$f":"VLOOKUP($B41,#REF!,2,FALSE)","v":{"$error":"#N/A"}},{"$error":"#N/A"},{"$error":"#N/A"},{"$error":"#N/A"},{"$error":"#N/A"},{"$error":"#N/A"},{"$error":"#N/A"},38,null,null,{"$error":"#REF!"},38,{"$f":"IF(ISNA(VLOOKUP($L41,'Day 1-All Fish'!$C$3:$G$265,4,FALSE)+VLOOKUP($L41,#REF!,4,FALSE))=TRUE,\"\",VLOOKUP($L41,'Day 1-All Fish'!$C$3:$G$265,4,FALSE)+VLOOKUP($L41,#REF!,4,FALSE))","v":{"$error":"#REF!"}},{"$f":"IF(ISNA(VLOOKUP($L41,'Day 1-All Fish'!$C$3:$G$265,5,FALSE)+VLOOKUP($L41,#REF!,5,FALSE))=TRUE,\"\",VLOOKUP($L41,'Day 1-All Fish'!$C$3:$G$265,5,FALSE)+VLOOKUP($L41,#REF!,5,FALSE))","v":{"$error":"#REF!"}},{"$f":"IF(ISNA(VLOOKUP($L41,'Day 1-All Fish'!$C$3:$J$265,8,FALSE))=TRUE,\"\",VLOOKUP($L41,'Day 1-All Fish'!$C$3:$J$265,8,FALSE))","v":58},{"$f":"IF(ISNA(VLOOKUP($L41,#REF!,8,FALSE))=TRUE,\"\",VLOOKUP($L41,#REF!,8,FALSE))","v":{"$error":"#REF!"}},{"$error":"#REF!"}]
[{"$f":"VLOOKUP($B42,#REF!,2,FALSE)","v":{"$error":"#N/A"}},{"$error":"#N/A"},{"$error":"#N/A"},{"$error":"#N/A"},{"$error":"#N/A"},{"$error":"#N/A"},{"$error":"#N/A"},39,null,null,{"$error":"#REF!"},39,{"$f":"IF(ISNA(VLOOKUP($L42,'Day 1-All Fish'!$C$3:$G$265,4,FALSE)+VLOOKUP($L42,#REF!,4,FALSE))=TRUE,\"\",VLOOKUP($L42,'Day 1-All Fish'!$C$3:$G$265,4,FALSE)+VLOOKUP($L42,#REF!,4,FALSE))","v":{"$error":"#REF!"}},{"$f":"IF(ISNA(VLOOKUP($L42,'Day 1-All Fish'!$C$3:$G$265,5,FALSE)+VLOOKUP($L42,#REF!,5,FALSE))=TRUE,\"\",VLOOKUP($L42,'Day 1-All Fish'!$C$3:$G$265,5,FALSE)+VLOOKUP($L42,#REF!,5,FALSE))","v":{"$error":"#REF!"}},{"$f":"IF(ISNA(VLOOKUP($L42,'Day 1-All Fish'!$C$3:$J$265,8,FALSE))=TRUE,\"\",VLOOKUP($L42,'Day 1-All Fish'!$C$3:$J$265,8,FALSE))","v":37},{"$f":"IF(ISNA(VLOOKUP($L42,#REF!,8,FALSE))=TRUE,\"\",VLOOKUP($L42,#REF!,8,FALSE))","v":{"$error":"#REF!"}},{"$error":"#REF!"}]
[{"$f":"VLOOKUP($B43,#REF!,2,FALSE)","v":{"$error":"#N/A"}},{"$error":"#N/A"},{"$error":"#N/A"},{"$error":"#N/A"},{"$error":"#N/A"},{"$error":"#N/A"},{"$error":"#N/A"},40,null,null,{"$error":"#REF!"},40,{"$f":"IF(ISNA(VLOOKUP($L43,'Day 1-All Fish'!$C$3:$G$265,4,FALSE)+VLOOKUP($L43,#REF!,4,FALSE))=TRUE,\"\",VLOOKUP($L43,'Day 1-All Fish'!$C$3:$G$265,4,FALSE)+VLOOKUP($L43,#REF!,4,FALSE))","v":{"$error":"#REF!"}},{"$f":"IF(ISNA(VLOOKUP($L43,'Day 1-All Fish'!$C$3:$G$265,5,FALSE)+VLOOKUP($L43,#REF!,5,FALSE))=TRUE,\"\",VLOOKUP($L43,'Day 1-All Fish'!$C$3:$G$265,5,FALSE)+VLOOKUP($L43,#REF!,5,FALSE))","v":{"$error":"#REF!"}},{"$f":"IF(ISNA(VLOOKUP($L43,'Day 1-All Fish'!$C$3:$J$265,8,FALSE))=TRUE,\"\",VLOOKUP($L43,'Day 1-All Fish'!$C$3:$J$265,8,FALSE))","v":85},{"$f":"IF(ISNA(VLOOKUP($L43,#REF!,8,FALSE))=TRUE,\"\",VLOOKUP($L43,#REF!,8,FALSE))","v":{"$error":"#REF!"}},{"$error":"#REF!"}]
[{"$f":"VLOOKUP($B44,#REF!,2,FALSE)","v":{"$error":"#N/A"}},{"$error":"#N/A"},{"$error":"#N/A"},{"$error":"#N/A"},{"$error":"#N/A"},{"$error":"#N/A"},{"$error":"#N/A"},41,null,null,{"$error":"#REF!"},41,{"$f":"IF(ISNA(VLOOKUP($L44,'Day 1-All Fish'!$C$3:$G$265,4,FALSE)+VLOOKUP($L44,#REF!,4,FALSE))=TRUE,\"\",VLOOKUP($L44,'Day 1-All Fish'!$C$3:$G$265,4,FALSE)+VLOOKUP($L44,#REF!,4,FALSE))","v":{"$error":"#REF!"}},{"$f":"IF(ISNA(VLOOKUP($L44,'Day 1-All Fish'!$C$3:$G$265,5,FALSE)+VLOOKUP($L44,#REF!,5,FALSE))=TRUE,\"\",VLOOKUP($L44,'Day 1-All Fish'!$C$3:$G$265,5,FALSE)+VLOOKUP($L44,#REF!,5,FALSE))","v":{"$error":"#REF!"}},{"$f":"IF(ISNA(VLOOKUP($L44,'Day 1-All Fish'!$C$3:$J$265,8,FALSE))=TRUE,\"\",VLOOKUP($L44,'Day 1-All Fish'!$C$3:$J$265,8,FALSE))","v":74},{"$f":"IF(ISNA(VLOOKUP($L44,#REF!,8,FALSE))=TRUE,\"\",VLOOKUP($L44,#REF!,8,FALSE))","v":{"$error":"#REF!"}},{"$error":"#REF!"}]
[{"$f":"VLOOKUP($B45,#REF!,2,FALSE)","v":{"$error":"#N/A"}},{"$error":"#N/A"},{"$error":"#N/A"},{"$error":"#N/A"},{"$error":"#N/A"},{"$error":"#N/A"},{"$error":"#N/A"},42,null,null,{"$error":"#REF!"},42,{"$f":"IF(ISNA(VLOOKUP($L45,'Day 1-All Fish'!$C$3:$G$265,4,FALSE)+VLOOKUP($L45,#REF!,4,FALSE))=TRUE,\"\",VLOOKUP($L45,'Day 1-All Fish'!$C$3:$G$265,4,FALSE)+VLOOKUP($L45,#REF!,4,FALSE))","v":{"$error":"#REF!"}},{"$f":"IF(ISNA(VLOOKUP($L45,'Day 1-All Fish'!$C$3:$G$265,5,FALSE)+VLOOKUP($L45,#REF!,5,FALSE))=TRUE,\"\",VLOOKUP($L45,'Day 1-All Fish'!$C$3:$G$265,5,FALSE)+VLOOKUP($L45,#REF!,5,FALSE))","v":{"$error":"#REF!"}},{"$f":"IF(ISNA(VLOOKUP($L45,'Day 1-All Fish'!$C$3:$J$265,8,FALSE))=TRUE,\"\",VLOOKUP($L45,'Day 1-All Fish'!$C$3:$J$265,8,FALSE))","v":41},{"$f":"IF(ISNA(VLOOKUP($L45,#REF!,8,FALSE))=TRUE,\"\",VLOOKUP($L45,#REF!,8,FALSE))","v":{"$error":"#REF!"}},{"$error":"#REF!"}]
[{"$f":"VLOOKUP($B46,#REF!,2,FALSE)","v":{"$error":"#N/A"}},{"$error":"#N/A"},{"$error":"#N/A"},{"$error":"#N/A"},{"$error":"#N/A"},{"$error":"#N/A"},{"$error":"#N/A"},43,null,null,{"$error":"#REF!"},43,{"$f":"IF(ISNA(VLOOKUP($L46,'Day 1-All Fish'!$C$3:$G$265,4,FALSE)+VLOOKUP($L46,#REF!,4,FALSE))=TRUE,\"\",VLOOKUP($L46,'Day 1-All Fish'!$C$3:$G$265,4,FALSE)+VLOOKUP($L46,#REF!,4,FALSE))","v":{"$error":"#REF!"}},{"$f":"IF(ISNA(VLOOKUP($L46,'Day 1-All Fish'!$C$3:$G$265,5,FALSE)+VLOOKUP($L46,#REF!,5,FALSE))=TRUE,\"\",VLOOKUP($L46,'Day 1-All Fish'!$C$3:$G$265,5,FALSE)+VLOOKUP($L46,#REF!,5,FALSE))","v":{"$error":"#REF!"}},{"$f":"IF(ISNA(VLOOKUP($L46,'Day 1-All Fish'!$C$3:$J$265,8,FALSE))=TRUE,\"\",VLOOKUP($L46,'Day 1-All Fish'!$C$3:$J$265,8,FALSE))","v":11},{"$f":"IF(ISNA(VLOOKUP($L46,#REF!,8,FALSE))=TRUE,\"\",VLOOKUP($L46,#REF!,8,FALSE))","v":{"$error":"#REF!"}},{"$error":"#REF!"}]
[{"$f":"VLOOKUP($B47,#REF!,2,FALSE)","v":{"$error":"#N/A"}},{"$error":"#N/A"},{"$error":"#N/A"},{"$error":"#N/A"},{"$error":"#N/A"},{"$error":"#N/A"},{"$error":"#N/A"},44,null,null,{"$error":"#REF!"},44,{"$f":"IF(ISNA(VLOOKUP($L47,'Day 1-All Fish'!$C$3:$G$265,4,FALSE)+VLOOKUP($L47,#REF!,4,FALSE))=TRUE,\"\",VLOOKUP($L47,'Day 1-All Fish'!$C$3:$G$265,4,FALSE)+VLOOKUP($L47,#REF!,4,FALSE))","v":{"$error":"#REF!"}},{"$f":"IF(ISNA(VLOOKUP($L47,'Day 1-All Fish'!$C$3:$G$265,5,FALSE)+VLOOKUP($L47,#REF!,5,FALSE))=TRUE,\"\",VLOOKUP($L47,'Day 1-All Fish'!$C$3:$G$265,5,FALSE)+VLOOKUP($L47,#REF!,5,FALSE))","v":{"$error":"#REF!"}},{"$f":"IF(ISNA(VLOOKUP($L47,'Day 1-All Fish'!$C$3:$J$265,8,FALSE))=TRUE,\"\",VLOOKUP($L47,'Day 1-All Fish'!$C$3:$J$265,8,FALSE))","v":29},{"$f":"IF(ISNA(VLOOKUP($L47,#REF!,8,FALSE))=TRUE,\"\",VLOOKUP($L47,#REF!,8,FALSE))","v":{"$error":"#REF!"}},{"$error":"#REF!"}]
[{"$f":"VLOOKUP($B48,#REF!,2,FALSE)","v":{"$error":"#N/A"}},{"$error":"#N/A"},{"$error":"#N/A"},{"$error":"#N/A"},{"$error":"#N/A"},{"$error":"#N/A"},{"$error":"#N/A"},45,null,null,{"$error":"#REF!"},45,{"$f":"IF(ISNA(VLOOKUP($L48,'Day 1-All Fish'!$C$3:$G$265,4,FALSE)+VLOOKUP($L48,#REF!,4,FALSE))=TRUE,\"\",VLOOKUP($L48,'Day 1-All Fish'!$C$3:$G$265,4,FALSE)+VLOOKUP($L48,#REF!,4,FALSE))","v":{"$error":"#REF!"}},{"$f":"IF(ISNA(VLOOKUP($L48,'Day 1-All Fish'!$C$3:$G$265,5,FALSE)+VLOOKUP($L48,#REF!,5,FALSE))=TRUE,\"\",VLOOKUP($L48,'Day 1-All Fish'!$C$3:$G$265,5,FALSE)+VLOOKUP($L48,#REF!,5,FALSE))","v":{"$error":"#REF!"}},{"$f":"IF(ISNA(VLOOKUP($L48,'Day 1-All Fish'!$C$3:$J$265,8,FALSE))=TRUE,\"\",VLOOKUP($L48,'Day 1-All Fish'!$C$3:$J$265,8,FALSE))","v":103},{"$f":"IF(ISNA(VLOOKUP($L48,#REF!,8,FALSE))=TRUE,\"\",VLOOKUP($L48,#REF!,8,FALSE))","v":{"$error":"#REF!"}},{"$error":"#REF!"}]
[{"$f":"VLOOKUP($B49,#REF!,2,FALSE)","v":{"$error":"#N/A"}},{"$error":"#N/A"},{"$error":"#N/A"},{"$error":"#N/A"},{"$error":"#N/A"},{"$error":"#N/A"},{"$error":"#N/A"},46,null,null,{"$error":"#REF!"},46,{"$f":"IF(ISNA(VLOOKUP($L49,'Day 1-All Fish'!$C$3:$G$265,4,FALSE)+VLOOKUP($L49,#REF!,4,FALSE))=TRUE,\"\",VLOOKUP($L49,'Day 1-All Fish'!$C$3:$G$265,4,FALSE)+VLOOKUP($L49,#REF!,4,FALSE))","v":{"$error":"#REF!"}},{"$f":"IF(ISNA(VLOOKUP($L49,'Day 1-All Fish'!$C$3:$G$265,5,FALSE)+VLOOKUP($L49,#REF!,5,FALSE))=TRUE,\"\",VLOOKUP($L49,'Day 1-All Fish'!$C$3:$G$265,5,FALSE)+VLOOKUP($L49,#REF!,5,FALSE))","v":{"$error":"#REF!"}},{"$f":"IF(ISNA(VLOOKUP($L49,'Day 1-All Fish'!$C$3:$J$265,8,FALSE))=TRUE,\"\",VLOOKUP($L49,'Day 1-All Fish'!$C$3:$J$265,8,FALSE))","v":77},{"$f":"IF(ISNA(VLOOKUP($L49,#REF!,8,FALSE))=TRUE,\"\",VLOOKUP($L49,#REF!,8,FALSE))","v":{"$error":"#REF!"}},{"$error":"#REF!"}]
[{"$f":"VLOOKUP($B50,#REF!,2,FALSE)","v":{"$error":"#N/A"}},{"$error":"#N/A"},{"$error":"#N/A"},{"$error":"#N/A"},{"$error":"#N/A"},{"$error":"#N/A"},{"$error":"#N/A"},47,null,null,{"$error":"#REF!"},47,{"$f":"IF(ISNA(VLOOKUP($L50,'Day 1-All Fish'!$C$3:$G$265,4,FALSE)+VLOOKUP($L50,#REF!,4,FALSE))=TRUE,\"\",VLOOKUP($L50,'Day 1-All Fish'!$C$3:$G$265,4,FALSE)+VLOOKUP($L50,#REF!,4,FALSE))","v":{"$error":"#REF!"}},{"$f":"IF(ISNA(VLOOKUP($L50,'Day 1-All Fish'!$C$3:$G$265,5,FALSE)+VLOOKUP($L50,#REF!,5,FALSE))=TRUE,\"\",VLOOKUP($L50,'Day 1-All Fish'!$C$3:$G$265,5,FALSE)+VLOOKUP($L50,#REF!,5,FALSE))","v":{"$error":"#REF!"}},{"$f":"IF(ISNA(VLOOKUP($L50,'Day 1-All Fish'!$C$3:$J$265,8,FALSE))=TRUE,\"\",VLOOKUP($L50,'Day 1-All Fish'!$C$3:$J$265,8,FALSE))","v":61},{"$f":"IF(ISNA(VLOOKUP($L50,#REF!,8,FALSE))=TRUE,\"\",VLOOKUP($L50,#REF!,8,FALSE))","v":{"$error":"#REF!"}},{"$error":"#REF!"}]
[{"$f":"VLOOKUP($B51,#REF!,2,FALSE)","v":{"$error":"#N/A"}},{"$error":"#N/A"},{"$error":"#N/A"},{"$error":"#N/A"},{"$error":"#N/A"},{"$error":"#N/A"},{"$error":"#N/A"},48,null,null,{"$error":"#REF!"},48,{"$f":"IF(ISNA(VLOOKUP($L51,'Day 1-All Fish'!$C$3:$G$265,4,FALSE)+VLOOKUP($L51,#REF!,4,FALSE))=TRUE,\"\",VLOOKUP($L51,'Day 1-All Fish'!$C$3:$G$265,4,FALSE)+VLOOKUP($L51,#REF!,4,FALSE))","v":""},{"$f":"IF(ISNA(VLOOKUP($L51,'Day 1-All Fish'!$C$3:$G$265,5,FALSE)+VLOOKUP($L51,#REF!,5,FALSE))=TRUE,\"\",VLOOKUP($L51,'Day 1-All Fish'!$C$3:$G$265,5,FALSE)+VLOOKUP($L51,#REF!,5,FALSE))","v":""},{"$f":"IF(ISNA(VLOOKUP($L51,'Day 1-All Fish'!$C$3:$J$265,8,FALSE))=TRUE,\"\",VLOOKUP($L51,'Day 1-All Fish'!$C$3:$J$265,8,FALSE))","v":""},{"$f":"IF(ISNA(VLOOKUP($L51,#REF!,8,FALSE))=TRUE,\"\",VLOOKUP($L51,#REF!,8,FALSE))","v":{"$error":"#REF!"}},{"$error":"#REF!"}]
[{"$f":"VLOOKUP($B52,#REF!,2,FALSE)","v":{"$error":"#N/A"}},{"$error":"#N/A"},{"$error":"#N/A"},{"$error":"#N/A"},{"$error":"#N/A"},{"$error":"#N/A"},{"$error":"#N/A"},49,null,null,{"$error":"#REF!"},49,{"$f":"IF(ISNA(VLOOKUP($L52,'Day 1-All Fish'!$C$3:$G$265,4,FALSE)+VLOOKUP($L52,#REF!,4,FALSE))=TRUE,\"\",VLOOKUP($L52,'Day 1-All Fish'!$C$3:$G$265,4,FALSE)+VLOOKUP($L52,#REF!,4,FALSE))","v":{"$error":"#REF!"}},{"$f":"IF(ISNA(VLOOKUP($L52,'Day 1-All Fish'!$C$3:$G$265,5,FALSE)+VLOOKUP($L52,#REF!,5,FALSE))=TRUE,\"\",VLOOKUP($L52,'Day 1-All Fish'!$C$3:$G$265,5,FALSE)+VLOOKUP($L52,#REF!,5,FALSE))","v":{"$error":"#REF!"}},{"$f":"IF(ISNA(VLOOKUP($L52,'Day 1-All Fish'!$C$3:$J$265,8,FALSE))=TRUE,\"\",VLOOKUP($L52,'Day 1-All Fish'!$C$3:$J$265,8,FALSE))","v":14},{"$f":"IF(ISNA(VLOOKUP($L52,#REF!,8,FALSE))=TRUE,\"\",VLOOKUP($L52,#REF!,8,FALSE))","v":{"$error":"#REF!"}},{"$error":"#REF!"}]
[{"$f":"VLOOKUP($B53,#REF!,2,FALSE)","v":{"$error":"#N/A"}},{"$error":"#N/A"},{"$error":"#N/A"},{"$error":"#N/A"},{"$error":"#N/A"},{"$error":"#N/A"},{"$error":"#N/A"},50,null,null,{"$error":"#REF!"},50,{"$f":"IF(ISNA(VLOOKUP($L53,'Day 1-All Fish'!$C$3:$G$265,4,FALSE)+VLOOKUP($L53,#REF!,4,FALSE))=TRUE,\"\",VLOOKUP($L53,'Day 1-All Fish'!$C$3:$G$265,4,FALSE)+VLOOKUP($L53,#REF!,4,FALSE))","v":{"$error":"#REF!"}},{"$f":"IF(ISNA(VLOOKUP($L53,'Day 1-All Fish'!$C$3:$G$265,5,FALSE)+VLOOKUP($L53,#REF!,5,FALSE))=TRUE,\"\",VLOOKUP($L53,'Day 1-All Fish'!$C$3:$G$265,5,FALSE)+VLOOKUP($L53,#REF!,5,FALSE))","v":{"$error":"#REF!"}},{"$f":"IF(ISNA(VLOOKUP($L53,'Day 1-All Fish'!$C$3:$J$265,8,FALSE))=TRUE,\"\",VLOOKUP($L53,'Day 1-All Fish'!$C$3:$J$265,8,FALSE))","v":9},{"$f":"IF(ISNA(VLOOKUP($L53,#REF!,8,FALSE))=TRUE,\"\",VLOOKUP($L53,#REF!,8,FALSE))","v":{"$error":"#REF!"}},{"$error":"#REF!"}]
[{"$f":"VLOOKUP($B54,#REF!,2,FALSE)","v":{"$error":"#N/A"}},{"$error":"#N/A"},{"$error":"#N/A"},{"$error":"#N/A"},{"$error":"#N/A"},{"$error":"#N/A"},{"$error":"#N/A"},51,null,null,{"$error":"#REF!"},51,{"$f":"IF(ISNA(VLOOKUP($L54,'Day 1-All Fish'!$C$3:$G$265,4,FALSE)+VLOOKUP($L54,#REF!,4,FALSE))=TRUE,\"\",VLOOKUP($L54,'Day 1-All Fish'!$C$3:$G$265,4,FALSE)+VLOOKUP($L54,#REF!,4,FALSE))","v":{"$error":"#REF!"}},{"$f":"IF(ISNA(VLOOKUP($L54,'Day 1-All Fish'!$C$3:$G$265,5,FALSE)+VLOOKUP($L54,#REF!,5,FALSE))=TRUE,\"\",VLOOKUP($L54,'Day 1-All Fish'!$C$3:$G$265,5,FALSE)+VLOOKUP($L54,#REF!,5,FALSE))","v":{"$error":"#REF!"}},{"$f":"IF(ISNA(VLOOKUP($L54,'Day 1-All Fish'!$C$3:$J$265,8,FALSE))=TRUE,\"\",VLOOKUP($L54,'Day 1-All Fish'!$C$3:$J$265,8,FALSE))","v":72},{"$f":"IF(ISNA(VLOOKUP($L54,#REF!,8,FALSE))=TRUE,\"\",VLOOKUP($L54,#REF!,8,FALSE))","v":{"$error":"#REF!"}},{"$error":"#REF!"}]
[{"$f":"VLOOKUP($B55,#REF!,2,FALSE)","v":{"$error":"#N/A"}},{"$error":"#N/A"},{"$error":"#N/A"},{"$error":"#N/A"},{"$error":"#N/A"},{"$error":"#N/A"},{"$error":"#N/A"},52,null,null,{"$error":"#REF!"},52,{"$f":"IF(ISNA(VLOOKUP($L55,'Day 1-All Fish'!$C$3:$G$265,4,FALSE)+VLOOKUP($L55,#REF!,4,FALSE))=TRUE,\"\",VLOOKUP($L55,'Day 1-All Fish'!$C$3:$G$265,4,FALSE)+VLOOKUP($L55,#REF!,4,FALSE))","v":{"$error":"#REF!"}},{"$f":"IF(ISNA(VLOOKUP($L55,'Day 1-All Fish'!$C$3:$G$265,5,FALSE)+VLOOKUP($L55,#REF!,5,FALSE))=TRUE,\"\",VLOOKUP($L55,'Day 1-All Fish'!$C$3:$G$265,5,FALSE)+VLOOKUP($L55,#REF!,5,FALSE))","v":{"$error":"#REF!"}},{"$f":"IF(ISNA(VLOOKUP($L55,'Day 1-All Fish'!$C$3:$J$265,8,FALSE))=TRUE,\"\",VLOOKUP($L55,'Day 1-All Fish'!$C$3:$J$265,8,FALSE))","v":112},{"$f":"IF(ISNA(VLOOKUP($L55,#REF!,8,FALSE))=TRUE,\"\",VLOOKUP($L55,#REF!,8,FALSE))","v":{"$error":"#REF!"}},{"$error":"#REF!"}]
[{"$f":"VLOOKUP($B56,#REF!,2,FALSE)","v":{"$error":"#N/A"}},{"$error":"#N/A"},{"$error":"#N/A"},{"$error":"#N/A"},{"$error":"#N/A"},{"$error":"#N/A"},{"$error":"#N/A"},53,null,null,{"$error":"#REF!"},53,{"$f":"IF(ISNA(VLOOKUP($L56,'Day 1-All Fish'!$C$3:$G$265,4,FALSE)+VLOOKUP($L56,#REF!,4,FALSE))=TRUE,\"\",VLOOKUP($L56,'Day 1-All Fish'!$C$3:$G$265,4,FALSE)+VLOOKUP($L56,#REF!,4,FALSE))","v":{"$error":"#REF!"}},{"$f":"IF(ISNA(VLOOKUP($L56,'Day 1-All Fish'!$C$3:$G$265,5,FALSE)+VLOOKUP($L56,#REF!,5,FALSE))=TRUE,\"\",VLOOKUP($L56,'Day 1-All Fish'!$C$3:$G$265,5,FALSE)+VLOOKUP($L56,#REF!,5,FALSE))","v":{"$error":"#REF!"}},{"$f":"IF(ISNA(VLOOKUP($L56,'Day 1-All Fish'!$C$3:$J$265,8,FALSE))=TRUE,\"\",VLOOKUP($L56,'Day 1-All Fish'!$C$3:$J$265,8,FALSE))","v":88},{"$f":"IF(ISNA(VLOOKUP($L56,#REF!,8,FALSE))=TRUE,\"\",VLOOKUP($L56,#REF!,8,FALSE))","v":{"$error":"#REF!"}},{"$error":"#REF!"}]
[{"$f":"VLOOKUP($B57,#REF!,2,FALSE)","v":{"$error":"#N/A"}},{"$error":"#N/A"},{"$error":"#N/A"},{"$error":"#N/A"},{"$error":"#N/A"},{"$error":"#N/A"},{"$error":"#N/A"},54,null,null,{"$error":"#REF!"},54,{"$f":"IF(ISNA(VLOOKUP($L57,'Day 1-All Fish'!$C$3:$G$265,4,FALSE)+VLOOKUP($L57,#REF!,4,FALSE))=TRUE,\"\",VLOOKUP($L57,'Day 1-All Fish'!$C$3:$G$265,4,FALSE)+VLOOKUP($L57,#REF!,4,FALSE))","v":{"$error":"#REF!"}},{"$f":"IF(ISNA(VLOOKUP($L57,'Day 1-All Fish'!$C$3:$G$265,5,FALSE)+VLOOKUP($L57,#REF!,5,FALSE))=TRUE,\"\",VLOOKUP($L57,'Day 1-All Fish'!$C$3:$G$265,5,FALSE)+VLOOKUP($L57,#REF!,5,FALSE))","v":{"$error":"#REF!"}},{"$f":"IF(ISNA(VLOOKUP($L57,'Day 1-All Fish'!$C$3:$J$265,8,FALSE))=TRUE,\"\",VLOOKUP($L57,'Day 1-All Fish'!$C$3:$J$265,8,FALSE))","v":96},{"$f":"IF(ISNA(VLOOKUP($L57,#REF!,8,FALSE))=TRUE,\"\",VLOOKUP($L57,#REF!,8,FALSE))","v":{"$error":"#REF!"}},{"$error":"#REF!"}]
[{"$f":"VLOOKUP($B58,#REF!,2,FALSE)","v":{"$error":"#N/A"}},{"$error":"#N/A"},{"$error":"#N/A"},{"$error":"#N/A"},{"$error":"#N/A"},{"$error":"#N/A"},{"$error":"#N/A"},55,null,null,{"$error":"#REF!"},55,{"$f":"IF(ISNA(VLOOKUP($L58,'Day 1-All Fish'!$C$3:$G$265,4,FALSE)+VLOOKUP($L58,#REF!,4,FALSE))=TRUE,\"\",VLOOKUP($L58,'Day 1-All Fish'!$C$3:$G$265,4,FALSE)+VLOOKUP($L58,#REF!,4,FALSE))","v":{"$error":"#REF!"}},{"$f":"IF(ISNA(VLOOKUP($L58,'Day 1-All Fish'!$C$3:$G$265,5,FALSE)+VLOOKUP($L58,#REF!,5,FALSE))=TRUE,\"\",VLOOKUP($L58,'Day 1-All Fish'!$C$3:$G$265,5,FALSE)+VLOOKUP($L58,#REF!,5,FALSE))","v":{"$error":"#REF!"}},{"$f":"IF(ISNA(VLOOKUP($L58,'Day 1-All Fish'!$C$3:$J$265,8,FALSE))=TRUE,\"\",VLOOKUP($L58,'Day 1-All Fish'!$C$3:$J$265,8,FALSE))","v":87},{"$f":"IF(ISNA(VLOOKUP($L58,#REF!,8,FALSE))=TRUE,\"\",VLOOKUP($L58,#REF!,8,FALSE))","v":{"$error":"#REF!"}},{"$error":"#REF!"}]
[{"$f":"VLOOKUP($B59,#REF!,2,FALSE)","v":{"$error":"#N/A"}},{"$error":"#N/A"},{"$error":"#N/A"},{"$error":"#N/A"},{"$error":"#N/A"},{"$error":"#N/A"},{"$error":"#N/A"},56,null,null,{"$error":"#REF!"},56,{"$f":"IF(ISNA(VLOOKUP($L59,'Day 1-All Fish'!$C$3:$G$265,4,FALSE)+VLOOKUP($L59,#REF!,4,FALSE))=TRUE,\"\",VLOOKUP($L59,'Day 1-All Fish'!$C$3:$G$265,4,FALSE)+VLOOKUP($L59,#REF!,4,FALSE))","v":{"$error":"#REF!"}},{"$f":"IF(ISNA(VLOOKUP($L59,'Day 1-All Fish'!$C$3:$G$265,5,FALSE)+VLOOKUP($L59,#REF!,5,FALSE))=TRUE,\"\",VLOOKUP($L59,'Day 1-All Fish'!$C$3:$G$265,5,FALSE)+VLOOKUP($L59,#REF!,5,FALSE))","v":{"$error":"#REF!"}},{"$f":"IF(ISNA(VLOOKUP($L59,'Day 1-All Fish'!$C$3:$J$265,8,FALSE))=TRUE,\"\",VLOOKUP($L59,'Day 1-All Fish'!$C$3:$J$265,8,FALSE))","v":68},{"$f":"IF(ISNA(VLOOKUP($L59,#REF!,8,FALSE))=TRUE,\"\",VLOOKUP($L59,#REF!,8,FALSE))","v":{"$error":"#REF!"}},{"$error":"#REF!"}]
[{"$f":"VLOOKUP($B60,#REF!,2,FALSE)","v":{"$error":"#N/A"}},{"$error":"#N/A"},{"$error":"#N/A"},{"$error":"#N/A"},{"$error":"#N/A"},{"$error":"#N/A"},{"$error":"#N/A"},57,null,null,{"$error":"#REF!"},57,{"$f":"IF(ISNA(VLOOKUP($L60,'Day 1-All Fish'!$C$3:$G$265,4,FALSE)+VLOOKUP($L60,#REF!,4,FALSE))=TRUE,\"\",VLOOKUP($L60,'Day 1-All Fish'!$C$3:$G$265,4,FALSE)+VLOOKUP($L60,#REF!,4,FALSE))","v":{"$error":"#REF!"}},{"$f":"IF(ISNA(VLOOKUP($L60,'Day 1-All Fish'!$C$3:$G$265,5,FALSE)+VLOOKUP($L60,#REF!,5,FALSE))=TRUE,\"\",VLOOKUP($L60,'Day 1-All Fish'!$C$3:$G$265,5,FALSE)+VLOOKUP($L60,#REF!,5,FALSE))","v":{"$error":"#REF!"}},{"$f":"IF(ISNA(VLOOKUP($L60,'Day 1-All Fish'!$C$3:$J$265,8,FALSE))=TRUE,\"\",VLOOKUP($L60,'Day 1-All Fish'!$C$3:$J$265,8,FALSE))","v":108},{"$f":"IF(ISNA(VLOOKUP($L60,#REF!,8,FALSE))=TRUE,\"\",VLOOKUP($L60,#REF!,8,FALSE))","v":{"$error":"#REF!"}},{"$error":"#REF!"}]
[{"$f":"VLOOKUP($B61,#REF!,2,FALSE)","v":{"$error":"#N/A"}},{"$error":"#N/A"},{"$error":"#N/A"},{"$error":"#N/A"},{"$error":"#N/A"},{"$error":"#N/A"},{"$error":"#N/A"},58,null,null,{"$error":"#REF!"},58,{"$f":"IF(ISNA(VLOOKUP($L61,'Day 1-All Fish'!$C$3:$G$265,4,FALSE)+VLOOKUP($L61,#REF!,4,FALSE))=TRUE,\"\",VLOOKUP($L61,'Day 1-All Fish'!$C$3:$G$265,4,FALSE)+VLOOKUP($L61,#REF!,4,FALSE))","v":{"$error":"#REF!"}},{"$f":"IF(ISNA(VLOOKUP($L61,'Day 1-All Fish'!$C$3:$G$265,5,FALSE)+VLOOKUP($L61,#REF!,5,FALSE))=TRUE,\"\",VLOOKUP($L61,'Day 1-All Fish'!$C$3:$G$265,5,FALSE)+VLOOKUP($L61,#REF!,5,FALSE))","v":{"$error":"#REF!"}},{"$f":"IF(ISNA(VLOOKUP($L61,'Day 1-All Fish'!$C$3:$J$265,8,FALSE))=TRUE,\"\",VLOOKUP($L61,'Day 1-All Fish'!$C$3:$J$265,8,FALSE))","v":55},{"$f":"IF(ISNA(VLOOKUP($L61,#REF!,8,FALSE))=TRUE,\"\",VLOOKUP($L61,#REF!,8,FALSE))","v":{"$error":"#REF!"}},{"$error":"#REF!"}]
[{"$f":"VLOOKUP($B62,#REF!,2,FALSE)","v":{"$error":"#N/A"}},{"$error":"#N/A"},{"$error":"#N/A"},{"$error":"#N/A"},{"$error":"#N/A"},{"$error":"#N/A"},{"$error":"#N/A"},59,null,null,{"$error":"#REF!"},59,{"$f":"IF(ISNA(VLOOKUP($L62,'Day 1-All Fish'!$C$3:$G$265,4,FALSE)+VLOOKUP($L62,#REF!,4,FALSE))=TRUE,\"\",VLOOKUP($L62,'Day 1-All Fish'!$C$3:$G$265,4,FALSE)+VLOOKUP($L62,#REF!,4,FALSE))","v":{"$error":"#REF!"}},{"$f":"IF(ISNA(VLOOKUP($L62,'Day 1-All Fish'!$C$3:$G$265,5,FALSE)+VLOOKUP($L62,#REF!,5,FALSE))=TRUE,\"\",VLOOKUP($L62,'Day 1-All Fish'!$C$3:$G$265,5,FALSE)+VLOOKUP($L62,#REF!,5,FALSE))","v":{"$error":"#REF!"}},{"$f":"IF(ISNA(VLOOKUP($L62,'Day 1-All Fish'!$C$3:$J$265,8,FALSE))=TRUE,\"\",VLOOKUP($L62,'Day 1-All Fish'!$C$3:$J$265,8,FALSE))","v":54},{"$f":"IF(ISNA(VLOOKUP($L62,#REF!,8,FALSE))=TRUE,\"\",VLOOKUP($L62,#REF!,8,FALSE))","v":{"$error":"#REF!"}},{"$error":"#REF!"}]
[{"$f":"VLOOKUP($B63,#REF!,2,FALSE)","v":{"$error":"#N/A"}},{"$error":"#N/A"},{"$error":"#N/A"},{"$error":"#N/A"},{"$error":"#N/A"},{"$error":"#N/A"},{"$error":"#N/A"},60,null,null,{"$error":"#REF!"},60,{"$f":"IF(ISNA(VLOOKUP($L63,'Day 1-All Fish'!$C$3:$G$265,4,FALSE)+VLOOKUP($L63,#REF!,4,FALSE))=TRUE,\"\",VLOOKUP($L63,'Day 1-All Fish'!$C$3:$G$265,4,FALSE)+VLOOKUP($L63,#REF!,4,FALSE))","v":{"$error":"#REF!"}},{"$f":"IF(ISNA(VLOOKUP($L63,'Day 1-All Fish'!$C$3:$G$265,5,FALSE)+VLOOKUP($L63,#REF!,5,FALSE))=TRUE,\"\",VLOOKUP($L63,'Day 1-All Fish'!$C$3:$G$265,5,FALSE)+VLOOKUP($L63,#REF!,5,FALSE))","v":{"$error":"#REF!"}},{"$f":"IF(ISNA(VLOOKUP($L63,'Day 1-All Fish'!$C$3:$J$265,8,FALSE))=TRUE,\"\",VLOOKUP($L63,'Day 1-All Fish'!$C$3:$J$265,8,FALSE))","v":32},{"$f":"IF(ISNA(VLOOKUP($L63,#REF!,8,FALSE))=TRUE,\"\",VLOOKUP($L63,#REF!,8,FALSE))","v":{"$error":"#REF!"}},{"$error":"#REF!"}]
[{"$f":"VLOOKUP($B64,#REF!,2,FALSE)","v":{"$error":"#N/A"}},{"$error":"#N/A"},{"$error":"#N/A"},{"$error":"#N/A"},{"$error":"#N/A"},{"$error":"#N/A"},{"$error":"#N/A"},61,null,null,{"$error":"#REF!"},61,{"$f":"IF(ISNA(VLOOKUP($L64,'Day 1-All Fish'!$C$3:$G$265,4,FALSE)+VLOOKUP($L64,#REF!,4,FALSE))=TRUE,\"\",VLOOKUP($L64,'Day 1-All Fish'!$C$3:$G$265,4,FALSE)+VLOOKUP($L64,#REF!,4,FALSE))","v":{"$error":"#REF!"}},{"$f":"IF(ISNA(VLOOKUP($L64,'Day 1-All Fish'!$C$3:$G$265,5,FALSE)+VLOOKUP($L64,#REF!,5,FALSE))=TRUE,\"\",VLOOKUP($L64,'Day 1-All Fish'!$C$3:$G$265,5,FALSE)+VLOOKUP($L64,#REF!,5,FALSE))","v":{"$error":"#REF!"}},{"$f":"IF(ISNA(VLOOKUP($L64,'Day 1-All Fish'!$C$3:$J$265,8,FALSE))=TRUE,\"\",VLOOKUP($L64,'Day 1-All Fish'!$C$3:$J$265,8,FALSE))","v":109},{"$f":"IF(ISNA(VLOOKUP($L64,#REF!,8,FALSE))=TRUE,\"\",VLOOKUP($L64,#REF!,8,FALSE))","v":{"$error":"#REF!"}},{"$error":"#REF!"}]
[{"$f":"VLOOKUP($B65,#REF!,2,FALSE)","v":{"$error":"#N/A"}},{"$error":"#N/A"},{"$error":"#N/A"},{"$error":"#N/A"},{"$error":"#N/A"},{"$error":"#N/A"},{"$error":"#N/A"},62,null,null,{"$error":"#REF!"},62,{"$f":"IF(ISNA(VLOOKUP($L65,'Day 1-All Fish'!$C$3:$G$265,4,FALSE)+VLOOKUP($L65,#REF!,4,FALSE))=TRUE,\"\",VLOOKUP($L65,'Day 1-All Fish'!$C$3:$G$265,4,FALSE)+VLOOKUP($L65,#REF!,4,FALSE))","v":{"$error":"#REF!"}},{"$f":"IF(ISNA(VLOOKUP($L65,'Day 1-All Fish'!$C$3:$G$265,5,FALSE)+VLOOKUP($L65,#REF!,5,FALSE))=TRUE,\"\",VLOOKUP($L65,'Day 1-All Fish'!$C$3:$G$265,5,FALSE)+VLOOKUP($L65,#REF!,5,FALSE))","v":{"$error":"#REF!"}},{"$f":"IF(ISNA(VLOOKUP($L65,'Day 1-All Fish'!$C$3:$J$265,8,FALSE))=TRUE,\"\",VLOOKUP($L65,'Day 1-All Fish'!$C$3:$J$265,8,FALSE))","v":75},{"$f":"IF(ISNA(VLOOKUP($L65,#REF!,8,FALSE))=TRUE,\"\",VLOOKUP($L65,#REF!,8,FALSE))","v":{"$error":"#REF!"}},{"$error":"#REF!"}]
[{"$f":"VLOOKUP($B66,#REF!,2,FALSE)","v":{"$error":"#N/A"}},{"$error":"#N/A"},{"$error":"#N/A"},{"$error":"#N/A"},{"$error":"#N/A"},{"$error":"#N/A"},{"$error":"#N/A"},{"$f":"IF(ISERROR(H65+1)=TRUE,1,H65+1)","v":63},null,null,{"$error":"#REF!"},63,{"$f":"IF(ISNA(VLOOKUP($L66,'Day 1-All Fish'!$C$3:$G$265,4,FALSE)+VLOOKUP($L66,#REF!,4,FALSE))=TRUE,\"\",VLOOKUP($L66,'Day 1-All Fish'!$C$3:$G$265,4,FALSE)+VLOOKUP($L66,#REF!,4,FALSE))","v":{"$error":"#REF!"}},{"$f":"IF(ISNA(VLOOKUP($L66,'Day 1-All Fish'!$C$3:$G$265,5,FALSE)+VLOOKUP($L66,#REF!,5,FALSE))=TRUE,\"\",VLOOKUP($L66,'Day 1-All Fish'!$C$3:$G$265,5,FALSE)+VLOOKUP($L66,#REF!,5,FALSE))","v":{"$error":"#REF!"}},{"$f":"IF(ISNA(VLOOKUP($L66,'Day 1-All Fish'!$C$3:$J$265,8,FALSE))=TRUE,\"\",VLOOKUP($L66,'Day 1-All Fish'!$C$3:$J$265,8,FALSE))","v":73},{"$f":"IF(ISNA(VLOOKUP($L66,#REF!,8,FALSE))=TRUE,\"\",VLOOKUP($L66,#REF!,8,FALSE))","v":{"$error":"#REF!"}},{"$error":"#REF!"}]
[{"$f":"VLOOKUP($B67,#REF!,2,FALSE)","v":{"$error":"#N/A"}},{"$error":"#N/A"},{"$error":"#N/A"},{"$error":"#N/A"},{"$error":"#N/A"},{"$error":"#N/A"},{"$error":"#N/A"},64,null,null,{"$error":"#REF!"},64,{"$f":"IF(ISNA(VLOOKUP($L67,'Day 1-All Fish'!$C$3:$G$265,4,FALSE)+VLOOKUP($L67,#REF!,4,FALSE))=TRUE,\"\",VLOOKUP($L67,'Day 1-All Fish'!$C$3:$G$265,4,FALSE)+VLOOKUP($L67,#REF!,4,FALSE))","v":{"$error":"#REF!"}},{"$f":"IF(ISNA(VLOOKUP($L67,'Day 1-All Fish'!$C$3:$G$265,5,FALSE)+VLOOKUP($L67,#REF!,5,FALSE))=TRUE,\"\",VLOOKUP($L67,'Day 1-All Fish'!$C$3:$G$265,5,FALSE)+VLOOKUP($L67,#REF!,5,FALSE))","v":{"$error":"#REF!"}},{"$f":"IF(ISNA(VLOOKUP($L67,'Day 1-All Fish'!$C$3:$J$265,8,FALSE))=TRUE,\"\",VLOOKUP($L67,'Day 1-All Fish'!$C$3:$J$265,8,FALSE))","v":76},{"$f":"IF(ISNA(VLOOKUP($L67,#REF!,8,FALSE))=TRUE,\"\",VLOOKUP($L67,#REF!,8,FALSE))","v":{"$error":"#REF!"}},{"$error":"#REF!"}]
[{"$f":"VLOOKUP($B68,#REF!,2,FALSE)","v":{"$error":"#N/A"}},{"$f":"VLOOKUP($H68,$K$4:$Q$300,2,FALSE)","v":{"$error":"#N/A"}},{"$f":"VLOOKUP($H68,$K$4:$Q$300,3,FALSE)","v":{"$error":"#N/A"}},{"$f":"VLOOKUP($H68,$K$4:$Q$300,4,FALSE)","v":{"$error":"#N/A"}},{"$f":"VLOOKUP($H68,$K$4:$Q$300,5,FALSE)","v":{"$error":"#N/A"}},{"$f":"VLOOKUP($H68,$K$4:$Q$300,6,FALSE)","v":{"$error":"#N/A"}},{"$f":"VLOOKUP($H68,$K$4:$Q$300,7,FALSE)","v":{"$error":"#N/A"}},65,null,null,{"$f":"IF(Q68=NpZ*NoZ*2,NpZ*NoZ,RANK(Q68,Q$4:Q$300,1))","v":{"$error":"#REF!"}},65,{"$f":"IF(ISNA(VLOOKUP($L68,'Day 1-All Fish'!$C$3:$G$265,4,FALSE)+VLOOKUP($L68,#REF!,4,FALSE))=TRUE,\"\",VLOOKUP($L68,'Day 1-All Fish'!$C$3:$G$265,4,FALSE)+VLOOKUP($L68,#REF!,4,FALSE))","v":{"$error":"#REF!"}},{"$f":"IF(ISNA(VLOOKUP($L68,'Day 1-All Fish'!$C$3:$G$265,5,FALSE)+VLOOKUP($L68,#REF!,5,FALSE))=TRUE,\"\",VLOOKUP($L68,'Day 1-All Fish'!$C$3:$G$265,5,FALSE)+VLOOKUP($L68,#REF!,5,FALSE))","v":{"$error":"#REF!"}},{"$f":"IF(ISNA(VLOOKUP($L68,'Day 1-All Fish'!$C$3:$J$265,8,FALSE))=TRUE,\"\",VLOOKUP($L68,'Day 1-All Fish'!$C$3:$J$265,8,FALSE))","v":26},{"$f":"IF(ISNA(VLOOKUP($L68,#REF!,8,FALSE))=TRUE,\"\",VLOOKUP($L68,#REF!,8,FALSE))","v":{"$error":"#REF!"}},{"$f":"IF(OR(M68=\"\",M68=0),NpZ*2,(O68+P68)-N68/100000-M68/1000000)","v":{"$error":"#REF!"}}]
[{"$f":"VLOOKUP($B69,#REF!,2,FALSE)","v":{"$error":"#N/A"}},{"$error":"#N/A"},{"$error":"#N/A"},{"$error":"#N/A"},{"$error":"#N/A"},{"$error":"#N/A"},{"$error":"#N/A"},66,null,null,{"$error":"#REF!"},66,{"$f":"IF(ISNA(VLOOKUP($L69,'Day 1-All Fish'!$C$3:$G$265,4,FALSE)+VLOOKUP($L69,#REF!,4,FALSE))=TRUE,\"\",VLOOKUP($L69,'Day 1-All Fish'!$C$3:$G$265,4,FALSE)+VLOOKUP($L69,#REF!,4,FALSE))","v":{"$error":"#REF!"}},{"$f":"IF(ISNA(VLOOKUP($L69,'Day 1-All Fish'!$C$3:$G$265,5,FALSE)+VLOOKUP($L69,#REF!,5,FALSE))=TRUE,\"\",VLOOKUP($L69,'Day 1-All Fish'!$C$3:$G$265,5,FALSE)+VLOOKUP($L69,#REF!,5,FALSE))","v":{"$error":"#REF!"}},{"$f":"IF(ISNA(VLOOKUP($L69,'Day 1-All Fish'!$C$3:$J$265,8,FALSE))=TRUE,\"\",VLOOKUP($L69,'Day 1-All Fish'!$C$3:$J$265,8,FALSE))","v":99},{"$f":"IF(ISNA(VLOOKUP($L69,#REF!,8,FALSE))=TRUE,\"\",VLOOKUP($L69,#REF!,8,FALSE))","v":{"$error":"#REF!"}},{"$error":"#REF!"}]
[{"$f":"VLOOKUP($B70,#REF!,2,FALSE)","v":{"$error":"#N/A"}},{"$error":"#N/A"},{"$error":"#N/A"},{"$error":"#N/A"},{"$error":"#N/A"},{"$error":"#N/A"},{"$error":"#N/A"},67,null,null,{"$error":"#REF!"},67,{"$f":"IF(ISNA(VLOOKUP($L70,'Day 1-All Fish'!$C$3:$G$265,4,FALSE)+VLOOKUP($L70,#REF!,4,FALSE))=TRUE,\"\",VLOOKUP($L70,'Day 1-All Fish'!$C$3:$G$265,4,FALSE)+VLOOKUP($L70,#REF!,4,FALSE))","v":{"$error":"#REF!"}},{"$f":"IF(ISNA(VLOOKUP($L70,'Day 1-All Fish'!$C$3:$G$265,5,FALSE)+VLOOKUP($L70,#REF!,5,FALSE))=TRUE,\"\",VLOOKUP($L70,'Day 1-All Fish'!$C$3:$G$265,5,FALSE)+VLOOKUP($L70,#REF!,5,FALSE))","v":{"$error":"#REF!"}},{"$f":"IF(ISNA(VLOOKUP($L70,'Day 1-All Fish'!$C$3:$J$265,8,FALSE))=TRUE,\"\",VLOOKUP($L70,'Day 1-All Fish'!$C$3:$J$265,8,FALSE))","v":90},{"$f":"IF(ISNA(VLOOKUP($L70,#REF!,8,FALSE))=TRUE,\"\",VLOOKUP($L70,#REF!,8,FALSE))","v":{"$error":"#REF!"}},{"$error":"#REF!"}]
[{"$f":"VLOOKUP($B71,#REF!,2,FALSE)","v":{"$error":"#N/A"}},{"$error":"#N/A"},{"$error":"#N/A"},{"$error":"#N/A"},{"$error":"#N/A"},{"$error":"#N/A"},{"$error":"#N/A"},68,null,null,{"$error":"#REF!"},68,{"$f":"IF(ISNA(VLOOKUP($L71,'Day 1-All Fish'!$C$3:$G$265,4,FALSE)+VLOOKUP($L71,#REF!,4,FALSE))=TRUE,\"\",VLOOKUP($L71,'Day 1-All Fish'!$C$3:$G$265,4,FALSE)+VLOOKUP($L71,#REF!,4,FALSE))","v":{"$error":"#REF!"}},{"$f":"IF(ISNA(VLOOKUP($L71,'Day 1-All Fish'!$C$3:$G$265,5,FALSE)+VLOOKUP($L71,#REF!,5,FALSE))=TRUE,\"\",VLOOKUP($L71,'Day 1-All Fish'!$C$3:$G$265,5,FALSE)+VLOOKUP($L71,#REF!,5,FALSE))","v":{"$error":"#REF!"}},{"$f":"IF(ISNA(VLOOKUP($L71,'Day 1-All Fish'!$C$3:$J$265,8,FALSE))=TRUE,\"\",VLOOKUP($L71,'Day 1-All Fish'!$C$3:$J$265,8,FALSE))","v":20},{"$f":"IF(ISNA(VLOOKUP($L71,#REF!,8,FALSE))=TRUE,\"\",VLOOKUP($L71,#REF!,8,FALSE))","v":{"$error":"#REF!"}},{"$error":"#REF!"}]
[{"$f":"VLOOKUP($B72,#REF!,2,FALSE)","v":{"$error":"#N/A"}},{"$error":"#N/A"},{"$error":"#N/A"},{"$error":"#N/A"},{"$error":"#N/A"},{"$error":"#N/A"},{"$error":"#N/A"},69,null,null,{"$error":"#REF!"},69,{"$f":"IF(ISNA(VLOOKUP($L72,'Day 1-All Fish'!$C$3:$G$265,4,FALSE)+VLOOKUP($L72,#REF!,4,FALSE))=TRUE,\"\",VLOOKUP($L72,'Day 1-All Fish'!$C$3:$G$265,4,FALSE)+VLOOKUP($L72,#REF!,4,FALSE))","v":{"$error":"#REF!"}},{"$f":"IF(ISNA(VLOOKUP($L72,'Day 1-All Fish'!$C$3:$G$265,5,FALSE)+VLOOKUP($L72,#REF!,5,FALSE))=TRUE,\"\",VLOOKUP($L72,'Day 1-All Fish'!$C$3:$G$265,5,FALSE)+VLOOKUP($L72,#REF!,5,FALSE))","v":{"$error":"#REF!"}},{"$f":"IF(ISNA(VLOOKUP($L72,'Day 1-All Fish'!$C$3:$J$265,8,FALSE))=TRUE,\"\",VLOOKUP($L72,'Day 1-All Fish'!$C$3:$J$265,8,FALSE))","v":98},{"$f":"IF(ISNA(VLOOKUP($L72,#REF!,8,FALSE))=TRUE,\"\",VLOOKUP($L72,#REF!,8,FALSE))","v":{"$error":"#REF!"}},{"$error":"#REF!"}]
[{"$f":"VLOOKUP($B73,#REF!,2,FALSE)","v":{"$error":"#N/A"}},{"$error":"#N/A"},{"$error":"#N/A"},{"$error":"#N/A"},{"$error":"#N/A"},{"$error":"#N/A"},{"$error":"#N/A"},70,null,null,{"$error":"#REF!"},70,{"$f":"IF(ISNA(VLOOKUP($L73,'Day 1-All Fish'!$C$3:$G$265,4,FALSE)+VLOOKUP($L73,#REF!,4,FALSE))=TRUE,\"\",VLOOKUP($L73,'Day 1-All Fish'!$C$3:$G$265,4,FALSE)+VLOOKUP($L73,#REF!,4,FALSE))","v":{"$error":"#REF!"}},{"$f":"IF(ISNA(VLOOKUP($L73,'Day 1-All Fish'!$C$3:$G$265,5,FALSE)+VLOOKUP($L73,#REF!,5,FALSE))=TRUE,\"\",VLOOKUP($L73,'Day 1-All Fish'!$C$3:$G$265,5,FALSE)+VLOOKUP($L73,#REF!,5,FALSE))","v":{"$error":"#REF!"}},{"$f":"IF(ISNA(VLOOKUP($L73,'Day 1-All Fish'!$C$3:$J$265,8,FALSE))=TRUE,\"\",VLOOKUP($L73,'Day 1-All Fish'!$C$3:$J$265,8,FALSE))","v":59},{"$f":"IF(ISNA(VLOOKUP($L73,#REF!,8,FALSE))=TRUE,\"\",VLOOKUP($L73,#REF!,8,FALSE))","v":{"$error":"#REF!"}},{"$error":"#REF!"}]
[{"$f":"VLOOKUP($B74,#REF!,2,FALSE)","v":{"$error":"#N/A"}},{"$error":"#N/A"},{"$error":"#N/A"},{"$error":"#N/A"},{"$error":"#N/A"},{"$error":"#N/A"},{"$error":"#N/A"},71,null,null,{"$error":"#REF!"},71,{"$f":"IF(ISNA(VLOOKUP($L74,'Day 1-All Fish'!$C$3:$G$265,4,FALSE)+VLOOKUP($L74,#REF!,4,FALSE))=TRUE,\"\",VLOOKUP($L74,'Day 1-All Fish'!$C$3:$G$265,4,FALSE)+VLOOKUP($L74,#REF!,4,FALSE))","v":{"$error":"#REF!"}},{"$f":"IF(ISNA(VLOOKUP($L74,'Day 1-All Fish'!$C$3:$G$265,5,FALSE)+VLOOKUP($L74,#REF!,5,FALSE))=TRUE,\"\",VLOOKUP($L74,'Day 1-All Fish'!$C$3:$G$265,5,FALSE)+VLOOKUP($L74,#REF!,5,FALSE))","v":{"$error":"#REF!"}},{"$f":"IF(ISNA(VLOOKUP($L74,'Day 1-All Fish'!$C$3:$J$265,8,FALSE))=TRUE,\"\",VLOOKUP($L74,'Day 1-All Fish'!$C$3:$J$265,8,FALSE))","v":92},{"$f":"IF(ISNA(VLOOKUP($L74,#REF!,8,FALSE))=TRUE,\"\",VLOOKUP($L74,#REF!,8,FALSE))","v":{"$error":"#REF!"}},{"$error":"#REF!"}]
[{"$f":"VLOOKUP($B75,#REF!,2,FALSE)","v":{"$error":"#N/A"}},{"$error":"#N/A"},{"$error":"#N/A"},{"$error":"#N/A"},{"$error":"#N/A"},{"$error":"#N/A"},{"$error":"#N/A"},72,null,null,{"$error":"#REF!"},72,{"$f":"IF(ISNA(VLOOKUP($L75,'Day 1-All Fish'!$C$3:$G$265,4,FALSE)+VLOOKUP($L75,#REF!,4,FALSE))=TRUE,\"\",VLOOKUP($L75,'Day 1-All Fish'!$C$3:$G$265,4,FALSE)+VLOOKUP($L75,#REF!,4,FALSE))","v":{"$error":"#REF!"}},{"$f":"IF(ISNA(VLOOKUP($L75,'Day 1-All Fish'!$C$3:$G$265,5,FALSE)+VLOOKUP($L75,#REF!,5,FALSE))=TRUE,\"\",VLOOKUP($L75,'Day 1-All Fish'!$C$3:$G$265,5,FALSE)+VLOOKUP($L75,#REF!,5,FALSE))","v":{"$error":"#REF!"}},{"$f":"IF(ISNA(VLOOKUP($L75,'Day 1-All Fish'!$C$3:$J$265,8,FALSE))=TRUE,\"\",VLOOKUP($L75,'Day 1-All Fish'!$C$3:$J$265,8,FALSE))","v":95},{"$f":"IF(ISNA(VLOOKUP($L75,#REF!,8,FALSE))=TRUE,\"\",VLOOKUP($L75,#REF!,8,FALSE))","v":{"$error":"#REF!"}},{"$error":"#REF!"}]
[{"$f":"VLOOKUP($B76,#REF!,2,FALSE)","v":{"$error":"#N/A"}},{"$error":"#N/A"},{"$error":"#N/A"},{"$error":"#N/A"},{"$error":"#N/A"},{"$error":"#N/A"},{"$error":"#N/A"},73,null,null,{"$error":"#REF!"},73,{"$f":"IF(ISNA(VLOOKUP($L76,'Day 1-All Fish'!$C$3:$G$265,4,FALSE)+VLOOKUP($L76,#REF!,4,FALSE))=TRUE,\"\",VLOOKUP($L76,'Day 1-All Fish'!$C$3:$G$265,4,FALSE)+VLOOKUP($L76,#REF!,4,FALSE))","v":{"$error":"#REF!"}},{"$f":"IF(ISNA(VLOOKUP($L76,'Day 1-All Fish'!$C$3:$G$265,5,FALSE)+VLOOKUP($L76,#REF!,5,FALSE))=TRUE,\"\",VLOOKUP($L76,'Day 1-All Fish'!$C$3:$G$265,5,FALSE)+VLOOKUP($L76,#REF!,5,FALSE))","v":{"$error":"#REF!"}},{"$f":"IF(ISNA(VLOOKUP($L76,'Day 1-All Fish'!$C$3:$J$265,8,FALSE))=TRUE,\"\",VLOOKUP($L76,'Day 1-All Fish'!$C$3:$J$265,8,FALSE))","v":38},{"$f":"IF(ISNA(VLOOKUP($L76,#REF!,8,FALSE))=TRUE,\"\",VLOOKUP($L76,#REF!,8,FALSE))","v":{"$error":"#REF!"}},{"$error":"#REF!"}]
[{"$f":"VLOOKUP($B77,#REF!,2,FALSE)","v":{"$error":"#N/A"}},{"$error":"#N/A"},{"$error":"#N/A"},{"$error":"#N/A"},{"$error":"#N/A"},{"$error":"#N/A"},{"$error":"#N/A"},74,null,null,{"$error":"#REF!"},74,{"$f":"IF(ISNA(VLOOKUP($L77,'Day 1-All Fish'!$C$3:$G$265,4,FALSE)+VLOOKUP($L77,#REF!,4,FALSE))=TRUE,\"\",VLOOKUP($L77,'Day 1-All Fish'!$C$3:$G$265,4,FALSE)+VLOOKUP($L77,#REF!,4,FALSE))","v":{"$error":"#REF!"}},{"$f":"IF(ISNA(VLOOKUP($L77,'Day 1-All Fish'!$C$3:$G$265,5,FALSE)+VLOOKUP($L77,#REF!,5,FALSE))=TRUE,\"\",VLOOKUP($L77,'Day 1-All Fish'!$C$3:$G$265,5,FALSE)+VLOOKUP($L77,#REF!,5,FALSE))","v":{"$error":"#REF!"}},{"$f":"IF(ISNA(VLOOKUP($L77,'Day 1-All Fish'!$C$3:$J$265,8,FALSE))=TRUE,\"\",VLOOKUP($L77,'Day 1-All Fish'!$C$3:$J$265,8,FALSE))","v":106},{"$f":"IF(ISNA(VLOOKUP($L77,#REF!,8,FALSE))=TRUE,\"\",VLOOKUP($L77,#REF!,8,FALSE))","v":{"$error":"#REF!"}},{"$error":"#REF!"}]
[{"$f":"VLOOKUP($B78,#REF!,2,FALSE)","v":{"$error":"#N/A"}},{"$error":"#N/A"},{"$error":"#N/A"},{"$error":"#N/A"},{"$error":"#N/A"},{"$error":"#N/A"},{"$error":"#N/A"},75,null,null,{"$error":"#REF!"},75,{"$f":"IF(ISNA(VLOOKUP($L78,'Day 1-All Fish'!$C$3:$G$265,4,FALSE)+VLOOKUP($L78,#REF!,4,FALSE))=TRUE,\"\",VLOOKUP($L78,'Day 1-All Fish'!$C$3:$G$265,4,FALSE)+VLOOKUP($L78,#REF!,4,FALSE))","v":{"$error":"#REF!"}},{"$f":"IF(ISNA(VLOOKUP($L78,'Day 1-All Fish'!$C$3:$G$265,5,FALSE)+VLOOKUP($L78,#REF!,5,FALSE))=TRUE,\"\",VLOOKUP($L78,'Day 1-All Fish'!$C$3:$G$265,5,FALSE)+VLOOKUP($L78,#REF!,5,FALSE))","v":{"$error":"#REF!"}},{"$f":"IF(ISNA(VLOOKUP($L78,'Day 1-All Fish'!$C$3:$J$265,8,FALSE))=TRUE,\"\",VLOOKUP($L78,'Day 1-All Fish'!$C$3:$J$265,8,FALSE))","v":79},{"$f":"IF(ISNA(VLOOKUP($L78,#REF!,8,FALSE))=TRUE,\"\",VLOOKUP($L78,#REF!,8,FALSE))","v":{"$error":"#REF!"}},{"$error":"#REF!"}]
[{"$f":"VLOOKUP($B79,#REF!,2,FALSE)","v":{"$error":"#N/A"}},{"$error":"#N/A"},{"$error":"#N/A"},{"$error":"#N/A"},{"$error":"#N/A"},{"$error":"#N/A"},{"$error":"#N/A"},76,null,null,{"$error":"#REF!"},76,{"$f":"IF(ISNA(VLOOKUP($L79,'Day 1-All Fish'!$C$3:$G$265,4,FALSE)+VLOOKUP($L79,#REF!,4,FALSE))=TRUE,\"\",VLOOKUP($L79,'Day 1-All Fish'!$C$3:$G$265,4,FALSE)+VLOOKUP($L79,#REF!,4,FALSE))","v":{"$error":"#REF!"}},{"$f":"IF(ISNA(VLOOKUP($L79,'Day 1-All Fish'!$C$3:$G$265,5,FALSE)+VLOOKUP($L79,#REF!,5,FALSE))=TRUE,\"\",VLOOKUP($L79,'Day 1-All Fish'!$C$3:$G$265,5,FALSE)+VLOOKUP($L79,#REF!,5,FALSE))","v":{"$error":"#REF!"}},{"$f":"IF(ISNA(VLOOKUP($L79,'Day 1-All Fish'!$C$3:$J$265,8,FALSE))=TRUE,\"\",VLOOKUP($L79,'Day 1-All Fish'!$C$3:$J$265,8,FALSE))","v":46},{"$f":"IF(ISNA(VLOOKUP($L79,#REF!,8,FALSE))=TRUE,\"\",VLOOKUP($L79,#REF!,8,FALSE))","v":{"$error":"#REF!"}},{"$error":"#REF!"}]
[{"$f":"VLOOKUP($B80,#REF!,2,FALSE)","v":{"$error":"#N/A"}},{"$error":"#N/A"},{"$error":"#N/A"},{"$error":"#N/A"},{"$error":"#N/A"},{"$error":"#N/A"},{"$error":"#N/A"},77,null,null,{"$error":"#REF!"},77,{"$f":"IF(ISNA(VLOOKUP($L80,'Day 1-All Fish'!$C$3:$G$265,4,FALSE)+VLOOKUP($L80,#REF!,4,FALSE))=TRUE,\"\",VLOOKUP($L80,'Day 1-All Fish'!$C$3:$G$265,4,FALSE)+VLOOKUP($L80,#REF!,4,FALSE))","v":{"$error":"#REF!"}},{"$f":"IF(ISNA(VLOOKUP($L80,'Day 1-All Fish'!$C$3:$G$265,5,FALSE)+VLOOKUP($L80,#REF!,5,FALSE))=TRUE,\"\",VLOOKUP($L80,'Day 1-All Fish'!$C$3:$G$265,5,FALSE)+VLOOKUP($L80,#REF!,5,FALSE))","v":{"$error":"#REF!"}},{"$f":"IF(ISNA(VLOOKUP($L80,'Day 1-All Fish'!$C$3:$J$265,8,FALSE))=TRUE,\"\",VLOOKUP($L80,'Day 1-All Fish'!$C$3:$J$265,8,FALSE))","v":27},{"$f":"IF(ISNA(VLOOKUP($L80,#REF!,8,FALSE))=TRUE,\"\",VLOOKUP($L80,#REF!,8,FALSE))","v":{"$error":"#REF!"}},{"$error":"#REF!"}]
[{"$f":"VLOOKUP($B81,#REF!,2,FALSE)","v":{"$error":"#N/A"}},{"$error":"#N/A"},{"$error":"#N/A"},{"$error":"#N/A"},{"$error":"#N/A"},{"$error":"#N/A"},{"$error":"#N/A"},78,null,null,{"$error":"#REF!"},78,{"$f":"IF(ISNA(VLOOKUP($L81,'Day 1-All Fish'!$C$3:$G$265,4,FALSE)+VLOOKUP($L81,#REF!,4,FALSE))=TRUE,\"\",VLOOKUP($L81,'Day 1-All Fish'!$C$3:$G$265,4,FALSE)+VLOOKUP($L81,#REF!,4,FALSE))","v":{"$error":"#REF!"}},{"$f":"IF(ISNA(VLOOKUP($L81,'Day 1-All Fish'!$C$3:$G$265,5,FALSE)+VLOOKUP($L81,#REF!,5,FALSE))=TRUE,\"\",VLOOKUP($L81,'Day 1-All Fish'!$C$3:$G$265,5,FALSE)+VLOOKUP($L81,#REF!,5,FALSE))","v":{"$error":"#REF!"}},{"$f":"IF(ISNA(VLOOKUP($L81,'Day 1-All Fish'!$C$3:$J$265,8,FALSE))=TRUE,\"\",VLOOKUP($L81,'Day 1-All Fish'!$C$3:$J$265,8,FALSE))","v":114},{"$f":"IF(ISNA(VLOOKUP($L81,#REF!,8,FALSE))=TRUE,\"\",VLOOKUP($L81,#REF!,8,FALSE))","v":{"$error":"#REF!"}},{"$error":"#REF!"}]
[{"$f":"VLOOKUP($B82,#REF!,2,FALSE)","v":{"$error":"#N/A"}},{"$error":"#N/A"},{"$error":"#N/A"},{"$error":"#N/A"},{"$error":"#N/A"},{"$error":"#N/A"},{"$error":"#N/A"},79,null,null,{"$error":"#REF!"},79,{"$f":"IF(ISNA(VLOOKUP($L82,'Day 1-All Fish'!$C$3:$G$265,4,FALSE)+VLOOKUP($L82,#REF!,4,FALSE))=TRUE,\"\",VLOOKUP($L82,'Day 1-All Fish'!$C$3:$G$265,4,FALSE)+VLOOKUP($L82,#REF!,4,FALSE))","v":{"$error":"#REF!"}},{"$f":"IF(ISNA(VLOOKUP($L82,'Day 1-All Fish'!$C$3:$G$265,5,FALSE)+VLOOKUP($L82,#REF!,5,FALSE))=TRUE,\"\",VLOOKUP($L82,'Day 1-All Fish'!$C$3:$G$265,5,FALSE)+VLOOKUP($L82,#REF!,5,FALSE))","v":{"$error":"#REF!"}},{"$f":"IF(ISNA(VLOOKUP($L82,'Day 1-All Fish'!$C$3:$J$265,8,FALSE))=TRUE,\"\",VLOOKUP($L82,'Day 1-All Fish'!$C$3:$J$265,8,FALSE))","v":50},{"$f":"IF(ISNA(VLOOKUP($L82,#REF!,8,FALSE))=TRUE,\"\",VLOOKUP($L82,#REF!,8,FALSE))","v":{"$error":"#REF!"}},{"$error":"#REF!"}]
[{"$f":"VLOOKUP($B83,#REF!,2,FALSE)","v":{"$error":"#N/A"}},{"$error":"#N/A"},{"$error":"#N/A"},{"$error":"#N/A"},{"$error":"#N/A"},{"$error":"#N/A"},{"$error":"#N/A"},80,null,null,{"$error":"#REF!"},80,{"$f":"IF(ISNA(VLOOKUP($L83,'Day 1-All Fish'!$C$3:$G$265,4,FALSE)+VLOOKUP($L83,#REF!,4,FALSE))=TRUE,\"\",VLOOKUP($L83,'Day 1-All Fish'!$C$3:$G$265,4,FALSE)+VLOOKUP($L83,#REF!,4,FALSE))","v":{"$error":"#REF!"}},{"$f":"IF(ISNA(VLOOKUP($L83,'Day 1-All Fish'!$C$3:$G$265,5,FALSE)+VLOOKUP($L83,#REF!,5,FALSE))=TRUE,\"\",VLOOKUP($L83,'Day 1-All Fish'!$C$3:$G$265,5,FALSE)+VLOOKUP($L83,#REF!,5,FALSE))","v":{"$error":"#REF!"}},{"$f":"IF(ISNA(VLOOKUP($L83,'Day 1-All Fish'!$C$3:$J$265,8,FALSE))=TRUE,\"\",VLOOKUP($L83,'Day 1-All Fish'!$C$3:$J$265,8,FALSE))","v":30},{"$f":"IF(ISNA(VLOOKUP($L83,#REF!,8,FALSE))=TRUE,\"\",VLOOKUP($L83,#REF!,8,FALSE))","v":{"$error":"#REF!"}},{"$error":"#REF!"}]
[{"$f":"VLOOKUP($B84,#REF!,2,FALSE)","v":{"$error":"#N/A"}},{"$error":"#N/A"},{"$error":"#N/A"},{"$error":"#N/A"},{"$error":"#N/A"},{"$error":"#N/A"},{"$error":"#N/A"},81,null,null,{"$error":"#REF!"},81,{"$f":"IF(ISNA(VLOOKUP($L84,'Day 1-All Fish'!$C$3:$G$265,4,FALSE)+VLOOKUP($L84,#REF!,4,FALSE))=TRUE,\"\",VLOOKUP($L84,'Day 1-All Fish'!$C$3:$G$265,4,FALSE)+VLOOKUP($L84,#REF!,4,FALSE))","v":{"$error":"#REF!"}},{"$f":"IF(ISNA(VLOOKUP($L84,'Day 1-All Fish'!$C$3:$G$265,5,FALSE)+VLOOKUP($L84,#REF!,5,FALSE))=TRUE,\"\",VLOOKUP($L84,'Day 1-All Fish'!$C$3:$G$265,5,FALSE)+VLOOKUP($L84,#REF!,5,FALSE))","v":{"$error":"#REF!"}},{"$f":"IF(ISNA(VLOOKUP($L84,'Day 1-All Fish'!$C$3:$J$265,8,FALSE))=TRUE,\"\",VLOOKUP($L84,'Day 1-All Fish'!$C$3:$J$265,8,FALSE))","v":111},{"$f":"IF(ISNA(VLOOKUP($L84,#REF!,8,FALSE))=TRUE,\"\",VLOOKUP($L84,#REF!,8,FALSE))","v":{"$error":"#REF!"}},{"$error":"#REF!"}]
[{"$f":"VLOOKUP($B85,#REF!,2,FALSE)","v":{"$error":"#N/A"}},{"$error":"#N/A"},{"$error":"#N/A"},{"$error":"#N/A"},{"$error":"#N/A"},{"$error":"#N/A"},{"$error":"#N/A"},82,null,null,{"$error":"#REF!"},82,{"$f":"IF(ISNA(VLOOKUP($L85,'Day 1-All Fish'!$C$3:$G$265,4,FALSE)+VLOOKUP($L85,#REF!,4,FALSE))=TRUE,\"\",VLOOKUP($L85,'Day 1-All Fish'!$C$3:$G$265,4,FALSE)+VLOOKUP($L85,#REF!,4,FALSE))","v":{"$error":"#REF!"}},{"$f":"IF(ISNA(VLOOKUP($L85,'Day 1-All Fish'!$C$3:$G$265,5,FALSE)+VLOOKUP($L85,#REF!,5,FALSE))=TRUE,\"\",VLOOKUP($L85,'Day 1-All Fish'!$C$3:$G$265,5,FALSE)+VLOOKUP($L85,#REF!,5,FALSE))","v":{"$error":"#REF!"}},{"$f":"IF(ISNA(VLOOKUP($L85,'Day 1-All Fish'!$C$3:$J$265,8,FALSE))=TRUE,\"\",VLOOKUP($L85,'Day 1-All Fish'!$C$3:$J$265,8,FALSE))","v":12},{"$f":"IF(ISNA(VLOOKUP($L85,#REF!,8,FALSE))=TRUE,\"\",VLOOKUP($L85,#REF!,8,FALSE))","v":{"$error":"#REF!"}},{"$error":"#REF!"}]
[{"$f":"VLOOKUP($B86,#REF!,2,FALSE)","v":{"$error":"#N/A"}},{"$error":"#N/A"},{"$error":"#N/A"},{"$error":"#N/A"},{"$error":"#N/A"},{"$error":"#N/A"},{"$error":"#N/A"},83,null,null,{"$error":"#REF!"},83,{"$f":"IF(ISNA(VLOOKUP($L86,'Day 1-All Fish'!$C$3:$G$265,4,FALSE)+VLOOKUP($L86,#REF!,4,FALSE))=TRUE,\"\",VLOOKUP($L86,'Day 1-All Fish'!$C$3:$G$265,4,FALSE)+VLOOKUP($L86,#REF!,4,FALSE))","v":{"$error":"#REF!"}},{"$f":"IF(ISNA(VLOOKUP($L86,'Day 1-All Fish'!$C$3:$G$265,5,FALSE)+VLOOKUP($L86,#REF!,5,FALSE))=TRUE,\"\",VLOOKUP($L86,'Day 1-All Fish'!$C$3:$G$265,5,FALSE)+VLOOKUP($L86,#REF!,5,FALSE))","v":{"$error":"#REF!"}},{"$f":"IF(ISNA(VLOOKUP($L86,'Day 1-All Fish'!$C$3:$J$265,8,FALSE))=TRUE,\"\",VLOOKUP($L86,'Day 1-All Fish'!$C$3:$J$265,8,FALSE))","v":24},{"$f":"IF(ISNA(VLOOKUP($L86,#REF!,8,FALSE))=TRUE,\"\",VLOOKUP($L86,#REF!,8,FALSE))","v":{"$error":"#REF!"}},{"$error":"#REF!"}]
[{"$f":"VLOOKUP($B87,#REF!,2,FALSE)","v":{"$error":"#N/A"}},{"$error":"#N/A"},{"$error":"#N/A"},{"$error":"#N/A"},{"$error":"#N/A"},{"$error":"#N/A"},{"$error":"#N/A"},84,null,null,{"$error":"#REF!"},84,{"$f":"IF(ISNA(VLOOKUP($L87,'Day 1-All Fish'!$C$3:$G$265,4,FALSE)+VLOOKUP($L87,#REF!,4,FALSE))=TRUE,\"\",VLOOKUP($L87,'Day 1-All Fish'!$C$3:$G$265,4,FALSE)+VLOOKUP($L87,#REF!,4,FALSE))","v":{"$error":"#REF!"}},{"$f":"IF(ISNA(VLOOKUP($L87,'Day 1-All Fish'!$C$3:$G$265,5,FALSE)+VLOOKUP($L87,#REF!,5,FALSE))=TRUE,\"\",VLOOKUP($L87,'Day 1-All Fish'!$C$3:$G$265,5,FALSE)+VLOOKUP($L87,#REF!,5,FALSE))","v":{"$error":"#REF!"}},{"$f":"IF(ISNA(VLOOKUP($L87,'Day 1-All Fish'!$C$3:$J$265,8,FALSE))=TRUE,\"\",VLOOKUP($L87,'Day 1-All Fish'!$C$3:$J$265,8,FALSE))","v":56},{"$f":"IF(ISNA(VLOOKUP($L87,#REF!,8,FALSE))=TRUE,\"\",VLOOKUP($L87,#REF!,8,FALSE))","v":{"$error":"#REF!"}},{"$error":"#REF!"}]
[{"$f":"VLOOKUP($B88,#REF!,2,FALSE)","v":{"$error":"#N/A"}},{"$error":"#N/A"},{"$error":"#N/A"},{"$error":"#N/A"},{"$error":"#N/A"},{"$error":"#N/A"},{"$error":"#N/A"},{"$f":"IF(ISERROR(H87+1)=TRUE,1,H87+1)","v":85},null,null,{"$error":"#REF!"},85,{"$f":"IF(ISNA(VLOOKUP($L88,'Day 1-All Fish'!$C$3:$G$265,4,FALSE)+VLOOKUP($L88,#REF!,4,FALSE))=TRUE,\"\",VLOOKUP($L88,'Day 1-All Fish'!$C$3:$G$265,4,FALSE)+VLOOKUP($L88,#REF!,4,FALSE))","v":{"$error":"#REF!"}},{"$f":"IF(ISNA(VLOOKUP($L88,'Day 1-All Fish'!$C$3:$G$265,5,FALSE)+VLOOKUP($L88,#REF!,5,FALSE))=TRUE,\"\",VLOOKUP($L88,'Day 1-All Fish'!$C$3:$G$265,5,FALSE)+VLOOKUP($L88,#REF!,5,FALSE))","v":{"$error":"#REF!"}},{"$f":"IF(ISNA(VLOOKUP($L88,'Day 1-All Fish'!$C$3:$J$265,8,FALSE))=TRUE,\"\",VLOOKUP($L88,'Day 1-All Fish'!$C$3:$J$265,8,FALSE))","v":45},{"$f":"IF(ISNA(VLOOKUP($L88,#REF!,8,FALSE))=TRUE,\"\",VLOOKUP($L88,#REF!,8,FALSE))","v":{"$error":"#REF!"}},{"$error":"#REF!"}]
[{"$f":"VLOOKUP($B89,#REF!,2,FALSE)","v":{"$error":"#N/A"}},{"$error":"#N/A"},{"$error":"#N/A"},{"$error":"#N/A"},{"$error":"#N/A"},{"$error":"#N/A"},{"$error":"#N/A"},86,null,null,{"$error":"#REF!"},86,{"$f":"IF(ISNA(VLOOKUP($L89,'Day 1-All Fish'!$C$3:$G$265,4,FALSE)+VLOOKUP($L89,#REF!,4,FALSE))=TRUE,\"\",VLOOKUP($L89,'Day 1-All Fish'!$C$3:$G$265,4,FALSE)+VLOOKUP($L89,#REF!,4,FALSE))","v":{"$error":"#REF!"}},{"$f":"IF(ISNA(VLOOKUP($L89,'Day 1-All Fish'!$C$3:$G$265,5,FALSE)+VLOOKUP($L89,#REF!,5,FALSE))=TRUE,\"\",VLOOKUP($L89,'Day 1-All Fish'!$C$3:$G$265,5,FALSE)+VLOOKUP($L89,#REF!,5,FALSE))","v":{"$error":"#REF!"}},{"$f":"IF(ISNA(VLOOKUP($L89,'Day 1-All Fish'!$C$3:$J$265,8,FALSE))=TRUE,\"\",VLOOKUP($L89,'Day 1-All Fish'!$C$3:$J$265,8,FALSE))","v":13},{"$f":"IF(ISNA(VLOOKUP($L89,#REF!,8,FALSE))=TRUE,\"\",VLOOKUP($L89,#REF!,8,FALSE))","v":{"$error":"#REF!"}},{"$error":"#REF!"}]
[{"$f":"VLOOKUP($B90,#REF!,2,FALSE)","v":{"$error":"#N/A"}},{"$error":"#N/A"},{"$error":"#N/A"},{"$error":"#N/A"},{"$error":"#N/A"},{"$error":"#N/A"},{"$error":"#N/A"},87,null,null,{"$error":"#REF!"},87,{"$f":"IF(ISNA(VLOOKUP($L90,'Day 1-All Fish'!$C$3:$G$265,4,FALSE)+VLOOKUP($L90,#REF!,4,FALSE))=TRUE,\"\",VLOOKUP($L90,'Day 1-All Fish'!$C$3:$G$265,4,FALSE)+VLOOKUP($L90,#REF!,4,FALSE))","v":{"$error":"#REF!"}},{"$f":"IF(ISNA(VLOOKUP($L90,'Day 1-All Fish'!$C$3:$G$265,5,FALSE)+VLOOKUP($L90,#REF!,5,FALSE))=TRUE,\"\",VLOOKUP($L90,'Day 1-All Fish'!$C$3:$G$265,5,FALSE)+VLOOKUP($L90,#REF!,5,FALSE))","v":{"$error":"#REF!"}},{"$f":"IF(ISNA(VLOOKUP($L90,'Day 1-All Fish'!$C$3:$J$265,8,FALSE))=TRUE,\"\",VLOOKUP($L90,'Day 1-All Fish'!$C$3:$J$265,8,FALSE))","v":7},{"$f":"IF(ISNA(VLOOKUP($L90,#REF!,8,FALSE))=TRUE,\"\",VLOOKUP($L90,#REF!,8,FALSE))","v":{"$error":"#REF!"}},{"$error":"#REF!"}]
[{"$f":"VLOOKUP($B91,#REF!,2,FALSE)","v":{"$error":"#N/A"}},{"$error":"#N/A"},{"$error":"#N/A"},{"$error":"#N/A"},{"$error":"#N/A"},{"$error":"#N/A"},{"$error":"#N/A"},88,null,null,{"$error":"#REF!"},88,{"$f":"IF(ISNA(VLOOKUP($L91,'Day 1-All Fish'!$C$3:$G$265,4,FALSE)+VLOOKUP($L91,#REF!,4,FALSE))=TRUE,\"\",VLOOKUP($L91,'Day 1-All Fish'!$C$3:$G$265,4,FALSE)+VLOOKUP($L91,#REF!,4,FALSE))","v":{"$error":"#REF!"}},{"$f":"IF(ISNA(VLOOKUP($L91,'Day 1-All Fish'!$C$3:$G$265,5,FALSE)+VLOOKUP($L91,#REF!,5,FALSE))=TRUE,\"\",VLOOKUP($L91,'Day 1-All Fish'!$C$3:$G$265,5,FALSE)+VLOOKUP($L91,#REF!,5,FALSE))","v":{"$error":"#REF!"}},{"$f":"IF(ISNA(VLOOKUP($L91,'Day 1-All Fish'!$C$3:$J$265,8,FALSE))=TRUE,\"\",VLOOKUP($L91,'Day 1-All Fish'!$C$3:$J$265,8,FALSE))","v":110},{"$f":"IF(ISNA(VLOOKUP($L91,#REF!,8,FALSE))=TRUE,\"\",VLOOKUP($L91,#REF!,8,FALSE))","v":{"$error":"#REF!"}},{"$error":"#REF!"}]
[{"$f":"VLOOKUP($B92,#REF!,2,FALSE)","v":{"$error":"#N/A"}},{"$error":"#N/A"},{"$error":"#N/A"},{"$error":"#N/A"},{"$error":"#N/A"},{"$error":"#N/A"},{"$error":"#N/A"},89,null,null,{"$error":"#REF!"},89,{"$f":"IF(ISNA(VLOOKUP($L92,'Day 1-All Fish'!$C$3:$G$265,4,FALSE)+VLOOKUP($L92,#REF!,4,FALSE))=TRUE,\"\",VLOOKUP($L92,'Day 1-All Fish'!$C$3:$G$265,4,FALSE)+VLOOKUP($L92,#REF!,4,FALSE))","v":{"$error":"#REF!"}},{"$f":"IF(ISNA(VLOOKUP($L92,'Day 1-All Fish'!$C$3:$G$265,5,FALSE)+VLOOKUP($L92,#REF!,5,FALSE))=TRUE,\"\",VLOOKUP($L92,'Day 1-All Fish'!$C$3:$G$265,5,FALSE)+VLOOKUP($L92,#REF!,5,FALSE))","v":{"$error":"#REF!"}},{"$f":"IF(ISNA(VLOOKUP($L92,'Day 1-All Fish'!$C$3:$J$265,8,FALSE))=TRUE,\"\",VLOOKUP($L92,'Day 1-All Fish'!$C$3:$J$265,8,FALSE))","v":22},{"$f":"IF(ISNA(VLOOKUP($L92,#REF!,8,FALSE))=TRUE,\"\",VLOOKUP($L92,#REF!,8,FALSE))","v":{"$error":"#REF!"}},{"$error":"#REF!"}]
[{"$f":"VLOOKUP($B93,#REF!,2,FALSE)","v":{"$error":"#N/A"}},{"$error":"#N/A"},{"$error":"#N/A"},{"$error":"#N/A"},{"$error":"#N/A"},{"$error":"#N/A"},{"$error":"#N/A"},90,null,null,{"$error":"#REF!"},90,{"$f":"IF(ISNA(VLOOKUP($L93,'Day 1-All Fish'!$C$3:$G$265,4,FALSE)+VLOOKUP($L93,#REF!,4,FALSE))=TRUE,\"\",VLOOKUP($L93,'Day 1-All Fish'!$C$3:$G$265,4,FALSE)+VLOOKUP($L93,#REF!,4,FALSE))","v":{"$error":"#REF!"}},{"$f":"IF(ISNA(VLOOKUP($L93,'Day 1-All Fish'!$C$3:$G$265,5,FALSE)+VLOOKUP($L93,#REF!,5,FALSE))=TRUE,\"\",VLOOKUP($L93,'Day 1-All Fish'!$C$3:$G$265,5,FALSE)+VLOOKUP($L93,#REF!,5,FALSE))","v":{"$error":"#REF!"}},{"$f":"IF(ISNA(VLOOKUP($L93,'Day 1-All Fish'!$C$3:$J$265,8,FALSE))=TRUE,\"\",VLOOKUP($L93,'Day 1-All Fish'!$C$3:$J$265,8,FALSE))","v":17},{"$f":"IF(ISNA(VLOOKUP($L93,#REF!,8,FALSE))=TRUE,\"\",VLOOKUP($L93,#REF!,8,FALSE))","v":{"$error":"#REF!"}},{"$error":"#REF!"}]
[{"$f":"VLOOKUP($B94,#REF!,2,FALSE)","v":{"$error":"#N/A"}},{"$error":"#N/A"},{"$error":"#N/A"},{"$error":"#N/A"},{"$error":"#N/A"},{"$error":"#N/A"},{"$error":"#N/A"},91,null,null,{"$error":"#REF!"},91,{"$f":"IF(ISNA(VLOOKUP($L94,'Day 1-All Fish'!$C$3:$G$265,4,FALSE)+VLOOKUP($L94,#REF!,4,FALSE))=TRUE,\"\",VLOOKUP($L94,'Day 1-All Fish'!$C$3:$G$265,4,FALSE)+VLOOKUP($L94,#REF!,4,FALSE))","v":{"$error":"#REF!"}},{"$f":"IF(ISNA(VLOOKUP($L94,'Day 1-All Fish'!$C$3:$G$265,5,FALSE)+VLOOKUP($L94,#REF!,5,FALSE))=TRUE,\"\",VLOOKUP($L94,'Day 1-All Fish'!$C$3:$G$265,5,FALSE)+VLOOKUP($L94,#REF!,5,FALSE))","v":{"$error":"#REF!"}},{"$f":"IF(ISNA(VLOOKUP($L94,'Day 1-All Fish'!$C$3:$J$265,8,FALSE))=TRUE,\"\",VLOOKUP($L94,'Day 1-All Fish'!$C$3:$J$265,8,FALSE))","v":78},{"$f":"IF(ISNA(VLOOKUP($L94,#REF!,8,FALSE))=TRUE,\"\",VLOOKUP($L94,#REF!,8,FALSE))","v":{"$error":"#REF!"}},{"$error":"#REF!"}]
[{"$f":"VLOOKUP($B95,#REF!,2,FALSE)","v":{"$error":"#N/A"}},{"$error":"#N/A"},{"$error":"#N/A"},{"$error":"#N/A"},{"$error":"#N/A"},{"$error":"#N/A"},{"$error":"#N/A"},92,null,null,{"$error":"#REF!"},92,{"$f":"IF(ISNA(VLOOKUP($L95,'Day 1-All Fish'!$C$3:$G$265,4,FALSE)+VLOOKUP($L95,#REF!,4,FALSE))=TRUE,\"\",VLOOKUP($L95,'Day 1-All Fish'!$C$3:$G$265,4,FALSE)+VLOOKUP($L95,#REF!,4,FALSE))","v":{"$error":"#REF!"}},{"$f":"IF(ISNA(VLOOKUP($L95,'Day 1-All Fish'!$C$3:$G$265,5,FALSE)+VLOOKUP($L95,#REF!,5,FALSE))=TRUE,\"\",VLOOKUP($L95,'Day 1-All Fish'!$C$3:$G$265,5,FALSE)+VLOOKUP($L95,#REF!,5,FALSE))","v":{"$error":"#REF!"}},{"$f":"IF(ISNA(VLOOKUP($L95,'Day 1-All Fish'!$C$3:$J$265,8,FALSE))=TRUE,\"\",VLOOKUP($L95,'Day 1-All Fish'!$C$3:$J$265,8,FALSE))","v":4},{"$f":"IF(ISNA(VLOOKUP($L95,#REF!,8,FALSE))=TRUE,\"\",VLOOKUP($L95,#REF!,8,FALSE))","v":{"$error":"#REF!"}},{"$error":"#REF!"}]
[{"$f":"VLOOKUP($B96,#REF!,2,FALSE)","v":{"$error":"#N/A"}},{"$error":"#N/A"},{"$error":"#N/A"},{"$error":"#N/A"},{"$error":"#N/A"},{"$error":"#N/A"},{"$error":"#N/A"},93,null,null,{"$error":"#REF!"},93,{"$f":"IF(ISNA(VLOOKUP($L96,'Day 1-All Fish'!$C$3:$G$265,4,FALSE)+VLOOKUP($L96,#REF!,4,FALSE))=TRUE,\"\",VLOOKUP($L96,'Day 1-All Fish'!$C$3:$G$265,4,FALSE)+VLOOKUP($L96,#REF!,4,FALSE))","v":{"$error":"#REF!"}},{"$f":"IF(ISNA(VLOOKUP($L96,'Day 1-All Fish'!$C$3:$G$265,5,FALSE)+VLOOKUP($L96,#REF!,5,FALSE))=TRUE,\"\",VLOOKUP($L96,'Day 1-All Fish'!$C$3:$G$265,5,FALSE)+VLOOKUP($L96,#REF!,5,FALSE))","v":{"$error":"#REF!"}},{"$f":"IF(ISNA(VLOOKUP($L96,'Day 1-All Fish'!$C$3:$J$265,8,FALSE))=TRUE,\"\",VLOOKUP($L96,'Day 1-All Fish'!$C$3:$J$265,8,FALSE))","v":5},{"$f":"IF(ISNA(VLOOKUP($L96,#REF!,8,FALSE))=TRUE,\"\",VLOOKUP($L96,#REF!,8,FALSE))","v":{"$error":"#REF!"}},{"$error":"#REF!"}]
[{"$f":"VLOOKUP($B97,#REF!,2,FALSE)","v":{"$error":"#N/A"}},{"$error":"#N/A"},{"$error":"#N/A"},{"$error":"#N/A"},{"$error":"#N/A"},{"$error":"#N/A"},{"$error":"#N/A"},94,null,null,{"$error":"#REF!"},94,{"$f":"IF(ISNA(VLOOKUP($L97,'Day 1-All Fish'!$C$3:$G$265,4,FALSE)+VLOOKUP($L97,#REF!,4,FALSE))=TRUE,\"\",VLOOKUP($L97,'Day 1-All Fish'!$C$3:$G$265,4,FALSE)+VLOOKUP($L97,#REF!,4,FALSE))","v":{"$error":"#REF!"}},{"$f":"IF(ISNA(VLOOKUP($L97,'Day 1-All Fish'!$C$3:$G$265,5,FALSE)+VLOOKUP($L97,#REF!,5,FALSE))=TRUE,\"\",VLOOKUP($L97,'Day 1-All Fish'!$C$3:$G$265,5,FALSE)+VLOOKUP($L97,#REF!,5,FALSE))","v":{"$error":"#REF!"}},{"$f":"IF(ISNA(VLOOKUP($L97,'Day 1-All Fish'!$C$3:$J$265,8,FALSE))=TRUE,\"\",VLOOKUP($L97,'Day 1-All Fish'!$C$3:$J$265,8,FALSE))","v":42},{"$f":"IF(ISNA(VLOOKUP($L97,#REF!,8,FALSE))=TRUE,\"\",VLOOKUP($L97,#REF!,8,FALSE))","v":{"$error":"#REF!"}},{"$error":"#REF!"}]
[{"$f":"VLOOKUP($B98,#REF!,2,FALSE)","v":{"$error":"#N/A"}},{"$error":"#N/A"},{"$error":"#N/A"},{"$error":"#N/A"},{"$error":"#N/A"},{"$error":"#N/A"},{"$error":"#N/A"},95,null,null,{"$error":"#REF!"},95,{"$f":"IF(ISNA(VLOOKUP($L98,'Day 1-All Fish'!$C$3:$G$265,4,FALSE)+VLOOKUP($L98,#REF!,4,FALSE))=TRUE,\"\",VLOOKUP($L98,'Day 1-All Fish'!$C$3:$G$265,4,FALSE)+VLOOKUP($L98,#REF!,4,FALSE))","v":{"$error":"#REF!"}},{"$f":"IF(ISNA(VLOOKUP($L98,'Day 1-All Fish'!$C$3:$G$265,5,FALSE)+VLOOKUP($L98,#REF!,5,FALSE))=TRUE,\"\",VLOOKUP($L98,'Day 1-All Fish'!$C$3:$G$265,5,FALSE)+VLOOKUP($L98,#REF!,5,FALSE))","v":{"$error":"#REF!"}},{"$f":"IF(ISNA(VLOOKUP($L98,'Day 1-All Fish'!$C$3:$J$265,8,FALSE))=TRUE,\"\",VLOOKUP($L98,'Day 1-All Fish'!$C$3:$J$265,8,FALSE))","v":71},{"$f":"IF(ISNA(VLOOKUP($L98,#REF!,8,FALSE))=TRUE,\"\",VLOOKUP($L98,#REF!,8,FALSE))","v":{"$error":"#REF!"}},{"$error":"#REF!"}]
[{"$f":"VLOOKUP($B99,#REF!,2,FALSE)","v":{"$error":"#N/A"}},{"$error":"#N/A"},{"$error":"#N/A"},{"$error":"#N/A"},{"$error":"#N/A"},{"$error":"#N/A"},{"$error":"#N/A"},96,null,null,{"$error":"#REF!"},96,{"$f":"IF(ISNA(VLOOKUP($L99,'Day 1-All Fish'!$C$3:$G$265,4,FALSE)+VLOOKUP($L99,#REF!,4,FALSE))=TRUE,\"\",VLOOKUP($L99,'Day 1-All Fish'!$C$3:$G$265,4,FALSE)+VLOOKUP($L99,#REF!,4,FALSE))","v":{"$error":"#REF!"}},{"$f":"IF(ISNA(VLOOKUP($L99,'Day 1-All Fish'!$C$3:$G$265,5,FALSE)+VLOOKUP($L99,#REF!,5,FALSE))=TRUE,\"\",VLOOKUP($L99,'Day 1-All Fish'!$C$3:$G$265,5,FALSE)+VLOOKUP($L99,#REF!,5,FALSE))","v":{"$error":"#REF!"}},{"$f":"IF(ISNA(VLOOKUP($L99,'Day 1-All Fish'!$C$3:$J$265,8,FALSE))=TRUE,\"\",VLOOKUP($L99,'Day 1-All Fish'!$C$3:$J$265,8,FALSE))","v":89},{"$f":"IF(ISNA(VLOOKUP($L99,#REF!,8,FALSE))=TRUE,\"\",VLOOKUP($L99,#REF!,8,FALSE))","v":{"$error":"#REF!"}},{"$error":"#REF!"}]
[{"$f":"VLOOKUP($B100,#REF!,2,FALSE)","v":{"$error":"#N/A"}},{"$error":"#N/A"},{"$error":"#N/A"},{"$error":"#N/A"},{"$error":"#N/A"},{"$error":"#N/A"},{"$error":"#N/A"},97,null,null,{"$error":"#REF!"},97,{"$f":"IF(ISNA(VLOOKUP($L100,'Day 1-All Fish'!$C$3:$G$265,4,FALSE)+VLOOKUP($L100,#REF!,4,FALSE))=TRUE,\"\",VLOOKUP($L100,'Day 1-All Fish'!$C$3:$G$265,4,FALSE)+VLOOKUP($L100,#REF!,4,FALSE))","v":""},{"$f":"IF(ISNA(VLOOKUP($L100,'Day 1-All Fish'!$C$3:$G$265,5,FALSE)+VLOOKUP($L100,#REF!,5,FALSE))=TRUE,\"\",VLOOKUP($L100,'Day 1-All Fish'!$C$3:$G$265,5,FALSE)+VLOOKUP($L100,#REF!,5,FALSE))","v":""},{"$f":"IF(ISNA(VLOOKUP($L100,'Day 1-All Fish'!$C$3:$J$265,8,FALSE))=TRUE,\"\",VLOOKUP($L100,'Day 1-All Fish'!$C$3:$J$265,8,FALSE))","v":""},{"$f":"IF(ISNA(VLOOKUP($L100,#REF!,8,FALSE))=TRUE,\"\",VLOOKUP($L100,#REF!,8,FALSE))","v":{"$error":"#REF!"}},{"$f":"IF(OR(M100=\"\",M100=0),NpZ*2,(O100+P100)-N100/100000-M100/1000000)","v":{"$error":"#REF!"}}]
[{"$f":"VLOOKUP($B101,#REF!,2,FALSE)","v":{"$error":"#N/A"}},{"$error":"#N/A"},{"$error":"#N/A"},{"$error":"#N/A"},{"$error":"#N/A"},{"$error":"#N/A"},{"$error":"#N/A"},98,null,null,{"$error":"#REF!"},98,{"$f":"IF(ISNA(VLOOKUP($L101,'Day 1-All Fish'!$C$3:$G$265,4,FALSE)+VLOOKUP($L101,#REF!,4,FALSE))=TRUE,\"\",VLOOKUP($L101,'Day 1-All Fish'!$C$3:$G$265,4,FALSE)+VLOOKUP($L101,#REF!,4,FALSE))","v":{"$error":"#REF!"}},{"$f":"IF(ISNA(VLOOKUP($L101,'Day 1-All Fish'!$C$3:$G$265,5,FALSE)+VLOOKUP($L101,#REF!,5,FALSE))=TRUE,\"\",VLOOKUP($L101,'Day 1-All Fish'!$C$3:$G$265,5,FALSE)+VLOOKUP($L101,#REF!,5,FALSE))","v":{"$error":"#REF!"}},{"$f":"IF(ISNA(VLOOKUP($L101,'Day 1-All Fish'!$C$3:$J$265,8,FALSE))=TRUE,\"\",VLOOKUP($L101,'Day 1-All Fish'!$C$3:$J$265,8,FALSE))","v":101},{"$f":"IF(ISNA(VLOOKUP($L101,#REF!,8,FALSE))=TRUE,\"\",VLOOKUP($L101,#REF!,8,FALSE))","v":{"$error":"#REF!"}},{"$f":"IF(OR(M101=\"\",M101=0),NpZ*2,(O101+P101)-N101/100000-M101/1000000)","v":{"$error":"#REF!"}}]
[{"$f":"VLOOKUP($B102,#REF!,2,FALSE)","v":{"$error":"#N/A"}},{"$error":"#N/A"},{"$error":"#N/A"},{"$error":"#N/A"},{"$error":"#N/A"},{"$error":"#N/A"},{"$error":"#N/A"},99,null,null,{"$error":"#REF!"},99,{"$f":"IF(ISNA(VLOOKUP($L102,'Day 1-All Fish'!$C$3:$G$265,4,FALSE)+VLOOKUP($L102,#REF!,4,FALSE))=TRUE,\"\",VLOOKUP($L102,'Day 1-All Fish'!$C$3:$G$265,4,FALSE)+VLOOKUP($L102,#REF!,4,FALSE))","v":""},{"$f":"IF(ISNA(VLOOKUP($L102,'Day 1-All Fish'!$C$3:$G$265,5,FALSE)+VLOOKUP($L102,#REF!,5,FALSE))=TRUE,\"\",VLOOKUP($L102,'Day 1-All Fish'!$C$3:$G$265,5,FALSE)+VLOOKUP($L102,#REF!,5,FALSE))","v":""},{"$f":"IF(ISNA(VLOOKUP($L102,'Day 1-All Fish'!$C$3:$J$265,8,FALSE))=TRUE,\"\",VLOOKUP($L102,'Day 1-All Fish'!$C$3:$J$265,8,FALSE))","v":""},{"$f":"IF(ISNA(VLOOKUP($L102,#REF!,8,FALSE))=TRUE,\"\",VLOOKUP($L102,#REF!,8,FALSE))","v":{"$error":"#REF!"}},{"$f":"IF(OR(M102=\"\",M102=0),NpZ*2,(O102+P102)-N102/100000-M102/1000000)","v":{"$error":"#REF!"}}]
[{"$f":"VLOOKUP($B103,#REF!,2,FALSE)","v":{"$error":"#N/A"}},{"$error":"#N/A"},{"$error":"#N/A"},{"$error":"#N/A"},{"$error":"#N/A"},{"$error":"#N/A"},{"$error":"#N/A"},100,null,null,{"$error":"#REF!"},100,{"$f":"IF(ISNA(VLOOKUP($L103,'Day 1-All Fish'!$C$3:$G$265,4,FALSE)+VLOOKUP($L103,#REF!,4,FALSE))=TRUE,\"\",VLOOKUP($L103,'Day 1-All Fish'!$C$3:$G$265,4,FALSE)+VLOOKUP($L103,#REF!,4,FALSE))","v":{"$error":"#REF!"}},{"$f":"IF(ISNA(VLOOKUP($L103,'Day 1-All Fish'!$C$3:$G$265,5,FALSE)+VLOOKUP($L103,#REF!,5,FALSE))=TRUE,\"\",VLOOKUP($L103,'Day 1-All Fish'!$C$3:$G$265,5,FALSE)+VLOOKUP($L103,#REF!,5,FALSE))","v":{"$error":"#REF!"}},{"$f":"IF(ISNA(VLOOKUP($L103,'Day 1-All Fish'!$C$3:$J$265,8,FALSE))=TRUE,\"\",VLOOKUP($L103,'Day 1-All Fish'!$C$3:$J$265,8,FALSE))","v":2},{"$f":"IF(ISNA(VLOOKUP($L103,#REF!,8,FALSE))=TRUE,\"\",VLOOKUP($L103,#REF!,8,FALSE))","v":{"$error":"#REF!"}},{"$f":"IF(OR(M103=\"\",M103=0),NpZ*2,(O103+P103)-N103/100000-M103/1000000)","v":{"$error":"#REF!"}}]

{"sheet":"Weight Point Table (qtr oz)","index":34,"n_rows":671,"n_cols":4,"rows_kept":671,"cut":false,"hidden":true,"merged":[]}
["Species","Length","Lookup","Weight Points"]
["b",18,{"$f":"CONCATENATE(A2,B2)","v":"b18"},10]
["b",19,{"$f":"CONCATENATE(A3,B3)","v":"b19"},13]
["b",20,"b20",14]
["b",21,"b21",15]
["b",22,"b22",16]
["b",23,"b23",18]
["b",24,"b24",20]
["b",25,"b25",24]
["b",26,"b26",28]
["b",27,"b27",32]
["b",28,"b28",38]
["b",29,"b29",40]
["b",30,"b30",44]
["b",31,"b31",48]
["b",32,"b32",52]
["b",33,"b33",56]
["b",34,"b34",64]
["b",35,"b35",68]
["b",36,"b36",76]
["b",37,"b37",80]
["b",38,"b38",84]
["b",39,"b39",88]
["b",40,"b40",92]
["b",41,"b41",96]
["b",42,"b42",104]
["b",43,"b43",112]
["b",44,"b44",120]
["c",18,"c18",10]
["c",19,"c19",13]
["c",20,"c20",14]
["c",21,"c21",15]
["c",22,"c22",16]
["c",23,"c23",18]
["c",24,"c24",20]
["c",25,"c25",24]
["c",26,"c26",28]
["c",27,"c27",32]
["c",28,"c28",38]
["c",29,"c29",40]
["c",30,"c30",44]
["c",31,"c31",48]
["c",32,"c32",52]
["c",33,"c33",56]
["c",34,"c34",64]
["c",35,"c35",68]
["c",36,"c36",76]
["c",37,"c37",80]
["c",38,"c38",84]
["c",39,"c39",88]
["c",40,"c40",92]
["c",41,"c41",96]
["c",42,"c42",104]
["c",43,"c43",112]
["c",44,"c44",120]
["p",18,"p18",10]
["p",19,"p19",13]
["p",20,"p20",14]
["p",21,"p21",15]
["p",22,"p22",16]
["p",23,"p23",18]
["p",24,"p24",20]
["p",25,"p25",24]
["p",26,"p26",28]
["p",27,"p27",32]
["p",28,"p28",38]
["p",29,{"$f":"CONCATENATE(A67,B67)","v":"p29"},40]
["p",30,"p30",44]
["p",31,"p31",48]
["p",32,"p32",52]
["p",33,"p33",56]
["p",34,"p34",64]
["p",35,"p35",68]
["p",36,"p36",76]
["p",37,"p37",80]
["p",38,"p38",84]
["p",39,"p39",88]
["p",40,"p40",92]
["p",41,"p41",96]
["p",42,"p42",104]
["p",43,"p43",112]
["p",44,"p44",120]
["g",18,"g18",10]
["g",19,"g19",13]
["g",20,"g20",14]
["g",21,"g21",15]
["g",22,"g22",16]
["g",23,"g23",18]
["g",24,"g24",20]
["g",25,"g25",24]
["g",26,"g26",28]
["g",27,"g27",32]
["g",28,"g28",38]
["g",29,"g29",40]
["g",30,"g30",44]
["g",31,"g31",48]
["g",32,"g32",52]
["g",33,"g33",56]
["g",34,"g34",64]
["g",35,"g35",68]
["g",36,"g36",76]
["g",37,"g37",80]
["g",38,"g38",84]
["g",39,"g39",88]
["g",40,"g40",92]
["g",41,"g41",96]
["g",42,"g42",104]
["g",43,"g43",112]
["g",44,"g44",120]
["m",18,"m18",10]
["m",19,"m19",13]
["m",20,"m20",14]
["m",21,"m21",15]
["m",22,"m22",16]
["m",23,"m23",18]
["m",24,"m24",20]
["m",25,"m25",24]
["m",26,"m26",28]
["m",27,"m27",32]
["m",28,"m28",38]
["m",29,"m29",40]
["m",30,"m30",44]
["m",31,"m31",48]
["m",32,"m32",52]
["m",33,"m33",56]
["m",34,"m34",64]
["m",35,"m35",68]
["m",36,"m36",76]
["m",37,"m37",80]
["m",38,"m38",84]
["m",39,{"$f":"CONCATENATE(A131,B131)","v":"m39"},88]
["m",40,"m40",92]
["m",41,"m41",96]
["m",42,"m42",104]
["m",43,"m43",112]
["m",44,"m44",120]
["sc",18,"sc18",10]
["sc",19,"sc19",13]
["sc",20,"sc20",14]
["sc",21,"sc21",15]
["sc",22,"sc22",16]
["sc",23,"sc23",18]
["sc",24,"sc24",20]
["sc",25,"sc25",24]
["sc",26,"sc26",28]
["sc",27,"sc27",32]
["sc",28,"sc28",38]
["sc",29,"sc29",40]
["sc",30,"sc30",44]
["sc",31,"sc31",48]
["sc",32,"sc32",52]
["sc",33,"sc33",56]
["sc",34,"sc34",64]
["sc",35,"sc35",68]
["sc",36,"sc36",76]
["sc",37,"sc37",80]
["sc",38,"sc38",84]
["sc",39,"sc39",88]
["sc",40,"sc40",92]
["sc",41,"sc41",96]
["sc",42,"sc42",104]
["sc",43,"sc43",112]
["sc",44,"sc44",120]
["db",18,"db18",8]
["db",19,"db19",10]
["db",20,"db20",11]
["db",21,"db21",12]
["db",22,"db22",14]
["db",23,"db23",16]
["db",24,"db24",18]
["db",25,"db25",20]
["db",26,"db26",24]
["db",27,"db27",28]
["db",28,"db28",32]
["db",29,"db29",40]
["db",30,"db30",48]
["db",31,"db31",56]
["db",32,"db32",60]
["db",33,"db33",64]
["db",34,"db34",68]
["db",35,"db35",72]
["db",36,"db36",76]
["db",37,"db37",80]
["db",38,"db38",88]
["db",39,"db39",96]
["db",40,"db40",104]
["db",41,"db41",112]
["db",42,"db42",124]
["db",43,"db43",136]
["db",44,"db44",148]
["f",18,"f18",8]
["f",19,"f19",10]
["f",20,"f20",11]
["f",21,"f21",12]
["f",22,{"$f":"CONCATENATE(A195,B195)","v":"f22"},14]
["f",23,"f23",16]
["f",24,"f24",18]
["f",25,"f25",20]
["f",26,"f26",24]
["f",27,"f27",28]
["f",28,"f28",32]
["f",29,"f29",40]
["f",30,"f30",48]
["f",31,"f31",56]
["f",32,"f32",60]
["f",33,"f33",64]
["f",34,"f34",68]
["f",35,"f35",72]
["f",36,"f36",76]
["f",37,"f37",80]
["f",38,"f38",88]
["f",39,"f39",96]
["f",40,"f40",104]
["f",41,"f41",112]
["f",42,"f42",124]
["f",43,"f43",136]
["f",44,"f44",148]
["s",18,"s18",8]
["s",19,"s19",10]
["s",20,"s20",11]
["s",21,"s21",12]
["s",22,"s22",14]
["s",23,"s23",16]
["s",24,"s24",18]
["s",25,"s25",20]
["s",26,"s26",24]
["s",27,"s27",28]
["s",28,"s28",32]
["s",29,"s29",40]
["s",30,"s30",48]
["s",31,"s31",56]
["s",32,"s32",60]
["s",33,"s33",64]
["s",34,"s34",68]
["s",35,"s35",72]
["s",36,"s36",76]
["s",37,"s37",80]
["s",38,"s38",88]
["s",39,"s39",96]
["s",40,"s40",104]
["s",41,"s41",112]
["s",42,"s42",124]
["s",43,"s43",136]
["s",44,"s44",148]
["p",18,"p18",8]
["p",19,"p19",10]
["p",20,"p20",11]
["p",21,"p21",12]
["p",22,"p22",14]
["p",23,"p23",16]
["p",24,"p24",18]
["p",25,"p25",20]
["p",26,"p26",24]
["p",27,"p27",28]
["p",28,"p28",32]
["p",29,"p29",40]
["p",30,"p30",48]
["p",31,"p31",56]
["p",32,{"$f":"CONCATENATE(A259,B259)","v":"p32"},60]
["p",33,"p33",64]
["p",34,"p34",68]
["p",35,"p35",72]
["p",36,"p36",76]
["p",37,"p37",80]
["p",38,"p38",88]
["p",39,"p39",96]
["p",40,"p40",104]
["p",41,"p41",112]
["p",42,"p42",124]
["p",43,"p43",136]
["p",44,"p44",148]
["r",18,"r18",8]
["r",19,"r19",10]
["r",20,"r20",11]
["r",21,"r21",12]
["r",22,"r22",14]
["r",23,"r23",16]
["r",24,"r24",18]
["r",25,"r25",20]
["r",26,"r26",24]
["r",27,"r27",28]
["r",28,"r28",32]
["r",29,"r29",40]
["r",30,"r30",48]
["r",31,"r31",56]
["r",32,"r32",60]
["r",33,"r33",64]
["r",34,"r34",68]
["r",35,"r35",72]
["r",36,"r36",76]
["r",37,"r37",80]
["r",38,"r38",88]
["r",39,"r39",96]
["r",40,"r40",104]
["r",41,"r41",112]
["r",42,"r42",124]
["r",43,"r43",136]
["r",44,"r44",148]
["ro",18,"ro18",8]
["ro",19,"ro19",10]
["ro",20,"ro20",11]
["ro",21,"ro21",12]
["ro",22,"ro22",13]
["ro",23,"ro23",14]
["ro",24,"ro24",15]
["ro",25,"ro25",16]
["ro",26,"ro26",18]
["ro",27,"ro27",20]
["ro",28,"ro28",24]
["ro",29,"ro29",28]
["ro",30,"ro30",32]
["ro",31,"ro31",36]
["ro",32,"ro32",40]
["ro",33,"ro33",44]
["ro",34,"ro34",48]
["ro",35,"ro35",52]
["ro",36,"ro36",54]
["ro",37,"ro37",56]
["ro",38,"ro38",64]
["ro",39,"ro39",68]
["ro",40,"ro40",72]
["ro",41,"ro41",76]
["ro",42,{"$f":"CONCATENATE(A323,B323)","v":"ro42"},80]
["ro",43,"ro43",84]
["ro",44,"ro44",88]
["w",18,"w18",8]
["w",19,"w19",10]
["w",20,"w20",11]
["w",21,"w21",12]
["w",22,"w22",13]
["w",23,"w23",14]
["w",24,"w24",15]
["w",25,"w25",16]
["w",26,"w26",18]
["w",27,"w27",20]
["w",28,"w28",24]
["w",29,"w29",28]
["w",30,"w30",32]
["w",31,"w31",36]
["w",32,"w32",40]
["w",33,"w33",44]
["w",34,"w34",48]
["w",35,"w35",52]
["w",36,"w36",54]
["w",37,"w37",56]
["w",38,"w38",64]
["w",39,"w39",68]
["w",40,"w40",72]
["w",41,"w41",76]
["w",42,"w42",80]
["w",43,"w43",84]
["w",44,"w44",88]
["u",18,"u18",8]
["u",19,"u19",10]
["u",20,"u20",11]
["u",21,"u21",12]
["u",22,"u22",13]
["u",23,"u23",14]
["u",24,"u24",15]
["u",25,"u25",16]
["u",26,"u26",18]
["u",27,"u27",20]
["u",28,"u28",24]
["u",29,"u29",28]
["u",30,"u30",32]
["u",31,"u31",36]
["u",32,"u32",40]
["u",33,"u33",44]
["u",34,"u34",48]
["u",35,"u35",52]
["u",36,"u36",54]
["u",37,"u37",56]
["u",38,"u38",64]
["u",39,"u39",68]
["u",40,"u40",72]
["u",41,"u41",76]
["u",42,"u42",80]
["u",43,"u43",84]
["u",44,"u44",88]
["co",18,"co18",8]
["co",19,"co19",10]
["co",20,"co20",11]
["co",21,"co21",12]
["co",22,"co22",13]
["co",23,"co23",14]
["co",24,"co24",15]
["co",25,{"$f":"CONCATENATE(A387,B387)","v":"co25"},16]
["co",26,"co26",18]
["co",27,"co27",20]
["co",28,"co28",24]
["co",29,"co29",28]
["co",30,"co30",32]
["co",31,"co31",36]
["co",32,"co32",40]
["co",33,"co33",44]
["co",34,"co34",48]
["co",35,"co35",52]
["co",36,"co36",54]
["co",37,"co37",56]
["co",38,"co38",64]
["co",39,"co39",68]
["co",40,"co40",72]
["co",41,"co41",76]
["co",42,"co42",80]
["co",43,"co43",84]
["co",44,"co44",88]
["pc",18,"pc18",8]
["pc",19,"pc19",10]
["pc",20,"pc20",11]
["pc",21,"pc21",12]
["pc",22,"pc22",13]
["pc",23,"pc23",14]
["pc",24,"pc24",15]
["pc",25,"pc25",16]
["pc",26,"pc26",18]
["pc",27,"pc27",20]
["pc",28,"pc28",24]
["pc",29,"pc29",28]
["pc",30,"pc30",32]
["pc",31,"pc31",36]
["pc",32,"pc32",40]
["pc",33,"pc33",44]
["pc",34,"pc34",48]
["pc",35,"pc35",52]
["pc",36,"pc36",54]
["pc",37,"pc37",56]
["pc",38,"pc38",64]
["pc",39,"pc39",68]
["pc",40,"pc40",72]
["pc",41,"pc41",76]
["pc",42,"pc42",80]
["pc",43,"pc43",84]
["pc",44,"pc44",88]
["po",18,"po18",8]
["po",19,"po19",10]
["po",20,"po20",11]
["po",21,"po21",12]
["po",22,"po22",13]
["po",23,"po23",14]
["po",24,"po24",15]
["po",25,"po25",16]
["po",26,"po26",18]
["po",27,"po27",20]
["po",28,"po28",24]
["po",29,"po29",28]
["po",30,"po30",32]
["po",31,"po31",36]
["po",32,"po32",40]
["po",33,"po33",44]
["po",34,"po34",48]
["po",35,{"$f":"CONCATENATE(A451,B451)","v":"po35"},52]
["po",36,"po36",54]
["po",37,"po37",56]
["po",38,"po38",64]
["po",39,"po39",68]
["po",40,"po40",72]
["po",41,"po41",76]
["po",42,"po42",80]
["po",43,"po43",84]
["po",44,"po44",88]
["b",18,"b18",10]
["b",19,"b19",12]
["b",20,"b20",15]
["b",21,"b21",18]
["b",22,"b22",20]
["b",23,"b23",24]
["b",24,"b24",28]
["b",25,"b25",32]
["b",26,"b26",36]
["b",27,"b27",44]
["b",28,"b28",48]
["b",29,"b29",56]
["b",30,"b30",64]
["b",31,"b31",68]
["b",32,"b32",72]
["b",33,"b33",84]
["b",34,"b34",96]
["b",35,"b35",104]
["b",36,"b36",112]
["b",37,"b37",120]
["b",38,"b38",128]
["b",39,"b39",136]
["b",40,"b40",144]
["b",41,"b41",152]
["b",42,"b42",160]
["b",43,"b43",164]
["b",44,"b44",168]
["w",18,"w18",10]
["w",19,"w19",12]
["w",20,"w20",15]
["w",21,"w21",18]
["w",22,"w22",20]
["w",23,"w23",24]
["w",24,"w24",28]
["w",25,"w25",32]
["w",26,"w26",36]
["w",27,"w27",44]
["w",28,"w28",48]
["w",29,"w29",56]
["w",30,"w30",64]
["w",31,"w31",68]
["w",32,"w32",72]
["w",33,"w33",84]
["w",34,"w34",96]
["w",35,"w35",104]
["w",36,"w36",112]
["w",37,"w37",120]
["w",38,"w38",128]
["w",39,"w39",136]
["w",40,"w40",144]
["w",41,"w41",152]
["w",42,"w42",160]
["w",43,"w43",164]
["w",44,"w44",168]
["sh",18,{"$f":"CONCATENATE(A515,B515)","v":"sh18"},32]
["sh",19,"sh19",32]
["sh",20,"sh20",32]
["sh",21,"sh21",32]
["sh",22,"sh22",32]
["sh",23,"sh23",32]
["sh",24,{"$f":"CONCATENATE(A521,B521)","v":"sh24"},32]
["sh",25,"sh25",32]
["sh",26,"sh26",32]
["sh",27,"sh27",32]
["sh",28,"sh28",32]
["sh",29,"sh29",32]
["sh",30,"sh30",32]
["sh",31,"sh31",56]
["sh",32,"sh32",56]
["sh",33,{"$f":"CONCATENATE(A530,B530)","v":"sh33"},56]
["sh",34,"sh34",56]
["sh",35,"sh35",56]
["sh",36,"sh36",56]
["sh",37,"sh37",56]
["sh",38,"sh38",56]
["sh",39,"sh39",56]
["sh",40,"sh40",56]
["sh",41,"sh41",56]
["sh",42,"sh42",56]
["sh",43,"sh43",56]
["sh",44,"sh44",56]
["sh",45,"sh45",56]
["sh",46,"sh46",56]
["sh",47,"sh47",56]
["sh",48,"sh48",56]
["sh",49,{"$f":"CONCATENATE(A546,B546)","v":"sh49"},56]
["sh",50,"sh50",56]
["sh",51,"sh51",84]
["sh",52,"sh52",84]
["sh",53,{"$f":"CONCATENATE(A550,B550)","v":"sh53"},84]
["sh",54,{"$f":"CONCATENATE(A551,B551)","v":"sh54"},84]
["sh",55,{"$f":"CONCATENATE(A552,B552)","v":"sh55"},84]
["sh",56,"sh56",120]
["sh",57,"sh57",120]
["sh",58,"sh58",120]
["sh",59,"sh59",120]
["sh",60,"sh60",120]
["sh",61,{"$f":"CONCATENATE(A558,B558)","v":"sh61"},160]
["sh",62,{"$f":"CONCATENATE(A559,B559)","v":"sh62"},160]
["sh",63,{"$f":"CONCATENATE(A560,B560)","v":"sh63"},160]
["sh",64,"sh64",160]
["sh",65,"sh65",160]
["sh",66,"sh66",160]
["sh",67,"sh67",160]
["sh",68,"sh68",160]
["sh",69,"sh69",160]
["sh",70,"sh70",160]
["sh",71,"sh71",236]
["sh",72,"sh72",236]
["sh",73,{"$f":"CONCATENATE(A570,B570)","v":"sh73"},236]
["sh",74,"sh74",236]
["sh",75,"sh75",236]
["sh",76,"sh76",236]
["sh",77,"sh77",236]
["sh",78,"sh78",236]
["sh",79,"sh79",236]
["sh",80,"sh80",236]
["sh",81,"sh81",332]
["sh",82,"sh82",332]
["sh",83,"sh83",332]
["sh",84,"sh84",332]
["sh",85,"sh85",332]
["sh",86,"sh86",332]
["sh",87,"sh87",332]
["sh",88,"sh88",332]
["sh",89,"sh89",332]
["sh",90,"sh90",332]
["d",18,"d18",56]
["d",19,"d19",56]
["d",20,"d20",56]
["d",21,"d21",56]
["d",22,"d22",56]
["d",23,"d23",56]
["d",24,{"$f":"CONCATENATE(A594,B594)","v":"d24"},56]
["d",25,"d25",56]
["d",26,"d26",56]
["d",27,"d27",56]
["d",28,"d28",56]
["d",29,"d29",56]
["d",30,"d30",56]
["d",31,"d31",56]
["d",32,"d32",56]
["d",33,"d33",56]
["d",34,"d34",56]
["d",35,"d35",56]
["d",36,"d36",56]
["d",37,"d37",56]
["d",38,"d38",80]
["d",39,{"$f":"CONCATENATE(A609,B609)","v":"d39"},80]
["d",40,"d40",80]
["d",41,"d41",80]
["d",42,"d42",80]
["d",43,"d43",80]
["d",44,"d44",80]
["d",45,"d45",96]
["d",46,{"$f":"CONCATENATE(A616,B616)","v":"d46"},96]
["d",47,"d47",96]
["d",48,"d48",96]
["d",49,"d49",96]
["d",50,"d50",96]
["d",51,"d51",112]
["d",52,"d52",112]
["d",53,"d53",112]
["d",54,"d54",112]
["d",55,"d55",112]
["d",56,"d56",124]
["d",57,"d57",124]
["d",58,"d58",124]
["d",59,"d59",124]
["d",60,"d60",124]
["d",61,"d61",124]
["d",62,"d62",124]
["d",63,"d63",124]
["d",64,"d64",124]
["d",65,"d65",124]
["d",66,{"$f":"CONCATENATE(A636,B636)","v":"d66"},124]
["d",67,"d67",124]
["d",68,"d68",124]
["d",69,"d69",124]
["d",70,"d70",124]
["d",71,"d71",124]
["d",72,"d72",124]
["d",73,"d73",124]
["d",74,"d74",124]
["d",75,"d75",124]
["d",76,"d76",124]
["d",77,"d77",124]
["d",78,"d78",124]
["d",79,"d79",124]
["d",80,{"$f":"CONCATENATE(A650,B650)","v":"d80"},124]
["d",81,"d81",124]
["d",82,"d82",124]
["d",83,"d83",124]
["d",84,"d84",124]
["d",85,"d85",124]
["d",86,"d86",124]
["d",87,"d87",124]
["d",88,"d88",124]
["d",89,"d89",124]
["d",90,"d90",124]
["d",91,"d91",124]
["d",92,"d92",124]
["d",93,"d93",124]
["d",94,"d94",124]
["d",95,"d95",124]
["d",96,"d96",124]
["d",97,"d97",124]
["d",98,"d98",124]
["d",99,"d99",124]
["d",100,"d100",124]
["g",null,{"$f":"CONCATENATE(A671,B671)","v":"g"},32]